[INFO] cloning repository https://github.com/nomaxg/cryptopals
[INFO] running `Command { std: "git" "-c" "credential.helper=" "-c" "credential.helper=/workspace/cargo-home/bin/git-credential-null" "clone" "--bare" "https://github.com/nomaxg/cryptopals" "/workspace/cache/git-repos/https%3A%2F%2Fgithub.com%2Fnomaxg%2Fcryptopals", kill_on_drop: false }`
[INFO] [stderr] Cloning into bare repository '/workspace/cache/git-repos/https%3A%2F%2Fgithub.com%2Fnomaxg%2Fcryptopals'...
[INFO] running `Command { std: "git" "rev-parse" "HEAD", kill_on_drop: false }`
[INFO] [stdout] ab784de0ee492af03eb57addabc04d14f6bc4985
[INFO] testing nomaxg/cryptopals against nightly-2025-01-18+rustflags=-Zrandomize-layout for randomize-layout-2
[INFO] running `Command { std: "git" "clone" "/workspace/cache/git-repos/https%3A%2F%2Fgithub.com%2Fnomaxg%2Fcryptopals" "/workspace/builds/worker-2-tc2/source", kill_on_drop: false }`
[INFO] [stderr] Cloning into '/workspace/builds/worker-2-tc2/source'...
[INFO] [stderr] done.
[INFO] validating manifest of git repo https://github.com/nomaxg/cryptopals on toolchain nightly-2025-01-18
[INFO] running `Command { std: CARGO_HOME="/workspace/cargo-home" RUSTUP_HOME="/workspace/rustup-home" "/workspace/cargo-home/bin/cargo" "+nightly-2025-01-18" "metadata" "--manifest-path" "Cargo.toml" "--no-deps", kill_on_drop: false }`
[INFO] started tweaking git repo https://github.com/nomaxg/cryptopals
[INFO] finished tweaking git repo https://github.com/nomaxg/cryptopals
[INFO] tweaked toml for git repo https://github.com/nomaxg/cryptopals written to /workspace/builds/worker-2-tc2/source/Cargo.toml
[INFO] crate git repo https://github.com/nomaxg/cryptopals already has a lockfile, it will not be regenerated
[INFO] running `Command { std: CARGO_HOME="/workspace/cargo-home" RUSTUP_HOME="/workspace/rustup-home" "/workspace/cargo-home/bin/cargo" "+nightly-2025-01-18" "fetch" "--manifest-path" "Cargo.toml", kill_on_drop: false }`
[INFO] [stderr]     Blocking waiting for file lock on package cache
[INFO] running `Command { std: "docker" "create" "-v" "/var/lib/crater-agent-workspace/builds/worker-2-tc2/target:/opt/rustwide/target:rw,Z" "-v" "/var/lib/crater-agent-workspace/builds/worker-2-tc2/source:/opt/rustwide/workdir:ro,Z" "-v" "/var/lib/crater-agent-workspace/cargo-home:/opt/rustwide/cargo-home:ro,Z" "-v" "/var/lib/crater-agent-workspace/rustup-home:/opt/rustwide/rustup-home:ro,Z" "-e" "SOURCE_DIR=/opt/rustwide/workdir" "-e" "CARGO_TARGET_DIR=/opt/rustwide/target" "-e" "CARGO_HOME=/opt/rustwide/cargo-home" "-e" "RUSTUP_HOME=/opt/rustwide/rustup-home" "-w" "/opt/rustwide/workdir" "-m" "1610612736" "--user" "0:0" "--network" "none" "ghcr.io/rust-lang/crates-build-env/linux@sha256:819108c5571ea2e421544af4d832f968d213c87fbe3707a016657f43d2f853bc" "/opt/rustwide/cargo-home/bin/cargo" "+nightly-2025-01-18" "metadata" "--no-deps" "--format-version=1", kill_on_drop: false }`
[INFO] [stdout] a6cabc5d38eeee6c6fabda9fef169b27167d3ffddf3367b19b147d159e5e5bcc
[INFO] running `Command { std: "docker" "start" "-a" "a6cabc5d38eeee6c6fabda9fef169b27167d3ffddf3367b19b147d159e5e5bcc", kill_on_drop: false }`
[INFO] running `Command { std: "docker" "inspect" "a6cabc5d38eeee6c6fabda9fef169b27167d3ffddf3367b19b147d159e5e5bcc", kill_on_drop: false }`
[INFO] running `Command { std: "docker" "rm" "-f" "a6cabc5d38eeee6c6fabda9fef169b27167d3ffddf3367b19b147d159e5e5bcc", kill_on_drop: false }`
[INFO] [stdout] a6cabc5d38eeee6c6fabda9fef169b27167d3ffddf3367b19b147d159e5e5bcc
[INFO] running `Command { std: "docker" "create" "-v" "/var/lib/crater-agent-workspace/builds/worker-2-tc2/target:/opt/rustwide/target:rw,Z" "-v" "/var/lib/crater-agent-workspace/builds/worker-2-tc2/source:/opt/rustwide/workdir:ro,Z" "-v" "/var/lib/crater-agent-workspace/cargo-home:/opt/rustwide/cargo-home:ro,Z" "-v" "/var/lib/crater-agent-workspace/rustup-home:/opt/rustwide/rustup-home:ro,Z" "-e" "SOURCE_DIR=/opt/rustwide/workdir" "-e" "CARGO_TARGET_DIR=/opt/rustwide/target" "-e" "CARGO_INCREMENTAL=0" "-e" "RUST_BACKTRACE=full" "-e" "RUSTFLAGS=--cap-lints=forbid -Zrandomize-layout" "-e" "RUSTDOCFLAGS=--cap-lints=forbid" "-e" "CARGO_HOME=/opt/rustwide/cargo-home" "-e" "RUSTUP_HOME=/opt/rustwide/rustup-home" "-w" "/opt/rustwide/workdir" "-m" "1610612736" "--user" "0:0" "--network" "none" "ghcr.io/rust-lang/crates-build-env/linux@sha256:819108c5571ea2e421544af4d832f968d213c87fbe3707a016657f43d2f853bc" "/opt/rustwide/cargo-home/bin/cargo" "+nightly-2025-01-18" "build" "--frozen" "--message-format=json", kill_on_drop: false }`
[INFO] [stdout] c884e0111dbb428f678b139bd8e69ecfdd3cd331b5ddcd8bb139d7bdbcab8cef
[INFO] running `Command { std: "docker" "start" "-a" "c884e0111dbb428f678b139bd8e69ecfdd3cd331b5ddcd8bb139d7bdbcab8cef", kill_on_drop: false }`
[INFO] [stderr]    Compiling version_check v0.9.4
[INFO] [stderr]    Compiling typenum v1.16.0
[INFO] [stderr]    Compiling libc v0.2.139
[INFO] [stderr]    Compiling ppv-lite86 v0.2.17
[INFO] [stderr]    Compiling cpufeatures v0.2.5
[INFO] [stderr]    Compiling base64 v0.21.0
[INFO] [stderr]    Compiling generic-array v0.14.6
[INFO] [stderr]    Compiling getrandom v0.2.8
[INFO] [stderr]    Compiling rand_core v0.6.4
[INFO] [stderr]    Compiling rand_chacha v0.3.1
[INFO] [stderr]    Compiling rand v0.8.5
[INFO] [stderr]    Compiling crypto-common v0.1.6
[INFO] [stderr]    Compiling inout v0.1.3
[INFO] [stderr]    Compiling cipher v0.4.3
[INFO] [stderr]    Compiling aes v0.8.2
[INFO] [stderr]    Compiling cryptopals v0.1.0 (/opt/rustwide/workdir)
[INFO] [stdout] warning: unused import: `std::collections::HashMap`
[INFO] [stdout]  --> src/third_set.rs:3:9
[INFO] [stdout]   |
[INFO] [stdout] 3 |     use std::collections::HashMap;
[INFO] [stdout]   |         ^^^^^^^^^^^^^^^^^^^^^^^^^
[INFO] [stdout]   |
[INFO] [stdout]   = note: `#[warn(unused_imports)]` on by default
[INFO] [stdout] 
[INFO] [stdout] 
[INFO] [stdout] warning: unused imports: `Bytes`, `MersenneTwister`, `break_single_char_xor`, `constants::PLAINTEXTS`, `ctr_decrypt`, `ctr_encrypt`, `display`, `read_lines`, `temper`, `transpose`, `untemper`, and `xor`
[INFO] [stdout]   --> src/third_set.rs:6:41
[INFO] [stdout]    |
[INFO] [stdout] 6  |         aes::{aes_decrypt, aes_encrypt, ctr_decrypt, ctr_encrypt},
[INFO] [stdout]    |                                         ^^^^^^^^^^^  ^^^^^^^^^^^
[INFO] [stdout] 7  |         constants::PLAINTEXTS,
[INFO] [stdout]    |         ^^^^^^^^^^^^^^^^^^^^^
[INFO] [stdout] 8  |         twister::{temper, untemper, MersenneTwister},
[INFO] [stdout]    |                   ^^^^^^  ^^^^^^^^  ^^^^^^^^^^^^^^^
[INFO] [stdout] 9  |         utils::{
[INFO] [stdout] 10 |             break_single_char_xor, display, from_base64, random_index, read_lines,
[INFO] [stdout]    |             ^^^^^^^^^^^^^^^^^^^^^  ^^^^^^^                             ^^^^^^^^^^
[INFO] [stdout] 11 |             strip_padding_bytes, transpose, xor, Bytes,
[INFO] [stdout]    |                                  ^^^^^^^^^  ^^^  ^^^^^
[INFO] [stdout] 
[INFO] [stdout] 
[INFO] [stdout] warning: unused import: `std::env::temp_dir`
[INFO] [stdout]  --> src/twister.rs:1:5
[INFO] [stdout]   |
[INFO] [stdout] 1 | use std::env::temp_dir;
[INFO] [stdout]   |     ^^^^^^^^^^^^^^^^^^
[INFO] [stdout] 
[INFO] [stdout] 
[INFO] [stdout] warning: constant `CONSTANT_KEY` is never used
[INFO] [stdout]  --> src/third_set.rs:2:11
[INFO] [stdout]   |
[INFO] [stdout] 2 |     const CONSTANT_KEY: [u8; 16] = [16; 16];
[INFO] [stdout]   |           ^^^^^^^^^^^^
[INFO] [stdout]   |
[INFO] [stdout]   = note: `#[warn(dead_code)]` on by default
[INFO] [stdout] 
[INFO] [stdout] 
[INFO] [stdout] warning: function `gen_random_cbc_encryption` is never used
[INFO] [stdout]    --> src/third_set.rs:147:8
[INFO] [stdout]     |
[INFO] [stdout] 147 |     fn gen_random_cbc_encryption() -> Vec<u8> {
[INFO] [stdout]     |        ^^^^^^^^^^^^^^^^^^^^^^^^^
[INFO] [stdout] 
[INFO] [stdout] 
[INFO] [stdout] warning: function `verify_padding` is never used
[INFO] [stdout]    --> src/third_set.rs:165:8
[INFO] [stdout]     |
[INFO] [stdout] 165 |     fn verify_padding(ct: &[u8]) -> bool {
[INFO] [stdout]     |        ^^^^^^^^^^^^^^
[INFO] [stdout] 
[INFO] [stdout] 
[INFO] [stdout] warning: call to `.clone()` on a reference in this situation does nothing
[INFO] [stdout]    --> src/utils.rs:125:22
[INFO] [stdout]     |
[INFO] [stdout] 125 |     for byte in bytes.clone().into_iter() {
[INFO] [stdout]     |                      ^^^^^^^^ help: remove this redundant call
[INFO] [stdout]     |
[INFO] [stdout]     = note: the type `[u8]` does not implement `Clone`, so calling `clone` on `&[u8]` copies the reference, which does not do anything and can be removed
[INFO] [stdout]     = note: `#[warn(noop_method_call)]` on by default
[INFO] [stdout] 
[INFO] [stdout] 
[INFO] [stderr]     Finished `dev` profile [unoptimized + debuginfo] target(s) in 5.33s
[INFO] running `Command { std: "docker" "inspect" "c884e0111dbb428f678b139bd8e69ecfdd3cd331b5ddcd8bb139d7bdbcab8cef", kill_on_drop: false }`
[INFO] running `Command { std: "docker" "rm" "-f" "c884e0111dbb428f678b139bd8e69ecfdd3cd331b5ddcd8bb139d7bdbcab8cef", kill_on_drop: false }`
[INFO] [stdout] c884e0111dbb428f678b139bd8e69ecfdd3cd331b5ddcd8bb139d7bdbcab8cef
[INFO] running `Command { std: "docker" "create" "-v" "/var/lib/crater-agent-workspace/builds/worker-2-tc2/target:/opt/rustwide/target:rw,Z" "-v" "/var/lib/crater-agent-workspace/builds/worker-2-tc2/source:/opt/rustwide/workdir:ro,Z" "-v" "/var/lib/crater-agent-workspace/cargo-home:/opt/rustwide/cargo-home:ro,Z" "-v" "/var/lib/crater-agent-workspace/rustup-home:/opt/rustwide/rustup-home:ro,Z" "-e" "SOURCE_DIR=/opt/rustwide/workdir" "-e" "CARGO_TARGET_DIR=/opt/rustwide/target" "-e" "CARGO_INCREMENTAL=0" "-e" "RUST_BACKTRACE=full" "-e" "RUSTFLAGS=--cap-lints=forbid -Zrandomize-layout" "-e" "RUSTDOCFLAGS=--cap-lints=forbid" "-e" "CARGO_HOME=/opt/rustwide/cargo-home" "-e" "RUSTUP_HOME=/opt/rustwide/rustup-home" "-w" "/opt/rustwide/workdir" "-m" "1610612736" "--user" "0:0" "--network" "none" "ghcr.io/rust-lang/crates-build-env/linux@sha256:819108c5571ea2e421544af4d832f968d213c87fbe3707a016657f43d2f853bc" "/opt/rustwide/cargo-home/bin/cargo" "+nightly-2025-01-18" "test" "--frozen" "--no-run" "--message-format=json", kill_on_drop: false }`
[INFO] [stdout] 5bc5416942c9540bfa1d73036b74d9d73f7778a05a5d292718e8a95c47187389
[INFO] running `Command { std: "docker" "start" "-a" "5bc5416942c9540bfa1d73036b74d9d73f7778a05a5d292718e8a95c47187389", kill_on_drop: false }`
[INFO] [stdout] warning: unused import: `std::collections::HashMap`
[INFO] [stdout]  --> src/third_set.rs:3:9
[INFO] [stdout]   |
[INFO] [stdout] 3 |     use std::collections::HashMap;
[INFO] [stdout]   |         ^^^^^^^^^^^^^^^^^^^^^^^^^
[INFO] [stdout]   |
[INFO] [stdout]   = note: `#[warn(unused_imports)]` on by default
[INFO] [stdout] 
[INFO] [stdout] 
[INFO] [stdout] warning: unused imports: `Bytes`, `MersenneTwister`, `break_single_char_xor`, `constants::PLAINTEXTS`, `ctr_decrypt`, `ctr_encrypt`, `display`, `read_lines`, `temper`, `transpose`, `untemper`, and `xor`
[INFO] [stdout]   --> src/third_set.rs:6:41
[INFO] [stdout]    |
[INFO] [stdout] 6  |         aes::{aes_decrypt, aes_encrypt, ctr_decrypt, ctr_encrypt},
[INFO] [stdout]    |                                         ^^^^^^^^^^^  ^^^^^^^^^^^
[INFO] [stdout] 7  |         constants::PLAINTEXTS,
[INFO] [stdout]    |         ^^^^^^^^^^^^^^^^^^^^^
[INFO] [stdout] 8  |         twister::{temper, untemper, MersenneTwister},
[INFO] [stdout]    |                   ^^^^^^  ^^^^^^^^  ^^^^^^^^^^^^^^^
[INFO] [stdout] 9  |         utils::{
[INFO] [stdout] 10 |             break_single_char_xor, display, from_base64, random_index, read_lines,
[INFO] [stdout]    |             ^^^^^^^^^^^^^^^^^^^^^  ^^^^^^^                             ^^^^^^^^^^
[INFO] [stdout] 11 |             strip_padding_bytes, transpose, xor, Bytes,
[INFO] [stdout]    |                                  ^^^^^^^^^  ^^^  ^^^^^
[INFO] [stdout] 
[INFO] [stdout] 
[INFO] [stderr]    Compiling cryptopals v0.1.0 (/opt/rustwide/workdir)
[INFO] [stdout] warning: unused import: `std::env::temp_dir`
[INFO] [stdout]  --> src/twister.rs:1:5
[INFO] [stdout]   |
[INFO] [stdout] 1 | use std::env::temp_dir;
[INFO] [stdout]   |     ^^^^^^^^^^^^^^^^^^
[INFO] [stdout] 
[INFO] [stdout] 
[INFO] [stdout] warning: constant `CONSTANT_KEY` is never used
[INFO] [stdout]  --> src/third_set.rs:2:11
[INFO] [stdout]   |
[INFO] [stdout] 2 |     const CONSTANT_KEY: [u8; 16] = [16; 16];
[INFO] [stdout]   |           ^^^^^^^^^^^^
[INFO] [stdout]   |
[INFO] [stdout]   = note: `#[warn(dead_code)]` on by default
[INFO] [stdout] 
[INFO] [stdout] 
[INFO] [stdout] warning: function `gen_random_cbc_encryption` is never used
[INFO] [stdout]    --> src/third_set.rs:147:8
[INFO] [stdout]     |
[INFO] [stdout] 147 |     fn gen_random_cbc_encryption() -> Vec<u8> {
[INFO] [stdout]     |        ^^^^^^^^^^^^^^^^^^^^^^^^^
[INFO] [stdout] 
[INFO] [stdout] 
[INFO] [stdout] warning: function `verify_padding` is never used
[INFO] [stdout]    --> src/third_set.rs:165:8
[INFO] [stdout]     |
[INFO] [stdout] 165 |     fn verify_padding(ct: &[u8]) -> bool {
[INFO] [stdout]     |        ^^^^^^^^^^^^^^
[INFO] [stdout] 
[INFO] [stdout] 
[INFO] [stdout] warning: call to `.clone()` on a reference in this situation does nothing
[INFO] [stdout]    --> src/utils.rs:125:22
[INFO] [stdout]     |
[INFO] [stdout] 125 |     for byte in bytes.clone().into_iter() {
[INFO] [stdout]     |                      ^^^^^^^^ help: remove this redundant call
[INFO] [stdout]     |
[INFO] [stdout]     = note: the type `[u8]` does not implement `Clone`, so calling `clone` on `&[u8]` copies the reference, which does not do anything and can be removed
[INFO] [stdout]     = note: `#[warn(noop_method_call)]` on by default
[INFO] [stdout] 
[INFO] [stdout] 
[INFO] [stdout] warning: unused import: `Bytes`
[INFO] [stdout]   --> src/third_set.rs:11:50
[INFO] [stdout]    |
[INFO] [stdout] 11 |             strip_padding_bytes, transpose, xor, Bytes,
[INFO] [stdout]    |                                                  ^^^^^
[INFO] [stdout]    |
[INFO] [stdout]    = note: `#[warn(unused_imports)]` on by default
[INFO] [stdout] 
[INFO] [stdout] 
[INFO] [stdout] warning: unused import: `std::env::temp_dir`
[INFO] [stdout]  --> src/twister.rs:1:5
[INFO] [stdout]   |
[INFO] [stdout] 1 | use std::env::temp_dir;
[INFO] [stdout]   |     ^^^^^^^^^^^^^^^^^^
[INFO] [stdout] 
[INFO] [stdout] 
[INFO] [stdout] warning: call to `.clone()` on a reference in this situation does nothing
[INFO] [stdout]    --> src/utils.rs:125:22
[INFO] [stdout]     |
[INFO] [stdout] 125 |     for byte in bytes.clone().into_iter() {
[INFO] [stdout]     |                      ^^^^^^^^ help: remove this redundant call
[INFO] [stdout]     |
[INFO] [stdout]     = note: the type `[u8]` does not implement `Clone`, so calling `clone` on `&[u8]` copies the reference, which does not do anything and can be removed
[INFO] [stdout]     = note: `#[warn(noop_method_call)]` on by default
[INFO] [stdout] 
[INFO] [stdout] 
[INFO] [stderr]     Finished `test` profile [unoptimized + debuginfo] target(s) in 1.47s
[INFO] running `Command { std: "docker" "inspect" "5bc5416942c9540bfa1d73036b74d9d73f7778a05a5d292718e8a95c47187389", kill_on_drop: false }`
[INFO] running `Command { std: "docker" "rm" "-f" "5bc5416942c9540bfa1d73036b74d9d73f7778a05a5d292718e8a95c47187389", kill_on_drop: false }`
[INFO] [stdout] 5bc5416942c9540bfa1d73036b74d9d73f7778a05a5d292718e8a95c47187389
[INFO] running `Command { std: "docker" "create" "-v" "/var/lib/crater-agent-workspace/builds/worker-2-tc2/target:/opt/rustwide/target:rw,Z" "-v" "/var/lib/crater-agent-workspace/builds/worker-2-tc2/source:/opt/rustwide/workdir:ro,Z" "-v" "/var/lib/crater-agent-workspace/cargo-home:/opt/rustwide/cargo-home:ro,Z" "-v" "/var/lib/crater-agent-workspace/rustup-home:/opt/rustwide/rustup-home:ro,Z" "-e" "SOURCE_DIR=/opt/rustwide/workdir" "-e" "CARGO_TARGET_DIR=/opt/rustwide/target" "-e" "CARGO_INCREMENTAL=0" "-e" "RUST_BACKTRACE=full" "-e" "RUSTFLAGS=--cap-lints=forbid -Zrandomize-layout" "-e" "RUSTDOCFLAGS=--cap-lints=forbid" "-e" "CARGO_HOME=/opt/rustwide/cargo-home" "-e" "RUSTUP_HOME=/opt/rustwide/rustup-home" "-w" "/opt/rustwide/workdir" "-m" "1610612736" "--user" "0:0" "--network" "none" "ghcr.io/rust-lang/crates-build-env/linux@sha256:819108c5571ea2e421544af4d832f968d213c87fbe3707a016657f43d2f853bc" "/opt/rustwide/cargo-home/bin/cargo" "+nightly-2025-01-18" "test" "--frozen", kill_on_drop: false }`
[INFO] [stdout] a56a3aed18bf9d9cf912f5690370849a64e12067bdf3519cd9765135c643c10c
[INFO] running `Command { std: "docker" "start" "-a" "a56a3aed18bf9d9cf912f5690370849a64e12067bdf3519cd9765135c643c10c", kill_on_drop: false }`
[INFO] [stderr] warning: unused import: `std::collections::HashMap`
[INFO] [stderr]  --> src/third_set.rs:3:9
[INFO] [stderr]   |
[INFO] [stderr] 3 |     use std::collections::HashMap;
[INFO] [stderr]   |         ^^^^^^^^^^^^^^^^^^^^^^^^^
[INFO] [stderr]   |
[INFO] [stderr]   = note: `#[warn(unused_imports)]` on by default
[INFO] [stderr] 
[INFO] [stderr] warning: unused imports: `Bytes`, `MersenneTwister`, `break_single_char_xor`, `constants::PLAINTEXTS`, `ctr_decrypt`, `ctr_encrypt`, `display`, `read_lines`, `temper`, `transpose`, `untemper`, and `xor`
[INFO] [stderr]   --> src/third_set.rs:6:41
[INFO] [stderr]    |
[INFO] [stderr] 6  |         aes::{aes_decrypt, aes_encrypt, ctr_decrypt, ctr_encrypt},
[INFO] [stderr]    |                                         ^^^^^^^^^^^  ^^^^^^^^^^^
[INFO] [stderr] 7  |         constants::PLAINTEXTS,
[INFO] [stderr]    |         ^^^^^^^^^^^^^^^^^^^^^
[INFO] [stderr] 8  |         twister::{temper, untemper, MersenneTwister},
[INFO] [stderr]    |                   ^^^^^^  ^^^^^^^^  ^^^^^^^^^^^^^^^
[INFO] [stderr] 9  |         utils::{
[INFO] [stderr] 10 |             break_single_char_xor, display, from_base64, random_index, read_lines,
[INFO] [stderr]    |             ^^^^^^^^^^^^^^^^^^^^^  ^^^^^^^                             ^^^^^^^^^^
[INFO] [stderr] 11 |             strip_padding_bytes, transpose, xor, Bytes,
[INFO] [stderr]    |                                  ^^^^^^^^^  ^^^  ^^^^^
[INFO] [stderr] 
[INFO] [stderr] warning: unused import: `std::env::temp_dir`
[INFO] [stderr]  --> src/twister.rs:1:5
[INFO] [stderr]   |
[INFO] [stderr] 1 | use std::env::temp_dir;
[INFO] [stderr]   |     ^^^^^^^^^^^^^^^^^^
[INFO] [stderr] 
[INFO] [stderr] warning: constant `CONSTANT_KEY` is never used
[INFO] [stderr]  --> src/third_set.rs:2:11
[INFO] [stderr]   |
[INFO] [stderr] 2 |     const CONSTANT_KEY: [u8; 16] = [16; 16];
[INFO] [stderr]   |           ^^^^^^^^^^^^
[INFO] [stderr]   |
[INFO] [stderr]   = note: `#[warn(dead_code)]` on by default
[INFO] [stderr] 
[INFO] [stderr] warning: function `gen_random_cbc_encryption` is never used
[INFO] [stderr]    --> src/third_set.rs:147:8
[INFO] [stderr]     |
[INFO] [stderr] 147 |     fn gen_random_cbc_encryption() -> Vec<u8> {
[INFO] [stderr]     |        ^^^^^^^^^^^^^^^^^^^^^^^^^
[INFO] [stderr] 
[INFO] [stderr] warning: function `verify_padding` is never used
[INFO] [stderr]    --> src/third_set.rs:165:8
[INFO] [stderr]     |
[INFO] [stderr] 165 |     fn verify_padding(ct: &[u8]) -> bool {
[INFO] [stderr]     |        ^^^^^^^^^^^^^^
[INFO] [stderr] 
[INFO] [stderr] warning: call to `.clone()` on a reference in this situation does nothing
[INFO] [stderr]    --> src/utils.rs:125:22
[INFO] [stderr]     |
[INFO] [stderr] 125 |     for byte in bytes.clone().into_iter() {
[INFO] [stderr]     |                      ^^^^^^^^ help: remove this redundant call
[INFO] [stderr]     |
[INFO] [stderr]     = note: the type `[u8]` does not implement `Clone`, so calling `clone` on `&[u8]` copies the reference, which does not do anything and can be removed
[INFO] [stderr]     = note: `#[warn(noop_method_call)]` on by default
[INFO] [stderr] 
[INFO] [stderr] warning: unused import: `Bytes`
[INFO] [stderr]   --> src/third_set.rs:11:50
[INFO] [stderr]    |
[INFO] [stderr] 11 |             strip_padding_bytes, transpose, xor, Bytes,
[INFO] [stderr]    |                                                  ^^^^^
[INFO] [stderr]    |
[INFO] [stderr]    = note: `#[warn(unused_imports)]` on by default
[INFO] [stderr] 
[INFO] [stderr] warning: `cryptopals` (lib) generated 7 warnings (run `cargo fix --lib -p cryptopals` to apply 4 suggestions)
[INFO] [stderr] warning: `cryptopals` (lib test) generated 3 warnings (2 duplicates) (run `cargo fix --lib -p cryptopals --tests` to apply 1 suggestion)
[INFO] [stderr]     Finished `test` profile [unoptimized + debuginfo] target(s) in 0.06s
[INFO] [stderr]      Running unittests src/lib.rs (/opt/rustwide/target/debug/deps/cryptopals-666aa09eaaaeb4c0)
[INFO] [stdout] 
[INFO] [stdout] running 24 tests
[INFO] [stdout] test second_set::second_set::cbc_test ... ok
[INFO] [stdout] test second_set::second_set::test_collision ... ok
[INFO] [stdout] test second_set::second_set::implement_cbc_mode ... ok
[INFO] [stdout] test second_set::second_set::cbc_bitflipping_attacks ... ok
[INFO] [stdout] test solutions::first_set::aes_ecb_mode ... ok
[INFO] [stdout] test second_set::second_set::ecb_cbc_detection ... ok
[INFO] [stdout] test solutions::first_set::break_repeating_key_xor ... ok
[INFO] [stdout] test second_set::second_set::cut_and_paste ... ok
[INFO] [stdout] test solutions::first_set::fixed_xor ... ok
[INFO] [stdout] test third_set::third_set::clone_rng ... ok
[INFO] [stdout] test solutions::first_set::test_hamming_distance ... ok
[INFO] [stdout] test solutions::first_set::single_byte_xor ... ok
[INFO] [stdout] test third_set::third_set::break_ctr_statistically ... ok
[INFO] [stdout] test solutions::first_set::hex_to_base64 ... ok
[INFO] [stdout] test solutions::first_set::repeating_key_xor ... ok
[INFO] [stdout] test third_set::third_set::twister ... ok
[INFO] [stdout] test third_set::third_set::implement_ctr ... ok
[INFO] [stdout] test third_set::third_set::test_untemper ... ok
[INFO] [stdout] test third_set::third_set::break_ctr_substitution ... ok
[INFO] [stdout] test solutions::first_set::detect_single_char_xor ... ok
[INFO] [stdout] test third_set::third_set::cbc_padding_oracle ... ok
[INFO] [stdout] test second_set::second_set::padding_validation ... FAILED
[INFO] [stdout] test solutions::first_set::detect_aes_in_ecb ... ok
[INFO] [stdout] test second_set::second_set::ecb_decryption ... ok
[INFO] [stdout] 
[INFO] [stdout] failures:
[INFO] [stdout] 
[INFO] [stdout] ---- second_set::second_set::padding_validation stdout ----
[INFO] [stdout] 
[INFO] [stdout] thread 'second_set::second_set::padding_validation' panicked at src/second_set.rs:183:9:
[INFO] [stdout] assertion failed: res4 == Ok(b"ICE ICE BABY".to_vec())
[INFO] [stdout] stack backtrace:
[INFO] [stdout]    0:     0x5d564c50deda - std::backtrace_rs::backtrace::libunwind::trace::hb059275cfc8d6126
[INFO] [stdout]                                at /rustc/6067b36314ab5eb2eb47cecc464545ba58e1ad24/library/std/src/../../backtrace/src/backtrace/libunwind.rs:116:5
[INFO] [stdout]    1:     0x5d564c50deda - std::backtrace_rs::backtrace::trace_unsynchronized::h2da071e4327ce3ee
[INFO] [stdout]                                at /rustc/6067b36314ab5eb2eb47cecc464545ba58e1ad24/library/std/src/../../backtrace/src/backtrace/mod.rs:66:5
[INFO] [stdout]    2:     0x5d564c50deda - std::sys::backtrace::_print_fmt::h842a1474e6f8d23f
[INFO] [stdout]                                at /rustc/6067b36314ab5eb2eb47cecc464545ba58e1ad24/library/std/src/sys/backtrace.rs:66:9
[INFO] [stdout]    3:     0x5d564c50deda - <std::sys::backtrace::BacktraceLock::print::DisplayBacktrace as core::fmt::Display>::fmt::h71a62eb3b9696b12
[INFO] [stdout]                                at /rustc/6067b36314ab5eb2eb47cecc464545ba58e1ad24/library/std/src/sys/backtrace.rs:39:26
[INFO] [stdout]    4:     0x5d564c535c23 - core::fmt::rt::Argument::fmt::hdb6b616786b41dc1
[INFO] [stdout]                                at /rustc/6067b36314ab5eb2eb47cecc464545ba58e1ad24/library/core/src/fmt/rt.rs:177:76
[INFO] [stdout]    5:     0x5d564c535c23 - core::fmt::write::h2cc1698af7e2d686
[INFO] [stdout]                                at /rustc/6067b36314ab5eb2eb47cecc464545ba58e1ad24/library/core/src/fmt/mod.rs:1440:21
[INFO] [stdout]    6:     0x5d564c50aa33 - std::io::Write::write_fmt::hab1b4cd059a79022
[INFO] [stdout]                                at /rustc/6067b36314ab5eb2eb47cecc464545ba58e1ad24/library/std/src/io/mod.rs:1887:15
[INFO] [stdout]    7:     0x5d564c50dd22 - std::sys::backtrace::BacktraceLock::print::h147fe35b4ea13b08
[INFO] [stdout]                                at /rustc/6067b36314ab5eb2eb47cecc464545ba58e1ad24/library/std/src/sys/backtrace.rs:42:9
[INFO] [stdout]    8:     0x5d564c50f2ff - std::panicking::default_hook::{{closure}}::hbd44223dbdc0d208
[INFO] [stdout]                                at /rustc/6067b36314ab5eb2eb47cecc464545ba58e1ad24/library/std/src/panicking.rs:298:22
[INFO] [stdout]    9:     0x5d564c50f118 - std::panicking::default_hook::h20f81eb0576efcec
[INFO] [stdout]                                at /rustc/6067b36314ab5eb2eb47cecc464545ba58e1ad24/library/std/src/panicking.rs:322:9
[INFO] [stdout]   10:     0x5d564c482f63 - <alloc::boxed::Box<F,A> as core::ops::function::Fn<Args>>::call::hdb53814c496a4d34
[INFO] [stdout]                                at /rustc/6067b36314ab5eb2eb47cecc464545ba58e1ad24/library/alloc/src/boxed.rs:2027:9
[INFO] [stdout]   11:     0x5d564c482f63 - test::test_main::{{closure}}::hc0a4963c59427c24
[INFO] [stdout]                                at /rustc/6067b36314ab5eb2eb47cecc464545ba58e1ad24/library/test/src/lib.rs:134:21
[INFO] [stdout]   12:     0x5d564c50fdf3 - <alloc::boxed::Box<F,A> as core::ops::function::Fn<Args>>::call::h591b2225413a77e9
[INFO] [stdout]                                at /rustc/6067b36314ab5eb2eb47cecc464545ba58e1ad24/library/alloc/src/boxed.rs:2027:9
[INFO] [stdout]   13:     0x5d564c50fdf3 - std::panicking::rust_panic_with_hook::h625eea43051b2edc
[INFO] [stdout]                                at /rustc/6067b36314ab5eb2eb47cecc464545ba58e1ad24/library/std/src/panicking.rs:839:13
[INFO] [stdout]   14:     0x5d564c50fa76 - std::panicking::begin_panic_handler::{{closure}}::h4f9159cfbc3f6bd3
[INFO] [stdout]                                at /rustc/6067b36314ab5eb2eb47cecc464545ba58e1ad24/library/std/src/panicking.rs:697:13
[INFO] [stdout]   15:     0x5d564c50e3d9 - std::sys::backtrace::__rust_end_short_backtrace::h0390abce48353151
[INFO] [stdout]                                at /rustc/6067b36314ab5eb2eb47cecc464545ba58e1ad24/library/std/src/sys/backtrace.rs:168:18
[INFO] [stdout]   16:     0x5d564c50f73d - rust_begin_unwind
[INFO] [stdout]                                at /rustc/6067b36314ab5eb2eb47cecc464545ba58e1ad24/library/std/src/panicking.rs:695:5
[INFO] [stdout]   17:     0x5d564c534600 - core::panicking::panic_fmt::h9e7c637e9e5f29c9
[INFO] [stdout]                                at /rustc/6067b36314ab5eb2eb47cecc464545ba58e1ad24/library/core/src/panicking.rs:75:14
[INFO] [stdout]   18:     0x5d564c53468c - core::panicking::panic::haa3255ea20181a33
[INFO] [stdout]                                at /rustc/6067b36314ab5eb2eb47cecc464545ba58e1ad24/library/core/src/panicking.rs:145:5
[INFO] [stdout]   19:     0x5d564c42f62d - cryptopals::second_set::second_set::padding_validation::h60674c003b33e512
[INFO] [stdout]                                at /opt/rustwide/workdir/src/second_set.rs:183:9
[INFO] [stdout]   20:     0x5d564c42f347 - cryptopals::second_set::second_set::padding_validation::{{closure}}::h41e013d177170c6b
[INFO] [stdout]                                at /opt/rustwide/workdir/src/second_set.rs:173:32
[INFO] [stdout]   21:     0x5d564c43a326 - core::ops::function::FnOnce::call_once::h6ac6291099e31334
[INFO] [stdout]                                at /rustc/6067b36314ab5eb2eb47cecc464545ba58e1ad24/library/core/src/ops/function.rs:250:5
[INFO] [stdout]   22:     0x5d564c4886bb - core::ops::function::FnOnce::call_once::he27718dfdd183f43
[INFO] [stdout]                                at /rustc/6067b36314ab5eb2eb47cecc464545ba58e1ad24/library/core/src/ops/function.rs:250:5
[INFO] [stdout]   23:     0x5d564c4886bb - test::__rust_begin_short_backtrace::h4e84902998457a5d
[INFO] [stdout]                                at /rustc/6067b36314ab5eb2eb47cecc464545ba58e1ad24/library/test/src/lib.rs:632:18
[INFO] [stdout]   24:     0x5d564c4875f3 - test::run_test_in_process::{{closure}}::h7176fd18fc1feca0
[INFO] [stdout]                                at /rustc/6067b36314ab5eb2eb47cecc464545ba58e1ad24/library/test/src/lib.rs:655:60
[INFO] [stdout]   25:     0x5d564c4875f3 - <core::panic::unwind_safe::AssertUnwindSafe<F> as core::ops::function::FnOnce<()>>::call_once::hf79cff2a624d8cf7
[INFO] [stdout]                                at /rustc/6067b36314ab5eb2eb47cecc464545ba58e1ad24/library/core/src/panic/unwind_safe.rs:272:9
[INFO] [stdout]   26:     0x5d564c4875f3 - std::panicking::try::do_call::h3da0561d9ab99c25
[INFO] [stdout]                                at /rustc/6067b36314ab5eb2eb47cecc464545ba58e1ad24/library/std/src/panicking.rs:587:40
[INFO] [stdout]   27:     0x5d564c4875f3 - std::panicking::try::h41c9fa508bc61df6
[INFO] [stdout]                                at /rustc/6067b36314ab5eb2eb47cecc464545ba58e1ad24/library/std/src/panicking.rs:550:19
[INFO] [stdout]   28:     0x5d564c4875f3 - std::panic::catch_unwind::h6b3ff07bb5afad93
[INFO] [stdout]                                at /rustc/6067b36314ab5eb2eb47cecc464545ba58e1ad24/library/std/src/panic.rs:358:14
[INFO] [stdout]   29:     0x5d564c4875f3 - test::run_test_in_process::hc7253dd11b39b9f4
[INFO] [stdout]                                at /rustc/6067b36314ab5eb2eb47cecc464545ba58e1ad24/library/test/src/lib.rs:655:27
[INFO] [stdout]   30:     0x5d564c4875f3 - test::run_test::{{closure}}::hfb2007f8649c30bb
[INFO] [stdout]                                at /rustc/6067b36314ab5eb2eb47cecc464545ba58e1ad24/library/test/src/lib.rs:576:43
[INFO] [stdout]   31:     0x5d564c44a6d5 - test::run_test::{{closure}}::h56a17aa7a282a9f4
[INFO] [stdout]                                at /rustc/6067b36314ab5eb2eb47cecc464545ba58e1ad24/library/test/src/lib.rs:606:41
[INFO] [stdout]   32:     0x5d564c44a6d5 - std::sys::backtrace::__rust_begin_short_backtrace::hd2d2d2fb8e8c6aac
[INFO] [stdout]                                at /rustc/6067b36314ab5eb2eb47cecc464545ba58e1ad24/library/std/src/sys/backtrace.rs:152:18
[INFO] [stdout]   33:     0x5d564c44dfba - std::thread::Builder::spawn_unchecked_::{{closure}}::{{closure}}::h4faa3f9db6133423
[INFO] [stdout]                                at /rustc/6067b36314ab5eb2eb47cecc464545ba58e1ad24/library/std/src/thread/mod.rs:559:17
[INFO] [stdout]   34:     0x5d564c44dfba - <core::panic::unwind_safe::AssertUnwindSafe<F> as core::ops::function::FnOnce<()>>::call_once::hf2e855a36a4ea846
[INFO] [stdout]                                at /rustc/6067b36314ab5eb2eb47cecc464545ba58e1ad24/library/core/src/panic/unwind_safe.rs:272:9
[INFO] [stdout]   35:     0x5d564c44dfba - std::panicking::try::do_call::h2f73af3616c35465
[INFO] [stdout]                                at /rustc/6067b36314ab5eb2eb47cecc464545ba58e1ad24/library/std/src/panicking.rs:587:40
[INFO] [stdout]   36:     0x5d564c44dfba - std::panicking::try::hd1660ce9efadef5a
[INFO] [stdout]                                at /rustc/6067b36314ab5eb2eb47cecc464545ba58e1ad24/library/std/src/panicking.rs:550:19
[INFO] [stdout]   37:     0x5d564c44dfba - std::panic::catch_unwind::h5ee8d7823b8ca744
[INFO] [stdout]                                at /rustc/6067b36314ab5eb2eb47cecc464545ba58e1ad24/library/std/src/panic.rs:358:14
[INFO] [stdout]   38:     0x5d564c44dfba - std::thread::Builder::spawn_unchecked_::{{closure}}::h53c3a1894dce8407
[INFO] [stdout]                                at /rustc/6067b36314ab5eb2eb47cecc464545ba58e1ad24/library/std/src/thread/mod.rs:557:30
[INFO] [stdout]   39:     0x5d564c44dfba - core::ops::function::FnOnce::call_once{{vtable.shim}}::h048ce291ad4f62bf
[INFO] [stdout]                                at /rustc/6067b36314ab5eb2eb47cecc464545ba58e1ad24/library/core/src/ops/function.rs:250:5
[INFO] [stdout]   40:     0x5d564c513d3b - <alloc::boxed::Box<F,A> as core::ops::function::FnOnce<Args>>::call_once::ha52bedf99a3b4981
[INFO] [stdout]                                at /rustc/6067b36314ab5eb2eb47cecc464545ba58e1ad24/library/alloc/src/boxed.rs:2013:9
[INFO] [stdout]   41:     0x5d564c513d3b - <alloc::boxed::Box<F,A> as core::ops::function::FnOnce<Args>>::call_once::h567748934d80ccf8
[INFO] [stdout]                                at /rustc/6067b36314ab5eb2eb47cecc464545ba58e1ad24/library/alloc/src/boxed.rs:2013:9
[INFO] [stdout]   42:     0x5d564c513d3b - std::sys::pal::unix::thread::Thread::new::thread_start::h2d970728ae887adc
[INFO] [stdout]                                at /rustc/6067b36314ab5eb2eb47cecc464545ba58e1ad24/library/std/src/sys/pal/unix/thread.rs:106:17
[INFO] [stdout]   43:     0x72f1c6bd0ac3 - <unknown>
[INFO] [stdout]   44:     0x72f1c6c61a04 - clone
[INFO] [stdout]   45:                0x0 - <unknown>
[INFO] [stdout] 
[INFO] [stdout] 
[INFO] [stdout] failures:
[INFO] [stdout]     second_set::second_set::padding_validation
[INFO] [stdout] 
[INFO] [stdout] test result: FAILED. 23 passed; 1 failed; 0 ignored; 0 measured; 0 filtered out; finished in 0.17s
[INFO] [stdout] 
[INFO] [stderr] error: test failed, to rerun pass `--lib`
[INFO] running `Command { std: "docker" "inspect" "a56a3aed18bf9d9cf912f5690370849a64e12067bdf3519cd9765135c643c10c", kill_on_drop: false }`
[INFO] running `Command { std: "docker" "rm" "-f" "a56a3aed18bf9d9cf912f5690370849a64e12067bdf3519cd9765135c643c10c", kill_on_drop: false }`
[INFO] [stdout] a56a3aed18bf9d9cf912f5690370849a64e12067bdf3519cd9765135c643c10c
