[INFO] cloning repository https://github.com/njhofmann/rust-argparse
[INFO] running `Command { std: "git" "-c" "credential.helper=" "-c" "credential.helper=/workspace/cargo-home/bin/git-credential-null" "clone" "--bare" "https://github.com/njhofmann/rust-argparse" "/workspace/cache/git-repos/https%3A%2F%2Fgithub.com%2Fnjhofmann%2Frust-argparse", kill_on_drop: false }`
[INFO] [stderr] Cloning into bare repository '/workspace/cache/git-repos/https%3A%2F%2Fgithub.com%2Fnjhofmann%2Frust-argparse'...
[INFO] running `Command { std: "git" "rev-parse" "HEAD", kill_on_drop: false }`
[INFO] [stdout] eb1ca0f2c4b0d3673f890b69eeafc2bd24f514df
[INFO] testing njhofmann/rust-argparse against nightly-2025-01-18+rustflags=-Zrandomize-layout for randomize-layout-2
[INFO] running `Command { std: "git" "clone" "/workspace/cache/git-repos/https%3A%2F%2Fgithub.com%2Fnjhofmann%2Frust-argparse" "/workspace/builds/worker-6-tc2/source", kill_on_drop: false }`
[INFO] [stderr] Cloning into '/workspace/builds/worker-6-tc2/source'...
[INFO] [stderr] done.
[INFO] validating manifest of git repo https://github.com/njhofmann/rust-argparse on toolchain nightly-2025-01-18
[INFO] running `Command { std: CARGO_HOME="/workspace/cargo-home" RUSTUP_HOME="/workspace/rustup-home" "/workspace/cargo-home/bin/cargo" "+nightly-2025-01-18" "metadata" "--manifest-path" "Cargo.toml" "--no-deps", kill_on_drop: false }`
[INFO] started tweaking git repo https://github.com/njhofmann/rust-argparse
[INFO] finished tweaking git repo https://github.com/njhofmann/rust-argparse
[INFO] tweaked toml for git repo https://github.com/njhofmann/rust-argparse written to /workspace/builds/worker-6-tc2/source/Cargo.toml
[INFO] crate git repo https://github.com/njhofmann/rust-argparse already has a lockfile, it will not be regenerated
[INFO] running `Command { std: CARGO_HOME="/workspace/cargo-home" RUSTUP_HOME="/workspace/rustup-home" "/workspace/cargo-home/bin/cargo" "+nightly-2025-01-18" "fetch" "--manifest-path" "Cargo.toml", kill_on_drop: false }`
[INFO] running `Command { std: "docker" "create" "-v" "/var/lib/crater-agent-workspace/builds/worker-6-tc2/target:/opt/rustwide/target:rw,Z" "-v" "/var/lib/crater-agent-workspace/builds/worker-6-tc2/source:/opt/rustwide/workdir:ro,Z" "-v" "/var/lib/crater-agent-workspace/cargo-home:/opt/rustwide/cargo-home:ro,Z" "-v" "/var/lib/crater-agent-workspace/rustup-home:/opt/rustwide/rustup-home:ro,Z" "-e" "SOURCE_DIR=/opt/rustwide/workdir" "-e" "CARGO_TARGET_DIR=/opt/rustwide/target" "-e" "CARGO_HOME=/opt/rustwide/cargo-home" "-e" "RUSTUP_HOME=/opt/rustwide/rustup-home" "-w" "/opt/rustwide/workdir" "-m" "1610612736" "--user" "0:0" "--network" "none" "ghcr.io/rust-lang/crates-build-env/linux@sha256:819108c5571ea2e421544af4d832f968d213c87fbe3707a016657f43d2f853bc" "/opt/rustwide/cargo-home/bin/cargo" "+nightly-2025-01-18" "metadata" "--no-deps" "--format-version=1", kill_on_drop: false }`
[INFO] [stdout] 8fd276dd6f25b8a48b5cb0eb1febb337c6715c559cd18f457a56a7ba5d238bc0
[INFO] running `Command { std: "docker" "start" "-a" "8fd276dd6f25b8a48b5cb0eb1febb337c6715c559cd18f457a56a7ba5d238bc0", kill_on_drop: false }`
[INFO] running `Command { std: "docker" "inspect" "8fd276dd6f25b8a48b5cb0eb1febb337c6715c559cd18f457a56a7ba5d238bc0", kill_on_drop: false }`
[INFO] running `Command { std: "docker" "rm" "-f" "8fd276dd6f25b8a48b5cb0eb1febb337c6715c559cd18f457a56a7ba5d238bc0", kill_on_drop: false }`
[INFO] [stdout] 8fd276dd6f25b8a48b5cb0eb1febb337c6715c559cd18f457a56a7ba5d238bc0
[INFO] running `Command { std: "docker" "create" "-v" "/var/lib/crater-agent-workspace/builds/worker-6-tc2/target:/opt/rustwide/target:rw,Z" "-v" "/var/lib/crater-agent-workspace/builds/worker-6-tc2/source:/opt/rustwide/workdir:ro,Z" "-v" "/var/lib/crater-agent-workspace/cargo-home:/opt/rustwide/cargo-home:ro,Z" "-v" "/var/lib/crater-agent-workspace/rustup-home:/opt/rustwide/rustup-home:ro,Z" "-e" "SOURCE_DIR=/opt/rustwide/workdir" "-e" "CARGO_TARGET_DIR=/opt/rustwide/target" "-e" "CARGO_INCREMENTAL=0" "-e" "RUST_BACKTRACE=full" "-e" "RUSTFLAGS=--cap-lints=forbid -Zrandomize-layout" "-e" "RUSTDOCFLAGS=--cap-lints=forbid" "-e" "CARGO_HOME=/opt/rustwide/cargo-home" "-e" "RUSTUP_HOME=/opt/rustwide/rustup-home" "-w" "/opt/rustwide/workdir" "-m" "1610612736" "--user" "0:0" "--network" "none" "ghcr.io/rust-lang/crates-build-env/linux@sha256:819108c5571ea2e421544af4d832f968d213c87fbe3707a016657f43d2f853bc" "/opt/rustwide/cargo-home/bin/cargo" "+nightly-2025-01-18" "build" "--frozen" "--message-format=json", kill_on_drop: false }`
[INFO] [stdout] e22d92569c0e9d23aba6ea165d3bf7d4be0c708d4cf8734a36ba966c8761f042
[INFO] running `Command { std: "docker" "start" "-a" "e22d92569c0e9d23aba6ea165d3bf7d4be0c708d4cf8734a36ba966c8761f042", kill_on_drop: false }`
[INFO] [stderr]    Compiling proc-macro2 v1.0.78
[INFO] [stderr]    Compiling thiserror v1.0.57
[INFO] [stderr]    Compiling quote v1.0.35
[INFO] [stderr]    Compiling syn v2.0.52
[INFO] [stderr]    Compiling thiserror-impl v1.0.57
[INFO] [stderr]    Compiling py_arg_parse v0.1.0 (/opt/rustwide/workdir)
[INFO] [stdout] warning: unused variable: `dest`
[INFO] [stdout]     --> src/argument_parser.rs:1411:31
[INFO] [stdout]      |
[INFO] [stdout] 1411 |     pub fn get_default(&self, dest: &str) -> &Option<String> {
[INFO] [stdout]      |                               ^^^^ help: if this is intentional, prefix it with an underscore: `_dest`
[INFO] [stdout]      |
[INFO] [stdout]      = note: `#[warn(unused_variables)]` on by default
[INFO] [stdout] 
[INFO] [stdout] 
[INFO] [stderr]     Finished `dev` profile [unoptimized + debuginfo] target(s) in 6.20s
[INFO] running `Command { std: "docker" "inspect" "e22d92569c0e9d23aba6ea165d3bf7d4be0c708d4cf8734a36ba966c8761f042", kill_on_drop: false }`
[INFO] running `Command { std: "docker" "rm" "-f" "e22d92569c0e9d23aba6ea165d3bf7d4be0c708d4cf8734a36ba966c8761f042", kill_on_drop: false }`
[INFO] [stdout] e22d92569c0e9d23aba6ea165d3bf7d4be0c708d4cf8734a36ba966c8761f042
[INFO] running `Command { std: "docker" "create" "-v" "/var/lib/crater-agent-workspace/builds/worker-6-tc2/target:/opt/rustwide/target:rw,Z" "-v" "/var/lib/crater-agent-workspace/builds/worker-6-tc2/source:/opt/rustwide/workdir:ro,Z" "-v" "/var/lib/crater-agent-workspace/cargo-home:/opt/rustwide/cargo-home:ro,Z" "-v" "/var/lib/crater-agent-workspace/rustup-home:/opt/rustwide/rustup-home:ro,Z" "-e" "SOURCE_DIR=/opt/rustwide/workdir" "-e" "CARGO_TARGET_DIR=/opt/rustwide/target" "-e" "CARGO_INCREMENTAL=0" "-e" "RUST_BACKTRACE=full" "-e" "RUSTFLAGS=--cap-lints=forbid -Zrandomize-layout" "-e" "RUSTDOCFLAGS=--cap-lints=forbid" "-e" "CARGO_HOME=/opt/rustwide/cargo-home" "-e" "RUSTUP_HOME=/opt/rustwide/rustup-home" "-w" "/opt/rustwide/workdir" "-m" "1610612736" "--user" "0:0" "--network" "none" "ghcr.io/rust-lang/crates-build-env/linux@sha256:819108c5571ea2e421544af4d832f968d213c87fbe3707a016657f43d2f853bc" "/opt/rustwide/cargo-home/bin/cargo" "+nightly-2025-01-18" "test" "--frozen" "--no-run" "--message-format=json", kill_on_drop: false }`
[INFO] [stdout] 47dd951c13699c8a56e09df8fbc25bf891054a470aa8601f12ae7a2788dc5908
[INFO] running `Command { std: "docker" "start" "-a" "47dd951c13699c8a56e09df8fbc25bf891054a470aa8601f12ae7a2788dc5908", kill_on_drop: false }`
[INFO] [stderr]    Compiling py_arg_parse v0.1.0 (/opt/rustwide/workdir)
[INFO] [stdout] warning: unused variable: `dest`
[INFO] [stdout]     --> src/argument_parser.rs:1411:31
[INFO] [stdout]      |
[INFO] [stdout] 1411 |     pub fn get_default(&self, dest: &str) -> &Option<String> {
[INFO] [stdout]      |                               ^^^^ help: if this is intentional, prefix it with an underscore: `_dest`
[INFO] [stdout]      |
[INFO] [stdout]      = note: `#[warn(unused_variables)]` on by default
[INFO] [stdout] 
[INFO] [stdout] 
[INFO] [stdout] warning: unused imports: `fmt::Display` and `str::FromStr`
[INFO] [stdout]     --> src/argument_parser.rs:1448:15
[INFO] [stdout]      |
[INFO] [stdout] 1448 |     use std::{fmt::Display, str::FromStr};
[INFO] [stdout]      |               ^^^^^^^^^^^^  ^^^^^^^^^^^^
[INFO] [stdout]      |
[INFO] [stdout]      = note: `#[warn(unused_imports)]` on by default
[INFO] [stdout] 
[INFO] [stdout] 
[INFO] [stdout] warning: unused imports: `AddArgumentError`, `argument::ArgumentError`, and `nargs::NArgs`
[INFO] [stdout]     --> src/argument_parser.rs:1451:9
[INFO] [stdout]      |
[INFO] [stdout] 1451 |         argument::ArgumentError,
[INFO] [stdout]      |         ^^^^^^^^^^^^^^^^^^^^^^^
[INFO] [stdout] 1452 |         argument_parser::{AddArgumentError, ArgumentParserError},
[INFO] [stdout]      |                           ^^^^^^^^^^^^^^^^
[INFO] [stdout] 1453 |         conclict_handling_strategy::ConflictHandlingStrategyError,
[INFO] [stdout] 1454 |         nargs::NArgs,
[INFO] [stdout]      |         ^^^^^^^^^^^^
[INFO] [stdout] 
[INFO] [stdout] 
[INFO] [stdout] warning: unused variable: `dest`
[INFO] [stdout]     --> src/argument_parser.rs:1411:31
[INFO] [stdout]      |
[INFO] [stdout] 1411 |     pub fn get_default(&self, dest: &str) -> &Option<String> {
[INFO] [stdout]      |                               ^^^^ help: if this is intentional, prefix it with an underscore: `_dest`
[INFO] [stdout]      |
[INFO] [stdout]      = note: `#[warn(unused_variables)]` on by default
[INFO] [stdout] 
[INFO] [stdout] 
[INFO] [stderr]     Finished `test` profile [unoptimized + debuginfo] target(s) in 3.23s
[INFO] running `Command { std: "docker" "inspect" "47dd951c13699c8a56e09df8fbc25bf891054a470aa8601f12ae7a2788dc5908", kill_on_drop: false }`
[INFO] running `Command { std: "docker" "rm" "-f" "47dd951c13699c8a56e09df8fbc25bf891054a470aa8601f12ae7a2788dc5908", kill_on_drop: false }`
[INFO] [stdout] 47dd951c13699c8a56e09df8fbc25bf891054a470aa8601f12ae7a2788dc5908
[INFO] running `Command { std: "docker" "create" "-v" "/var/lib/crater-agent-workspace/builds/worker-6-tc2/target:/opt/rustwide/target:rw,Z" "-v" "/var/lib/crater-agent-workspace/builds/worker-6-tc2/source:/opt/rustwide/workdir:ro,Z" "-v" "/var/lib/crater-agent-workspace/cargo-home:/opt/rustwide/cargo-home:ro,Z" "-v" "/var/lib/crater-agent-workspace/rustup-home:/opt/rustwide/rustup-home:ro,Z" "-e" "SOURCE_DIR=/opt/rustwide/workdir" "-e" "CARGO_TARGET_DIR=/opt/rustwide/target" "-e" "CARGO_INCREMENTAL=0" "-e" "RUST_BACKTRACE=full" "-e" "RUSTFLAGS=--cap-lints=forbid -Zrandomize-layout" "-e" "RUSTDOCFLAGS=--cap-lints=forbid" "-e" "CARGO_HOME=/opt/rustwide/cargo-home" "-e" "RUSTUP_HOME=/opt/rustwide/rustup-home" "-w" "/opt/rustwide/workdir" "-m" "1610612736" "--user" "0:0" "--network" "none" "ghcr.io/rust-lang/crates-build-env/linux@sha256:819108c5571ea2e421544af4d832f968d213c87fbe3707a016657f43d2f853bc" "/opt/rustwide/cargo-home/bin/cargo" "+nightly-2025-01-18" "test" "--frozen", kill_on_drop: false }`
[INFO] [stdout] 696fc15395833365692fa054bc71f599be816f4914edca73d8409932056be5af
[INFO] running `Command { std: "docker" "start" "-a" "696fc15395833365692fa054bc71f599be816f4914edca73d8409932056be5af", kill_on_drop: false }`
[INFO] [stderr] warning: unused variable: `dest`
[INFO] [stderr]     --> src/argument_parser.rs:1411:31
[INFO] [stderr]      |
[INFO] [stderr] 1411 |     pub fn get_default(&self, dest: &str) -> &Option<String> {
[INFO] [stderr]      |                               ^^^^ help: if this is intentional, prefix it with an underscore: `_dest`
[INFO] [stderr]      |
[INFO] [stderr]      = note: `#[warn(unused_variables)]` on by default
[INFO] [stderr] 
[INFO] [stderr] warning: unused imports: `fmt::Display` and `str::FromStr`
[INFO] [stderr]     --> src/argument_parser.rs:1448:15
[INFO] [stderr]      |
[INFO] [stderr] 1448 |     use std::{fmt::Display, str::FromStr};
[INFO] [stderr]      |               ^^^^^^^^^^^^  ^^^^^^^^^^^^
[INFO] [stderr]      |
[INFO] [stderr]      = note: `#[warn(unused_imports)]` on by default
[INFO] [stderr] 
[INFO] [stderr] warning: unused imports: `AddArgumentError`, `argument::ArgumentError`, and `nargs::NArgs`
[INFO] [stderr]     --> src/argument_parser.rs:1451:9
[INFO] [stderr]      |
[INFO] [stderr] 1451 |         argument::ArgumentError,
[INFO] [stderr]      |         ^^^^^^^^^^^^^^^^^^^^^^^
[INFO] [stderr] 1452 |         argument_parser::{AddArgumentError, ArgumentParserError},
[INFO] [stderr]      |                           ^^^^^^^^^^^^^^^^
[INFO] [stderr] 1453 |         conclict_handling_strategy::ConflictHandlingStrategyError,
[INFO] [stderr] 1454 |         nargs::NArgs,
[INFO] [stderr]      |         ^^^^^^^^^^^^
[INFO] [stderr] 
[INFO] [stderr] warning: `py_arg_parse` (lib) generated 1 warning
[INFO] [stderr] warning: `py_arg_parse` (lib test) generated 3 warnings (1 duplicate) (run `cargo fix --lib -p py_arg_parse --tests` to apply 2 suggestions)
[INFO] [stderr]     Finished `test` profile [unoptimized + debuginfo] target(s) in 0.02s
[INFO] [stderr]      Running unittests src/lib.rs (/opt/rustwide/target/debug/deps/py_arg_parse-908548eede57307c)
[INFO] [stdout] 
[INFO] [stdout] running 70 tests
[INFO] [stdout] test argument::test::choices_with_invalid_length ... ok
[INFO] [stdout] test argument::test::basic_argument ... ok
[INFO] [stdout] test argument::test::default_with_invalid_length ... ok
[INFO] [stdout] test argument::test::argument_with_choices ... ok
[INFO] [stdout] test argument::test::argument_with_help ... ok
[INFO] [stdout] test argument::test::default_not_in_choices ... ok
[INFO] [stdout] test argument::test::argument_with_default ... ok
[INFO] [stdout] test argument::test::empty_choices ... ok
[INFO] [stdout] test argument::test::postional_argument_given_destination ... ok
[INFO] [stdout] test argument::test::required_argument_with_default ... ok
[INFO] [stdout] test argument::test::duplicate_choices ... ok
[INFO] [stdout] test argument::test::single_choice ... ok
[INFO] [stdout] test argument::test::store_argument_with_zeroexact_nargs ... ok
[INFO] [stdout] test argument_name::test::display_flag_arguments ... ok
[INFO] [stdout] test argument_name::test::duplicate_flag_arguments ... ok
[INFO] [stdout] test argument_name::test::display_positional_arguments ... ok
[INFO] [stdout] test argument_name::test::create_flag_arguments ... ok
[INFO] [stdout] test argument_name::test::empty_argument ... ok
[INFO] [stdout] test argument_name::test::flag_and_positional_arguments_mixed ... ok
[INFO] [stdout] test argument_name::test::flag_argument_no_overlap ... ok
[INFO] [stdout] test argument_name::test::mixed_argument_no_overlap ... ok
[INFO] [stdout] test argument_name::test::flag_argument_overlap ... ok
[INFO] [stdout] test argument_name::test::flag_arguments_contains ... ok
[INFO] [stdout] test argument_name::test::mixed_argument_overlap ... ok
[INFO] [stdout] test argument_name::test::positional_arguments_does_not_contain ... ok
[INFO] [stdout] test argument_parser::test::display_with_desp ... ok
[INFO] [stdout] test argument_parser::test::parent_parser_tests::test_conflicting_arg ... ok
[INFO] [stdout] test argument_parser::test::parent_parser_tests::test_conflicting_arg_with_override ... ok
[INFO] [stdout] test argument_parser::test::parent_parser_tests::test_non_conflicting_arg ... ok
[INFO] [stdout] test argument_parser::test::parent_parser_tests::test_non_conflicting_arg_non_help ... ok
[INFO] [stdout] test argument_name::test::positional_argument_no_overlap ... ok
[INFO] [stdout] test argument_name::test::multiple_prefix_chars ... ok
[INFO] [stdout] test argument_name::test::positional_argument_overlap ... ok
[INFO] [stdout] test argument_name::test::positional_arguments_contains ... ok
[INFO] [stdout] test argument_name::test::flag_arguments_does_not_contain ... ok
[INFO] [stdout] test argument_parser::test::no_prefix_chars ... ok
[INFO] [stdout] test argument_name::test::multiple_positional_argument ... ok
[INFO] [stdout] test argument_parser::test::display_no_desp ... ok
[INFO] [stdout] test argument_name::test::create_positional_arguments ... ok
[INFO] [stdout] test argument_parser::test::unsupported_prefix_chars ... ok
[INFO] [stdout] test argument_parser::test::unsupported_override_value ... ok
[INFO] [stdout] test parse_result::test::parsing::display ... ok
[INFO] [stdout] test parse_result::test::invalid_key ... ok
[INFO] [stdout] test parse_result::test::duplicate_argument_names_override_with_overlap ... ok
[INFO] [stdout] test parse_result::test::duplicate_argument_names_override_total_replacement_mult_args ... ok
[INFO] [stdout] test parse_result::test::parsing::incorrect_positional_arguments_value_count_out_of_bounds ... ok
[INFO] [stdout] test parse_result::test::duplicate_argument_names_override_total_replacement_one_arg ... ok
[INFO] [stdout] test parse_result::test::parsing::incorrect_arg_value_length ... ok
[INFO] [stdout] test parse_result::test::parsing::incorrect_positional_arguments_value_count_flag_encountered ... ok
[INFO] [stdout] test parse_result::test::parsing::duplicate_flag_argument ... ok
[INFO] [stdout] test parse_result::test::retrieval::does_not_contain ... ok
[INFO] [stdout] test parse_result::test::retrieval::bad_key ... ok
[INFO] [stdout] test parse_result::test::parsing::missing_required_flag_arguments ... ok
[INFO] [stdout] test parse_result::test::retrieval::contains ... ok
[INFO] [stdout] test parse_result::test::retrieval::get_default ... ok
[INFO] [stdout] test parse_result::test::retrieval::get_five_string ... ok
[INFO] [stdout] test parse_result::test::retrieval::failed_conversion ... ok
[INFO] [stdout] test parse_result::test::retrieval::get_enum ... ok
[INFO] [stdout] test parse_result::test::retrieval::get_four_string ... ok
[INFO] [stdout] test parse_result::test::parsing::invalid_flag_argument ... ok
[INFO] [stdout] test parse_result::test::retrieval::get_one_int ... ok
[INFO] [stdout] test parse_result::test::retrieval::get_two_string_from_two_valued_integer ... ok
[INFO] [stdout] test parse_result::test::retrieval::get_one_float ... ok
[INFO] [stdout] test parse_result::test::retrieval::index ... ok
[INFO] [stdout] test parse_result::test::retrieval::get_three_string ... ok
[INFO] [stdout] test parse_result::test::retrieval::get_one_bool ... ok
[INFO] [stdout] test parse_result::test::retrieval::incorrect_value_count ... ok
[INFO] [stdout] test parse_result::test::retrieval::get_one_string ... ok
[INFO] [stdout] test parse_result::test::parsing::invalid_choice ... FAILED
[INFO] [stdout] test parse_result::test::retrieval::failed_index - should panic ... ok
[INFO] [stdout] 
[INFO] [stdout] failures:
[INFO] [stdout] 
[INFO] [stdout] ---- parse_result::test::parsing::invalid_choice stdout ----
[INFO] [stdout] 
[INFO] [stdout] thread 'parse_result::test::parsing::invalid_choice' panicked at src/parse_result.rs:427:13:
[INFO] [stdout] assertion `left == right` failed
[INFO] [stdout]   left: ChoicesError(InvalidChoice(InvalidChoice("[3, 4]", "[[one, two], [1, 2]]")))
[INFO] [stdout]  right: ChoicesError(InvalidChoice(InvalidChoice("[3, 4]", "[[1, 2], [one, two]]")))
[INFO] [stdout] stack backtrace:
[INFO] [stdout]    0:     0x63a41eeeb76a - std::backtrace_rs::backtrace::libunwind::trace::hb059275cfc8d6126
[INFO] [stdout]                                at /rustc/6067b36314ab5eb2eb47cecc464545ba58e1ad24/library/std/src/../../backtrace/src/backtrace/libunwind.rs:116:5
[INFO] [stdout]    1:     0x63a41eeeb76a - std::backtrace_rs::backtrace::trace_unsynchronized::h2da071e4327ce3ee
[INFO] [stdout]                                at /rustc/6067b36314ab5eb2eb47cecc464545ba58e1ad24/library/std/src/../../backtrace/src/backtrace/mod.rs:66:5
[INFO] [stdout]    2:     0x63a41eeeb76a - std::sys::backtrace::_print_fmt::h842a1474e6f8d23f
[INFO] [stdout]                                at /rustc/6067b36314ab5eb2eb47cecc464545ba58e1ad24/library/std/src/sys/backtrace.rs:66:9
[INFO] [stdout]    3:     0x63a41eeeb76a - <std::sys::backtrace::BacktraceLock::print::DisplayBacktrace as core::fmt::Display>::fmt::h71a62eb3b9696b12
[INFO] [stdout]                                at /rustc/6067b36314ab5eb2eb47cecc464545ba58e1ad24/library/std/src/sys/backtrace.rs:39:26
[INFO] [stdout]    4:     0x63a41ef14e33 - core::fmt::rt::Argument::fmt::hdb6b616786b41dc1
[INFO] [stdout]                                at /rustc/6067b36314ab5eb2eb47cecc464545ba58e1ad24/library/core/src/fmt/rt.rs:177:76
[INFO] [stdout]    5:     0x63a41ef14e33 - core::fmt::write::h2cc1698af7e2d686
[INFO] [stdout]                                at /rustc/6067b36314ab5eb2eb47cecc464545ba58e1ad24/library/core/src/fmt/mod.rs:1440:21
[INFO] [stdout]    6:     0x63a41eee82c3 - std::io::Write::write_fmt::hab1b4cd059a79022
[INFO] [stdout]                                at /rustc/6067b36314ab5eb2eb47cecc464545ba58e1ad24/library/std/src/io/mod.rs:1887:15
[INFO] [stdout]    7:     0x63a41eeeb5b2 - std::sys::backtrace::BacktraceLock::print::h147fe35b4ea13b08
[INFO] [stdout]                                at /rustc/6067b36314ab5eb2eb47cecc464545ba58e1ad24/library/std/src/sys/backtrace.rs:42:9
[INFO] [stdout]    8:     0x63a41eeecb8f - std::panicking::default_hook::{{closure}}::hbd44223dbdc0d208
[INFO] [stdout]                                at /rustc/6067b36314ab5eb2eb47cecc464545ba58e1ad24/library/std/src/panicking.rs:298:22
[INFO] [stdout]    9:     0x63a41eeec9a8 - std::panicking::default_hook::h20f81eb0576efcec
[INFO] [stdout]                                at /rustc/6067b36314ab5eb2eb47cecc464545ba58e1ad24/library/std/src/panicking.rs:322:9
[INFO] [stdout]   10:     0x63a41eeb57c3 - <alloc::boxed::Box<F,A> as core::ops::function::Fn<Args>>::call::hdb53814c496a4d34
[INFO] [stdout]                                at /rustc/6067b36314ab5eb2eb47cecc464545ba58e1ad24/library/alloc/src/boxed.rs:2027:9
[INFO] [stdout]   11:     0x63a41eeb57c3 - test::test_main::{{closure}}::hc0a4963c59427c24
[INFO] [stdout]                                at /rustc/6067b36314ab5eb2eb47cecc464545ba58e1ad24/library/test/src/lib.rs:134:21
[INFO] [stdout]   12:     0x63a41eeed683 - <alloc::boxed::Box<F,A> as core::ops::function::Fn<Args>>::call::h591b2225413a77e9
[INFO] [stdout]                                at /rustc/6067b36314ab5eb2eb47cecc464545ba58e1ad24/library/alloc/src/boxed.rs:2027:9
[INFO] [stdout]   13:     0x63a41eeed683 - std::panicking::rust_panic_with_hook::h625eea43051b2edc
[INFO] [stdout]                                at /rustc/6067b36314ab5eb2eb47cecc464545ba58e1ad24/library/std/src/panicking.rs:839:13
[INFO] [stdout]   14:     0x63a41eeed33a - std::panicking::begin_panic_handler::{{closure}}::h4f9159cfbc3f6bd3
[INFO] [stdout]                                at /rustc/6067b36314ab5eb2eb47cecc464545ba58e1ad24/library/std/src/panicking.rs:704:13
[INFO] [stdout]   15:     0x63a41eeebc69 - std::sys::backtrace::__rust_end_short_backtrace::h0390abce48353151
[INFO] [stdout]                                at /rustc/6067b36314ab5eb2eb47cecc464545ba58e1ad24/library/std/src/sys/backtrace.rs:168:18
[INFO] [stdout]   16:     0x63a41eeecfcd - rust_begin_unwind
[INFO] [stdout]                                at /rustc/6067b36314ab5eb2eb47cecc464545ba58e1ad24/library/std/src/panicking.rs:695:5
[INFO] [stdout]   17:     0x63a41ef13110 - core::panicking::panic_fmt::h9e7c637e9e5f29c9
[INFO] [stdout]                                at /rustc/6067b36314ab5eb2eb47cecc464545ba58e1ad24/library/core/src/panicking.rs:75:14
[INFO] [stdout]   18:     0x63a41ef13502 - core::panicking::assert_failed_inner::h538bec7c1374cd9c
[INFO] [stdout]   19:     0x63a41ee6a20e - core::panicking::assert_failed::hbdc2cd56cfd62690
[INFO] [stdout]                                at /rustc/6067b36314ab5eb2eb47cecc464545ba58e1ad24/library/core/src/panicking.rs:364:5
[INFO] [stdout]   20:     0x63a41ee72f3e - py_arg_parse::parse_result::test::parsing::invalid_choice::h3652ed14bfe70232
[INFO] [stdout]                                at /opt/rustwide/workdir/src/parse_result.rs:427:13
[INFO] [stdout]   21:     0x63a41ee72b17 - py_arg_parse::parse_result::test::parsing::invalid_choice::{{closure}}::h0c4f004d09e4ccc8
[INFO] [stdout]                                at /opt/rustwide/workdir/src/parse_result.rs:426:28
[INFO] [stdout]   22:     0x63a41ee1d6e6 - core::ops::function::FnOnce::call_once::h5a07b20373cb7fd6
[INFO] [stdout]                                at /rustc/6067b36314ab5eb2eb47cecc464545ba58e1ad24/library/core/src/ops/function.rs:250:5
[INFO] [stdout]   23:     0x63a41eebaf1b - core::ops::function::FnOnce::call_once::he27718dfdd183f43
[INFO] [stdout]                                at /rustc/6067b36314ab5eb2eb47cecc464545ba58e1ad24/library/core/src/ops/function.rs:250:5
[INFO] [stdout]   24:     0x63a41eebaf1b - test::__rust_begin_short_backtrace::h4e84902998457a5d
[INFO] [stdout]                                at /rustc/6067b36314ab5eb2eb47cecc464545ba58e1ad24/library/test/src/lib.rs:632:18
[INFO] [stdout]   25:     0x63a41eeb9e53 - test::run_test_in_process::{{closure}}::h7176fd18fc1feca0
[INFO] [stdout]                                at /rustc/6067b36314ab5eb2eb47cecc464545ba58e1ad24/library/test/src/lib.rs:655:60
[INFO] [stdout]   26:     0x63a41eeb9e53 - <core::panic::unwind_safe::AssertUnwindSafe<F> as core::ops::function::FnOnce<()>>::call_once::hf79cff2a624d8cf7
[INFO] [stdout]                                at /rustc/6067b36314ab5eb2eb47cecc464545ba58e1ad24/library/core/src/panic/unwind_safe.rs:272:9
[INFO] [stdout]   27:     0x63a41eeb9e53 - std::panicking::try::do_call::h3da0561d9ab99c25
[INFO] [stdout]                                at /rustc/6067b36314ab5eb2eb47cecc464545ba58e1ad24/library/std/src/panicking.rs:587:40
[INFO] [stdout]   28:     0x63a41eeb9e53 - std::panicking::try::h41c9fa508bc61df6
[INFO] [stdout]                                at /rustc/6067b36314ab5eb2eb47cecc464545ba58e1ad24/library/std/src/panicking.rs:550:19
[INFO] [stdout]   29:     0x63a41eeb9e53 - std::panic::catch_unwind::h6b3ff07bb5afad93
[INFO] [stdout]                                at /rustc/6067b36314ab5eb2eb47cecc464545ba58e1ad24/library/std/src/panic.rs:358:14
[INFO] [stdout]   30:     0x63a41eeb9e53 - test::run_test_in_process::hc7253dd11b39b9f4
[INFO] [stdout]                                at /rustc/6067b36314ab5eb2eb47cecc464545ba58e1ad24/library/test/src/lib.rs:655:27
[INFO] [stdout]   31:     0x63a41eeb9e53 - test::run_test::{{closure}}::hfb2007f8649c30bb
[INFO] [stdout]                                at /rustc/6067b36314ab5eb2eb47cecc464545ba58e1ad24/library/test/src/lib.rs:576:43
[INFO] [stdout]   32:     0x63a41ee7cf35 - test::run_test::{{closure}}::h56a17aa7a282a9f4
[INFO] [stdout]                                at /rustc/6067b36314ab5eb2eb47cecc464545ba58e1ad24/library/test/src/lib.rs:606:41
[INFO] [stdout]   33:     0x63a41ee7cf35 - std::sys::backtrace::__rust_begin_short_backtrace::hd2d2d2fb8e8c6aac
[INFO] [stdout]                                at /rustc/6067b36314ab5eb2eb47cecc464545ba58e1ad24/library/std/src/sys/backtrace.rs:152:18
[INFO] [stdout]   34:     0x63a41ee8081a - std::thread::Builder::spawn_unchecked_::{{closure}}::{{closure}}::h4faa3f9db6133423
[INFO] [stdout]                                at /rustc/6067b36314ab5eb2eb47cecc464545ba58e1ad24/library/std/src/thread/mod.rs:559:17
[INFO] [stdout]   35:     0x63a41ee8081a - <core::panic::unwind_safe::AssertUnwindSafe<F> as core::ops::function::FnOnce<()>>::call_once::hf2e855a36a4ea846
[INFO] [stdout]                                at /rustc/6067b36314ab5eb2eb47cecc464545ba58e1ad24/library/core/src/panic/unwind_safe.rs:272:9
[INFO] [stdout]   36:     0x63a41ee8081a - std::panicking::try::do_call::h2f73af3616c35465
[INFO] [stdout]                                at /rustc/6067b36314ab5eb2eb47cecc464545ba58e1ad24/library/std/src/panicking.rs:587:40
[INFO] [stdout]   37:     0x63a41ee8081a - std::panicking::try::hd1660ce9efadef5a
[INFO] [stdout]                                at /rustc/6067b36314ab5eb2eb47cecc464545ba58e1ad24/library/std/src/panicking.rs:550:19
[INFO] [stdout]   38:     0x63a41ee8081a - std::panic::catch_unwind::h5ee8d7823b8ca744
[INFO] [stdout]                                at /rustc/6067b36314ab5eb2eb47cecc464545ba58e1ad24/library/std/src/panic.rs:358:14
[INFO] [stdout]   39:     0x63a41ee8081a - std::thread::Builder::spawn_unchecked_::{{closure}}::h53c3a1894dce8407
[INFO] [stdout]                                at /rustc/6067b36314ab5eb2eb47cecc464545ba58e1ad24/library/std/src/thread/mod.rs:557:30
[INFO] [stdout]   40:     0x63a41ee8081a - core::ops::function::FnOnce::call_once{{vtable.shim}}::h048ce291ad4f62bf
[INFO] [stdout]                                at /rustc/6067b36314ab5eb2eb47cecc464545ba58e1ad24/library/core/src/ops/function.rs:250:5
[INFO] [stderr] error: test failed, to rerun pass `--lib`
[INFO] [stdout]   41:     0x63a41eef15bb - <alloc::boxed::Box<F,A> as core::ops::function::FnOnce<Args>>::call_once::ha52bedf99a3b4981
[INFO] [stdout]                                at /rustc/6067b36314ab5eb2eb47cecc464545ba58e1ad24/library/alloc/src/boxed.rs:2013:9
[INFO] [stdout]   42:     0x63a41eef15bb - <alloc::boxed::Box<F,A> as core::ops::function::FnOnce<Args>>::call_once::h567748934d80ccf8
[INFO] [stdout]                                at /rustc/6067b36314ab5eb2eb47cecc464545ba58e1ad24/library/alloc/src/boxed.rs:2013:9
[INFO] [stdout]   43:     0x63a41eef15bb - std::sys::pal::unix::thread::Thread::new::thread_start::h2d970728ae887adc
[INFO] [stdout]                                at /rustc/6067b36314ab5eb2eb47cecc464545ba58e1ad24/library/std/src/sys/pal/unix/thread.rs:106:17
[INFO] [stdout]   44:     0x783ec8a21ac3 - <unknown>
[INFO] [stdout]   45:     0x783ec8ab2a04 - clone
[INFO] [stdout]   46:                0x0 - <unknown>
[INFO] [stdout] 
[INFO] [stdout] 
[INFO] [stdout] failures:
[INFO] [stdout]     parse_result::test::parsing::invalid_choice
[INFO] [stdout] 
[INFO] [stdout] test result: FAILED. 69 passed; 1 failed; 0 ignored; 0 measured; 0 filtered out; finished in 0.10s
[INFO] [stdout] 
[INFO] running `Command { std: "docker" "inspect" "696fc15395833365692fa054bc71f599be816f4914edca73d8409932056be5af", kill_on_drop: false }`
[INFO] running `Command { std: "docker" "rm" "-f" "696fc15395833365692fa054bc71f599be816f4914edca73d8409932056be5af", kill_on_drop: false }`
[INFO] [stdout] 696fc15395833365692fa054bc71f599be816f4914edca73d8409932056be5af
