[INFO] cloning repository https://github.com/nixpulvis/daemon
[INFO] running `Command { std: "git" "-c" "credential.helper=" "-c" "credential.helper=/workspace/cargo-home/bin/git-credential-null" "clone" "--bare" "https://github.com/nixpulvis/daemon" "/workspace/cache/git-repos/https%3A%2F%2Fgithub.com%2Fnixpulvis%2Fdaemon", kill_on_drop: false }`
[INFO] [stderr] Cloning into bare repository '/workspace/cache/git-repos/https%3A%2F%2Fgithub.com%2Fnixpulvis%2Fdaemon'...
[INFO] running `Command { std: "git" "rev-parse" "HEAD", kill_on_drop: false }`
[INFO] [stdout] fe95818654e4053ff4b14f30d6bd092bba1c1069
[INFO] testing nixpulvis/daemon against nightly-2025-01-18 for randomize-layout-2
[INFO] running `Command { std: "git" "clone" "/workspace/cache/git-repos/https%3A%2F%2Fgithub.com%2Fnixpulvis%2Fdaemon" "/workspace/builds/worker-3-tc1/source", kill_on_drop: false }`
[INFO] [stderr] Cloning into '/workspace/builds/worker-3-tc1/source'...
[INFO] [stderr] done.
[INFO] validating manifest of git repo https://github.com/nixpulvis/daemon on toolchain nightly-2025-01-18
[INFO] running `Command { std: CARGO_HOME="/workspace/cargo-home" RUSTUP_HOME="/workspace/rustup-home" "/workspace/cargo-home/bin/cargo" "+nightly-2025-01-18" "metadata" "--manifest-path" "Cargo.toml" "--no-deps", kill_on_drop: false }`
[INFO] started tweaking git repo https://github.com/nixpulvis/daemon
[INFO] finished tweaking git repo https://github.com/nixpulvis/daemon
[INFO] tweaked toml for git repo https://github.com/nixpulvis/daemon written to /workspace/builds/worker-3-tc1/source/Cargo.toml
[INFO] crate git repo https://github.com/nixpulvis/daemon already has a lockfile, it will not be regenerated
[INFO] running `Command { std: CARGO_HOME="/workspace/cargo-home" RUSTUP_HOME="/workspace/rustup-home" "/workspace/cargo-home/bin/cargo" "+nightly-2025-01-18" "fetch" "--manifest-path" "Cargo.toml", kill_on_drop: false }`
[INFO] [stderr]  Downloading crates ...
[INFO] [stderr]   Downloaded weedle v0.9.0
[INFO] [stderr]   Downloaded wasm-bindgen-shared v0.2.45
[INFO] [stderr]   Downloaded borrow-bag v1.0.0
[INFO] [stderr]   Downloaded wasm-bindgen-macro v0.2.45
[INFO] [stderr]   Downloaded bincode v1.1.4
[INFO] [stderr]   Downloaded twoway v0.2.0
[INFO] [stderr]   Downloaded wasm-bindgen-backend v0.2.45
[INFO] [stderr]   Downloaded wasm-bindgen-macro-support v0.2.45
[INFO] [stderr]   Downloaded tokio v0.1.21
[INFO] [stderr]   Downloaded gotham v0.3.0
[INFO] [stderr]   Downloaded comrak v0.6.2
[INFO] [stderr]   Downloaded js-sys v0.3.22
[INFO] [stderr]   Downloaded hyper v0.12.29
[INFO] [stderr]   Downloaded h2 v0.1.21
[INFO] [stderr]   Downloaded wasm-bindgen v0.2.45
[INFO] [stderr]   Downloaded web-sys v0.3.22
[INFO] [stderr]   Downloaded backtrace v0.3.26
[INFO] [stderr]   Downloaded bumpalo v2.4.3
[INFO] [stderr]   Downloaded tokio-trace-core v0.2.0
[INFO] [stderr]   Downloaded wasm-bindgen-webidl v0.2.45
[INFO] [stderr]   Downloaded typed-arena v1.4.1
[INFO] running `Command { std: "docker" "create" "-v" "/var/lib/crater-agent-workspace/builds/worker-3-tc1/target:/opt/rustwide/target:rw,Z" "-v" "/var/lib/crater-agent-workspace/builds/worker-3-tc1/source:/opt/rustwide/workdir:ro,Z" "-v" "/var/lib/crater-agent-workspace/cargo-home:/opt/rustwide/cargo-home:ro,Z" "-v" "/var/lib/crater-agent-workspace/rustup-home:/opt/rustwide/rustup-home:ro,Z" "-e" "SOURCE_DIR=/opt/rustwide/workdir" "-e" "CARGO_TARGET_DIR=/opt/rustwide/target" "-e" "CARGO_HOME=/opt/rustwide/cargo-home" "-e" "RUSTUP_HOME=/opt/rustwide/rustup-home" "-w" "/opt/rustwide/workdir" "-m" "1610612736" "--user" "0:0" "--network" "none" "ghcr.io/rust-lang/crates-build-env/linux@sha256:819108c5571ea2e421544af4d832f968d213c87fbe3707a016657f43d2f853bc" "/opt/rustwide/cargo-home/bin/cargo" "+nightly-2025-01-18" "metadata" "--no-deps" "--format-version=1", kill_on_drop: false }`
[INFO] [stdout] 4c9cb8d4a973a220a191657b0b4cd50228ef1a45608f97f26468b0d6839275de
[INFO] running `Command { std: "docker" "start" "-a" "4c9cb8d4a973a220a191657b0b4cd50228ef1a45608f97f26468b0d6839275de", kill_on_drop: false }`
[INFO] running `Command { std: "docker" "inspect" "4c9cb8d4a973a220a191657b0b4cd50228ef1a45608f97f26468b0d6839275de", kill_on_drop: false }`
[INFO] running `Command { std: "docker" "rm" "-f" "4c9cb8d4a973a220a191657b0b4cd50228ef1a45608f97f26468b0d6839275de", kill_on_drop: false }`
[INFO] [stdout] 4c9cb8d4a973a220a191657b0b4cd50228ef1a45608f97f26468b0d6839275de
[INFO] running `Command { std: "docker" "create" "-v" "/var/lib/crater-agent-workspace/builds/worker-3-tc1/target:/opt/rustwide/target:rw,Z" "-v" "/var/lib/crater-agent-workspace/builds/worker-3-tc1/source:/opt/rustwide/workdir:ro,Z" "-v" "/var/lib/crater-agent-workspace/cargo-home:/opt/rustwide/cargo-home:ro,Z" "-v" "/var/lib/crater-agent-workspace/rustup-home:/opt/rustwide/rustup-home:ro,Z" "-e" "SOURCE_DIR=/opt/rustwide/workdir" "-e" "CARGO_TARGET_DIR=/opt/rustwide/target" "-e" "CARGO_INCREMENTAL=0" "-e" "RUST_BACKTRACE=full" "-e" "RUSTFLAGS=--cap-lints=forbid" "-e" "RUSTDOCFLAGS=--cap-lints=forbid" "-e" "CARGO_HOME=/opt/rustwide/cargo-home" "-e" "RUSTUP_HOME=/opt/rustwide/rustup-home" "-w" "/opt/rustwide/workdir" "-m" "1610612736" "--user" "0:0" "--network" "none" "ghcr.io/rust-lang/crates-build-env/linux@sha256:819108c5571ea2e421544af4d832f968d213c87fbe3707a016657f43d2f853bc" "/opt/rustwide/cargo-home/bin/cargo" "+nightly-2025-01-18" "build" "--frozen" "--message-format=json", kill_on_drop: false }`
[INFO] [stdout] 5b0769c35fed742fc616441bb071ed5d3649ae004ba0ef64bb43b56c3ee69258
[INFO] running `Command { std: "docker" "start" "-a" "5b0769c35fed742fc616441bb071ed5d3649ae004ba0ef64bb43b56c3ee69258", kill_on_drop: false }`
[INFO] [stderr]    Compiling libc v0.2.55
[INFO] [stderr]    Compiling autocfg v0.1.4
[INFO] [stderr]    Compiling cfg-if v0.1.9
[INFO] [stderr]    Compiling lazy_static v1.3.0
[INFO] [stderr]    Compiling version_check v0.1.5
[INFO] [stderr]    Compiling proc-macro2 v0.4.30
[INFO] [stderr]    Compiling rand_core v0.4.0
[INFO] [stderr]    Compiling unicode-xid v0.1.0
[INFO] [stderr]    Compiling log v0.4.6
[INFO] [stderr]    Compiling syn v0.15.34
[INFO] [stderr]    Compiling serde v1.0.92
[INFO] [stderr]    Compiling rand_core v0.3.1
[INFO] [stderr]    Compiling futures v0.1.27
[INFO] [stderr]    Compiling byteorder v1.3.1
[INFO] [stderr]    Compiling rand_xorshift v0.1.1
[INFO] [stderr]    Compiling rand_isaac v0.1.1
[INFO] [stderr]    Compiling rand_chacha v0.1.1
[INFO] [stderr]    Compiling rand_pcg v0.1.2
[INFO] [stderr]    Compiling quote v0.6.12
[INFO] [stderr]    Compiling rand v0.6.5
[INFO] [stderr]    Compiling rand_hc v0.1.0
[INFO] [stderr]    Compiling rand_jitter v0.1.4
[INFO] [stderr]    Compiling semver-parser v0.7.0
[INFO] [stderr]    Compiling rand_os v0.1.3
[INFO] [stderr]    Compiling iovec v0.1.2
[INFO] [stderr]    Compiling cc v1.0.37
[INFO] [stderr]    Compiling backtrace v0.3.26
[INFO] [stderr]    Compiling crossbeam-utils v0.6.5
[INFO] [stderr]    Compiling memchr v2.2.0
[INFO] [stderr]    Compiling either v1.5.2
[INFO] [stderr]    Compiling bytes v0.4.12
[INFO] [stderr]    Compiling rustc-demangle v0.1.14
[INFO] [stderr]    Compiling scopeguard v0.3.3
[INFO] [stderr]    Compiling slab v0.4.2
[INFO] [stderr]    Compiling smallvec v0.6.9
[INFO] [stderr]    Compiling wasm-bindgen-shared v0.2.45
[INFO] [stderr]    Compiling backtrace-sys v0.1.28
[INFO] [stderr]    Compiling tokio-executor v0.1.7
[INFO] [stderr]    Compiling itoa v0.4.4
[INFO] [stderr]    Compiling fnv v1.0.6
[INFO] [stderr]    Compiling tokio-io v0.1.12
[INFO] [stderr]    Compiling num_cpus v1.10.0
[INFO] [stderr]    Compiling unicase v1.4.2
[INFO] [stderr]    Compiling bumpalo v2.4.3
[INFO] [stderr]    Compiling stable_deref_trait v1.1.1
[INFO] [stderr]    Compiling owning_ref v0.4.0
[INFO] [stderr]    Compiling net2 v0.2.33
[INFO] [stderr]    Compiling bitflags v1.0.4
[INFO] [stderr]    Compiling ryu v0.2.8
[INFO] [stderr]    Compiling arrayvec v0.4.10
[INFO] [stderr]    Compiling ucd-util v0.1.3
[INFO] [stderr]    Compiling regex v1.1.6
[INFO] [stderr]    Compiling failure_derive v0.1.5
[INFO] [stderr]    Compiling regex-syntax v0.6.6
[INFO] [stderr]    Compiling mio v0.6.19
[INFO] [stderr]    Compiling lock_api v0.1.5
[INFO] [stderr]    Compiling aho-corasick v0.7.3
[INFO] [stderr]    Compiling error-chain v0.12.1
[INFO] [stderr]    Compiling thread_local v0.3.6
[INFO] [stderr]    Compiling nodrop v0.1.13
[INFO] [stderr]    Compiling siphasher v0.2.3
[INFO] [stderr]    Compiling utf8-ranges v1.0.2
[INFO] [stderr]    Compiling phf_shared v0.7.24
[INFO] [stderr]    Compiling tokio-sync v0.1.5
[INFO] [stderr]    Compiling num-traits v0.2.8
[INFO] [stderr]    Compiling semver v0.9.0
[INFO] [stderr]    Compiling nom v4.2.3
[INFO] [stderr]    Compiling memoffset v0.2.1
[INFO] [stderr]    Compiling pulldown-cmark v0.2.0
[INFO] [stderr]    Compiling rustc_version v0.2.3
[INFO] [stderr]    Compiling crossbeam-epoch v0.7.1
[INFO] [stderr]    Compiling serde_json v1.0.39
[INFO] [stderr]    Compiling time v0.1.42
[INFO] [stderr]    Compiling atty v0.2.11
[INFO] [stderr]    Compiling rand v0.4.6
[INFO] [stderr]    Compiling parking_lot_core v0.4.0
[INFO] [stderr]    Compiling num-integer v0.1.41
[INFO] [stderr]    Compiling remove_dir_all v0.5.1
[INFO] [stderr]    Compiling same-file v1.0.4
[INFO] [stderr]    Compiling parking_lot v0.7.1
[INFO] [stderr]    Compiling walkdir v2.2.7
[INFO] [stderr]    Compiling crossbeam-deque v0.7.1
[INFO] [stderr]    Compiling tokio-reactor v0.1.9
[INFO] [stderr]    Compiling tempdir v0.3.7
[INFO] [stderr]    Compiling phf_generator v0.7.24
[INFO] [stderr]    Compiling tokio-codec v0.1.1
[INFO] [stderr]    Compiling wasm-bindgen-backend v0.2.45
[INFO] [stderr]    Compiling synstructure v0.10.2
[INFO] [stderr]    Compiling crossbeam-queue v0.1.2
[INFO] [stderr]    Compiling unicase v2.4.0
[INFO] [stderr]    Compiling glob v0.2.11
[INFO] [stderr]    Compiling unicode-segmentation v1.3.0
[INFO] [stderr]    Compiling ucd-trie v0.1.1
[INFO] [stderr]    Compiling bytecount v0.4.0
[INFO] [stderr]    Compiling wasm-bindgen v0.2.45
[INFO] [stderr]    Compiling quick-error v1.2.2
[INFO] [stderr]    Compiling humantime v1.2.0
[INFO] [stderr]    Compiling heck v0.3.1
[INFO] [stderr]    Compiling pest v2.1.1
[INFO] [stderr]    Compiling weedle v0.9.0
[INFO] [stderr]    Compiling tokio-threadpool v0.1.14
[INFO] [stderr]    Compiling phf_codegen v0.7.24
[INFO] [stderr]    Compiling mio-uds v0.6.7
[INFO] [stderr]    Compiling http v0.1.17
[INFO] [stderr]    Compiling termcolor v1.0.4
[INFO] [stderr]    Compiling maplit v1.0.1
[INFO] [stderr]    Compiling httparse v1.3.3
[INFO] [stderr]    Compiling wasm-bindgen-macro-support v0.2.45
[INFO] [stderr]    Compiling matches v0.1.8
[INFO] [stderr]    Compiling unicode-bidi v0.3.4
[INFO] [stderr]    Compiling serde_derive v1.0.92
[INFO] [stderr]    Compiling failure v0.1.5
[INFO] [stderr]    Compiling env_logger v0.6.1
[INFO] [stderr]    Compiling pest_meta v2.1.1
[INFO] [stderr]    Compiling chrono v0.4.6
[INFO] [stderr]    Compiling tokio-fs v0.1.6
[INFO] [stderr]    Compiling wasm-bindgen-macro v0.2.45
[INFO] [stderr]    Compiling wasm-bindgen-webidl v0.2.45
[INFO] [stderr]    Compiling tokio-uds v0.2.5
[INFO] [stderr]    Compiling mime_guess v2.0.0-alpha.6
[INFO] [stderr]    Compiling tokio-udp v0.1.3
[INFO] [stderr]    Compiling tokio-tcp v0.1.3
[INFO] [stderr]    Compiling unicode-normalization v0.1.8
[INFO] [stderr]    Compiling tokio-timer v0.2.11
[INFO] [stderr]    Compiling tokio-current-thread v0.1.6
[INFO] [stderr]    Compiling tokio-buf v0.1.1
[INFO] [stderr]    Compiling bincode v1.1.4
[INFO] [stderr]    Compiling tokio-trace-core v0.2.0
[INFO] [stderr]    Compiling indexmap v1.0.2
[INFO] [stderr]    Compiling sourcefile v0.1.4
[INFO] [stderr]    Compiling try-lock v0.2.2
[INFO] [stderr]    Compiling string v0.1.3
[INFO] [stderr]    Compiling unicode-width v0.1.5
[INFO] [stderr]    Compiling textwrap v0.11.0
[INFO] [stderr]    Compiling h2 v0.1.21
[INFO] [stderr]    Compiling tokio v0.1.21
[INFO] [stderr]    Compiling want v0.0.6
[INFO] [stderr]    Compiling http-body v0.1.0
[INFO] [stderr]    Compiling mime v0.3.13
[INFO] [stderr]    Compiling pest_generator v2.1.0
[INFO] [stderr]    Compiling phf v0.7.24
[INFO] [stderr]    Compiling futures-cpupool v0.1.8
[INFO] [stderr]    Compiling ansi_term v0.11.0
[INFO] [stderr]    Compiling strsim v0.8.0
[INFO] [stderr]    Compiling idna v0.1.5
[INFO] [stderr]    Compiling web-sys v0.3.22
[INFO] [stderr]    Compiling percent-encoding v1.0.1
[INFO] [stderr]    Compiling vec_map v0.8.1
[INFO] [stderr]    Compiling unchecked-index v0.2.2
[INFO] [stderr]    Compiling clap v2.33.0
[INFO] [stderr]    Compiling twoway v0.2.0
[INFO] [stderr]    Compiling pest_derive v2.1.0
[INFO] [stderr]    Compiling url v1.7.2
[INFO] [stderr]    Compiling js-sys v0.3.22
[INFO] [stderr]    Compiling cookie v0.11.1
[INFO] [stderr]    Compiling hyper v0.12.29
[INFO] [stderr]    Compiling uuid v0.7.4
[INFO] [stderr]    Compiling base64 v0.10.1
[INFO] [stderr]    Compiling rand v0.5.6
[INFO] [stderr]    Compiling unicode_categories v0.1.1
[INFO] [stderr]    Compiling entities v1.0.1
[INFO] [stderr]    Compiling typed-arena v1.4.1
[INFO] [stderr]    Compiling cargo_metadata v0.6.4
[INFO] [stderr]    Compiling httpdate v0.3.2
[INFO] [stderr]    Compiling linked-hash-map v0.5.2
[INFO] [stderr]    Compiling console_error_panic_hook v0.1.6
[INFO] [stderr]    Compiling daemon-core v0.1.0 (/opt/rustwide/workdir/daemon-core)
[INFO] [stderr]    Compiling daemon-cli v0.1.0 (/opt/rustwide/workdir/daemon-cli)
[INFO] [stdout] warning: unused import: `chrono::prelude::*`
[INFO] [stdout]  --> daemon-core/src/lib.rs:1:5
[INFO] [stdout]   |
[INFO] [stdout] 1 | use chrono::prelude::*;
[INFO] [stdout]   |     ^^^^^^^^^^^^^^^^^^
[INFO] [stdout]   |
[INFO] [stdout]   = note: `#[warn(unused_imports)]` on by default
[INFO] [stdout] 
[INFO] [stdout] 
[INFO] [stdout] warning: unused import: `chrono::Duration`
[INFO] [stdout]  --> daemon-core/src/lib.rs:2:5
[INFO] [stdout]   |
[INFO] [stdout] 2 | use chrono::Duration;
[INFO] [stdout]   |     ^^^^^^^^^^^^^^^^
[INFO] [stdout] 
[INFO] [stdout] 
[INFO] [stderr]    Compiling skeptic v0.13.4
[INFO] [stderr]    Compiling comrak v0.6.2
[INFO] [stderr]    Compiling borrow-bag v1.0.0
[INFO] [stderr]    Compiling gotham v0.3.0
[INFO] [stderr]    Compiling daemon-server v0.1.0 (/opt/rustwide/workdir/daemon-server)
[INFO] [stderr]    Compiling daemon-ui v0.0.1 (/opt/rustwide/workdir/daemon-ui)
[INFO] [stderr]     Finished `dev` profile [unoptimized + debuginfo] target(s) in 1m 45s
[INFO] [stderr] warning: the following packages contain code that will be rejected by a future version of Rust: nom v4.2.3, wasm-bindgen v0.2.45
[INFO] [stderr] note: to see what the problems were, use the option `--future-incompat-report`, or run `cargo report future-incompatibilities --id 1`
[INFO] running `Command { std: "docker" "inspect" "5b0769c35fed742fc616441bb071ed5d3649ae004ba0ef64bb43b56c3ee69258", kill_on_drop: false }`
[INFO] running `Command { std: "docker" "rm" "-f" "5b0769c35fed742fc616441bb071ed5d3649ae004ba0ef64bb43b56c3ee69258", kill_on_drop: false }`
[INFO] [stdout] 5b0769c35fed742fc616441bb071ed5d3649ae004ba0ef64bb43b56c3ee69258
[INFO] running `Command { std: "docker" "create" "-v" "/var/lib/crater-agent-workspace/builds/worker-3-tc1/target:/opt/rustwide/target:rw,Z" "-v" "/var/lib/crater-agent-workspace/builds/worker-3-tc1/source:/opt/rustwide/workdir:ro,Z" "-v" "/var/lib/crater-agent-workspace/cargo-home:/opt/rustwide/cargo-home:ro,Z" "-v" "/var/lib/crater-agent-workspace/rustup-home:/opt/rustwide/rustup-home:ro,Z" "-e" "SOURCE_DIR=/opt/rustwide/workdir" "-e" "CARGO_TARGET_DIR=/opt/rustwide/target" "-e" "CARGO_INCREMENTAL=0" "-e" "RUST_BACKTRACE=full" "-e" "RUSTFLAGS=--cap-lints=forbid" "-e" "RUSTDOCFLAGS=--cap-lints=forbid" "-e" "CARGO_HOME=/opt/rustwide/cargo-home" "-e" "RUSTUP_HOME=/opt/rustwide/rustup-home" "-w" "/opt/rustwide/workdir" "-m" "1610612736" "--user" "0:0" "--network" "none" "ghcr.io/rust-lang/crates-build-env/linux@sha256:819108c5571ea2e421544af4d832f968d213c87fbe3707a016657f43d2f853bc" "/opt/rustwide/cargo-home/bin/cargo" "+nightly-2025-01-18" "test" "--frozen" "--no-run" "--message-format=json", kill_on_drop: false }`
[INFO] [stdout] e52571fd2191a4e0f8561f2bcb3deebdfec5230ca9f8fedd0952e3fc3cfac797
[INFO] running `Command { std: "docker" "start" "-a" "e52571fd2191a4e0f8561f2bcb3deebdfec5230ca9f8fedd0952e3fc3cfac797", kill_on_drop: false }`
[INFO] [stdout] warning: unused import: `chrono::prelude::*`
[INFO] [stdout]  --> daemon-core/src/lib.rs:1:5
[INFO] [stdout]   |
[INFO] [stdout] 1 | use chrono::prelude::*;
[INFO] [stdout]   |     ^^^^^^^^^^^^^^^^^^
[INFO] [stdout]   |
[INFO] [stdout]   = note: `#[warn(unused_imports)]` on by default
[INFO] [stdout] 
[INFO] [stdout] 
[INFO] [stdout] warning: unused import: `chrono::Duration`
[INFO] [stdout]  --> daemon-core/src/lib.rs:2:5
[INFO] [stdout]   |
[INFO] [stdout] 2 | use chrono::Duration;
[INFO] [stdout]   |     ^^^^^^^^^^^^^^^^
[INFO] [stdout] 
[INFO] [stdout] 
[INFO] [stderr]    Compiling daemon-core v0.1.0 (/opt/rustwide/workdir/daemon-core)
[INFO] [stderr]    Compiling daemon-cli v0.1.0 (/opt/rustwide/workdir/daemon-cli)
[INFO] [stderr]    Compiling daemon-server v0.1.0 (/opt/rustwide/workdir/daemon-server)
[INFO] [stderr]    Compiling daemon-ui v0.0.1 (/opt/rustwide/workdir/daemon-ui)
[INFO] [stdout] warning: unused import: `chrono::prelude::*`
[INFO] [stdout]  --> daemon-core/src/lib.rs:1:5
[INFO] [stdout]   |
[INFO] [stdout] 1 | use chrono::prelude::*;
[INFO] [stdout]   |     ^^^^^^^^^^^^^^^^^^
[INFO] [stdout]   |
[INFO] [stdout]   = note: `#[warn(unused_imports)]` on by default
[INFO] [stdout] 
[INFO] [stdout] 
[INFO] [stdout] warning: unused import: `chrono::Duration`
[INFO] [stdout]  --> daemon-core/src/lib.rs:2:5
[INFO] [stdout]   |
[INFO] [stdout] 2 | use chrono::Duration;
[INFO] [stdout]   |     ^^^^^^^^^^^^^^^^
[INFO] [stdout] 
[INFO] [stdout] 
[INFO] [stderr]     Finished `test` profile [unoptimized + debuginfo] target(s) in 2.44s
[INFO] [stderr] warning: the following packages contain code that will be rejected by a future version of Rust: nom v4.2.3, wasm-bindgen v0.2.45
[INFO] [stderr] note: to see what the problems were, use the option `--future-incompat-report`, or run `cargo report future-incompatibilities --id 1`
[INFO] running `Command { std: "docker" "inspect" "e52571fd2191a4e0f8561f2bcb3deebdfec5230ca9f8fedd0952e3fc3cfac797", kill_on_drop: false }`
[INFO] running `Command { std: "docker" "rm" "-f" "e52571fd2191a4e0f8561f2bcb3deebdfec5230ca9f8fedd0952e3fc3cfac797", kill_on_drop: false }`
[INFO] [stdout] e52571fd2191a4e0f8561f2bcb3deebdfec5230ca9f8fedd0952e3fc3cfac797
[INFO] running `Command { std: "docker" "create" "-v" "/var/lib/crater-agent-workspace/builds/worker-3-tc1/target:/opt/rustwide/target:rw,Z" "-v" "/var/lib/crater-agent-workspace/builds/worker-3-tc1/source:/opt/rustwide/workdir:ro,Z" "-v" "/var/lib/crater-agent-workspace/cargo-home:/opt/rustwide/cargo-home:ro,Z" "-v" "/var/lib/crater-agent-workspace/rustup-home:/opt/rustwide/rustup-home:ro,Z" "-e" "SOURCE_DIR=/opt/rustwide/workdir" "-e" "CARGO_TARGET_DIR=/opt/rustwide/target" "-e" "CARGO_INCREMENTAL=0" "-e" "RUST_BACKTRACE=full" "-e" "RUSTFLAGS=--cap-lints=forbid" "-e" "RUSTDOCFLAGS=--cap-lints=forbid" "-e" "CARGO_HOME=/opt/rustwide/cargo-home" "-e" "RUSTUP_HOME=/opt/rustwide/rustup-home" "-w" "/opt/rustwide/workdir" "-m" "1610612736" "--user" "0:0" "--network" "none" "ghcr.io/rust-lang/crates-build-env/linux@sha256:819108c5571ea2e421544af4d832f968d213c87fbe3707a016657f43d2f853bc" "/opt/rustwide/cargo-home/bin/cargo" "+nightly-2025-01-18" "test" "--frozen", kill_on_drop: false }`
[INFO] [stdout] b0f356072543ab448a1222c2586d073f2cdda37322758edd7413fcf3c576a8f1
[INFO] running `Command { std: "docker" "start" "-a" "b0f356072543ab448a1222c2586d073f2cdda37322758edd7413fcf3c576a8f1", kill_on_drop: false }`
[INFO] [stderr] warning: unused import: `chrono::prelude::*`
[INFO] [stderr]  --> daemon-core/src/lib.rs:1:5
[INFO] [stderr]   |
[INFO] [stderr] 1 | use chrono::prelude::*;
[INFO] [stderr]   |     ^^^^^^^^^^^^^^^^^^
[INFO] [stderr]   |
[INFO] [stderr]   = note: `#[warn(unused_imports)]` on by default
[INFO] [stderr] 
[INFO] [stderr] warning: unused import: `chrono::Duration`
[INFO] [stderr]  --> daemon-core/src/lib.rs:2:5
[INFO] [stderr]   |
[INFO] [stderr] 2 | use chrono::Duration;
[INFO] [stderr]   |     ^^^^^^^^^^^^^^^^
[INFO] [stderr] 
[INFO] [stderr] warning: `daemon-core` (lib) generated 2 warnings (run `cargo fix --lib -p daemon-core` to apply 2 suggestions)
[INFO] [stderr] warning: `daemon-core` (lib test) generated 2 warnings (2 duplicates)
[INFO] [stderr]     Finished `test` profile [unoptimized + debuginfo] target(s) in 0.23s
[INFO] [stderr] warning: the following packages contain code that will be rejected by a future version of Rust: nom v4.2.3, wasm-bindgen v0.2.45
[INFO] [stderr] note: to see what the problems were, use the option `--future-incompat-report`, or run `cargo report future-incompatibilities --id 1`
[INFO] [stderr]      Running unittests src/main.rs (/opt/rustwide/target/debug/deps/daemon_cli-491792da3debaa75)
[INFO] [stdout] 
[INFO] [stdout] running 0 tests
[INFO] [stdout] 
[INFO] [stdout] test result: ok. 0 passed; 0 failed; 0 ignored; 0 measured; 0 filtered out; finished in 0.00s
[INFO] [stdout] 
[INFO] [stderr]      Running unittests src/lib.rs (/opt/rustwide/target/debug/deps/daemon_core-73759fe52c024df9)
[INFO] [stdout] 
[INFO] [stdout] running 0 tests
[INFO] [stdout] 
[INFO] [stdout] test result: ok. 0 passed; 0 failed; 0 ignored; 0 measured; 0 filtered out; finished in 0.00s
[INFO] [stdout] 
[INFO] [stderr]      Running unittests src/main.rs (/opt/rustwide/target/debug/deps/daemon_server-63ea6d60f6d6edd4)
[INFO] [stdout] 
[INFO] [stdout] running 1 test
[INFO] [stdout] test tests::receive_hello_world_response ... FAILED
[INFO] [stdout] 
[INFO] [stdout] failures:
[INFO] [stdout] 
[INFO] [stdout] ---- tests::receive_hello_world_response stdout ----
[INFO] [stdout] 
[INFO] [stdout] thread 'tests::receive_hello_world_response' panicked at daemon-server/src/main.rs:37:61:
[INFO] [stdout] called `Result::unwrap()` on an `Err` value: Os { code: 22, kind: InvalidInput, message: "Invalid argument" }
[INFO] [stdout] 
[INFO] [stdout] stack backtrace:
[INFO] [stdout]    0: failure::backtrace::internal::InternalBacktrace::new::ha1313a56acefaf46 (0x5fa132f33ee8)
[INFO] [stdout]              at src/backtrace/internal.rs:44
[INFO] [stdout]    1: failure::backtrace::Backtrace::new::h992400a092afe9e7 (0x5fa132f344b7)
[INFO] [stdout]              at src/backtrace/mod.rs:111
[INFO] [stdout]    2: <failure::error::error_impl::ErrorImpl as core::convert::From<F>>::from::hc0bd52492811e8b0 (0x5fa132d42559)
[INFO] [stdout]              at /opt/rustwide/cargo-home/registry/src/index.crates.io-1949cf8c6b5b557f/failure-0.1.5/src/error/error_impl.rs:19
[INFO] [stdout]    3: <failure::error::Error as core::convert::From<F>>::from::h853162fdca0aa408 (0x5fa132cb7ced)
[INFO] [stdout]              at /opt/rustwide/cargo-home/registry/src/index.crates.io-1949cf8c6b5b557f/failure-0.1.5/src/error/mod.rs:36
[INFO] [stdout]    4: <core::result::Result<T,F> as core::ops::try_trait::FromResidual<core::result::Result<core::convert::Infallible,E>>>::from_residual::h8278b8d776e1c103 (0x5fa132c34a82)
[INFO] [stdout]              at /rustc/6067b36314ab5eb2eb47cecc464545ba58e1ad24/library/core/src/result.rs:2014
[INFO] [stdout]    5: gotham::test::TestServer::with_timeout::h5ab8020947c97fca (0x5fa132c44113)
[INFO] [stdout]              at /opt/rustwide/cargo-home/registry/src/index.crates.io-1949cf8c6b5b557f/gotham-0.3.0/src/test/mod.rs:94
[INFO] [stdout]    6: gotham::test::TestServer::new::hbc4fe9dc663c49fe (0x5fa132c44405)
[INFO] [stdout]              at /opt/rustwide/cargo-home/registry/src/index.crates.io-1949cf8c6b5b557f/gotham-0.3.0/src/test/mod.rs:85
[INFO] [stdout]    7: daemon_server::tests::receive_hello_world_response::h24a09b3e9efd768f (0x5fa132c495e8)
[INFO] [stdout]              at daemon-server/src/main.rs:37
[INFO] [stdout]    8: daemon_server::tests::receive_hello_world_response::{{closure}}::he6e53ed6469c7918 (0x5fa132c495b6)
[INFO] [stdout]              at daemon-server/src/main.rs:36
[INFO] [stdout]    9: core::ops::function::FnOnce::call_once::he6fc9689d1ecd6c5 (0x5fa132c389f5)
[INFO] [stdout]              at /rustc/6067b36314ab5eb2eb47cecc464545ba58e1ad24/library/core/src/ops/function.rs:250
[INFO] [stdout]   10: core::ops::function::FnOnce::call_once::he27718dfdd183f43 (0x5fa132ca81da)
[INFO] [stdout]              at library/core/src/ops/function.rs:250
[INFO] [stdout]       test::__rust_begin_short_backtrace::h4e84902998457a5d
[INFO] [stdout]              at library/test/src/lib.rs:632
[INFO] [stdout]   11: test::run_test_in_process::{{closure}}::h7176fd18fc1feca0 (0x5fa132ca7112)
[INFO] [stdout]              at library/test/src/lib.rs:655
[INFO] [stdout]       <core::panic::unwind_safe::AssertUnwindSafe<F> as core::ops::function::FnOnce<()>>::call_once::hf79cff2a624d8cf7
[INFO] [stdout]              at library/core/src/panic/unwind_safe.rs:272
[INFO] [stdout]       std::panicking::try::do_call::h3da0561d9ab99c25
[INFO] [stdout]              at library/std/src/panicking.rs:587
[INFO] [stdout]       std::panicking::try::h41c9fa508bc61df6
[INFO] [stdout]              at library/std/src/panicking.rs:550
[INFO] [stdout]       std::panic::catch_unwind::h6b3ff07bb5afad93
[INFO] [stdout]              at library/std/src/panic.rs:358
[INFO] [stdout]       test::run_test_in_process::hc7253dd11b39b9f4
[INFO] [stdout]              at library/test/src/lib.rs:655
[INFO] [stdout]       test::run_test::{{closure}}::hfb2007f8649c30bb
[INFO] [stdout]              at library/test/src/lib.rs:576
[INFO] [stdout]   12: test::run_test::{{closure}}::h56a17aa7a282a9f4 (0x5fa132c6a1f4)
[INFO] [stdout]              at library/test/src/lib.rs:606
[INFO] [stdout]       std::sys::backtrace::__rust_begin_short_backtrace::hd2d2d2fb8e8c6aac
[INFO] [stdout]              at library/std/src/sys/backtrace.rs:152
[INFO] [stdout]   13: std::thread::Builder::spawn_unchecked_::{{closure}}::{{closure}}::h4faa3f9db6133423 (0x5fa132c6dad9)
[INFO] [stdout]              at library/std/src/thread/mod.rs:559
[INFO] [stdout]       <core::panic::unwind_safe::AssertUnwindSafe<F> as core::ops::function::FnOnce<()>>::call_once::hf2e855a36a4ea846
[INFO] [stdout]              at library/core/src/panic/unwind_safe.rs:272
[INFO] [stdout]       std::panicking::try::do_call::h2f73af3616c35465
[INFO] [stdout]              at library/std/src/panicking.rs:587
[INFO] [stdout]       std::panicking::try::hd1660ce9efadef5a
[INFO] [stdout]              at library/std/src/panicking.rs:550
[INFO] [stdout]       std::panic::catch_unwind::h5ee8d7823b8ca744
[INFO] [stdout]              at library/std/src/panic.rs:358
[INFO] [stdout]       std::thread::Builder::spawn_unchecked_::{{closure}}::h53c3a1894dce8407
[INFO] [stdout]              at library/std/src/thread/mod.rs:557
[INFO] [stdout]       core::ops::function::FnOnce::call_once{{vtable.shim}}::h048ce291ad4f62bf
[INFO] [stdout]              at library/core/src/ops/function.rs:250
[INFO] [stdout]   14: <alloc::boxed::Box<F,A> as core::ops::function::FnOnce<Args>>::call_once::ha52bedf99a3b4981 (0x5fa132f9b67a)
[INFO] [stdout]              at library/alloc/src/boxed.rs:2013
[INFO] [stdout]       <alloc::boxed::Box<F,A> as core::ops::function::FnOnce<Args>>::call_once::h567748934d80ccf8
[INFO] [stdout]              at library/alloc/src/boxed.rs:2013
[INFO] [stdout]       std::sys::pal::unix::thread::Thread::new::thread_start::h2d970728ae887adc
[INFO] [stdout]              at library/std/src/sys/pal/unix/thread.rs:106
[INFO] [stdout]   15: <unknown> (0x73cf20459ac2)
[INFO] [stdout]   16: __clone (0x73cf204eaa03)
[INFO] [stdout]   17: <unknown> (0x0)
[INFO] [stdout] stack backtrace:
[INFO] [stdout]    0:     0x5fa132f9573a - std::backtrace_rs::backtrace::libunwind::trace::hb059275cfc8d6126
[INFO] [stdout]                                at /rustc/6067b36314ab5eb2eb47cecc464545ba58e1ad24/library/std/src/../../backtrace/src/backtrace/libunwind.rs:116:5
[INFO] [stdout]    1:     0x5fa132f9573a - std::backtrace_rs::backtrace::trace_unsynchronized::h2da071e4327ce3ee
[INFO] [stdout]                                at /rustc/6067b36314ab5eb2eb47cecc464545ba58e1ad24/library/std/src/../../backtrace/src/backtrace/mod.rs:66:5
[INFO] [stdout]    2:     0x5fa132f9573a - std::sys::backtrace::_print_fmt::h842a1474e6f8d23f
[INFO] [stdout]                                at /rustc/6067b36314ab5eb2eb47cecc464545ba58e1ad24/library/std/src/sys/backtrace.rs:66:9
[INFO] [stdout]    3:     0x5fa132f9573a - <std::sys::backtrace::BacktraceLock::print::DisplayBacktrace as core::fmt::Display>::fmt::h71a62eb3b9696b12
[INFO] [stdout]                                at /rustc/6067b36314ab5eb2eb47cecc464545ba58e1ad24/library/std/src/sys/backtrace.rs:39:26
[INFO] [stdout]    4:     0x5fa132fbff93 - core::fmt::rt::Argument::fmt::hdb6b616786b41dc1
[INFO] [stdout]                                at /rustc/6067b36314ab5eb2eb47cecc464545ba58e1ad24/library/core/src/fmt/rt.rs:177:76
[INFO] [stdout]    5:     0x5fa132fbff93 - core::fmt::write::h2cc1698af7e2d686
[INFO] [stdout]                                at /rustc/6067b36314ab5eb2eb47cecc464545ba58e1ad24/library/core/src/fmt/mod.rs:1440:21
[INFO] [stdout]    6:     0x5fa132f91e63 - std::io::Write::write_fmt::hab1b4cd059a79022
[INFO] [stdout]                                at /rustc/6067b36314ab5eb2eb47cecc464545ba58e1ad24/library/std/src/io/mod.rs:1887:15
[INFO] [stdout]    7:     0x5fa132f95582 - std::sys::backtrace::BacktraceLock::print::h147fe35b4ea13b08
[INFO] [stdout]                                at /rustc/6067b36314ab5eb2eb47cecc464545ba58e1ad24/library/std/src/sys/backtrace.rs:42:9
[INFO] [stdout]    8:     0x5fa132f96b5f - std::panicking::default_hook::{{closure}}::hbd44223dbdc0d208
[INFO] [stdout]                                at /rustc/6067b36314ab5eb2eb47cecc464545ba58e1ad24/library/std/src/panicking.rs:298:22
[INFO] [stdout]    9:     0x5fa132f96978 - std::panicking::default_hook::h20f81eb0576efcec
[INFO] [stdout]                                at /rustc/6067b36314ab5eb2eb47cecc464545ba58e1ad24/library/std/src/panicking.rs:322:9
[INFO] [stdout]   10:     0x5fa132ca2a83 - <alloc::boxed::Box<F,A> as core::ops::function::Fn<Args>>::call::hdb53814c496a4d34
[INFO] [stdout]                                at /rustc/6067b36314ab5eb2eb47cecc464545ba58e1ad24/library/alloc/src/boxed.rs:2027:9
[INFO] [stdout]   11:     0x5fa132ca2a83 - test::test_main::{{closure}}::hc0a4963c59427c24
[INFO] [stdout]                                at /rustc/6067b36314ab5eb2eb47cecc464545ba58e1ad24/library/test/src/lib.rs:134:21
[INFO] [stdout]   12:     0x5fa132f97653 - <alloc::boxed::Box<F,A> as core::ops::function::Fn<Args>>::call::h591b2225413a77e9
[INFO] [stdout]                                at /rustc/6067b36314ab5eb2eb47cecc464545ba58e1ad24/library/alloc/src/boxed.rs:2027:9
[INFO] [stdout]   13:     0x5fa132f97653 - std::panicking::rust_panic_with_hook::h625eea43051b2edc
[INFO] [stdout]                                at /rustc/6067b36314ab5eb2eb47cecc464545ba58e1ad24/library/std/src/panicking.rs:839:13
[INFO] [stdout]   14:     0x5fa132f9730a - std::panicking::begin_panic_handler::{{closure}}::h4f9159cfbc3f6bd3
[INFO] [stdout]                                at /rustc/6067b36314ab5eb2eb47cecc464545ba58e1ad24/library/std/src/panicking.rs:704:13
[INFO] [stdout]   15:     0x5fa132f95c39 - std::sys::backtrace::__rust_end_short_backtrace::h0390abce48353151
[INFO] [stdout]                                at /rustc/6067b36314ab5eb2eb47cecc464545ba58e1ad24/library/std/src/sys/backtrace.rs:168:18
[INFO] [stdout]   16:     0x5fa132f96f9d - rust_begin_unwind
[INFO] [stdout]                                at /rustc/6067b36314ab5eb2eb47cecc464545ba58e1ad24/library/std/src/panicking.rs:695:5
[INFO] [stdout]   17:     0x5fa132fbe530 - core::panicking::panic_fmt::h9e7c637e9e5f29c9
[INFO] [stdout]                                at /rustc/6067b36314ab5eb2eb47cecc464545ba58e1ad24/library/core/src/panicking.rs:75:14
[INFO] [stdout]   18:     0x5fa132fbe9a6 - core::result::unwrap_failed::h7979f09313fe1849
[INFO] [stdout]                                at /rustc/6067b36314ab5eb2eb47cecc464545ba58e1ad24/library/core/src/result.rs:1704:5
[INFO] [stdout]   19:     0x5fa132c49642 - core::result::Result<T,E>::unwrap::ha9e719c9d722c775
[INFO] [stdout]                                at /rustc/6067b36314ab5eb2eb47cecc464545ba58e1ad24/library/core/src/result.rs:1109:23
[INFO] [stdout]   20:     0x5fa132c49642 - daemon_server::tests::receive_hello_world_response::h24a09b3e9efd768f
[INFO] [stdout]                                at /opt/rustwide/workdir/daemon-server/src/main.rs:37:27
[INFO] [stdout]   21:     0x5fa132c495b7 - daemon_server::tests::receive_hello_world_response::{{closure}}::he6e53ed6469c7918
[INFO] [stdout]                                at /opt/rustwide/workdir/daemon-server/src/main.rs:36:38
[INFO] [stdout]   22:     0x5fa132c389f6 - core::ops::function::FnOnce::call_once::he6fc9689d1ecd6c5
[INFO] [stdout]                                at /rustc/6067b36314ab5eb2eb47cecc464545ba58e1ad24/library/core/src/ops/function.rs:250:5
[INFO] [stdout]   23:     0x5fa132ca81db - core::ops::function::FnOnce::call_once::he27718dfdd183f43
[INFO] [stdout]                                at /rustc/6067b36314ab5eb2eb47cecc464545ba58e1ad24/library/core/src/ops/function.rs:250:5
[INFO] [stdout]   24:     0x5fa132ca81db - test::__rust_begin_short_backtrace::h4e84902998457a5d
[INFO] [stdout]                                at /rustc/6067b36314ab5eb2eb47cecc464545ba58e1ad24/library/test/src/lib.rs:632:18
[INFO] [stdout]   25:     0x5fa132ca7113 - test::run_test_in_process::{{closure}}::h7176fd18fc1feca0
[INFO] [stdout]                                at /rustc/6067b36314ab5eb2eb47cecc464545ba58e1ad24/library/test/src/lib.rs:655:60
[INFO] [stdout]   26:     0x5fa132ca7113 - <core::panic::unwind_safe::AssertUnwindSafe<F> as core::ops::function::FnOnce<()>>::call_once::hf79cff2a624d8cf7
[INFO] [stdout]                                at /rustc/6067b36314ab5eb2eb47cecc464545ba58e1ad24/library/core/src/panic/unwind_safe.rs:272:9
[INFO] [stdout]   27:     0x5fa132ca7113 - std::panicking::try::do_call::h3da0561d9ab99c25
[INFO] [stdout]                                at /rustc/6067b36314ab5eb2eb47cecc464545ba58e1ad24/library/std/src/panicking.rs:587:40
[INFO] [stdout]   28:     0x5fa132ca7113 - std::panicking::try::h41c9fa508bc61df6
[INFO] [stdout]                                at /rustc/6067b36314ab5eb2eb47cecc464545ba58e1ad24/library/std/src/panicking.rs:550:19
[INFO] [stdout]   29:     0x5fa132ca7113 - std::panic::catch_unwind::h6b3ff07bb5afad93
[INFO] [stdout]                                at /rustc/6067b36314ab5eb2eb47cecc464545ba58e1ad24/library/std/src/panic.rs:358:14
[INFO] [stdout]   30:     0x5fa132ca7113 - test::run_test_in_process::hc7253dd11b39b9f4
[INFO] [stdout]                                at /rustc/6067b36314ab5eb2eb47cecc464545ba58e1ad24/library/test/src/lib.rs:655:27
[INFO] [stdout]   31:     0x5fa132ca7113 - test::run_test::{{closure}}::hfb2007f8649c30bb
[INFO] [stdout]                                at /rustc/6067b36314ab5eb2eb47cecc464545ba58e1ad24/library/test/src/lib.rs:576:43
[INFO] [stdout]   32:     0x5fa132c6a1f5 - test::run_test::{{closure}}::h56a17aa7a282a9f4
[INFO] [stdout]                                at /rustc/6067b36314ab5eb2eb47cecc464545ba58e1ad24/library/test/src/lib.rs:606:41
[INFO] [stdout]   33:     0x5fa132c6a1f5 - std::sys::backtrace::__rust_begin_short_backtrace::hd2d2d2fb8e8c6aac
[INFO] [stdout]                                at /rustc/6067b36314ab5eb2eb47cecc464545ba58e1ad24/library/std/src/sys/backtrace.rs:152:18
[INFO] [stdout]   34:     0x5fa132c6dada - std::thread::Builder::spawn_unchecked_::{{closure}}::{{closure}}::h4faa3f9db6133423
[INFO] [stdout]                                at /rustc/6067b36314ab5eb2eb47cecc464545ba58e1ad24/library/std/src/thread/mod.rs:559:17
[INFO] [stdout]   35:     0x5fa132c6dada - <core::panic::unwind_safe::AssertUnwindSafe<F> as core::ops::function::FnOnce<()>>::call_once::hf2e855a36a4ea846
[INFO] [stdout]                                at /rustc/6067b36314ab5eb2eb47cecc464545ba58e1ad24/library/core/src/panic/unwind_safe.rs:272:9
[INFO] [stdout]   36:     0x5fa132c6dada - std::panicking::try::do_call::h2f73af3616c35465
[INFO] [stdout]                                at /rustc/6067b36314ab5eb2eb47cecc464545ba58e1ad24/library/std/src/panicking.rs:587:40
[INFO] [stdout]   37:     0x5fa132c6dada - std::panicking::try::hd1660ce9efadef5a
[INFO] [stdout]                                at /rustc/6067b36314ab5eb2eb47cecc464545ba58e1ad24/library/std/src/panicking.rs:550:19
[INFO] [stdout]   38:     0x5fa132c6dada - std::panic::catch_unwind::h5ee8d7823b8ca744
[INFO] [stdout]                                at /rustc/6067b36314ab5eb2eb47cecc464545ba58e1ad24/library/std/src/panic.rs:358:14
[INFO] [stdout]   39:     0x5fa132c6dada - std::thread::Builder::spawn_unchecked_::{{closure}}::h53c3a1894dce8407
[INFO] [stdout]                                at /rustc/6067b36314ab5eb2eb47cecc464545ba58e1ad24/library/std/src/thread/mod.rs:557:30
[INFO] [stdout]   40:     0x5fa132c6dada - core::ops::function::FnOnce::call_once{{vtable.shim}}::h048ce291ad4f62bf
[INFO] [stdout]                                at /rustc/6067b36314ab5eb2eb47cecc464545ba58e1ad24/library/core/src/ops/function.rs:250:5
[INFO] [stdout]   41:     0x5fa132f9b67b - <alloc::boxed::Box<F,A> as core::ops::function::FnOnce<Args>>::call_once::ha52bedf99a3b4981
[INFO] [stdout]                                at /rustc/6067b36314ab5eb2eb47cecc464545ba58e1ad24/library/alloc/src/boxed.rs:2013:9
[INFO] [stdout]   42:     0x5fa132f9b67b - <alloc::boxed::Box<F,A> as core::ops::function::FnOnce<Args>>::call_once::h567748934d80ccf8
[INFO] [stdout]                                at /rustc/6067b36314ab5eb2eb47cecc464545ba58e1ad24/library/alloc/src/boxed.rs:2013:9
[INFO] [stdout]   43:     0x5fa132f9b67b - std::sys::pal::unix::thread::Thread::new::thread_start::h2d970728ae887adc
[INFO] [stdout]                                at /rustc/6067b36314ab5eb2eb47cecc464545ba58e1ad24/library/std/src/sys/pal/unix/thread.rs:106:17
[INFO] [stdout]   44:     0x73cf20459ac3 - <unknown>
[INFO] [stdout]   45:     0x73cf204eaa04 - clone
[INFO] [stdout]   46:                0x0 - <unknown>
[INFO] [stdout] 
[INFO] [stdout] 
[INFO] [stdout] failures:
[INFO] [stdout]     tests::receive_hello_world_response
[INFO] [stdout] 
[INFO] [stdout] test result: FAILED. 0 passed; 1 failed; 0 ignored; 0 measured; 0 filtered out; finished in 0.49s
[INFO] [stdout] 
[INFO] [stderr] error: test failed, to rerun pass `-p daemon-server --bin daemon-server`
[INFO] running `Command { std: "docker" "inspect" "b0f356072543ab448a1222c2586d073f2cdda37322758edd7413fcf3c576a8f1", kill_on_drop: false }`
[INFO] running `Command { std: "docker" "rm" "-f" "b0f356072543ab448a1222c2586d073f2cdda37322758edd7413fcf3c576a8f1", kill_on_drop: false }`
[INFO] [stdout] b0f356072543ab448a1222c2586d073f2cdda37322758edd7413fcf3c576a8f1
