[INFO] cloning repository https://github.com/nimaaskarian/potato-rs
[INFO] running `Command { std: "git" "-c" "credential.helper=" "-c" "credential.helper=/workspace/cargo-home/bin/git-credential-null" "clone" "--bare" "https://github.com/nimaaskarian/potato-rs" "/workspace/cache/git-repos/https%3A%2F%2Fgithub.com%2Fnimaaskarian%2Fpotato-rs", kill_on_drop: false }`
[INFO] [stderr] Cloning into bare repository '/workspace/cache/git-repos/https%3A%2F%2Fgithub.com%2Fnimaaskarian%2Fpotato-rs'...
[INFO] running `Command { std: "git" "rev-parse" "HEAD", kill_on_drop: false }`
[INFO] [stdout] c49f6bdc7c2fd3c75a41ede077d3c81f0cb93017
[INFO] testing nimaaskarian/potato-rs against nightly-2025-01-18 for randomize-layout-2
[INFO] running `Command { std: "git" "clone" "/workspace/cache/git-repos/https%3A%2F%2Fgithub.com%2Fnimaaskarian%2Fpotato-rs" "/workspace/builds/worker-5-tc1/source", kill_on_drop: false }`
[INFO] [stderr] Cloning into '/workspace/builds/worker-5-tc1/source'...
[INFO] [stderr] done.
[INFO] validating manifest of git repo https://github.com/nimaaskarian/potato-rs on toolchain nightly-2025-01-18
[INFO] running `Command { std: CARGO_HOME="/workspace/cargo-home" RUSTUP_HOME="/workspace/rustup-home" "/workspace/cargo-home/bin/cargo" "+nightly-2025-01-18" "metadata" "--manifest-path" "Cargo.toml" "--no-deps", kill_on_drop: false }`
[INFO] started tweaking git repo https://github.com/nimaaskarian/potato-rs
[INFO] finished tweaking git repo https://github.com/nimaaskarian/potato-rs
[INFO] tweaked toml for git repo https://github.com/nimaaskarian/potato-rs written to /workspace/builds/worker-5-tc1/source/Cargo.toml
[INFO] crate git repo https://github.com/nimaaskarian/potato-rs already has a lockfile, it will not be regenerated
[INFO] running `Command { std: CARGO_HOME="/workspace/cargo-home" RUSTUP_HOME="/workspace/rustup-home" "/workspace/cargo-home/bin/cargo" "+nightly-2025-01-18" "fetch" "--manifest-path" "Cargo.toml", kill_on_drop: false }`
[INFO] [stderr]  Downloading crates ...
[INFO] [stderr]   Downloaded clap_complete v4.5.9
[INFO] [stderr]   Downloaded tui-textarea v0.4.0
[INFO] running `Command { std: "docker" "create" "-v" "/var/lib/crater-agent-workspace/builds/worker-5-tc1/target:/opt/rustwide/target:rw,Z" "-v" "/var/lib/crater-agent-workspace/builds/worker-5-tc1/source:/opt/rustwide/workdir:ro,Z" "-v" "/var/lib/crater-agent-workspace/cargo-home:/opt/rustwide/cargo-home:ro,Z" "-v" "/var/lib/crater-agent-workspace/rustup-home:/opt/rustwide/rustup-home:ro,Z" "-e" "SOURCE_DIR=/opt/rustwide/workdir" "-e" "CARGO_TARGET_DIR=/opt/rustwide/target" "-e" "CARGO_HOME=/opt/rustwide/cargo-home" "-e" "RUSTUP_HOME=/opt/rustwide/rustup-home" "-w" "/opt/rustwide/workdir" "-m" "1610612736" "--user" "0:0" "--network" "none" "ghcr.io/rust-lang/crates-build-env/linux@sha256:819108c5571ea2e421544af4d832f968d213c87fbe3707a016657f43d2f853bc" "/opt/rustwide/cargo-home/bin/cargo" "+nightly-2025-01-18" "metadata" "--no-deps" "--format-version=1", kill_on_drop: false }`
[INFO] [stdout] f425379a855cc7e39356834c02d14f25d2fb7f7aaa11ebc4210aecb5d397633f
[INFO] running `Command { std: "docker" "start" "-a" "f425379a855cc7e39356834c02d14f25d2fb7f7aaa11ebc4210aecb5d397633f", kill_on_drop: false }`
[INFO] running `Command { std: "docker" "inspect" "f425379a855cc7e39356834c02d14f25d2fb7f7aaa11ebc4210aecb5d397633f", kill_on_drop: false }`
[INFO] running `Command { std: "docker" "rm" "-f" "f425379a855cc7e39356834c02d14f25d2fb7f7aaa11ebc4210aecb5d397633f", kill_on_drop: false }`
[INFO] [stdout] f425379a855cc7e39356834c02d14f25d2fb7f7aaa11ebc4210aecb5d397633f
[INFO] running `Command { std: "docker" "create" "-v" "/var/lib/crater-agent-workspace/builds/worker-5-tc1/target:/opt/rustwide/target:rw,Z" "-v" "/var/lib/crater-agent-workspace/builds/worker-5-tc1/source:/opt/rustwide/workdir:ro,Z" "-v" "/var/lib/crater-agent-workspace/cargo-home:/opt/rustwide/cargo-home:ro,Z" "-v" "/var/lib/crater-agent-workspace/rustup-home:/opt/rustwide/rustup-home:ro,Z" "-e" "SOURCE_DIR=/opt/rustwide/workdir" "-e" "CARGO_TARGET_DIR=/opt/rustwide/target" "-e" "CARGO_INCREMENTAL=0" "-e" "RUST_BACKTRACE=full" "-e" "RUSTFLAGS=--cap-lints=forbid" "-e" "RUSTDOCFLAGS=--cap-lints=forbid" "-e" "CARGO_HOME=/opt/rustwide/cargo-home" "-e" "RUSTUP_HOME=/opt/rustwide/rustup-home" "-w" "/opt/rustwide/workdir" "-m" "1610612736" "--user" "0:0" "--network" "none" "ghcr.io/rust-lang/crates-build-env/linux@sha256:819108c5571ea2e421544af4d832f968d213c87fbe3707a016657f43d2f853bc" "/opt/rustwide/cargo-home/bin/cargo" "+nightly-2025-01-18" "build" "--frozen" "--message-format=json", kill_on_drop: false }`
[INFO] [stdout] 09ad13d48162d663dc9771077c090799ef4e0a3db4df889aad368d4b1bd2fb92
[INFO] running `Command { std: "docker" "start" "-a" "09ad13d48162d663dc9771077c090799ef4e0a3db4df889aad368d4b1bd2fb92", kill_on_drop: false }`
[INFO] [stderr]    Compiling version_check v0.9.4
[INFO] [stderr]    Compiling proc-macro2 v1.0.71
[INFO] [stderr]    Compiling unicode-ident v1.0.12
[INFO] [stderr]    Compiling libc v0.2.161
[INFO] [stderr]    Compiling autocfg v1.1.0
[INFO] [stderr]    Compiling cfg-if v1.0.0
[INFO] [stderr]    Compiling typenum v1.17.0
[INFO] [stderr]    Compiling parking_lot_core v0.9.9
[INFO] [stderr]    Compiling rustversion v1.0.14
[INFO] [stderr]    Compiling signal-hook v0.3.17
[INFO] [stderr]    Compiling syn v1.0.109
[INFO] [stderr]    Compiling utf8parse v0.2.1
[INFO] [stderr]    Compiling scopeguard v1.2.0
[INFO] [stderr]    Compiling lock_api v0.4.11
[INFO] [stderr]    Compiling smallvec v1.11.2
[INFO] [stderr]    Compiling generic-array v0.14.7
[INFO] [stderr]    Compiling ahash v0.8.7
[INFO] [stderr]    Compiling log v0.4.20
[INFO] [stderr]    Compiling zerocopy v0.7.32
[INFO] [stderr]    Compiling once_cell v1.19.0
[INFO] [stderr]    Compiling anstyle-parse v0.2.3
[INFO] [stderr]    Compiling colorchoice v1.0.0
[INFO] [stderr]    Compiling anstyle v1.0.4
[INFO] [stderr]    Compiling bitflags v2.4.1
[INFO] [stderr]    Compiling quote v1.0.33
[INFO] [stderr]    Compiling heck v0.4.1
[INFO] [stderr]    Compiling allocator-api2 v0.2.16
[INFO] [stderr]    Compiling anstyle-query v1.0.2
[INFO] [stderr]    Compiling paste v1.0.14
[INFO] [stderr]    Compiling syn v2.0.43
[INFO] [stderr]    Compiling anstream v0.6.11
[INFO] [stderr]    Compiling num-traits v0.2.17
[INFO] [stderr]    Compiling cfg_aliases v0.2.1
[INFO] [stderr]    Compiling heck v0.5.0
[INFO] [stderr]    Compiling either v1.9.0
[INFO] [stderr]    Compiling hashbrown v0.14.3
[INFO] [stderr]    Compiling strsim v0.11.1
[INFO] [stderr]    Compiling clap_lex v0.7.1
[INFO] [stderr]    Compiling itertools v0.12.0
[INFO] [stderr]    Compiling clap_builder v4.5.10
[INFO] [stderr]    Compiling signal-hook-registry v1.4.1
[INFO] [stderr]    Compiling mio v0.8.10
[INFO] [stderr]    Compiling lru v0.12.1
[INFO] [stderr]    Compiling parking_lot v0.12.1
[INFO] [stderr]    Compiling crypto-common v0.1.6
[INFO] [stderr]    Compiling block-buffer v0.10.4
[INFO] [stderr]    Compiling nix v0.29.0
[INFO] [stderr]    Compiling signal-hook-mio v0.2.3
[INFO] [stderr]    Compiling crossterm v0.27.0
[INFO] [stderr]    Compiling indoc v2.0.4
[INFO] [stderr]    Compiling unicode-segmentation v1.10.1
[INFO] [stderr]    Compiling unicode-width v0.1.11
[INFO] [stderr]    Compiling cassowary v0.3.0
[INFO] [stderr]    Compiling digest v0.10.7
[INFO] [stderr]    Compiling cpufeatures v0.2.11
[INFO] [stderr]    Compiling iana-time-zone v0.1.59
[INFO] [stderr]    Compiling sha1 v0.10.6
[INFO] [stderr]    Compiling chrono v0.4.31
[INFO] [stderr]    Compiling home v0.5.9
[INFO] [stderr]    Compiling stability v0.1.1
[INFO] [stderr]    Compiling strum_macros v0.25.3
[INFO] [stderr]    Compiling clap_derive v4.5.8
[INFO] [stderr]    Compiling strum v0.25.0
[INFO] [stderr]    Compiling ratatui v0.25.0
[INFO] [stderr]    Compiling clap v4.5.10
[INFO] [stderr]    Compiling clap_complete v4.5.9
[INFO] [stderr]    Compiling tui-textarea v0.4.0
[INFO] [stderr]    Compiling c3 v1.7.0 (/opt/rustwide/workdir)
[INFO] [stdout] warning: elided lifetime has a name
[INFO] [stdout]   --> src/todo_app/todo_list.rs:69:86
[INFO] [stdout]    |
[INFO] [stdout] 69 |     pub fn todos<'a>(&'a self, restriction: &'a Restriction) -> impl Iterator<Item = &Todo> {
[INFO] [stdout]    |                  -- lifetime `'a` declared here                                      ^ this elided lifetime gets resolved as `'a`
[INFO] [stdout]    |
[INFO] [stdout]    = note: `#[warn(elided_named_lifetimes)]` on by default
[INFO] [stdout] 
[INFO] [stdout] 
[INFO] [stdout] warning: elided lifetime has a name
[INFO] [stdout]   --> src/todo_app/todo_list.rs:77:31
[INFO] [stdout]    |
[INFO] [stdout] 74 |     pub fn todos_mut<'a>(
[INFO] [stdout]    |                      -- lifetime `'a` declared here
[INFO] [stdout] ...
[INFO] [stdout] 77 |     ) -> impl Iterator<Item = &mut Todo> {
[INFO] [stdout]    |                               ^ this elided lifetime gets resolved as `'a`
[INFO] [stdout] 
[INFO] [stdout] 
[INFO] [stdout] warning: elided lifetime has a name
[INFO] [stdout]    --> src/todo_app/todo_list.rs:236:87
[INFO] [stdout]     |
[INFO] [stdout] 236 |     pub fn filter<'a>(&'a self, restriction: &'a Restriction) -> impl Iterator<Item = &Todo> {
[INFO] [stdout]     |                   -- lifetime `'a` declared here                                      ^ this elided lifetime gets resolved as `'a`
[INFO] [stdout] 
[INFO] [stdout] 
[INFO] [stdout] warning: unused `Result` that must be used
[INFO] [stdout]   --> src/todo_app/todo/dependency.rs:92:17
[INFO] [stdout]    |
[INFO] [stdout] 92 |                 self.todo_list.read_dependencies(path);
[INFO] [stdout]    |                 ^^^^^^^^^^^^^^^^^^^^^^^^^^^^^^^^^^^^^^
[INFO] [stdout]    |
[INFO] [stdout]    = note: this `Result` may be an `Err` variant, which should be handled
[INFO] [stdout]    = note: `#[warn(unused_must_use)]` on by default
[INFO] [stdout] help: use `let _ = ...` to ignore the resulting value
[INFO] [stdout]    |
[INFO] [stdout] 92 |                 let _ = self.todo_list.read_dependencies(path);
[INFO] [stdout]    |                 +++++++
[INFO] [stdout] 
[INFO] [stdout] 
[INFO] [stdout] warning: unused `Result` that must be used
[INFO] [stdout]    --> src/tui_app.rs:819:5
[INFO] [stdout]     |
[INFO] [stdout] 819 |     io::stdout().flush();
[INFO] [stdout]     |     ^^^^^^^^^^^^^^^^^^^^
[INFO] [stdout]     |
[INFO] [stdout]     = note: this `Result` may be an `Err` variant, which should be handled
[INFO] [stdout]     = note: `#[warn(unused_must_use)]` on by default
[INFO] [stdout] help: use `let _ = ...` to ignore the resulting value
[INFO] [stdout]     |
[INFO] [stdout] 819 |     let _ = io::stdout().flush();
[INFO] [stdout]     |     +++++++
[INFO] [stdout] 
[INFO] [stdout] 
[INFO] [stdout] warning: unused `Result` that must be used
[INFO] [stdout]    --> src/tui_app.rs:845:17
[INFO] [stdout]     |
[INFO] [stdout] 845 |                 startup();
[INFO] [stdout]     |                 ^^^^^^^^^
[INFO] [stdout]     |
[INFO] [stdout]     = note: this `Result` may be an `Err` variant, which should be handled
[INFO] [stdout] help: use `let _ = ...` to ignore the resulting value
[INFO] [stdout]     |
[INFO] [stdout] 845 |                 let _ = startup();
[INFO] [stdout]     |                 +++++++
[INFO] [stdout] 
[INFO] [stdout] 
[INFO] [stderr]     Finished `dev` profile [unoptimized + debuginfo] target(s) in 49.43s
[INFO] running `Command { std: "docker" "inspect" "09ad13d48162d663dc9771077c090799ef4e0a3db4df889aad368d4b1bd2fb92", kill_on_drop: false }`
[INFO] running `Command { std: "docker" "rm" "-f" "09ad13d48162d663dc9771077c090799ef4e0a3db4df889aad368d4b1bd2fb92", kill_on_drop: false }`
[INFO] [stdout] 09ad13d48162d663dc9771077c090799ef4e0a3db4df889aad368d4b1bd2fb92
[INFO] running `Command { std: "docker" "create" "-v" "/var/lib/crater-agent-workspace/builds/worker-5-tc1/target:/opt/rustwide/target:rw,Z" "-v" "/var/lib/crater-agent-workspace/builds/worker-5-tc1/source:/opt/rustwide/workdir:ro,Z" "-v" "/var/lib/crater-agent-workspace/cargo-home:/opt/rustwide/cargo-home:ro,Z" "-v" "/var/lib/crater-agent-workspace/rustup-home:/opt/rustwide/rustup-home:ro,Z" "-e" "SOURCE_DIR=/opt/rustwide/workdir" "-e" "CARGO_TARGET_DIR=/opt/rustwide/target" "-e" "CARGO_INCREMENTAL=0" "-e" "RUST_BACKTRACE=full" "-e" "RUSTFLAGS=--cap-lints=forbid" "-e" "RUSTDOCFLAGS=--cap-lints=forbid" "-e" "CARGO_HOME=/opt/rustwide/cargo-home" "-e" "RUSTUP_HOME=/opt/rustwide/rustup-home" "-w" "/opt/rustwide/workdir" "-m" "1610612736" "--user" "0:0" "--network" "none" "ghcr.io/rust-lang/crates-build-env/linux@sha256:819108c5571ea2e421544af4d832f968d213c87fbe3707a016657f43d2f853bc" "/opt/rustwide/cargo-home/bin/cargo" "+nightly-2025-01-18" "test" "--frozen" "--no-run" "--message-format=json", kill_on_drop: false }`
[INFO] [stdout] e1886c1771f45d68a5b5a9398aba9c9afff562f93eab2e2e168a55753f4786de
[INFO] running `Command { std: "docker" "start" "-a" "e1886c1771f45d68a5b5a9398aba9c9afff562f93eab2e2e168a55753f4786de", kill_on_drop: false }`
[INFO] [stderr]    Compiling once_cell v1.19.0
[INFO] [stderr]    Compiling crossbeam-utils v0.8.20
[INFO] [stderr]    Compiling num-traits v0.2.17
[INFO] [stderr]    Compiling serde v1.0.193
[INFO] [stderr]    Compiling serde_derive v1.0.193
[INFO] [stderr]    Compiling rayon-core v1.12.1
[INFO] [stderr]    Compiling serde_json v1.0.109
[INFO] [stderr]    Compiling half v2.4.1
[INFO] [stderr]    Compiling itoa v1.0.11
[INFO] [stderr]    Compiling ciborium-io v0.2.2
[INFO] [stderr]    Compiling plotters-backend v0.3.6
[INFO] [stderr]    Compiling regex-syntax v0.8.4
[INFO] [stderr]    Compiling ahash v0.8.7
[INFO] [stderr]    Compiling ryu v1.0.18
[INFO] [stderr]    Compiling hashbrown v0.14.3
[INFO] [stderr]    Compiling ciborium-ll v0.2.2
[INFO] [stderr]    Compiling itertools v0.10.5
[INFO] [stderr]    Compiling plotters-svg v0.3.6
[INFO] [stderr]    Compiling same-file v1.0.6
[INFO] [stderr]    Compiling cast v0.3.0
[INFO] [stderr]    Compiling walkdir v2.5.0
[INFO] [stderr]    Compiling is-terminal v0.4.13
[INFO] [stderr]    Compiling crossbeam-epoch v0.9.18
[INFO] [stderr]    Compiling oorandom v11.1.4
[INFO] [stderr]    Compiling lru v0.12.1
[INFO] [stderr]    Compiling anes v0.1.6
[INFO] [stderr]    Compiling crossbeam-deque v0.8.5
[INFO] [stderr]    Compiling ratatui v0.25.0
[INFO] [stderr]    Compiling chrono v0.4.31
[INFO] [stderr]    Compiling plotters v0.3.6
[INFO] [stderr]    Compiling regex-automata v0.4.7
[INFO] [stderr]    Compiling criterion-plot v0.5.0
[INFO] [stderr]    Compiling rayon v1.10.0
[INFO] [stderr]    Compiling tui-textarea v0.4.0
[INFO] [stderr]    Compiling regex v1.10.6
[INFO] [stderr]    Compiling c3 v1.7.0 (/opt/rustwide/workdir)
[INFO] [stdout] warning: elided lifetime has a name
[INFO] [stdout]   --> src/todo_app/todo_list.rs:69:86
[INFO] [stdout]    |
[INFO] [stdout] 69 |     pub fn todos<'a>(&'a self, restriction: &'a Restriction) -> impl Iterator<Item = &Todo> {
[INFO] [stdout]    |                  -- lifetime `'a` declared here                                      ^ this elided lifetime gets resolved as `'a`
[INFO] [stdout]    |
[INFO] [stdout]    = note: `#[warn(elided_named_lifetimes)]` on by default
[INFO] [stdout] 
[INFO] [stdout] 
[INFO] [stdout] warning: elided lifetime has a name
[INFO] [stdout]   --> src/todo_app/todo_list.rs:77:31
[INFO] [stdout]    |
[INFO] [stdout] 74 |     pub fn todos_mut<'a>(
[INFO] [stdout]    |                      -- lifetime `'a` declared here
[INFO] [stdout] ...
[INFO] [stdout] 77 |     ) -> impl Iterator<Item = &mut Todo> {
[INFO] [stdout]    |                               ^ this elided lifetime gets resolved as `'a`
[INFO] [stdout] 
[INFO] [stdout] 
[INFO] [stdout] warning: elided lifetime has a name
[INFO] [stdout]    --> src/todo_app/todo_list.rs:236:87
[INFO] [stdout]     |
[INFO] [stdout] 236 |     pub fn filter<'a>(&'a self, restriction: &'a Restriction) -> impl Iterator<Item = &Todo> {
[INFO] [stdout]     |                   -- lifetime `'a` declared here                                      ^ this elided lifetime gets resolved as `'a`
[INFO] [stdout] 
[INFO] [stdout] 
[INFO] [stdout] warning: unused `Result` that must be used
[INFO] [stdout]   --> src/todo_app/todo/dependency.rs:92:17
[INFO] [stdout]    |
[INFO] [stdout] 92 |                 self.todo_list.read_dependencies(path);
[INFO] [stdout]    |                 ^^^^^^^^^^^^^^^^^^^^^^^^^^^^^^^^^^^^^^
[INFO] [stdout]    |
[INFO] [stdout]    = note: this `Result` may be an `Err` variant, which should be handled
[INFO] [stdout]    = note: `#[warn(unused_must_use)]` on by default
[INFO] [stdout] help: use `let _ = ...` to ignore the resulting value
[INFO] [stdout]    |
[INFO] [stdout] 92 |                 let _ = self.todo_list.read_dependencies(path);
[INFO] [stdout]    |                 +++++++
[INFO] [stdout] 
[INFO] [stdout] 
[INFO] [stderr]    Compiling ciborium v0.2.2
[INFO] [stderr]    Compiling tinytemplate v1.2.1
[INFO] [stderr]    Compiling criterion v0.5.1
[INFO] [stdout] warning: elided lifetime has a name
[INFO] [stdout]   --> src/todo_app/todo_list.rs:69:86
[INFO] [stdout]    |
[INFO] [stdout] 69 |     pub fn todos<'a>(&'a self, restriction: &'a Restriction) -> impl Iterator<Item = &Todo> {
[INFO] [stdout]    |                  -- lifetime `'a` declared here                                      ^ this elided lifetime gets resolved as `'a`
[INFO] [stdout]    |
[INFO] [stdout]    = note: `#[warn(elided_named_lifetimes)]` on by default
[INFO] [stdout] 
[INFO] [stdout] 
[INFO] [stdout] warning: elided lifetime has a name
[INFO] [stdout]   --> src/todo_app/todo_list.rs:77:31
[INFO] [stdout]    |
[INFO] [stdout] 74 |     pub fn todos_mut<'a>(
[INFO] [stdout]    |                      -- lifetime `'a` declared here
[INFO] [stdout] ...
[INFO] [stdout] 77 |     ) -> impl Iterator<Item = &mut Todo> {
[INFO] [stdout]    |                               ^ this elided lifetime gets resolved as `'a`
[INFO] [stdout] 
[INFO] [stdout] 
[INFO] [stdout] warning: elided lifetime has a name
[INFO] [stdout]    --> src/todo_app/todo_list.rs:236:87
[INFO] [stdout]     |
[INFO] [stdout] 236 |     pub fn filter<'a>(&'a self, restriction: &'a Restriction) -> impl Iterator<Item = &Todo> {
[INFO] [stdout]     |                   -- lifetime `'a` declared here                                      ^ this elided lifetime gets resolved as `'a`
[INFO] [stdout] 
[INFO] [stdout] 
[INFO] [stdout] warning: unused `Result` that must be used
[INFO] [stdout]    --> src/tui_app.rs:819:5
[INFO] [stdout]     |
[INFO] [stdout] 819 |     io::stdout().flush();
[INFO] [stdout]     |     ^^^^^^^^^^^^^^^^^^^^
[INFO] [stdout]     |
[INFO] [stdout]     = note: this `Result` may be an `Err` variant, which should be handled
[INFO] [stdout]     = note: `#[warn(unused_must_use)]` on by default
[INFO] [stdout] help: use `let _ = ...` to ignore the resulting value
[INFO] [stdout]     |
[INFO] [stdout] 819 |     let _ = io::stdout().flush();
[INFO] [stdout]     |     +++++++
[INFO] [stdout] 
[INFO] [stdout] 
[INFO] [stdout] warning: unused `Result` that must be used
[INFO] [stdout]    --> src/tui_app.rs:845:17
[INFO] [stdout]     |
[INFO] [stdout] 845 |                 startup();
[INFO] [stdout]     |                 ^^^^^^^^^
[INFO] [stdout]     |
[INFO] [stdout]     = note: this `Result` may be an `Err` variant, which should be handled
[INFO] [stdout] help: use `let _ = ...` to ignore the resulting value
[INFO] [stdout]     |
[INFO] [stdout] 845 |                 let _ = startup();
[INFO] [stdout]     |                 +++++++
[INFO] [stdout] 
[INFO] [stdout] 
[INFO] [stdout] warning: unused `Result` that must be used
[INFO] [stdout]   --> src/todo_app/todo/dependency.rs:92:17
[INFO] [stdout]    |
[INFO] [stdout] 92 |                 self.todo_list.read_dependencies(path);
[INFO] [stdout]    |                 ^^^^^^^^^^^^^^^^^^^^^^^^^^^^^^^^^^^^^^
[INFO] [stdout]    |
[INFO] [stdout]    = note: this `Result` may be an `Err` variant, which should be handled
[INFO] [stdout]    = note: `#[warn(unused_must_use)]` on by default
[INFO] [stdout] help: use `let _ = ...` to ignore the resulting value
[INFO] [stdout]    |
[INFO] [stdout] 92 |                 let _ = self.todo_list.read_dependencies(path);
[INFO] [stdout]    |                 +++++++
[INFO] [stdout] 
[INFO] [stdout] 
[INFO] [stderr]     Finished `test` profile [unoptimized + debuginfo] target(s) in 42.28s
[INFO] running `Command { std: "docker" "inspect" "e1886c1771f45d68a5b5a9398aba9c9afff562f93eab2e2e168a55753f4786de", kill_on_drop: false }`
[INFO] running `Command { std: "docker" "rm" "-f" "e1886c1771f45d68a5b5a9398aba9c9afff562f93eab2e2e168a55753f4786de", kill_on_drop: false }`
[INFO] [stdout] e1886c1771f45d68a5b5a9398aba9c9afff562f93eab2e2e168a55753f4786de
[INFO] running `Command { std: "docker" "create" "-v" "/var/lib/crater-agent-workspace/builds/worker-5-tc1/target:/opt/rustwide/target:rw,Z" "-v" "/var/lib/crater-agent-workspace/builds/worker-5-tc1/source:/opt/rustwide/workdir:ro,Z" "-v" "/var/lib/crater-agent-workspace/cargo-home:/opt/rustwide/cargo-home:ro,Z" "-v" "/var/lib/crater-agent-workspace/rustup-home:/opt/rustwide/rustup-home:ro,Z" "-e" "SOURCE_DIR=/opt/rustwide/workdir" "-e" "CARGO_TARGET_DIR=/opt/rustwide/target" "-e" "CARGO_INCREMENTAL=0" "-e" "RUST_BACKTRACE=full" "-e" "RUSTFLAGS=--cap-lints=forbid" "-e" "RUSTDOCFLAGS=--cap-lints=forbid" "-e" "CARGO_HOME=/opt/rustwide/cargo-home" "-e" "RUSTUP_HOME=/opt/rustwide/rustup-home" "-w" "/opt/rustwide/workdir" "-m" "1610612736" "--user" "0:0" "--network" "none" "ghcr.io/rust-lang/crates-build-env/linux@sha256:819108c5571ea2e421544af4d832f968d213c87fbe3707a016657f43d2f853bc" "/opt/rustwide/cargo-home/bin/cargo" "+nightly-2025-01-18" "test" "--frozen", kill_on_drop: false }`
[INFO] [stdout] 45106a07a1ef8c751261354546993001b9eba1aecc1f06412abda0e4cf69d7f9
[INFO] running `Command { std: "docker" "start" "-a" "45106a07a1ef8c751261354546993001b9eba1aecc1f06412abda0e4cf69d7f9", kill_on_drop: false }`
[INFO] [stderr] warning: elided lifetime has a name
[INFO] [stderr]   --> src/todo_app/todo_list.rs:69:86
[INFO] [stderr]    |
[INFO] [stderr] 69 |     pub fn todos<'a>(&'a self, restriction: &'a Restriction) -> impl Iterator<Item = &Todo> {
[INFO] [stderr]    |                  -- lifetime `'a` declared here                                      ^ this elided lifetime gets resolved as `'a`
[INFO] [stderr]    |
[INFO] [stderr]    = note: `#[warn(elided_named_lifetimes)]` on by default
[INFO] [stderr] 
[INFO] [stderr] warning: elided lifetime has a name
[INFO] [stderr]   --> src/todo_app/todo_list.rs:77:31
[INFO] [stderr]    |
[INFO] [stderr] 74 |     pub fn todos_mut<'a>(
[INFO] [stderr]    |                      -- lifetime `'a` declared here
[INFO] [stderr] ...
[INFO] [stderr] 77 |     ) -> impl Iterator<Item = &mut Todo> {
[INFO] [stderr]    |                               ^ this elided lifetime gets resolved as `'a`
[INFO] [stderr] 
[INFO] [stderr] warning: elided lifetime has a name
[INFO] [stderr]    --> src/todo_app/todo_list.rs:236:87
[INFO] [stderr]     |
[INFO] [stderr] 236 |     pub fn filter<'a>(&'a self, restriction: &'a Restriction) -> impl Iterator<Item = &Todo> {
[INFO] [stderr]     |                   -- lifetime `'a` declared here                                      ^ this elided lifetime gets resolved as `'a`
[INFO] [stderr] 
[INFO] [stderr] warning: unused `Result` that must be used
[INFO] [stderr]   --> src/todo_app/todo/dependency.rs:92:17
[INFO] [stderr]    |
[INFO] [stderr] 92 |                 self.todo_list.read_dependencies(path);
[INFO] [stderr]    |                 ^^^^^^^^^^^^^^^^^^^^^^^^^^^^^^^^^^^^^^
[INFO] [stderr]    |
[INFO] [stderr]    = note: this `Result` may be an `Err` variant, which should be handled
[INFO] [stderr]    = note: `#[warn(unused_must_use)]` on by default
[INFO] [stderr] help: use `let _ = ...` to ignore the resulting value
[INFO] [stderr]    |
[INFO] [stderr] 92 |                 let _ = self.todo_list.read_dependencies(path);
[INFO] [stderr]    |                 +++++++
[INFO] [stderr] 
[INFO] [stderr] warning: `c3` (lib) generated 4 warnings
[INFO] [stderr] warning: unused `Result` that must be used
[INFO] [stderr]    --> src/tui_app.rs:819:5
[INFO] [stderr]     |
[INFO] [stderr] 819 |     io::stdout().flush();
[INFO] [stderr]     |     ^^^^^^^^^^^^^^^^^^^^
[INFO] [stderr]     |
[INFO] [stderr]     = note: this `Result` may be an `Err` variant, which should be handled
[INFO] [stderr]     = note: `#[warn(unused_must_use)]` on by default
[INFO] [stderr] help: use `let _ = ...` to ignore the resulting value
[INFO] [stderr]     |
[INFO] [stderr] 819 |     let _ = io::stdout().flush();
[INFO] [stderr]     |     +++++++
[INFO] [stderr] 
[INFO] [stderr] warning: unused `Result` that must be used
[INFO] [stderr]    --> src/tui_app.rs:845:17
[INFO] [stderr]     |
[INFO] [stderr] 845 |                 startup();
[INFO] [stderr]     |                 ^^^^^^^^^
[INFO] [stderr]     |
[INFO] [stderr]     = note: this `Result` may be an `Err` variant, which should be handled
[INFO] [stderr] help: use `let _ = ...` to ignore the resulting value
[INFO] [stderr]     |
[INFO] [stderr] 845 |                 let _ = startup();
[INFO] [stderr]     |                 +++++++
[INFO] [stderr] 
[INFO] [stderr] warning: `c3` (lib test) generated 4 warnings (4 duplicates)
[INFO] [stderr] warning: `c3` (bin "c3" test) generated 2 warnings
[INFO] [stderr]     Finished `test` profile [unoptimized + debuginfo] target(s) in 0.17s
[INFO] [stderr]      Running unittests src/lib.rs (/opt/rustwide/target/debug/deps/c3-a2b33c78091518dc)
[INFO] [stdout] 
[INFO] [stdout] running 31 tests
[INFO] [stdout] test todo_app::tests::test_delete_todo ... FAILED
[INFO] [stdout] test todo_app::tests::test_set_restrictions_done ... FAILED
[INFO] [stdout] test todo_app::tests::test_set_restrictions_priority ... FAILED
[INFO] [stdout] test todo_app::tests::test_set_restrictions_query ... FAILED
[INFO] [stdout] test todo_app::tests::test_write ... FAILED
[INFO] [stdout] test todo_app::todo::tests::test_add_note_name ... ok
[INFO] [stdout] test todo_app::tests::test_sort_method ... FAILED
[INFO] [stdout] test todo_app::todo::tests::test_add_dependency ... ok
[INFO] [stdout] test todo_app::tests::test_remove_current_dependency ... FAILED
[INFO] [stdout] test todo_app::todo::tests::test_add_note_type ... ok
[INFO] [stdout] test todo_app::todo::tests::test_add_todo ... ok
[INFO] [stdout] test todo_app::todo::tests::test_from_string ... ok
[INFO] [stdout] test todo_app::todo::tests::test_new_todo ... ok
[INFO] [stdout] test todo_app::tests::test_is_changed ... FAILED
[INFO] [stdout] test todo_app::tests::test_remove_current_dependency_partial ... FAILED
[INFO] [stdout] test todo_app::todo::tests::test_todo_into_string ... ok
[INFO] [stdout] test todo_app::todo::tests::test_daily ... ok
[INFO] [stdout] test todo_app::todo::tests::test_daily_display ... ok
[INFO] [stdout] test todo_app::todo::tests::test_dependency_type ... ok
[INFO] [stdout] test todo_app::todo::tests::test_toggle_done ... ok
[INFO] [stdout] test todo_app::todo::tests::test_dependency_name ... ok
[INFO] [stdout] test todo_app::todo::tests::test_remove_dependency ... ok
[INFO] [stdout] test todo_app::todo::tests::test_try_from_string ... ok
[INFO] [stdout] test todo_app::todo::tests::test_weekly ... ok
[INFO] [stdout] test todo_app::todo_list::tests::test_initially_sorted ... ok
[INFO] [stdout] test todo_app::todo_list::tests::test_len ... ok
[INFO] [stdout] test todo_app::todo_list::tests::test_todolist_read_done ... ok
[INFO] [stdout] test todo_app::todo_list::tests::test_todolist_read_undone ... ok
[INFO] [stdout] test todo_app::todo_list::tests::test_write_dependencies ... FAILED
[INFO] [stdout] test todo_app::todo_list::tests::test_push ... FAILED
[INFO] [stdout] test todo_app::todo_list::tests::test_write ... FAILED
[INFO] [stdout] 
[INFO] [stdout] failures:
[INFO] [stdout] 
[INFO] [stdout] ---- todo_app::tests::test_delete_todo stdout ----
[INFO] [stdout] Error: Os { code: 30, kind: ReadOnlyFilesystem, message: "Read-only file system" }
[INFO] [stdout] 
[INFO] [stdout] ---- todo_app::tests::test_set_restrictions_done stdout ----
[INFO] [stdout] Error: Os { code: 30, kind: ReadOnlyFilesystem, message: "Read-only file system" }
[INFO] [stdout] 
[INFO] [stdout] ---- todo_app::tests::test_set_restrictions_priority stdout ----
[INFO] [stdout] Error: Os { code: 30, kind: ReadOnlyFilesystem, message: "Read-only file system" }
[INFO] [stdout] 
[INFO] [stdout] ---- todo_app::tests::test_set_restrictions_query stdout ----
[INFO] [stdout] Error: Os { code: 30, kind: ReadOnlyFilesystem, message: "Read-only file system" }
[INFO] [stdout] 
[INFO] [stdout] ---- todo_app::tests::test_write stdout ----
[INFO] [stdout] Error: Os { code: 30, kind: ReadOnlyFilesystem, message: "Read-only file system" }
[INFO] [stdout] 
[INFO] [stdout] ---- todo_app::tests::test_sort_method stdout ----
[INFO] [stdout] Error: Os { code: 30, kind: ReadOnlyFilesystem, message: "Read-only file system" }
[INFO] [stdout] 
[INFO] [stdout] ---- todo_app::tests::test_remove_current_dependency stdout ----
[INFO] [stdout] Error: Os { code: 30, kind: ReadOnlyFilesystem, message: "Read-only file system" }
[INFO] [stdout] 
[INFO] [stdout] ---- todo_app::tests::test_is_changed stdout ----
[INFO] [stdout] Error: Os { code: 30, kind: ReadOnlyFilesystem, message: "Read-only file system" }
[INFO] [stdout] 
[INFO] [stdout] ---- todo_app::tests::test_remove_current_dependency_partial stdout ----
[INFO] [stdout] Error: Os { code: 30, kind: ReadOnlyFilesystem, message: "Read-only file system" }
[INFO] [stdout] 
[INFO] [stdout] ---- todo_app::todo_list::tests::test_write_dependencies stdout ----
[INFO] [stdout] Error: Os { code: 2, kind: NotFound, message: "No such file or directory" }
[INFO] [stdout] 
[INFO] [stdout] ---- todo_app::todo_list::tests::test_push stdout ----
[INFO] [stdout] 
[INFO] [stdout] thread 'todo_app::todo_list::tests::test_push' panicked at src/todo_app/todo_list.rs:468:50:
[INFO] [stdout] Reading file failed :(: Os { code: 2, kind: NotFound, message: "No such file or directory" }
[INFO] [stdout] stack backtrace:
[INFO] [stdout]    0:     0x56a1783f06aa - std::backtrace_rs::backtrace::libunwind::trace::hb059275cfc8d6126
[INFO] [stdout]                                at /rustc/6067b36314ab5eb2eb47cecc464545ba58e1ad24/library/std/src/../../backtrace/src/backtrace/libunwind.rs:116:5
[INFO] [stdout]    1:     0x56a1783f06aa - std::backtrace_rs::backtrace::trace_unsynchronized::h2da071e4327ce3ee
[INFO] [stdout]                                at /rustc/6067b36314ab5eb2eb47cecc464545ba58e1ad24/library/std/src/../../backtrace/src/backtrace/mod.rs:66:5
[INFO] [stdout]    2:     0x56a1783f06aa - std::sys::backtrace::_print_fmt::h842a1474e6f8d23f
[INFO] [stdout]                                at /rustc/6067b36314ab5eb2eb47cecc464545ba58e1ad24/library/std/src/sys/backtrace.rs:66:9
[INFO] [stdout]    3:     0x56a1783f06aa - <std::sys::backtrace::BacktraceLock::print::DisplayBacktrace as core::fmt::Display>::fmt::h71a62eb3b9696b12
[INFO] [stdout]                                at /rustc/6067b36314ab5eb2eb47cecc464545ba58e1ad24/library/std/src/sys/backtrace.rs:39:26
[INFO] [stdout]    4:     0x56a178419cb3 - core::fmt::rt::Argument::fmt::hdb6b616786b41dc1
[INFO] [stdout]                                at /rustc/6067b36314ab5eb2eb47cecc464545ba58e1ad24/library/core/src/fmt/rt.rs:177:76
[INFO] [stdout]    5:     0x56a178419cb3 - core::fmt::write::h2cc1698af7e2d686
[INFO] [stdout]                                at /rustc/6067b36314ab5eb2eb47cecc464545ba58e1ad24/library/core/src/fmt/mod.rs:1440:21
[INFO] [stdout]    6:     0x56a1783ecc63 - std::io::Write::write_fmt::hab1b4cd059a79022
[INFO] [stdout]                                at /rustc/6067b36314ab5eb2eb47cecc464545ba58e1ad24/library/std/src/io/mod.rs:1887:15
[INFO] [stdout]    7:     0x56a1783f04f2 - std::sys::backtrace::BacktraceLock::print::h147fe35b4ea13b08
[INFO] [stdout]                                at /rustc/6067b36314ab5eb2eb47cecc464545ba58e1ad24/library/std/src/sys/backtrace.rs:42:9
[INFO] [stdout]    8:     0x56a1783f1acf - std::panicking::default_hook::{{closure}}::hbd44223dbdc0d208
[INFO] [stdout]                                at /rustc/6067b36314ab5eb2eb47cecc464545ba58e1ad24/library/std/src/panicking.rs:298:22
[INFO] [stdout]    9:     0x56a1783f18e8 - std::panicking::default_hook::h20f81eb0576efcec
[INFO] [stdout]                                at /rustc/6067b36314ab5eb2eb47cecc464545ba58e1ad24/library/std/src/panicking.rs:322:9
[INFO] [stdout]   10:     0x56a1782590f3 - <alloc::boxed::Box<F,A> as core::ops::function::Fn<Args>>::call::hdb53814c496a4d34
[INFO] [stdout]                                at /rustc/6067b36314ab5eb2eb47cecc464545ba58e1ad24/library/alloc/src/boxed.rs:2027:9
[INFO] [stdout]   11:     0x56a1782590f3 - test::test_main::{{closure}}::hc0a4963c59427c24
[INFO] [stdout]                                at /rustc/6067b36314ab5eb2eb47cecc464545ba58e1ad24/library/test/src/lib.rs:134:21
[INFO] [stdout]   12:     0x56a1783f25c3 - <alloc::boxed::Box<F,A> as core::ops::function::Fn<Args>>::call::h591b2225413a77e9
[INFO] [stdout]                                at /rustc/6067b36314ab5eb2eb47cecc464545ba58e1ad24/library/alloc/src/boxed.rs:2027:9
[INFO] [stdout]   13:     0x56a1783f25c3 - std::panicking::rust_panic_with_hook::h625eea43051b2edc
[INFO] [stdout]                                at /rustc/6067b36314ab5eb2eb47cecc464545ba58e1ad24/library/std/src/panicking.rs:839:13
[INFO] [stdout]   14:     0x56a1783f227a - std::panicking::begin_panic_handler::{{closure}}::h4f9159cfbc3f6bd3
[INFO] [stdout]                                at /rustc/6067b36314ab5eb2eb47cecc464545ba58e1ad24/library/std/src/panicking.rs:704:13
[INFO] [stdout]   15:     0x56a1783f0ba9 - std::sys::backtrace::__rust_end_short_backtrace::h0390abce48353151
[INFO] [stdout]                                at /rustc/6067b36314ab5eb2eb47cecc464545ba58e1ad24/library/std/src/sys/backtrace.rs:168:18
[INFO] [stdout]   16:     0x56a1783f1f0d - rust_begin_unwind
[INFO] [stdout]                                at /rustc/6067b36314ab5eb2eb47cecc464545ba58e1ad24/library/std/src/panicking.rs:695:5
[INFO] [stdout]   17:     0x56a178418690 - core::panicking::panic_fmt::h9e7c637e9e5f29c9
[INFO] [stdout]                                at /rustc/6067b36314ab5eb2eb47cecc464545ba58e1ad24/library/core/src/panicking.rs:75:14
[INFO] [stdout]   18:     0x56a178418b06 - core::result::unwrap_failed::h7979f09313fe1849
[INFO] [stdout]                                at /rustc/6067b36314ab5eb2eb47cecc464545ba58e1ad24/library/core/src/result.rs:1704:5
[INFO] [stdout]   19:     0x56a1781fb084 - core::result::Result<T,E>::expect::h9e13e62a7346d577
[INFO] [stdout]                                at /rustc/6067b36314ab5eb2eb47cecc464545ba58e1ad24/library/core/src/result.rs:1061:23
[INFO] [stdout]   20:     0x56a1781ebc96 - c3::todo_app::todo_list::tests::test_push::h450b79e9d9be7b2a
[INFO] [stdout]                                at /opt/rustwide/workdir/src/todo_app/todo_list.rs:468:24
[INFO] [stdout]   21:     0x56a1781eb997 - c3::todo_app::todo_list::tests::test_push::{{closure}}::hb56dd39b8f10ed87
[INFO] [stdout]                                at /opt/rustwide/workdir/src/todo_app/todo_list.rs:460:19
[INFO] [stdout]   22:     0x56a178205366 - core::ops::function::FnOnce::call_once::h888ac3883f2de91b
[INFO] [stdout]                                at /rustc/6067b36314ab5eb2eb47cecc464545ba58e1ad24/library/core/src/ops/function.rs:250:5
[INFO] [stdout]   23:     0x56a17825e84b - core::ops::function::FnOnce::call_once::he27718dfdd183f43
[INFO] [stdout]                                at /rustc/6067b36314ab5eb2eb47cecc464545ba58e1ad24/library/core/src/ops/function.rs:250:5
[INFO] [stdout]   24:     0x56a17825e84b - test::__rust_begin_short_backtrace::h4e84902998457a5d
[INFO] [stdout]                                at /rustc/6067b36314ab5eb2eb47cecc464545ba58e1ad24/library/test/src/lib.rs:632:18
[INFO] [stdout]   25:     0x56a17825d783 - test::run_test_in_process::{{closure}}::h7176fd18fc1feca0
[INFO] [stdout]                                at /rustc/6067b36314ab5eb2eb47cecc464545ba58e1ad24/library/test/src/lib.rs:655:60
[INFO] [stdout]   26:     0x56a17825d783 - <core::panic::unwind_safe::AssertUnwindSafe<F> as core::ops::function::FnOnce<()>>::call_once::hf79cff2a624d8cf7
[INFO] [stdout]                                at /rustc/6067b36314ab5eb2eb47cecc464545ba58e1ad24/library/core/src/panic/unwind_safe.rs:272:9
[INFO] [stdout]   27:     0x56a17825d783 - std::panicking::try::do_call::h3da0561d9ab99c25
[INFO] [stdout]                                at /rustc/6067b36314ab5eb2eb47cecc464545ba58e1ad24/library/std/src/panicking.rs:587:40
[INFO] [stdout]   28:     0x56a17825d783 - std::panicking::try::h41c9fa508bc61df6
[INFO] [stdout]                                at /rustc/6067b36314ab5eb2eb47cecc464545ba58e1ad24/library/std/src/panicking.rs:550:19
[INFO] [stdout]   29:     0x56a17825d783 - std::panic::catch_unwind::h6b3ff07bb5afad93
[INFO] [stdout]                                at /rustc/6067b36314ab5eb2eb47cecc464545ba58e1ad24/library/std/src/panic.rs:358:14
[INFO] [stdout]   30:     0x56a17825d783 - test::run_test_in_process::hc7253dd11b39b9f4
[INFO] [stdout]                                at /rustc/6067b36314ab5eb2eb47cecc464545ba58e1ad24/library/test/src/lib.rs:655:27
[INFO] [stdout]   31:     0x56a17825d783 - test::run_test::{{closure}}::hfb2007f8649c30bb
[INFO] [stdout]                                at /rustc/6067b36314ab5eb2eb47cecc464545ba58e1ad24/library/test/src/lib.rs:576:43
[INFO] [stdout]   32:     0x56a178220865 - test::run_test::{{closure}}::h56a17aa7a282a9f4
[INFO] [stdout]                                at /rustc/6067b36314ab5eb2eb47cecc464545ba58e1ad24/library/test/src/lib.rs:606:41
[INFO] [stdout]   33:     0x56a178220865 - std::sys::backtrace::__rust_begin_short_backtrace::hd2d2d2fb8e8c6aac
[INFO] [stdout]                                at /rustc/6067b36314ab5eb2eb47cecc464545ba58e1ad24/library/std/src/sys/backtrace.rs:152:18
[INFO] [stdout]   34:     0x56a17822414a - std::thread::Builder::spawn_unchecked_::{{closure}}::{{closure}}::h4faa3f9db6133423
[INFO] [stdout]                                at /rustc/6067b36314ab5eb2eb47cecc464545ba58e1ad24/library/std/src/thread/mod.rs:559:17
[INFO] [stdout]   35:     0x56a17822414a - <core::panic::unwind_safe::AssertUnwindSafe<F> as core::ops::function::FnOnce<()>>::call_once::hf2e855a36a4ea846
[INFO] [stdout]                                at /rustc/6067b36314ab5eb2eb47cecc464545ba58e1ad24/library/core/src/panic/unwind_safe.rs:272:9
[INFO] [stdout]   36:     0x56a17822414a - std::panicking::try::do_call::h2f73af3616c35465
[INFO] [stdout]                                at /rustc/6067b36314ab5eb2eb47cecc464545ba58e1ad24/library/std/src/panicking.rs:587:40
[INFO] [stdout]   37:     0x56a17822414a - std::panicking::try::hd1660ce9efadef5a
[INFO] [stdout]                                at /rustc/6067b36314ab5eb2eb47cecc464545ba58e1ad24/library/std/src/panicking.rs:550:19
[INFO] [stdout]   38:     0x56a17822414a - std::panic::catch_unwind::h5ee8d7823b8ca744
[INFO] [stdout]                                at /rustc/6067b36314ab5eb2eb47cecc464545ba58e1ad24/library/std/src/panic.rs:358:14
[INFO] [stdout]   39:     0x56a17822414a - std::thread::Builder::spawn_unchecked_::{{closure}}::h53c3a1894dce8407
[INFO] [stdout]                                at /rustc/6067b36314ab5eb2eb47cecc464545ba58e1ad24/library/std/src/thread/mod.rs:557:30
[INFO] [stdout]   40:     0x56a17822414a - core::ops::function::FnOnce::call_once{{vtable.shim}}::h048ce291ad4f62bf
[INFO] [stdout]                                at /rustc/6067b36314ab5eb2eb47cecc464545ba58e1ad24/library/core/src/ops/function.rs:250:5
[INFO] [stdout]   41:     0x56a1783f73db - <alloc::boxed::Box<F,A> as core::ops::function::FnOnce<Args>>::call_once::ha52bedf99a3b4981
[INFO] [stdout]                                at /rustc/6067b36314ab5eb2eb47cecc464545ba58e1ad24/library/alloc/src/boxed.rs:2013:9
[INFO] [stdout]   42:     0x56a1783f73db - <alloc::boxed::Box<F,A> as core::ops::function::FnOnce<Args>>::call_once::h567748934d80ccf8
[INFO] [stdout]                                at /rustc/6067b36314ab5eb2eb47cecc464545ba58e1ad24/library/alloc/src/boxed.rs:2013:9
[INFO] [stdout]   43:     0x56a1783f73db - std::sys::pal::unix::thread::Thread::new::thread_start::h2d970728ae887adc
[INFO] [stdout]                                at /rustc/6067b36314ab5eb2eb47cecc464545ba58e1ad24/library/std/src/sys/pal/unix/thread.rs:106:17
[INFO] [stdout]   44:     0x782be04b5ac3 - <unknown>
[INFO] [stdout]   45:     0x782be0546a04 - clone
[INFO] [stdout]   46:                0x0 - <unknown>
[INFO] [stdout] 
[INFO] [stdout] ---- todo_app::todo_list::tests::test_write stdout ----
[INFO] [stdout] 
[INFO] [stdout] thread 'todo_app::todo_list::tests::test_write' panicked at src/todo_app/todo_list.rs:447:50:
[INFO] [stdout] Reading file failed :(: Os { code: 2, kind: NotFound, message: "No such file or directory" }
[INFO] [stdout] stack backtrace:
[INFO] [stdout]    0:     0x56a1783f06aa - std::backtrace_rs::backtrace::libunwind::trace::hb059275cfc8d6126
[INFO] [stdout]                                at /rustc/6067b36314ab5eb2eb47cecc464545ba58e1ad24/library/std/src/../../backtrace/src/backtrace/libunwind.rs:116:5
[INFO] [stdout]    1:     0x56a1783f06aa - std::backtrace_rs::backtrace::trace_unsynchronized::h2da071e4327ce3ee
[INFO] [stdout]                                at /rustc/6067b36314ab5eb2eb47cecc464545ba58e1ad24/library/std/src/../../backtrace/src/backtrace/mod.rs:66:5
[INFO] [stdout]    2:     0x56a1783f06aa - std::sys::backtrace::_print_fmt::h842a1474e6f8d23f
[INFO] [stdout]                                at /rustc/6067b36314ab5eb2eb47cecc464545ba58e1ad24/library/std/src/sys/backtrace.rs:66:9
[INFO] [stdout]    3:     0x56a1783f06aa - <std::sys::backtrace::BacktraceLock::print::DisplayBacktrace as core::fmt::Display>::fmt::h71a62eb3b9696b12
[INFO] [stdout]                                at /rustc/6067b36314ab5eb2eb47cecc464545ba58e1ad24/library/std/src/sys/backtrace.rs:39:26
[INFO] [stdout]    4:     0x56a178419cb3 - core::fmt::rt::Argument::fmt::hdb6b616786b41dc1
[INFO] [stdout]                                at /rustc/6067b36314ab5eb2eb47cecc464545ba58e1ad24/library/core/src/fmt/rt.rs:177:76
[INFO] [stdout]    5:     0x56a178419cb3 - core::fmt::write::h2cc1698af7e2d686
[INFO] [stdout]                                at /rustc/6067b36314ab5eb2eb47cecc464545ba58e1ad24/library/core/src/fmt/mod.rs:1440:21
[INFO] [stdout]    6:     0x56a1783ecc63 - std::io::Write::write_fmt::hab1b4cd059a79022
[INFO] [stdout]                                at /rustc/6067b36314ab5eb2eb47cecc464545ba58e1ad24/library/std/src/io/mod.rs:1887:15
[INFO] [stdout]    7:     0x56a1783f04f2 - std::sys::backtrace::BacktraceLock::print::h147fe35b4ea13b08
[INFO] [stdout]                                at /rustc/6067b36314ab5eb2eb47cecc464545ba58e1ad24/library/std/src/sys/backtrace.rs:42:9
[INFO] [stdout]    8:     0x56a1783f1acf - std::panicking::default_hook::{{closure}}::hbd44223dbdc0d208
[INFO] [stdout]                                at /rustc/6067b36314ab5eb2eb47cecc464545ba58e1ad24/library/std/src/panicking.rs:298:22
[INFO] [stdout]    9:     0x56a1783f18e8 - std::panicking::default_hook::h20f81eb0576efcec
[INFO] [stdout]                                at /rustc/6067b36314ab5eb2eb47cecc464545ba58e1ad24/library/std/src/panicking.rs:322:9
[INFO] [stdout]   10:     0x56a1782590f3 - <alloc::boxed::Box<F,A> as core::ops::function::Fn<Args>>::call::hdb53814c496a4d34
[INFO] [stdout]                                at /rustc/6067b36314ab5eb2eb47cecc464545ba58e1ad24/library/alloc/src/boxed.rs:2027:9
[INFO] [stdout]   11:     0x56a1782590f3 - test::test_main::{{closure}}::hc0a4963c59427c24
[INFO] [stdout]                                at /rustc/6067b36314ab5eb2eb47cecc464545ba58e1ad24/library/test/src/lib.rs:134:21
[INFO] [stdout]   12:     0x56a1783f25c3 - <alloc::boxed::Box<F,A> as core::ops::function::Fn<Args>>::call::h591b2225413a77e9
[INFO] [stdout]                                at /rustc/6067b36314ab5eb2eb47cecc464545ba58e1ad24/library/alloc/src/boxed.rs:2027:9
[INFO] [stdout]   13:     0x56a1783f25c3 - std::panicking::rust_panic_with_hook::h625eea43051b2edc
[INFO] [stdout]                                at /rustc/6067b36314ab5eb2eb47cecc464545ba58e1ad24/library/std/src/panicking.rs:839:13
[INFO] [stdout]   14:     0x56a1783f227a - std::panicking::begin_panic_handler::{{closure}}::h4f9159cfbc3f6bd3
[INFO] [stdout]                                at /rustc/6067b36314ab5eb2eb47cecc464545ba58e1ad24/library/std/src/panicking.rs:704:13
[INFO] [stdout]   15:     0x56a1783f0ba9 - std::sys::backtrace::__rust_end_short_backtrace::h0390abce48353151
[INFO] [stdout]                                at /rustc/6067b36314ab5eb2eb47cecc464545ba58e1ad24/library/std/src/sys/backtrace.rs:168:18
[INFO] [stdout]   16:     0x56a1783f1f0d - rust_begin_unwind
[INFO] [stdout]                                at /rustc/6067b36314ab5eb2eb47cecc464545ba58e1ad24/library/std/src/panicking.rs:695:5
[INFO] [stdout]   17:     0x56a178418690 - core::panicking::panic_fmt::h9e7c637e9e5f29c9
[INFO] [stdout]                                at /rustc/6067b36314ab5eb2eb47cecc464545ba58e1ad24/library/core/src/panicking.rs:75:14
[INFO] [stdout]   18:     0x56a178418b06 - core::result::unwrap_failed::h7979f09313fe1849
[INFO] [stdout]                                at /rustc/6067b36314ab5eb2eb47cecc464545ba58e1ad24/library/core/src/result.rs:1704:5
[INFO] [stdout]   19:     0x56a1781fb084 - core::result::Result<T,E>::expect::h9e13e62a7346d577
[INFO] [stdout]                                at /rustc/6067b36314ab5eb2eb47cecc464545ba58e1ad24/library/core/src/result.rs:1061:23
[INFO] [stdout]   20:     0x56a1781eb6f4 - c3::todo_app::todo_list::tests::test_write::h74172be01b5fc24d
[INFO] [stdout]                                at /opt/rustwide/workdir/src/todo_app/todo_list.rs:447:24
[INFO] [stdout]   21:     0x56a1781eb477 - c3::todo_app::todo_list::tests::test_write::{{closure}}::h3e246f00967bb72d
[INFO] [stdout]                                at /opt/rustwide/workdir/src/todo_app/todo_list.rs:438:20
[INFO] [stdout]   22:     0x56a178205246 - core::ops::function::FnOnce::call_once::h77c825cd3f89d8d9
[INFO] [stdout]                                at /rustc/6067b36314ab5eb2eb47cecc464545ba58e1ad24/library/core/src/ops/function.rs:250:5
[INFO] [stdout]   23:     0x56a17825e84b - core::ops::function::FnOnce::call_once::he27718dfdd183f43
[INFO] [stdout]                                at /rustc/6067b36314ab5eb2eb47cecc464545ba58e1ad24/library/core/src/ops/function.rs:250:5
[INFO] [stdout]   24:     0x56a17825e84b - test::__rust_begin_short_backtrace::h4e84902998457a5d
[INFO] [stdout]                                at /rustc/6067b36314ab5eb2eb47cecc464545ba58e1ad24/library/test/src/lib.rs:632:18
[INFO] [stdout]   25:     0x56a17825d783 - test::run_test_in_process::{{closure}}::h7176fd18fc1feca0
[INFO] [stdout]                                at /rustc/6067b36314ab5eb2eb47cecc464545ba58e1ad24/library/test/src/lib.rs:655:60
[INFO] [stdout]   26:     0x56a17825d783 - <core::panic::unwind_safe::AssertUnwindSafe<F> as core::ops::function::FnOnce<()>>::call_once::hf79cff2a624d8cf7
[INFO] [stdout]                                at /rustc/6067b36314ab5eb2eb47cecc464545ba58e1ad24/library/core/src/panic/unwind_safe.rs:272:9
[INFO] [stdout]   27:     0x56a17825d783 - std::panicking::try::do_call::h3da0561d9ab99c25
[INFO] [stdout]                                at /rustc/6067b36314ab5eb2eb47cecc464545ba58e1ad24/library/std/src/panicking.rs:587:40
[INFO] [stdout]   28:     0x56a17825d783 - std::panicking::try::h41c9fa508bc61df6
[INFO] [stdout]                                at /rustc/6067b36314ab5eb2eb47cecc464545ba58e1ad24/library/std/src/panicking.rs:550:19
[INFO] [stdout]   29:     0x56a17825d783 - std::panic::catch_unwind::h6b3ff07bb5afad93
[INFO] [stdout]                                at /rustc/6067b36314ab5eb2eb47cecc464545ba58e1ad24/library/std/src/panic.rs:358:14
[INFO] [stdout]   30:     0x56a17825d783 - test::run_test_in_process::hc7253dd11b39b9f4
[INFO] [stdout]                                at /rustc/6067b36314ab5eb2eb47cecc464545ba58e1ad24/library/test/src/lib.rs:655:27
[INFO] [stdout]   31:     0x56a17825d783 - test::run_test::{{closure}}::hfb2007f8649c30bb
[INFO] [stdout]                                at /rustc/6067b36314ab5eb2eb47cecc464545ba58e1ad24/library/test/src/lib.rs:576:43
[INFO] [stdout]   32:     0x56a178220865 - test::run_test::{{closure}}::h56a17aa7a282a9f4
[INFO] [stdout]                                at /rustc/6067b36314ab5eb2eb47cecc464545ba58e1ad24/library/test/src/lib.rs:606:41
[INFO] [stdout]   33:     0x56a178220865 - std::sys::backtrace::__rust_begin_short_backtrace::hd2d2d2fb8e8c6aac
[INFO] [stdout]                                at /rustc/6067b36314ab5eb2eb47cecc464545ba58e1ad24/library/std/src/sys/backtrace.rs:152:18
[INFO] [stdout]   34:     0x56a17822414a - std::thread::Builder::spawn_unchecked_::{{closure}}::{{closure}}::h4faa3f9db6133423
[INFO] [stdout]                                at /rustc/6067b36314ab5eb2eb47cecc464545ba58e1ad24/library/std/src/thread/mod.rs:559:17
[INFO] [stdout]   35:     0x56a17822414a - <core::panic::unwind_safe::AssertUnwindSafe<F> as core::ops::function::FnOnce<()>>::call_once::hf2e855a36a4ea846
[INFO] [stdout]                                at /rustc/6067b36314ab5eb2eb47cecc464545ba58e1ad24/library/core/src/panic/unwind_safe.rs:272:9
[INFO] [stdout]   36:     0x56a17822414a - std::panicking::try::do_call::h2f73af3616c35465
[INFO] [stdout]                                at /rustc/6067b36314ab5eb2eb47cecc464545ba58e1ad24/library/std/src/panicking.rs:587:40
[INFO] [stdout]   37:     0x56a17822414a - std::panicking::try::hd1660ce9efadef5a
[INFO] [stdout]                                at /rustc/6067b36314ab5eb2eb47cecc464545ba58e1ad24/library/std/src/panicking.rs:550:19
[INFO] [stdout]   38:     0x56a17822414a - std::panic::catch_unwind::h5ee8d7823b8ca744
[INFO] [stdout]                                at /rustc/6067b36314ab5eb2eb47cecc464545ba58e1ad24/library/std/src/panic.rs:358:14
[INFO] [stdout]   39:     0x56a17822414a - std::thread::Builder::spawn_unchecked_::{{closure}}::h53c3a1894dce8407
[INFO] [stdout]                                at /rustc/6067b36314ab5eb2eb47cecc464545ba58e1ad24/library/std/src/thread/mod.rs:557:30
[INFO] [stdout]   40:     0x56a17822414a - core::ops::function::FnOnce::call_once{{vtable.shim}}::h048ce291ad4f62bf
[INFO] [stdout]                                at /rustc/6067b36314ab5eb2eb47cecc464545ba58e1ad24/library/core/src/ops/function.rs:250:5
[INFO] [stdout]   41:     0x56a1783f73db - <alloc::boxed::Box<F,A> as core::ops::function::FnOnce<Args>>::call_once::ha52bedf99a3b4981
[INFO] [stdout]                                at /rustc/6067b36314ab5eb2eb47cecc464545ba58e1ad24/library/alloc/src/boxed.rs:2013:9
[INFO] [stdout]   42:     0x56a1783f73db - <alloc::boxed::Box<F,A> as core::ops::function::FnOnce<Args>>::call_once::h567748934d80ccf8
[INFO] [stdout]                                at /rustc/6067b36314ab5eb2eb47cecc464545ba58e1ad24/library/alloc/src/boxed.rs:2013:9
[INFO] [stdout]   43:     0x56a1783f73db - std::sys::pal::unix::thread::Thread::new::thread_start::h2d970728ae887adc
[INFO] [stdout]                                at /rustc/6067b36314ab5eb2eb47cecc464545ba58e1ad24/library/std/src/sys/pal/unix/thread.rs:106:17
[INFO] [stdout]   44:     0x782be04b5ac3 - <unknown>
[INFO] [stdout]   45:     0x782be0546a04 - clone
[INFO] [stdout]   46:                0x0 - <unknown>
[INFO] [stdout] 
[INFO] [stdout] 
[INFO] [stdout] failures:
[INFO] [stdout]     todo_app::tests::test_delete_todo
[INFO] [stdout]     todo_app::tests::test_is_changed
[INFO] [stdout]     todo_app::tests::test_remove_current_dependency
[INFO] [stdout]     todo_app::tests::test_remove_current_dependency_partial
[INFO] [stdout]     todo_app::tests::test_set_restrictions_done
[INFO] [stdout]     todo_app::tests::test_set_restrictions_priority
[INFO] [stdout]     todo_app::tests::test_set_restrictions_query
[INFO] [stdout]     todo_app::tests::test_sort_method
[INFO] [stdout]     todo_app::tests::test_write
[INFO] [stdout]     todo_app::todo_list::tests::test_push
[INFO] [stdout]     todo_app::todo_list::tests::test_write
[INFO] [stdout]     todo_app::todo_list::tests::test_write_dependencies
[INFO] [stdout] 
[INFO] [stdout] test result: FAILED. 19 passed; 12 failed; 0 ignored; 0 measured; 0 filtered out; finished in 0.07s
[INFO] [stdout] 
[INFO] [stderr] error: test failed, to rerun pass `--lib`
[INFO] running `Command { std: "docker" "inspect" "45106a07a1ef8c751261354546993001b9eba1aecc1f06412abda0e4cf69d7f9", kill_on_drop: false }`
[INFO] running `Command { std: "docker" "rm" "-f" "45106a07a1ef8c751261354546993001b9eba1aecc1f06412abda0e4cf69d7f9", kill_on_drop: false }`
[INFO] [stdout] 45106a07a1ef8c751261354546993001b9eba1aecc1f06412abda0e4cf69d7f9
