[INFO] cloning repository https://github.com/nikajia/flutter_rust_bridge_codegen-1.61.1
[INFO] running `Command { std: "git" "-c" "credential.helper=" "-c" "credential.helper=/workspace/cargo-home/bin/git-credential-null" "clone" "--bare" "https://github.com/nikajia/flutter_rust_bridge_codegen-1.61.1" "/workspace/cache/git-repos/https%3A%2F%2Fgithub.com%2Fnikajia%2Fflutter_rust_bridge_codegen-1.61.1", kill_on_drop: false }`
[INFO] [stderr] Cloning into bare repository '/workspace/cache/git-repos/https%3A%2F%2Fgithub.com%2Fnikajia%2Fflutter_rust_bridge_codegen-1.61.1'...
[INFO] running `Command { std: "git" "rev-parse" "HEAD", kill_on_drop: false }`
[INFO] [stdout] f70c8325e5c823bb58ccfe1dd4aafeed56770db7
[INFO] testing nikajia/flutter_rust_bridge_codegen-1.61.1 against nightly-2025-01-18 for randomize-layout-2
[INFO] running `Command { std: "git" "clone" "/workspace/cache/git-repos/https%3A%2F%2Fgithub.com%2Fnikajia%2Fflutter_rust_bridge_codegen-1.61.1" "/workspace/builds/worker-5-tc1/source", kill_on_drop: false }`
[INFO] [stderr] Cloning into '/workspace/builds/worker-5-tc1/source'...
[INFO] [stderr] done.
[INFO] validating manifest of git repo https://github.com/nikajia/flutter_rust_bridge_codegen-1.61.1 on toolchain nightly-2025-01-18
[INFO] running `Command { std: CARGO_HOME="/workspace/cargo-home" RUSTUP_HOME="/workspace/rustup-home" "/workspace/cargo-home/bin/cargo" "+nightly-2025-01-18" "metadata" "--manifest-path" "Cargo.toml" "--no-deps", kill_on_drop: false }`
[INFO] started tweaking git repo https://github.com/nikajia/flutter_rust_bridge_codegen-1.61.1
[INFO] finished tweaking git repo https://github.com/nikajia/flutter_rust_bridge_codegen-1.61.1
[INFO] tweaked toml for git repo https://github.com/nikajia/flutter_rust_bridge_codegen-1.61.1 written to /workspace/builds/worker-5-tc1/source/Cargo.toml
[INFO] crate git repo https://github.com/nikajia/flutter_rust_bridge_codegen-1.61.1 already has a lockfile, it will not be regenerated
[INFO] running `Command { std: CARGO_HOME="/workspace/cargo-home" RUSTUP_HOME="/workspace/rustup-home" "/workspace/cargo-home/bin/cargo" "+nightly-2025-01-18" "fetch" "--manifest-path" "Cargo.toml", kill_on_drop: false }`
[INFO] [stderr]  Downloading crates ...
[INFO] [stderr]   Downloaded cbindgen v0.24.3
[INFO] running `Command { std: "docker" "create" "-v" "/var/lib/crater-agent-workspace/builds/worker-5-tc1/target:/opt/rustwide/target:rw,Z" "-v" "/var/lib/crater-agent-workspace/builds/worker-5-tc1/source:/opt/rustwide/workdir:ro,Z" "-v" "/var/lib/crater-agent-workspace/cargo-home:/opt/rustwide/cargo-home:ro,Z" "-v" "/var/lib/crater-agent-workspace/rustup-home:/opt/rustwide/rustup-home:ro,Z" "-e" "SOURCE_DIR=/opt/rustwide/workdir" "-e" "CARGO_TARGET_DIR=/opt/rustwide/target" "-e" "CARGO_HOME=/opt/rustwide/cargo-home" "-e" "RUSTUP_HOME=/opt/rustwide/rustup-home" "-w" "/opt/rustwide/workdir" "-m" "1610612736" "--user" "0:0" "--network" "none" "ghcr.io/rust-lang/crates-build-env/linux@sha256:819108c5571ea2e421544af4d832f968d213c87fbe3707a016657f43d2f853bc" "/opt/rustwide/cargo-home/bin/cargo" "+nightly-2025-01-18" "metadata" "--no-deps" "--format-version=1", kill_on_drop: false }`
[INFO] [stdout] 78a85b93d4ebac53ea34c464e6fd94d9ce6cf3e5a12edd0c4f1afd6411925120
[INFO] running `Command { std: "docker" "start" "-a" "78a85b93d4ebac53ea34c464e6fd94d9ce6cf3e5a12edd0c4f1afd6411925120", kill_on_drop: false }`
[INFO] running `Command { std: "docker" "inspect" "78a85b93d4ebac53ea34c464e6fd94d9ce6cf3e5a12edd0c4f1afd6411925120", kill_on_drop: false }`
[INFO] running `Command { std: "docker" "rm" "-f" "78a85b93d4ebac53ea34c464e6fd94d9ce6cf3e5a12edd0c4f1afd6411925120", kill_on_drop: false }`
[INFO] [stdout] 78a85b93d4ebac53ea34c464e6fd94d9ce6cf3e5a12edd0c4f1afd6411925120
[INFO] running `Command { std: "docker" "create" "-v" "/var/lib/crater-agent-workspace/builds/worker-5-tc1/target:/opt/rustwide/target:rw,Z" "-v" "/var/lib/crater-agent-workspace/builds/worker-5-tc1/source:/opt/rustwide/workdir:ro,Z" "-v" "/var/lib/crater-agent-workspace/cargo-home:/opt/rustwide/cargo-home:ro,Z" "-v" "/var/lib/crater-agent-workspace/rustup-home:/opt/rustwide/rustup-home:ro,Z" "-e" "SOURCE_DIR=/opt/rustwide/workdir" "-e" "CARGO_TARGET_DIR=/opt/rustwide/target" "-e" "CARGO_INCREMENTAL=0" "-e" "RUST_BACKTRACE=full" "-e" "RUSTFLAGS=--cap-lints=forbid" "-e" "RUSTDOCFLAGS=--cap-lints=forbid" "-e" "CARGO_HOME=/opt/rustwide/cargo-home" "-e" "RUSTUP_HOME=/opt/rustwide/rustup-home" "-w" "/opt/rustwide/workdir" "-m" "1610612736" "--user" "0:0" "--network" "none" "ghcr.io/rust-lang/crates-build-env/linux@sha256:819108c5571ea2e421544af4d832f968d213c87fbe3707a016657f43d2f853bc" "/opt/rustwide/cargo-home/bin/cargo" "+nightly-2025-01-18" "build" "--frozen" "--message-format=json", kill_on_drop: false }`
[INFO] [stdout] c0fb54f0d916fbc3d48c5aa6989703b9db7f327b7f476f1339a406c93053eb82
[INFO] running `Command { std: "docker" "start" "-a" "c0fb54f0d916fbc3d48c5aa6989703b9db7f327b7f476f1339a406c93053eb82", kill_on_drop: false }`
[INFO] [stderr]    Compiling proc-macro2 v1.0.42
[INFO] [stderr]    Compiling unicode-ident v1.0.2
[INFO] [stderr]    Compiling quote v1.0.20
[INFO] [stderr]    Compiling syn v1.0.98
[INFO] [stderr]    Compiling serde_derive v1.0.140
[INFO] [stderr]    Compiling version_check v0.9.4
[INFO] [stderr]    Compiling serde v1.0.140
[INFO] [stderr]    Compiling libc v0.2.126
[INFO] [stderr]    Compiling autocfg v1.1.0
[INFO] [stderr]    Compiling memchr v2.5.0
[INFO] [stderr]    Compiling serde_json v1.0.82
[INFO] [stderr]    Compiling ryu v1.0.10
[INFO] [stderr]    Compiling cfg-if v1.0.0
[INFO] [stderr]    Compiling log v0.4.17
[INFO] [stderr]    Compiling hashbrown v0.12.3
[INFO] [stderr]    Compiling once_cell v1.13.0
[INFO] [stderr]    Compiling os_str_bytes v6.2.0
[INFO] [stderr]    Compiling heck v0.4.0
[INFO] [stderr]    Compiling semver v1.0.12
[INFO] [stderr]    Compiling itoa v1.0.2
[INFO] [stderr]    Compiling termcolor v1.1.3
[INFO] [stderr]    Compiling camino v1.0.9
[INFO] [stderr]    Compiling clap_lex v0.2.4
[INFO] [stderr]    Compiling remove_dir_all v0.5.3
[INFO] [stderr]    Compiling anyhow v1.0.68
[INFO] [stderr]    Compiling strsim v0.10.0
[INFO] [stderr]    Compiling bitflags v1.3.2
[INFO] [stderr]    Compiling proc-macro-error-attr v1.0.4
[INFO] [stderr]    Compiling proc-macro-error v1.0.4
[INFO] [stderr]    Compiling regex-syntax v0.6.27
[INFO] [stderr]    Compiling cbindgen v0.24.3
[INFO] [stderr]    Compiling fastrand v1.8.0
[INFO] [stderr]    Compiling linked-hash-map v0.5.6
[INFO] [stderr]    Compiling textwrap v0.15.0
[INFO] [stderr]    Compiling either v1.8.0
[INFO] [stderr]    Compiling indexmap v1.9.1
[INFO] [stderr]    Compiling humantime v2.1.0
[INFO] [stderr]    Compiling lazy_static v1.4.0
[INFO] [stderr]    Compiling convert_case v0.5.0
[INFO] [stderr]    Compiling topological-sort v0.2.2
[INFO] [stderr]    Compiling pathdiff v0.2.1
[INFO] [stderr]    Compiling itertools v0.10.3
[INFO] [stderr]    Compiling yaml-rust v0.4.5
[INFO] [stderr]    Compiling aho-corasick v0.7.18
[INFO] [stderr]    Compiling atty v0.2.14
[INFO] [stderr]    Compiling tempfile v3.3.0
[INFO] [stderr]    Compiling regex v1.6.0
[INFO] [stderr]    Compiling env_logger v0.9.0
[INFO] [stderr]    Compiling clap_derive v3.2.15
[INFO] [stderr]    Compiling thiserror-impl v1.0.31
[INFO] [stderr]    Compiling enum_dispatch v0.3.8
[INFO] [stderr]    Compiling delegate v0.8.0
[INFO] [stderr]    Compiling extend v1.1.2
[INFO] [stderr]    Compiling thiserror v1.0.31
[INFO] [stderr]    Compiling clap v3.2.16
[INFO] [stderr]    Compiling toml v0.5.9
[INFO] [stderr]    Compiling cargo-platform v0.1.2
[INFO] [stderr]    Compiling serde_yaml v0.8.26
[INFO] [stderr]    Compiling cargo_metadata v0.14.2
[INFO] [stderr]    Compiling flutter_rust_bridge_codegen v1.61.1 (/opt/rustwide/workdir)
[INFO] [stdout] warning: fields `ir` and `context` are never read
[INFO] [stdout]   --> src/generator/dart/ty.rs:32:17
[INFO] [stdout]    |
[INFO] [stdout] 32 |             pub ir: $ir_cls,
[INFO] [stdout]    |                 ^^
[INFO] [stdout] 33 |             pub context: TypeGeneratorContext<'a>,
[INFO] [stdout]    |                 ^^^^^^^
[INFO] [stdout]    |
[INFO] [stdout]   ::: src/generator/dart/ty_dart_opaque.rs:6:29
[INFO] [stdout]    |
[INFO] [stdout] 6  | type_dart_generator_struct!(TypeDartOpaqueGenerator, IrTypeDartOpaque);
[INFO] [stdout]    | ----------------------------------------------------------------------
[INFO] [stdout]    | |                           |
[INFO] [stdout]    | |                           fields in this struct
[INFO] [stdout]    | in this macro invocation
[INFO] [stdout]    |
[INFO] [stdout]    = note: `TypeDartOpaqueGenerator` has derived impls for the traits `Clone` and `Debug`, but these are intentionally ignored during dead code analysis
[INFO] [stdout]    = note: `#[warn(dead_code)]` on by default
[INFO] [stdout]    = note: this warning originates in the macro `type_dart_generator_struct` (in Nightly builds, run with -Z macro-backtrace for more info)
[INFO] [stdout] 
[INFO] [stdout] 
[INFO] [stdout] warning: field `context` is never read
[INFO] [stdout]   --> src/generator/dart/ty.rs:33:17
[INFO] [stdout]    |
[INFO] [stdout] 33 |             pub context: TypeGeneratorContext<'a>,
[INFO] [stdout]    |                 ^^^^^^^
[INFO] [stdout]    |
[INFO] [stdout]   ::: src/generator/dart/ty_optional.rs:6:29
[INFO] [stdout]    |
[INFO] [stdout] 6  | type_dart_generator_struct!(TypeOptionalGenerator, IrTypeOptional);
[INFO] [stdout]    | ------------------------------------------------------------------
[INFO] [stdout]    | |                           |
[INFO] [stdout]    | |                           field in this struct
[INFO] [stdout]    | in this macro invocation
[INFO] [stdout]    |
[INFO] [stdout]    = note: `TypeOptionalGenerator` has derived impls for the traits `Clone` and `Debug`, but these are intentionally ignored during dead code analysis
[INFO] [stdout]    = note: this warning originates in the macro `type_dart_generator_struct` (in Nightly builds, run with -Z macro-backtrace for more info)
[INFO] [stdout] 
[INFO] [stdout] 
[INFO] [stdout] warning: field `context` is never read
[INFO] [stdout]   --> src/generator/dart/ty.rs:33:17
[INFO] [stdout]    |
[INFO] [stdout] 33 |             pub context: TypeGeneratorContext<'a>,
[INFO] [stdout]    |                 ^^^^^^^
[INFO] [stdout]    |
[INFO] [stdout]   ::: src/generator/dart/ty_primitive.rs:7:29
[INFO] [stdout]    |
[INFO] [stdout] 7  | type_dart_generator_struct!(TypePrimitiveGenerator, IrTypePrimitive);
[INFO] [stdout]    | --------------------------------------------------------------------
[INFO] [stdout]    | |                           |
[INFO] [stdout]    | |                           field in this struct
[INFO] [stdout]    | in this macro invocation
[INFO] [stdout]    |
[INFO] [stdout]    = note: `TypePrimitiveGenerator` has derived impls for the traits `Clone` and `Debug`, but these are intentionally ignored during dead code analysis
[INFO] [stdout]    = note: this warning originates in the macro `type_dart_generator_struct` (in Nightly builds, run with -Z macro-backtrace for more info)
[INFO] [stdout] 
[INFO] [stdout] 
[INFO] [stdout] warning: field `context` is never read
[INFO] [stdout]   --> src/generator/rust/ty.rs:85:17
[INFO] [stdout]    |
[INFO] [stdout] 85 |             pub context: TypeGeneratorContext<'a>,
[INFO] [stdout]    |                 ^^^^^^^
[INFO] [stdout]    |
[INFO] [stdout]   ::: src/generator/rust/ty_dart_opaque.rs:11:29
[INFO] [stdout]    |
[INFO] [stdout] 11 | type_rust_generator_struct!(TypeDartOpaqueGenerator, IrTypeDartOpaque);
[INFO] [stdout]    | ----------------------------------------------------------------------
[INFO] [stdout]    | |                           |
[INFO] [stdout]    | |                           field in this struct
[INFO] [stdout]    | in this macro invocation
[INFO] [stdout]    |
[INFO] [stdout]    = note: `TypeDartOpaqueGenerator` has derived impls for the traits `Clone` and `Debug`, but these are intentionally ignored during dead code analysis
[INFO] [stdout]    = note: this warning originates in the macro `type_rust_generator_struct` (in Nightly builds, run with -Z macro-backtrace for more info)
[INFO] [stdout] 
[INFO] [stdout] 
[INFO] [stdout] warning: field `context` is never read
[INFO] [stdout]   --> src/generator/rust/ty.rs:85:17
[INFO] [stdout]    |
[INFO] [stdout] 85 |             pub context: TypeGeneratorContext<'a>,
[INFO] [stdout]    |                 ^^^^^^^
[INFO] [stdout]    |
[INFO] [stdout]   ::: src/generator/rust/ty_primitive.rs:6:29
[INFO] [stdout]    |
[INFO] [stdout] 6  | type_rust_generator_struct!(TypePrimitiveGenerator, IrTypePrimitive);
[INFO] [stdout]    | --------------------------------------------------------------------
[INFO] [stdout]    | |                           |
[INFO] [stdout]    | |                           field in this struct
[INFO] [stdout]    | in this macro invocation
[INFO] [stdout]    |
[INFO] [stdout]    = note: `TypePrimitiveGenerator` has derived impls for the traits `Clone` and `Debug`, but these are intentionally ignored during dead code analysis
[INFO] [stdout]    = note: this warning originates in the macro `type_rust_generator_struct` (in Nightly builds, run with -Z macro-backtrace for more info)
[INFO] [stdout] 
[INFO] [stdout] 
[INFO] [stdout] warning: field `context` is never read
[INFO] [stdout]   --> src/generator/rust/ty.rs:85:17
[INFO] [stdout]    |
[INFO] [stdout] 85 |             pub context: TypeGeneratorContext<'a>,
[INFO] [stdout]    |                 ^^^^^^^
[INFO] [stdout]    |
[INFO] [stdout]   ::: src/generator/rust/ty_primitive_list.rs:9:29
[INFO] [stdout]    |
[INFO] [stdout] 9  | type_rust_generator_struct!(TypePrimitiveListGenerator, IrTypePrimitiveList);
[INFO] [stdout]    | ----------------------------------------------------------------------------
[INFO] [stdout]    | |                           |
[INFO] [stdout]    | |                           field in this struct
[INFO] [stdout]    | in this macro invocation
[INFO] [stdout]    |
[INFO] [stdout]    = note: `TypePrimitiveListGenerator` has derived impls for the traits `Clone` and `Debug`, but these are intentionally ignored during dead code analysis
[INFO] [stdout]    = note: this warning originates in the macro `type_rust_generator_struct` (in Nightly builds, run with -Z macro-backtrace for more info)
[INFO] [stdout] 
[INFO] [stdout] 
[INFO] [stdout] warning: field `context` is never read
[INFO] [stdout]   --> src/generator/rust/ty.rs:85:17
[INFO] [stdout]    |
[INFO] [stdout] 85 |             pub context: TypeGeneratorContext<'a>,
[INFO] [stdout]    |                 ^^^^^^^
[INFO] [stdout]    |
[INFO] [stdout]   ::: src/generator/rust/ty_rust_opaque.rs:11:29
[INFO] [stdout]    |
[INFO] [stdout] 11 | type_rust_generator_struct!(TypeRustOpaqueGenerator, IrTypeRustOpaque);
[INFO] [stdout]    | ----------------------------------------------------------------------
[INFO] [stdout]    | |                           |
[INFO] [stdout]    | |                           field in this struct
[INFO] [stdout]    | in this macro invocation
[INFO] [stdout]    |
[INFO] [stdout]    = note: `TypeRustOpaqueGenerator` has derived impls for the traits `Clone` and `Debug`, but these are intentionally ignored during dead code analysis
[INFO] [stdout]    = note: this warning originates in the macro `type_rust_generator_struct` (in Nightly builds, run with -Z macro-backtrace for more info)
[INFO] [stdout] 
[INFO] [stdout] 
[INFO] [stdout] warning: field `name` is never read
[INFO] [stdout]    --> src/parser/mod.rs:436:9
[INFO] [stdout]     |
[INFO] [stdout] 435 | pub struct NamedOption<K, V> {
[INFO] [stdout]     |            ----------- field in this struct
[INFO] [stdout] 436 |     pub name: K,
[INFO] [stdout]     |         ^^^^
[INFO] [stdout]     |
[INFO] [stdout]     = note: `NamedOption` has derived impls for the traits `Debug` and `Clone`, but these are intentionally ignored during dead code analysis
[INFO] [stdout] 
[INFO] [stdout] 
[INFO] [stdout] warning: field `0` is never read
[INFO] [stdout]    --> src/parser/mod.rs:450:25
[INFO] [stdout]     |
[INFO] [stdout] 450 | pub struct MirrorOption(Path);
[INFO] [stdout]     |            ------------ ^^^^
[INFO] [stdout]     |            |
[INFO] [stdout]     |            field in this struct
[INFO] [stdout]     |
[INFO] [stdout]     = help: consider removing this field
[INFO] [stdout]     = note: `MirrorOption` has derived impls for the traits `Debug` and `Clone`, but these are intentionally ignored during dead code analysis
[INFO] [stdout] 
[INFO] [stdout] 
[INFO] [stdout] warning: field `0` is never read
[INFO] [stdout]    --> src/parser/mod.rs:493:24
[INFO] [stdout]     |
[INFO] [stdout] 493 | pub struct DartImports(Vec<IrDartImport>);
[INFO] [stdout]     |            ----------- ^^^^^^^^^^^^^^^^^
[INFO] [stdout]     |            |
[INFO] [stdout]     |            field in this struct
[INFO] [stdout]     |
[INFO] [stdout]     = help: consider removing this field
[INFO] [stdout]     = note: `DartImports` has derived impls for the traits `Debug` and `Clone`, but these are intentionally ignored during dead code analysis
[INFO] [stdout] 
[INFO] [stdout] 
[INFO] [stdout] warning: field `0` is never read
[INFO] [stdout]    --> src/parser/mod.rs:523:12
[INFO] [stdout]     |
[INFO] [stdout] 523 |     Mirror(MirrorOption),
[INFO] [stdout]     |     ------ ^^^^^^^^^^^^
[INFO] [stdout]     |     |
[INFO] [stdout]     |     field in this variant
[INFO] [stdout]     |
[INFO] [stdout] help: consider changing the field to be of unit type to suppress this warning while preserving the field numbering, or remove the field
[INFO] [stdout]     |
[INFO] [stdout] 523 |     Mirror(()),
[INFO] [stdout]     |            ~~
[INFO] [stdout] 
[INFO] [stdout] 
[INFO] [stdout] warning: fields `name`, `manifest_path`, and `root_src_file` are never read
[INFO] [stdout]   --> src/source_graph.rs:27:9
[INFO] [stdout]    |
[INFO] [stdout] 26 | pub struct Crate {
[INFO] [stdout]    |            ----- fields in this struct
[INFO] [stdout] 27 |     pub name: String,
[INFO] [stdout]    |         ^^^^
[INFO] [stdout] 28 |     pub manifest_path: PathBuf,
[INFO] [stdout]    |         ^^^^^^^^^^^^^
[INFO] [stdout] 29 |     pub root_src_file: PathBuf,
[INFO] [stdout]    |         ^^^^^^^^^^^^^
[INFO] [stdout]    |
[INFO] [stdout]    = note: `Crate` has derived impls for the traits `Clone` and `Debug`, but these are intentionally ignored during dead code analysis
[INFO] [stdout] 
[INFO] [stdout] 
[INFO] [stdout] warning: fields `path` and `visibility` are never read
[INFO] [stdout]    --> src/source_graph.rs:109:9
[INFO] [stdout]     |
[INFO] [stdout] 108 | pub struct Import {
[INFO] [stdout]     |            ------ fields in this struct
[INFO] [stdout] 109 |     pub path: Vec<String>,
[INFO] [stdout]     |         ^^^^
[INFO] [stdout] 110 |     pub visibility: Visibility,
[INFO] [stdout]     |         ^^^^^^^^^^
[INFO] [stdout]     |
[INFO] [stdout]     = note: `Import` has derived impls for the traits `Clone` and `Debug`, but these are intentionally ignored during dead code analysis
[INFO] [stdout] 
[INFO] [stdout] 
[INFO] [stderr]     Finished `dev` profile [unoptimized + debuginfo] target(s) in 44.88s
[INFO] running `Command { std: "docker" "inspect" "c0fb54f0d916fbc3d48c5aa6989703b9db7f327b7f476f1339a406c93053eb82", kill_on_drop: false }`
[INFO] running `Command { std: "docker" "rm" "-f" "c0fb54f0d916fbc3d48c5aa6989703b9db7f327b7f476f1339a406c93053eb82", kill_on_drop: false }`
[INFO] [stdout] c0fb54f0d916fbc3d48c5aa6989703b9db7f327b7f476f1339a406c93053eb82
[INFO] running `Command { std: "docker" "create" "-v" "/var/lib/crater-agent-workspace/builds/worker-5-tc1/target:/opt/rustwide/target:rw,Z" "-v" "/var/lib/crater-agent-workspace/builds/worker-5-tc1/source:/opt/rustwide/workdir:ro,Z" "-v" "/var/lib/crater-agent-workspace/cargo-home:/opt/rustwide/cargo-home:ro,Z" "-v" "/var/lib/crater-agent-workspace/rustup-home:/opt/rustwide/rustup-home:ro,Z" "-e" "SOURCE_DIR=/opt/rustwide/workdir" "-e" "CARGO_TARGET_DIR=/opt/rustwide/target" "-e" "CARGO_INCREMENTAL=0" "-e" "RUST_BACKTRACE=full" "-e" "RUSTFLAGS=--cap-lints=forbid" "-e" "RUSTDOCFLAGS=--cap-lints=forbid" "-e" "CARGO_HOME=/opt/rustwide/cargo-home" "-e" "RUSTUP_HOME=/opt/rustwide/rustup-home" "-w" "/opt/rustwide/workdir" "-m" "1610612736" "--user" "0:0" "--network" "none" "ghcr.io/rust-lang/crates-build-env/linux@sha256:819108c5571ea2e421544af4d832f968d213c87fbe3707a016657f43d2f853bc" "/opt/rustwide/cargo-home/bin/cargo" "+nightly-2025-01-18" "test" "--frozen" "--no-run" "--message-format=json", kill_on_drop: false }`
[INFO] [stdout] 61a14ba7174ea2d0d0fa1ea43c24a3cd6677224fff9cab9b091780b7b52ed127
[INFO] running `Command { std: "docker" "start" "-a" "61a14ba7174ea2d0d0fa1ea43c24a3cd6677224fff9cab9b091780b7b52ed127", kill_on_drop: false }`
[INFO] [stderr]    Compiling flutter_rust_bridge_codegen v1.61.1 (/opt/rustwide/workdir)
[INFO] [stdout] warning: fields `ir` and `context` are never read
[INFO] [stdout]   --> src/generator/dart/ty.rs:32:17
[INFO] [stdout]    |
[INFO] [stdout] 32 |             pub ir: $ir_cls,
[INFO] [stdout]    |                 ^^
[INFO] [stdout] 33 |             pub context: TypeGeneratorContext<'a>,
[INFO] [stdout]    |                 ^^^^^^^
[INFO] [stdout]    |
[INFO] [stdout]   ::: src/generator/dart/ty_dart_opaque.rs:6:29
[INFO] [stdout]    |
[INFO] [stdout] 6  | type_dart_generator_struct!(TypeDartOpaqueGenerator, IrTypeDartOpaque);
[INFO] [stdout]    | ----------------------------------------------------------------------
[INFO] [stdout]    | |                           |
[INFO] [stdout]    | |                           fields in this struct
[INFO] [stdout]    | in this macro invocation
[INFO] [stdout]    |
[INFO] [stdout]    = note: `TypeDartOpaqueGenerator` has derived impls for the traits `Clone` and `Debug`, but these are intentionally ignored during dead code analysis
[INFO] [stdout]    = note: `#[warn(dead_code)]` on by default
[INFO] [stdout]    = note: this warning originates in the macro `type_dart_generator_struct` (in Nightly builds, run with -Z macro-backtrace for more info)
[INFO] [stdout] 
[INFO] [stdout] 
[INFO] [stdout] warning: field `context` is never read
[INFO] [stdout]   --> src/generator/dart/ty.rs:33:17
[INFO] [stdout]    |
[INFO] [stdout] 33 |             pub context: TypeGeneratorContext<'a>,
[INFO] [stdout]    |                 ^^^^^^^
[INFO] [stdout]    |
[INFO] [stdout]   ::: src/generator/dart/ty_optional.rs:6:29
[INFO] [stdout]    |
[INFO] [stdout] 6  | type_dart_generator_struct!(TypeOptionalGenerator, IrTypeOptional);
[INFO] [stdout]    | ------------------------------------------------------------------
[INFO] [stdout]    | |                           |
[INFO] [stdout]    | |                           field in this struct
[INFO] [stdout]    | in this macro invocation
[INFO] [stdout]    |
[INFO] [stdout]    = note: `TypeOptionalGenerator` has derived impls for the traits `Clone` and `Debug`, but these are intentionally ignored during dead code analysis
[INFO] [stdout]    = note: this warning originates in the macro `type_dart_generator_struct` (in Nightly builds, run with -Z macro-backtrace for more info)
[INFO] [stdout] 
[INFO] [stdout] 
[INFO] [stdout] warning: field `context` is never read
[INFO] [stdout]   --> src/generator/dart/ty.rs:33:17
[INFO] [stdout]    |
[INFO] [stdout] 33 |             pub context: TypeGeneratorContext<'a>,
[INFO] [stdout]    |                 ^^^^^^^
[INFO] [stdout]    |
[INFO] [stdout]   ::: src/generator/dart/ty_primitive.rs:7:29
[INFO] [stdout]    |
[INFO] [stdout] 7  | type_dart_generator_struct!(TypePrimitiveGenerator, IrTypePrimitive);
[INFO] [stdout]    | --------------------------------------------------------------------
[INFO] [stdout]    | |                           |
[INFO] [stdout]    | |                           field in this struct
[INFO] [stdout]    | in this macro invocation
[INFO] [stdout]    |
[INFO] [stdout]    = note: `TypePrimitiveGenerator` has derived impls for the traits `Clone` and `Debug`, but these are intentionally ignored during dead code analysis
[INFO] [stdout]    = note: this warning originates in the macro `type_dart_generator_struct` (in Nightly builds, run with -Z macro-backtrace for more info)
[INFO] [stdout] 
[INFO] [stdout] 
[INFO] [stdout] warning: field `context` is never read
[INFO] [stdout]   --> src/generator/rust/ty.rs:85:17
[INFO] [stdout]    |
[INFO] [stdout] 85 |             pub context: TypeGeneratorContext<'a>,
[INFO] [stdout]    |                 ^^^^^^^
[INFO] [stdout]    |
[INFO] [stdout]   ::: src/generator/rust/ty_dart_opaque.rs:11:29
[INFO] [stdout]    |
[INFO] [stdout] 11 | type_rust_generator_struct!(TypeDartOpaqueGenerator, IrTypeDartOpaque);
[INFO] [stdout]    | ----------------------------------------------------------------------
[INFO] [stdout]    | |                           |
[INFO] [stdout]    | |                           field in this struct
[INFO] [stdout]    | in this macro invocation
[INFO] [stdout]    |
[INFO] [stdout]    = note: `TypeDartOpaqueGenerator` has derived impls for the traits `Clone` and `Debug`, but these are intentionally ignored during dead code analysis
[INFO] [stdout]    = note: this warning originates in the macro `type_rust_generator_struct` (in Nightly builds, run with -Z macro-backtrace for more info)
[INFO] [stdout] 
[INFO] [stdout] 
[INFO] [stdout] warning: field `context` is never read
[INFO] [stdout]   --> src/generator/rust/ty.rs:85:17
[INFO] [stdout]    |
[INFO] [stdout] 85 |             pub context: TypeGeneratorContext<'a>,
[INFO] [stdout]    |                 ^^^^^^^
[INFO] [stdout]    |
[INFO] [stdout]   ::: src/generator/rust/ty_primitive.rs:6:29
[INFO] [stdout]    |
[INFO] [stdout] 6  | type_rust_generator_struct!(TypePrimitiveGenerator, IrTypePrimitive);
[INFO] [stdout]    | --------------------------------------------------------------------
[INFO] [stdout]    | |                           |
[INFO] [stdout]    | |                           field in this struct
[INFO] [stdout]    | in this macro invocation
[INFO] [stdout]    |
[INFO] [stdout]    = note: `TypePrimitiveGenerator` has derived impls for the traits `Clone` and `Debug`, but these are intentionally ignored during dead code analysis
[INFO] [stdout]    = note: this warning originates in the macro `type_rust_generator_struct` (in Nightly builds, run with -Z macro-backtrace for more info)
[INFO] [stdout] 
[INFO] [stdout] 
[INFO] [stdout] warning: field `context` is never read
[INFO] [stdout]   --> src/generator/rust/ty.rs:85:17
[INFO] [stdout]    |
[INFO] [stdout] 85 |             pub context: TypeGeneratorContext<'a>,
[INFO] [stdout]    |                 ^^^^^^^
[INFO] [stdout]    |
[INFO] [stdout]   ::: src/generator/rust/ty_primitive_list.rs:9:29
[INFO] [stdout]    |
[INFO] [stdout] 9  | type_rust_generator_struct!(TypePrimitiveListGenerator, IrTypePrimitiveList);
[INFO] [stdout]    | ----------------------------------------------------------------------------
[INFO] [stdout]    | |                           |
[INFO] [stdout]    | |                           field in this struct
[INFO] [stdout]    | in this macro invocation
[INFO] [stdout]    |
[INFO] [stdout]    = note: `TypePrimitiveListGenerator` has derived impls for the traits `Clone` and `Debug`, but these are intentionally ignored during dead code analysis
[INFO] [stdout]    = note: this warning originates in the macro `type_rust_generator_struct` (in Nightly builds, run with -Z macro-backtrace for more info)
[INFO] [stdout] 
[INFO] [stdout] 
[INFO] [stdout] warning: field `context` is never read
[INFO] [stdout]   --> src/generator/rust/ty.rs:85:17
[INFO] [stdout]    |
[INFO] [stdout] 85 |             pub context: TypeGeneratorContext<'a>,
[INFO] [stdout]    |                 ^^^^^^^
[INFO] [stdout]    |
[INFO] [stdout]   ::: src/generator/rust/ty_rust_opaque.rs:11:29
[INFO] [stdout]    |
[INFO] [stdout] 11 | type_rust_generator_struct!(TypeRustOpaqueGenerator, IrTypeRustOpaque);
[INFO] [stdout]    | ----------------------------------------------------------------------
[INFO] [stdout]    | |                           |
[INFO] [stdout]    | |                           field in this struct
[INFO] [stdout]    | in this macro invocation
[INFO] [stdout]    |
[INFO] [stdout]    = note: `TypeRustOpaqueGenerator` has derived impls for the traits `Clone` and `Debug`, but these are intentionally ignored during dead code analysis
[INFO] [stdout]    = note: this warning originates in the macro `type_rust_generator_struct` (in Nightly builds, run with -Z macro-backtrace for more info)
[INFO] [stdout] 
[INFO] [stdout] 
[INFO] [stdout] warning: field `name` is never read
[INFO] [stdout]    --> src/parser/mod.rs:436:9
[INFO] [stdout]     |
[INFO] [stdout] 435 | pub struct NamedOption<K, V> {
[INFO] [stdout]     |            ----------- field in this struct
[INFO] [stdout] 436 |     pub name: K,
[INFO] [stdout]     |         ^^^^
[INFO] [stdout]     |
[INFO] [stdout]     = note: `NamedOption` has derived impls for the traits `Debug` and `Clone`, but these are intentionally ignored during dead code analysis
[INFO] [stdout] 
[INFO] [stdout] 
[INFO] [stdout] warning: field `0` is never read
[INFO] [stdout]    --> src/parser/mod.rs:450:25
[INFO] [stdout]     |
[INFO] [stdout] 450 | pub struct MirrorOption(Path);
[INFO] [stdout]     |            ------------ ^^^^
[INFO] [stdout]     |            |
[INFO] [stdout]     |            field in this struct
[INFO] [stdout]     |
[INFO] [stdout]     = help: consider removing this field
[INFO] [stdout]     = note: `MirrorOption` has derived impls for the traits `Debug` and `Clone`, but these are intentionally ignored during dead code analysis
[INFO] [stdout] 
[INFO] [stdout] 
[INFO] [stdout] warning: field `0` is never read
[INFO] [stdout]    --> src/parser/mod.rs:493:24
[INFO] [stdout]     |
[INFO] [stdout] 493 | pub struct DartImports(Vec<IrDartImport>);
[INFO] [stdout]     |            ----------- ^^^^^^^^^^^^^^^^^
[INFO] [stdout]     |            |
[INFO] [stdout]     |            field in this struct
[INFO] [stdout]     |
[INFO] [stdout]     = help: consider removing this field
[INFO] [stdout]     = note: `DartImports` has derived impls for the traits `Debug` and `Clone`, but these are intentionally ignored during dead code analysis
[INFO] [stdout] 
[INFO] [stdout] 
[INFO] [stdout] warning: field `0` is never read
[INFO] [stdout]    --> src/parser/mod.rs:523:12
[INFO] [stdout]     |
[INFO] [stdout] 523 |     Mirror(MirrorOption),
[INFO] [stdout]     |     ------ ^^^^^^^^^^^^
[INFO] [stdout]     |     |
[INFO] [stdout]     |     field in this variant
[INFO] [stdout]     |
[INFO] [stdout] help: consider changing the field to be of unit type to suppress this warning while preserving the field numbering, or remove the field
[INFO] [stdout]     |
[INFO] [stdout] 523 |     Mirror(()),
[INFO] [stdout]     |            ~~
[INFO] [stdout] 
[INFO] [stdout] 
[INFO] [stdout] warning: fields `name`, `manifest_path`, and `root_src_file` are never read
[INFO] [stdout]   --> src/source_graph.rs:27:9
[INFO] [stdout]    |
[INFO] [stdout] 26 | pub struct Crate {
[INFO] [stdout]    |            ----- fields in this struct
[INFO] [stdout] 27 |     pub name: String,
[INFO] [stdout]    |         ^^^^
[INFO] [stdout] 28 |     pub manifest_path: PathBuf,
[INFO] [stdout]    |         ^^^^^^^^^^^^^
[INFO] [stdout] 29 |     pub root_src_file: PathBuf,
[INFO] [stdout]    |         ^^^^^^^^^^^^^
[INFO] [stdout]    |
[INFO] [stdout]    = note: `Crate` has derived impls for the traits `Clone` and `Debug`, but these are intentionally ignored during dead code analysis
[INFO] [stdout] 
[INFO] [stdout] 
[INFO] [stdout] warning: fields `path` and `visibility` are never read
[INFO] [stdout]    --> src/source_graph.rs:109:9
[INFO] [stdout]     |
[INFO] [stdout] 108 | pub struct Import {
[INFO] [stdout]     |            ------ fields in this struct
[INFO] [stdout] 109 |     pub path: Vec<String>,
[INFO] [stdout]     |         ^^^^
[INFO] [stdout] 110 |     pub visibility: Visibility,
[INFO] [stdout]     |         ^^^^^^^^^^
[INFO] [stdout]     |
[INFO] [stdout]     = note: `Import` has derived impls for the traits `Clone` and `Debug`, but these are intentionally ignored during dead code analysis
[INFO] [stdout] 
[INFO] [stdout] 
[INFO] [stdout] warning: unused variable: `i`
[INFO] [stdout]    --> src/config.rs:720:46
[INFO] [stdout]     |
[INFO] [stdout] 720 |         result.iter().enumerate().for_each(|(i, each_block)| {
[INFO] [stdout]     |                                              ^ help: if this is intentional, prefix it with an underscore: `_i`
[INFO] [stdout]     |
[INFO] [stdout]     = note: `#[warn(unused_variables)]` on by default
[INFO] [stdout] 
[INFO] [stdout] 
[INFO] [stdout] warning: fields `ir` and `context` are never read
[INFO] [stdout]   --> src/generator/dart/ty.rs:32:17
[INFO] [stdout]    |
[INFO] [stdout] 32 |             pub ir: $ir_cls,
[INFO] [stdout]    |                 ^^
[INFO] [stdout] 33 |             pub context: TypeGeneratorContext<'a>,
[INFO] [stdout]    |                 ^^^^^^^
[INFO] [stdout]    |
[INFO] [stdout]   ::: src/generator/dart/ty_dart_opaque.rs:6:29
[INFO] [stdout]    |
[INFO] [stdout] 6  | type_dart_generator_struct!(TypeDartOpaqueGenerator, IrTypeDartOpaque);
[INFO] [stdout]    | ----------------------------------------------------------------------
[INFO] [stdout]    | |                           |
[INFO] [stdout]    | |                           fields in this struct
[INFO] [stdout]    | in this macro invocation
[INFO] [stdout]    |
[INFO] [stdout]    = note: `TypeDartOpaqueGenerator` has derived impls for the traits `Clone` and `Debug`, but these are intentionally ignored during dead code analysis
[INFO] [stdout]    = note: `#[warn(dead_code)]` on by default
[INFO] [stdout]    = note: this warning originates in the macro `type_dart_generator_struct` (in Nightly builds, run with -Z macro-backtrace for more info)
[INFO] [stdout] 
[INFO] [stdout] 
[INFO] [stdout] warning: field `context` is never read
[INFO] [stdout]   --> src/generator/dart/ty.rs:33:17
[INFO] [stdout]    |
[INFO] [stdout] 33 |             pub context: TypeGeneratorContext<'a>,
[INFO] [stdout]    |                 ^^^^^^^
[INFO] [stdout]    |
[INFO] [stdout]   ::: src/generator/dart/ty_optional.rs:6:29
[INFO] [stdout]    |
[INFO] [stdout] 6  | type_dart_generator_struct!(TypeOptionalGenerator, IrTypeOptional);
[INFO] [stdout]    | ------------------------------------------------------------------
[INFO] [stdout]    | |                           |
[INFO] [stdout]    | |                           field in this struct
[INFO] [stdout]    | in this macro invocation
[INFO] [stdout]    |
[INFO] [stdout]    = note: `TypeOptionalGenerator` has derived impls for the traits `Clone` and `Debug`, but these are intentionally ignored during dead code analysis
[INFO] [stdout]    = note: this warning originates in the macro `type_dart_generator_struct` (in Nightly builds, run with -Z macro-backtrace for more info)
[INFO] [stdout] 
[INFO] [stdout] 
[INFO] [stdout] warning: field `context` is never read
[INFO] [stdout]   --> src/generator/dart/ty.rs:33:17
[INFO] [stdout]    |
[INFO] [stdout] 33 |             pub context: TypeGeneratorContext<'a>,
[INFO] [stdout]    |                 ^^^^^^^
[INFO] [stdout]    |
[INFO] [stdout]   ::: src/generator/dart/ty_primitive.rs:7:29
[INFO] [stdout]    |
[INFO] [stdout] 7  | type_dart_generator_struct!(TypePrimitiveGenerator, IrTypePrimitive);
[INFO] [stdout]    | --------------------------------------------------------------------
[INFO] [stdout]    | |                           |
[INFO] [stdout]    | |                           field in this struct
[INFO] [stdout]    | in this macro invocation
[INFO] [stdout]    |
[INFO] [stdout]    = note: `TypePrimitiveGenerator` has derived impls for the traits `Clone` and `Debug`, but these are intentionally ignored during dead code analysis
[INFO] [stdout]    = note: this warning originates in the macro `type_dart_generator_struct` (in Nightly builds, run with -Z macro-backtrace for more info)
[INFO] [stdout] 
[INFO] [stdout] 
[INFO] [stdout] warning: field `context` is never read
[INFO] [stdout]   --> src/generator/rust/ty.rs:85:17
[INFO] [stdout]    |
[INFO] [stdout] 85 |             pub context: TypeGeneratorContext<'a>,
[INFO] [stdout]    |                 ^^^^^^^
[INFO] [stdout]    |
[INFO] [stdout]   ::: src/generator/rust/ty_dart_opaque.rs:11:29
[INFO] [stdout]    |
[INFO] [stdout] 11 | type_rust_generator_struct!(TypeDartOpaqueGenerator, IrTypeDartOpaque);
[INFO] [stdout]    | ----------------------------------------------------------------------
[INFO] [stdout]    | |                           |
[INFO] [stdout]    | |                           field in this struct
[INFO] [stdout]    | in this macro invocation
[INFO] [stdout]    |
[INFO] [stdout]    = note: `TypeDartOpaqueGenerator` has derived impls for the traits `Clone` and `Debug`, but these are intentionally ignored during dead code analysis
[INFO] [stdout]    = note: this warning originates in the macro `type_rust_generator_struct` (in Nightly builds, run with -Z macro-backtrace for more info)
[INFO] [stdout] 
[INFO] [stdout] 
[INFO] [stdout] warning: field `context` is never read
[INFO] [stdout]   --> src/generator/rust/ty.rs:85:17
[INFO] [stdout]    |
[INFO] [stdout] 85 |             pub context: TypeGeneratorContext<'a>,
[INFO] [stdout]    |                 ^^^^^^^
[INFO] [stdout]    |
[INFO] [stdout]   ::: src/generator/rust/ty_primitive.rs:6:29
[INFO] [stdout]    |
[INFO] [stdout] 6  | type_rust_generator_struct!(TypePrimitiveGenerator, IrTypePrimitive);
[INFO] [stdout]    | --------------------------------------------------------------------
[INFO] [stdout]    | |                           |
[INFO] [stdout]    | |                           field in this struct
[INFO] [stdout]    | in this macro invocation
[INFO] [stdout]    |
[INFO] [stdout]    = note: `TypePrimitiveGenerator` has derived impls for the traits `Clone` and `Debug`, but these are intentionally ignored during dead code analysis
[INFO] [stdout]    = note: this warning originates in the macro `type_rust_generator_struct` (in Nightly builds, run with -Z macro-backtrace for more info)
[INFO] [stdout] 
[INFO] [stdout] 
[INFO] [stdout] warning: field `context` is never read
[INFO] [stdout]   --> src/generator/rust/ty.rs:85:17
[INFO] [stdout]    |
[INFO] [stdout] 85 |             pub context: TypeGeneratorContext<'a>,
[INFO] [stdout]    |                 ^^^^^^^
[INFO] [stdout]    |
[INFO] [stdout]   ::: src/generator/rust/ty_primitive_list.rs:9:29
[INFO] [stdout]    |
[INFO] [stdout] 9  | type_rust_generator_struct!(TypePrimitiveListGenerator, IrTypePrimitiveList);
[INFO] [stdout]    | ----------------------------------------------------------------------------
[INFO] [stdout]    | |                           |
[INFO] [stdout]    | |                           field in this struct
[INFO] [stdout]    | in this macro invocation
[INFO] [stdout]    |
[INFO] [stdout]    = note: `TypePrimitiveListGenerator` has derived impls for the traits `Clone` and `Debug`, but these are intentionally ignored during dead code analysis
[INFO] [stdout]    = note: this warning originates in the macro `type_rust_generator_struct` (in Nightly builds, run with -Z macro-backtrace for more info)
[INFO] [stdout] 
[INFO] [stdout] 
[INFO] [stdout] warning: field `context` is never read
[INFO] [stdout]   --> src/generator/rust/ty.rs:85:17
[INFO] [stdout]    |
[INFO] [stdout] 85 |             pub context: TypeGeneratorContext<'a>,
[INFO] [stdout]    |                 ^^^^^^^
[INFO] [stdout]    |
[INFO] [stdout]   ::: src/generator/rust/ty_rust_opaque.rs:11:29
[INFO] [stdout]    |
[INFO] [stdout] 11 | type_rust_generator_struct!(TypeRustOpaqueGenerator, IrTypeRustOpaque);
[INFO] [stdout]    | ----------------------------------------------------------------------
[INFO] [stdout]    | |                           |
[INFO] [stdout]    | |                           field in this struct
[INFO] [stdout]    | in this macro invocation
[INFO] [stdout]    |
[INFO] [stdout]    = note: `TypeRustOpaqueGenerator` has derived impls for the traits `Clone` and `Debug`, but these are intentionally ignored during dead code analysis
[INFO] [stdout]    = note: this warning originates in the macro `type_rust_generator_struct` (in Nightly builds, run with -Z macro-backtrace for more info)
[INFO] [stdout] 
[INFO] [stdout] 
[INFO] [stdout] warning: field `name` is never read
[INFO] [stdout]    --> src/parser/mod.rs:436:9
[INFO] [stdout]     |
[INFO] [stdout] 435 | pub struct NamedOption<K, V> {
[INFO] [stdout]     |            ----------- field in this struct
[INFO] [stdout] 436 |     pub name: K,
[INFO] [stdout]     |         ^^^^
[INFO] [stdout]     |
[INFO] [stdout]     = note: `NamedOption` has derived impls for the traits `Debug` and `Clone`, but these are intentionally ignored during dead code analysis
[INFO] [stdout] 
[INFO] [stdout] 
[INFO] [stdout] warning: field `0` is never read
[INFO] [stdout]    --> src/parser/mod.rs:450:25
[INFO] [stdout]     |
[INFO] [stdout] 450 | pub struct MirrorOption(Path);
[INFO] [stdout]     |            ------------ ^^^^
[INFO] [stdout]     |            |
[INFO] [stdout]     |            field in this struct
[INFO] [stdout]     |
[INFO] [stdout]     = help: consider removing this field
[INFO] [stdout]     = note: `MirrorOption` has derived impls for the traits `Debug` and `Clone`, but these are intentionally ignored during dead code analysis
[INFO] [stdout] 
[INFO] [stdout] 
[INFO] [stdout] warning: field `0` is never read
[INFO] [stdout]    --> src/parser/mod.rs:493:24
[INFO] [stdout]     |
[INFO] [stdout] 493 | pub struct DartImports(Vec<IrDartImport>);
[INFO] [stdout]     |            ----------- ^^^^^^^^^^^^^^^^^
[INFO] [stdout]     |            |
[INFO] [stdout]     |            field in this struct
[INFO] [stdout]     |
[INFO] [stdout]     = help: consider removing this field
[INFO] [stdout]     = note: `DartImports` has derived impls for the traits `Debug` and `Clone`, but these are intentionally ignored during dead code analysis
[INFO] [stdout] 
[INFO] [stdout] 
[INFO] [stdout] warning: field `0` is never read
[INFO] [stdout]    --> src/parser/mod.rs:523:12
[INFO] [stdout]     |
[INFO] [stdout] 523 |     Mirror(MirrorOption),
[INFO] [stdout]     |     ------ ^^^^^^^^^^^^
[INFO] [stdout]     |     |
[INFO] [stdout]     |     field in this variant
[INFO] [stdout]     |
[INFO] [stdout] help: consider changing the field to be of unit type to suppress this warning while preserving the field numbering, or remove the field
[INFO] [stdout]     |
[INFO] [stdout] 523 |     Mirror(()),
[INFO] [stdout]     |            ~~
[INFO] [stdout] 
[INFO] [stdout] 
[INFO] [stdout] warning: fields `name`, `manifest_path`, and `root_src_file` are never read
[INFO] [stdout]   --> src/source_graph.rs:27:9
[INFO] [stdout]    |
[INFO] [stdout] 26 | pub struct Crate {
[INFO] [stdout]    |            ----- fields in this struct
[INFO] [stdout] 27 |     pub name: String,
[INFO] [stdout]    |         ^^^^
[INFO] [stdout] 28 |     pub manifest_path: PathBuf,
[INFO] [stdout]    |         ^^^^^^^^^^^^^
[INFO] [stdout] 29 |     pub root_src_file: PathBuf,
[INFO] [stdout]    |         ^^^^^^^^^^^^^
[INFO] [stdout]    |
[INFO] [stdout]    = note: `Crate` has derived impls for the traits `Clone` and `Debug`, but these are intentionally ignored during dead code analysis
[INFO] [stdout] 
[INFO] [stdout] 
[INFO] [stdout] warning: fields `path` and `visibility` are never read
[INFO] [stdout]    --> src/source_graph.rs:109:9
[INFO] [stdout]     |
[INFO] [stdout] 108 | pub struct Import {
[INFO] [stdout]     |            ------ fields in this struct
[INFO] [stdout] 109 |     pub path: Vec<String>,
[INFO] [stdout]     |         ^^^^
[INFO] [stdout] 110 |     pub visibility: Visibility,
[INFO] [stdout]     |         ^^^^^^^^^^
[INFO] [stdout]     |
[INFO] [stdout]     = note: `Import` has derived impls for the traits `Clone` and `Debug`, but these are intentionally ignored during dead code analysis
[INFO] [stdout] 
[INFO] [stdout] 
[INFO] [stderr]     Finished `test` profile [unoptimized + debuginfo] target(s) in 3.56s
[INFO] running `Command { std: "docker" "inspect" "61a14ba7174ea2d0d0fa1ea43c24a3cd6677224fff9cab9b091780b7b52ed127", kill_on_drop: false }`
[INFO] running `Command { std: "docker" "rm" "-f" "61a14ba7174ea2d0d0fa1ea43c24a3cd6677224fff9cab9b091780b7b52ed127", kill_on_drop: false }`
[INFO] [stdout] 61a14ba7174ea2d0d0fa1ea43c24a3cd6677224fff9cab9b091780b7b52ed127
[INFO] running `Command { std: "docker" "create" "-v" "/var/lib/crater-agent-workspace/builds/worker-5-tc1/target:/opt/rustwide/target:rw,Z" "-v" "/var/lib/crater-agent-workspace/builds/worker-5-tc1/source:/opt/rustwide/workdir:ro,Z" "-v" "/var/lib/crater-agent-workspace/cargo-home:/opt/rustwide/cargo-home:ro,Z" "-v" "/var/lib/crater-agent-workspace/rustup-home:/opt/rustwide/rustup-home:ro,Z" "-e" "SOURCE_DIR=/opt/rustwide/workdir" "-e" "CARGO_TARGET_DIR=/opt/rustwide/target" "-e" "CARGO_INCREMENTAL=0" "-e" "RUST_BACKTRACE=full" "-e" "RUSTFLAGS=--cap-lints=forbid" "-e" "RUSTDOCFLAGS=--cap-lints=forbid" "-e" "CARGO_HOME=/opt/rustwide/cargo-home" "-e" "RUSTUP_HOME=/opt/rustwide/rustup-home" "-w" "/opt/rustwide/workdir" "-m" "1610612736" "--user" "0:0" "--network" "none" "ghcr.io/rust-lang/crates-build-env/linux@sha256:819108c5571ea2e421544af4d832f968d213c87fbe3707a016657f43d2f853bc" "/opt/rustwide/cargo-home/bin/cargo" "+nightly-2025-01-18" "test" "--frozen", kill_on_drop: false }`
[INFO] [stdout] 8927db615ffa42976da913ea1658cbf78c2778202e2a8ce9bd1eb4e44706a737
[INFO] running `Command { std: "docker" "start" "-a" "8927db615ffa42976da913ea1658cbf78c2778202e2a8ce9bd1eb4e44706a737", kill_on_drop: false }`
[INFO] [stderr] warning: fields `ir` and `context` are never read
[INFO] [stderr]   --> src/generator/dart/ty.rs:32:17
[INFO] [stderr]    |
[INFO] [stderr] 32 |             pub ir: $ir_cls,
[INFO] [stderr]    |                 ^^
[INFO] [stderr] 33 |             pub context: TypeGeneratorContext<'a>,
[INFO] [stderr]    |                 ^^^^^^^
[INFO] [stderr]    |
[INFO] [stderr]   ::: src/generator/dart/ty_dart_opaque.rs:6:29
[INFO] [stderr]    |
[INFO] [stderr] 6  | type_dart_generator_struct!(TypeDartOpaqueGenerator, IrTypeDartOpaque);
[INFO] [stderr]    | ----------------------------------------------------------------------
[INFO] [stderr]    | |                           |
[INFO] [stderr]    | |                           fields in this struct
[INFO] [stderr]    | in this macro invocation
[INFO] [stderr]    |
[INFO] [stderr]    = note: `TypeDartOpaqueGenerator` has derived impls for the traits `Clone` and `Debug`, but these are intentionally ignored during dead code analysis
[INFO] [stderr]    = note: `#[warn(dead_code)]` on by default
[INFO] [stderr]    = note: this warning originates in the macro `type_dart_generator_struct` (in Nightly builds, run with -Z macro-backtrace for more info)
[INFO] [stderr] 
[INFO] [stderr] warning: field `context` is never read
[INFO] [stderr]   --> src/generator/dart/ty.rs:33:17
[INFO] [stderr]    |
[INFO] [stderr] 33 |             pub context: TypeGeneratorContext<'a>,
[INFO] [stderr]    |                 ^^^^^^^
[INFO] [stderr]    |
[INFO] [stderr]   ::: src/generator/dart/ty_optional.rs:6:29
[INFO] [stderr]    |
[INFO] [stderr] 6  | type_dart_generator_struct!(TypeOptionalGenerator, IrTypeOptional);
[INFO] [stderr]    | ------------------------------------------------------------------
[INFO] [stderr]    | |                           |
[INFO] [stderr]    | |                           field in this struct
[INFO] [stderr]    | in this macro invocation
[INFO] [stderr]    |
[INFO] [stderr]    = note: `TypeOptionalGenerator` has derived impls for the traits `Clone` and `Debug`, but these are intentionally ignored during dead code analysis
[INFO] [stderr]    = note: this warning originates in the macro `type_dart_generator_struct` (in Nightly builds, run with -Z macro-backtrace for more info)
[INFO] [stderr] 
[INFO] [stderr] warning: field `context` is never read
[INFO] [stderr]   --> src/generator/dart/ty.rs:33:17
[INFO] [stderr]    |
[INFO] [stderr] 33 |             pub context: TypeGeneratorContext<'a>,
[INFO] [stderr]    |                 ^^^^^^^
[INFO] [stderr]    |
[INFO] [stderr]   ::: src/generator/dart/ty_primitive.rs:7:29
[INFO] [stderr]    |
[INFO] [stderr] 7  | type_dart_generator_struct!(TypePrimitiveGenerator, IrTypePrimitive);
[INFO] [stderr]    | --------------------------------------------------------------------
[INFO] [stderr]    | |                           |
[INFO] [stderr]    | |                           field in this struct
[INFO] [stderr]    | in this macro invocation
[INFO] [stderr]    |
[INFO] [stderr]    = note: `TypePrimitiveGenerator` has derived impls for the traits `Clone` and `Debug`, but these are intentionally ignored during dead code analysis
[INFO] [stderr]    = note: this warning originates in the macro `type_dart_generator_struct` (in Nightly builds, run with -Z macro-backtrace for more info)
[INFO] [stderr] 
[INFO] [stderr] warning: field `context` is never read
[INFO] [stderr]   --> src/generator/rust/ty.rs:85:17
[INFO] [stderr]    |
[INFO] [stderr] 85 |             pub context: TypeGeneratorContext<'a>,
[INFO] [stderr]    |                 ^^^^^^^
[INFO] [stderr]    |
[INFO] [stderr]   ::: src/generator/rust/ty_dart_opaque.rs:11:29
[INFO] [stderr]    |
[INFO] [stderr] 11 | type_rust_generator_struct!(TypeDartOpaqueGenerator, IrTypeDartOpaque);
[INFO] [stderr]    | ----------------------------------------------------------------------
[INFO] [stderr]    | |                           |
[INFO] [stderr]    | |                           field in this struct
[INFO] [stderr]    | in this macro invocation
[INFO] [stderr]    |
[INFO] [stderr]    = note: `TypeDartOpaqueGenerator` has derived impls for the traits `Clone` and `Debug`, but these are intentionally ignored during dead code analysis
[INFO] [stderr]    = note: this warning originates in the macro `type_rust_generator_struct` (in Nightly builds, run with -Z macro-backtrace for more info)
[INFO] [stderr] 
[INFO] [stderr] warning: field `context` is never read
[INFO] [stderr]   --> src/generator/rust/ty.rs:85:17
[INFO] [stderr]    |
[INFO] [stderr] 85 |             pub context: TypeGeneratorContext<'a>,
[INFO] [stderr]    |                 ^^^^^^^
[INFO] [stderr]    |
[INFO] [stderr]   ::: src/generator/rust/ty_primitive.rs:6:29
[INFO] [stderr]    |
[INFO] [stderr] 6  | type_rust_generator_struct!(TypePrimitiveGenerator, IrTypePrimitive);
[INFO] [stderr]    | --------------------------------------------------------------------
[INFO] [stderr]    | |                           |
[INFO] [stderr]    | |                           field in this struct
[INFO] [stderr]    | in this macro invocation
[INFO] [stderr]    |
[INFO] [stderr]    = note: `TypePrimitiveGenerator` has derived impls for the traits `Clone` and `Debug`, but these are intentionally ignored during dead code analysis
[INFO] [stderr]    = note: this warning originates in the macro `type_rust_generator_struct` (in Nightly builds, run with -Z macro-backtrace for more info)
[INFO] [stderr] 
[INFO] [stderr] warning: field `context` is never read
[INFO] [stderr]   --> src/generator/rust/ty.rs:85:17
[INFO] [stderr]    |
[INFO] [stderr] 85 |             pub context: TypeGeneratorContext<'a>,
[INFO] [stderr]    |                 ^^^^^^^
[INFO] [stderr]    |
[INFO] [stderr]   ::: src/generator/rust/ty_primitive_list.rs:9:29
[INFO] [stderr]    |
[INFO] [stderr] 9  | type_rust_generator_struct!(TypePrimitiveListGenerator, IrTypePrimitiveList);
[INFO] [stderr]    | ----------------------------------------------------------------------------
[INFO] [stderr]    | |                           |
[INFO] [stderr]    | |                           field in this struct
[INFO] [stderr]    | in this macro invocation
[INFO] [stderr]    |
[INFO] [stderr]    = note: `TypePrimitiveListGenerator` has derived impls for the traits `Clone` and `Debug`, but these are intentionally ignored during dead code analysis
[INFO] [stderr]    = note: this warning originates in the macro `type_rust_generator_struct` (in Nightly builds, run with -Z macro-backtrace for more info)
[INFO] [stderr] 
[INFO] [stderr] warning: field `context` is never read
[INFO] [stderr]   --> src/generator/rust/ty.rs:85:17
[INFO] [stderr]    |
[INFO] [stderr] 85 |             pub context: TypeGeneratorContext<'a>,
[INFO] [stderr]    |                 ^^^^^^^
[INFO] [stderr]    |
[INFO] [stderr]   ::: src/generator/rust/ty_rust_opaque.rs:11:29
[INFO] [stderr]    |
[INFO] [stderr] 11 | type_rust_generator_struct!(TypeRustOpaqueGenerator, IrTypeRustOpaque);
[INFO] [stderr]    | ----------------------------------------------------------------------
[INFO] [stderr]    | |                           |
[INFO] [stderr]    | |                           field in this struct
[INFO] [stderr]    | in this macro invocation
[INFO] [stderr]    |
[INFO] [stderr]    = note: `TypeRustOpaqueGenerator` has derived impls for the traits `Clone` and `Debug`, but these are intentionally ignored during dead code analysis
[INFO] [stderr]    = note: this warning originates in the macro `type_rust_generator_struct` (in Nightly builds, run with -Z macro-backtrace for more info)
[INFO] [stderr] 
[INFO] [stderr] warning: field `name` is never read
[INFO] [stderr]    --> src/parser/mod.rs:436:9
[INFO] [stderr]     |
[INFO] [stderr] 435 | pub struct NamedOption<K, V> {
[INFO] [stderr]     |            ----------- field in this struct
[INFO] [stderr] 436 |     pub name: K,
[INFO] [stderr]     |         ^^^^
[INFO] [stderr]     |
[INFO] [stderr]     = note: `NamedOption` has derived impls for the traits `Debug` and `Clone`, but these are intentionally ignored during dead code analysis
[INFO] [stderr] 
[INFO] [stderr] warning: field `0` is never read
[INFO] [stderr]    --> src/parser/mod.rs:450:25
[INFO] [stderr]     |
[INFO] [stderr] 450 | pub struct MirrorOption(Path);
[INFO] [stderr]     |            ------------ ^^^^
[INFO] [stderr]     |            |
[INFO] [stderr]     |            field in this struct
[INFO] [stderr]     |
[INFO] [stderr]     = help: consider removing this field
[INFO] [stderr]     = note: `MirrorOption` has derived impls for the traits `Debug` and `Clone`, but these are intentionally ignored during dead code analysis
[INFO] [stderr] 
[INFO] [stderr] warning: field `0` is never read
[INFO] [stderr]    --> src/parser/mod.rs:493:24
[INFO] [stderr]     |
[INFO] [stderr] 493 | pub struct DartImports(Vec<IrDartImport>);
[INFO] [stderr]     |            ----------- ^^^^^^^^^^^^^^^^^
[INFO] [stderr]     |            |
[INFO] [stderr]     |            field in this struct
[INFO] [stderr]     |
[INFO] [stderr]     = help: consider removing this field
[INFO] [stderr]     = note: `DartImports` has derived impls for the traits `Debug` and `Clone`, but these are intentionally ignored during dead code analysis
[INFO] [stderr] 
[INFO] [stderr] warning: field `0` is never read
[INFO] [stderr]    --> src/parser/mod.rs:523:12
[INFO] [stderr]     |
[INFO] [stderr] 523 |     Mirror(MirrorOption),
[INFO] [stderr]     |     ------ ^^^^^^^^^^^^
[INFO] [stderr]     |     |
[INFO] [stderr]     |     field in this variant
[INFO] [stderr]     |
[INFO] [stderr] help: consider changing the field to be of unit type to suppress this warning while preserving the field numbering, or remove the field
[INFO] [stderr]     |
[INFO] [stderr] 523 |     Mirror(()),
[INFO] [stderr]     |            ~~
[INFO] [stderr] 
[INFO] [stderr] warning: fields `name`, `manifest_path`, and `root_src_file` are never read
[INFO] [stderr]   --> src/source_graph.rs:27:9
[INFO] [stderr]    |
[INFO] [stderr] 26 | pub struct Crate {
[INFO] [stderr]    |            ----- fields in this struct
[INFO] [stderr] 27 |     pub name: String,
[INFO] [stderr]    |         ^^^^
[INFO] [stderr] 28 |     pub manifest_path: PathBuf,
[INFO] [stderr]    |         ^^^^^^^^^^^^^
[INFO] [stderr] 29 |     pub root_src_file: PathBuf,
[INFO] [stderr]    |         ^^^^^^^^^^^^^
[INFO] [stderr]    |
[INFO] [stderr]    = note: `Crate` has derived impls for the traits `Clone` and `Debug`, but these are intentionally ignored during dead code analysis
[INFO] [stderr] 
[INFO] [stderr] warning: fields `path` and `visibility` are never read
[INFO] [stderr]    --> src/source_graph.rs:109:9
[INFO] [stderr]     |
[INFO] [stderr] 108 | pub struct Import {
[INFO] [stderr]     |            ------ fields in this struct
[INFO] [stderr] 109 |     pub path: Vec<String>,
[INFO] [stderr]     |         ^^^^
[INFO] [stderr] 110 |     pub visibility: Visibility,
[INFO] [stderr]     |         ^^^^^^^^^^
[INFO] [stderr]     |
[INFO] [stderr]     = note: `Import` has derived impls for the traits `Clone` and `Debug`, but these are intentionally ignored during dead code analysis
[INFO] [stderr] 
[INFO] [stderr] warning: unused variable: `i`
[INFO] [stderr]    --> src/config.rs:720:46
[INFO] [stderr]     |
[INFO] [stderr] 720 |         result.iter().enumerate().for_each(|(i, each_block)| {
[INFO] [stderr]     |                                              ^ help: if this is intentional, prefix it with an underscore: `_i`
[INFO] [stderr]     |
[INFO] [stderr]     = note: `#[warn(unused_variables)]` on by default
[INFO] [stderr] 
[INFO] [stderr] warning: `flutter_rust_bridge_codegen` (lib) generated 13 warnings
[INFO] [stderr] warning: `flutter_rust_bridge_codegen` (lib test) generated 14 warnings (13 duplicates)
[INFO] [stderr]     Finished `test` profile [unoptimized + debuginfo] target(s) in 0.10s
[INFO] [stderr]      Running unittests src/lib.rs (/opt/rustwide/target/debug/deps/lib_flutter_rust_bridge_codegen-8155fe89cd4cbd1e)
[INFO] [stdout] 
[INFO] [stdout] running 19 tests
[INFO] [stdout] test config::test::test_multi_blocks_with_c_output_with_extra_paths ... ok
[INFO] [stdout] test config::test::test_multi_blocks_with_c_output_with_no_extra_paths ... ok
[INFO] [stdout] test config::test::test_single_block_with_no_c_output_with_no_extra_paths ... ok
[INFO] [stdout] test config::test::test_single_block_with_c_output_with_extra_paths ... ok
[INFO] [stdout] test config::test::test_multi_blocks_with_no_c_output_with_no_extra_paths ... ok
[INFO] [stdout] test parser::tests::test_topo_resolve_primary_type ... ok
[INFO] [stdout] test parser::tests::test_topo_resolve_unhandle_case_with_nest ... ok
[INFO] [stdout] test tools::tests::can_parse_dart_caret_syntax ... ok
[INFO] [stdout] test config::test::test_single_block_with_c_output_with_no_extra_paths ... ok
[INFO] [stdout] test config::test::test_single_block_with_no_c_output_with_extra_paths ... ok
[INFO] [stdout] test parser::tests::test_topo_resolve_primary_type_with_nest ... ok
[INFO] [stdout] test tools::tests::cannot_parse_dart_range_syntax ... ok
[INFO] [stdout] test config::test::test_multi_blocks_with_no_c_output_with_extra_paths ... ok
[INFO] [stdout] test parser::tests::test_topo_resolve3_unhandle_case ... ok
[INFO] [stdout] test tools::tests::cannot_compare_version_req_with_different_op ... ok
[INFO] [stdout] test tools::tests::can_parse_pubspec_deps ... ok
[INFO] [stdout] test config::test::test_coutput_with_no_input_block - should panic ... ok
[INFO] [stdout] test tools::tests::guess_flutter_toolchain ... FAILED
[INFO] [stdout] test tools::tests::guess_dart_toolchain ... FAILED
[INFO] [stdout] 
[INFO] [stdout] failures:
[INFO] [stdout] 
[INFO] [stdout] ---- tools::tests::guess_flutter_toolchain stdout ----
[INFO] [stdout] 
[INFO] [stdout] thread 'tools::tests::guess_flutter_toolchain' panicked at src/tools.rs:402:33:
[INFO] [stdout] can get toolchain from /opt/rustwide/workdir/../frb_example/with_flutter
[INFO] [stdout] stack backtrace:
[INFO] [stdout]    0:     0x58d1dbea916a - std::backtrace_rs::backtrace::libunwind::trace::hb059275cfc8d6126
[INFO] [stdout]                                at /rustc/6067b36314ab5eb2eb47cecc464545ba58e1ad24/library/std/src/../../backtrace/src/backtrace/libunwind.rs:116:5
[INFO] [stdout]    1:     0x58d1dbea916a - std::backtrace_rs::backtrace::trace_unsynchronized::h2da071e4327ce3ee
[INFO] [stdout]                                at /rustc/6067b36314ab5eb2eb47cecc464545ba58e1ad24/library/std/src/../../backtrace/src/backtrace/mod.rs:66:5
[INFO] [stdout]    2:     0x58d1dbea916a - std::sys::backtrace::_print_fmt::h842a1474e6f8d23f
[INFO] [stdout]                                at /rustc/6067b36314ab5eb2eb47cecc464545ba58e1ad24/library/std/src/sys/backtrace.rs:66:9
[INFO] [stdout]    3:     0x58d1dbea916a - <std::sys::backtrace::BacktraceLock::print::DisplayBacktrace as core::fmt::Display>::fmt::h71a62eb3b9696b12
[INFO] [stdout]                                at /rustc/6067b36314ab5eb2eb47cecc464545ba58e1ad24/library/std/src/sys/backtrace.rs:39:26
[INFO] [stdout]    4:     0x58d1dbed28c3 - core::fmt::rt::Argument::fmt::hdb6b616786b41dc1
[INFO] [stdout]                                at /rustc/6067b36314ab5eb2eb47cecc464545ba58e1ad24/library/core/src/fmt/rt.rs:177:76
[INFO] [stdout]    5:     0x58d1dbed28c3 - core::fmt::write::h2cc1698af7e2d686
[INFO] [stdout]                                at /rustc/6067b36314ab5eb2eb47cecc464545ba58e1ad24/library/core/src/fmt/mod.rs:1440:21
[INFO] [stdout]    6:     0x58d1dbea5453 - std::io::Write::write_fmt::hab1b4cd059a79022
[INFO] [stdout]                                at /rustc/6067b36314ab5eb2eb47cecc464545ba58e1ad24/library/std/src/io/mod.rs:1887:15
[INFO] [stdout]    7:     0x58d1dbea8fb2 - std::sys::backtrace::BacktraceLock::print::h147fe35b4ea13b08
[INFO] [stdout]                                at /rustc/6067b36314ab5eb2eb47cecc464545ba58e1ad24/library/std/src/sys/backtrace.rs:42:9
[INFO] [stdout]    8:     0x58d1dbeaa58f - std::panicking::default_hook::{{closure}}::hbd44223dbdc0d208
[INFO] [stdout]                                at /rustc/6067b36314ab5eb2eb47cecc464545ba58e1ad24/library/std/src/panicking.rs:298:22
[INFO] [stdout]    9:     0x58d1dbeaa3a8 - std::panicking::default_hook::h20f81eb0576efcec
[INFO] [stdout]                                at /rustc/6067b36314ab5eb2eb47cecc464545ba58e1ad24/library/std/src/panicking.rs:322:9
[INFO] [stdout]   10:     0x58d1dbc68703 - <alloc::boxed::Box<F,A> as core::ops::function::Fn<Args>>::call::hdb53814c496a4d34
[INFO] [stdout]                                at /rustc/6067b36314ab5eb2eb47cecc464545ba58e1ad24/library/alloc/src/boxed.rs:2027:9
[INFO] [stdout]   11:     0x58d1dbc68703 - test::test_main::{{closure}}::hc0a4963c59427c24
[INFO] [stdout]                                at /rustc/6067b36314ab5eb2eb47cecc464545ba58e1ad24/library/test/src/lib.rs:134:21
[INFO] [stdout]   12:     0x58d1dbeab083 - <alloc::boxed::Box<F,A> as core::ops::function::Fn<Args>>::call::h591b2225413a77e9
[INFO] [stdout]                                at /rustc/6067b36314ab5eb2eb47cecc464545ba58e1ad24/library/alloc/src/boxed.rs:2027:9
[INFO] [stdout]   13:     0x58d1dbeab083 - std::panicking::rust_panic_with_hook::h625eea43051b2edc
[INFO] [stdout]                                at /rustc/6067b36314ab5eb2eb47cecc464545ba58e1ad24/library/std/src/panicking.rs:839:13
[INFO] [stdout]   14:     0x58d1dbeaad3a - std::panicking::begin_panic_handler::{{closure}}::h4f9159cfbc3f6bd3
[INFO] [stdout]                                at /rustc/6067b36314ab5eb2eb47cecc464545ba58e1ad24/library/std/src/panicking.rs:704:13
[INFO] [stdout]   15:     0x58d1dbea9669 - std::sys::backtrace::__rust_end_short_backtrace::h0390abce48353151
[INFO] [stdout]                                at /rustc/6067b36314ab5eb2eb47cecc464545ba58e1ad24/library/std/src/sys/backtrace.rs:168:18
[INFO] [stdout]   16:     0x58d1dbeaa9cd - rust_begin_unwind
[INFO] [stdout]                                at /rustc/6067b36314ab5eb2eb47cecc464545ba58e1ad24/library/std/src/panicking.rs:695:5
[INFO] [stdout]   17:     0x58d1dbed09c0 - core::panicking::panic_fmt::h9e7c637e9e5f29c9
[INFO] [stdout]                                at /rustc/6067b36314ab5eb2eb47cecc464545ba58e1ad24/library/core/src/panicking.rs:75:14
[INFO] [stdout]   18:     0x58d1dbbc01ac - lib_flutter_rust_bridge_codegen::tools::tests::guess_toolchain_base::{{closure}}::h96e94f99384c2202
[INFO] [stdout]                                at /opt/rustwide/workdir/src/tools.rs:402:33
[INFO] [stdout]   19:     0x58d1dbbab21a - core::result::Result<T,E>::unwrap_or_else::h0a7fcfec7fa9955c
[INFO] [stdout]                                at /rustc/6067b36314ab5eb2eb47cecc464545ba58e1ad24/library/core/src/result.rs:1463:23
[INFO] [stdout]   20:     0x58d1dbbc001c - lib_flutter_rust_bridge_codegen::tools::tests::guess_toolchain_base::ha719abaf84f2c2d9
[INFO] [stdout]                                at /opt/rustwide/workdir/src/tools.rs:401:20
[INFO] [stdout]   21:     0x58d1dbbc05ab - lib_flutter_rust_bridge_codegen::tools::tests::guess_flutter_toolchain::he092a3a654aae360
[INFO] [stdout]                                at /opt/rustwide/workdir/src/tools.rs:423:9
[INFO] [stdout]   22:     0x58d1dbbc0507 - lib_flutter_rust_bridge_codegen::tools::tests::guess_flutter_toolchain::{{closure}}::hce91fd426c65f4c8
[INFO] [stdout]                                at /opt/rustwide/workdir/src/tools.rs:422:33
[INFO] [stdout]   23:     0x58d1dbbcb396 - core::ops::function::FnOnce::call_once::ha998fde4faccdc2d
[INFO] [stdout]                                at /rustc/6067b36314ab5eb2eb47cecc464545ba58e1ad24/library/core/src/ops/function.rs:250:5
[INFO] [stdout]   24:     0x58d1dbc6de5b - core::ops::function::FnOnce::call_once::he27718dfdd183f43
[INFO] [stdout]                                at /rustc/6067b36314ab5eb2eb47cecc464545ba58e1ad24/library/core/src/ops/function.rs:250:5
[INFO] [stdout]   25:     0x58d1dbc6de5b - test::__rust_begin_short_backtrace::h4e84902998457a5d
[INFO] [stdout]                                at /rustc/6067b36314ab5eb2eb47cecc464545ba58e1ad24/library/test/src/lib.rs:632:18
[INFO] [stdout]   26:     0x58d1dbc6cd93 - test::run_test_in_process::{{closure}}::h7176fd18fc1feca0
[INFO] [stdout]                                at /rustc/6067b36314ab5eb2eb47cecc464545ba58e1ad24/library/test/src/lib.rs:655:60
[INFO] [stdout]   27:     0x58d1dbc6cd93 - <core::panic::unwind_safe::AssertUnwindSafe<F> as core::ops::function::FnOnce<()>>::call_once::hf79cff2a624d8cf7
[INFO] [stdout]                                at /rustc/6067b36314ab5eb2eb47cecc464545ba58e1ad24/library/core/src/panic/unwind_safe.rs:272:9
[INFO] [stdout]   28:     0x58d1dbc6cd93 - std::panicking::try::do_call::h3da0561d9ab99c25
[INFO] [stdout]                                at /rustc/6067b36314ab5eb2eb47cecc464545ba58e1ad24/library/std/src/panicking.rs:587:40
[INFO] [stdout]   29:     0x58d1dbc6cd93 - std::panicking::try::h41c9fa508bc61df6
[INFO] [stdout]                                at /rustc/6067b36314ab5eb2eb47cecc464545ba58e1ad24/library/std/src/panicking.rs:550:19
[INFO] [stdout]   30:     0x58d1dbc6cd93 - std::panic::catch_unwind::h6b3ff07bb5afad93
[INFO] [stdout]                                at /rustc/6067b36314ab5eb2eb47cecc464545ba58e1ad24/library/std/src/panic.rs:358:14
[INFO] [stdout]   31:     0x58d1dbc6cd93 - test::run_test_in_process::hc7253dd11b39b9f4
[INFO] [stdout]                                at /rustc/6067b36314ab5eb2eb47cecc464545ba58e1ad24/library/test/src/lib.rs:655:27
[INFO] [stdout]   32:     0x58d1dbc6cd93 - test::run_test::{{closure}}::hfb2007f8649c30bb
[INFO] [stdout]                                at /rustc/6067b36314ab5eb2eb47cecc464545ba58e1ad24/library/test/src/lib.rs:576:43
[INFO] [stdout]   33:     0x58d1dbc2fe75 - test::run_test::{{closure}}::h56a17aa7a282a9f4
[INFO] [stdout]                                at /rustc/6067b36314ab5eb2eb47cecc464545ba58e1ad24/library/test/src/lib.rs:606:41
[INFO] [stdout]   34:     0x58d1dbc2fe75 - std::sys::backtrace::__rust_begin_short_backtrace::hd2d2d2fb8e8c6aac
[INFO] [stdout]                                at /rustc/6067b36314ab5eb2eb47cecc464545ba58e1ad24/library/std/src/sys/backtrace.rs:152:18
[INFO] [stdout]   35:     0x58d1dbc3375a - std::thread::Builder::spawn_unchecked_::{{closure}}::{{closure}}::h4faa3f9db6133423
[INFO] [stdout]                                at /rustc/6067b36314ab5eb2eb47cecc464545ba58e1ad24/library/std/src/thread/mod.rs:559:17
[INFO] [stdout]   36:     0x58d1dbc3375a - <core::panic::unwind_safe::AssertUnwindSafe<F> as core::ops::function::FnOnce<()>>::call_once::hf2e855a36a4ea846
[INFO] [stdout]                                at /rustc/6067b36314ab5eb2eb47cecc464545ba58e1ad24/library/core/src/panic/unwind_safe.rs:272:9
[INFO] [stdout]   37:     0x58d1dbc3375a - std::panicking::try::do_call::h2f73af3616c35465
[INFO] [stdout]                                at /rustc/6067b36314ab5eb2eb47cecc464545ba58e1ad24/library/std/src/panicking.rs:587:40
[INFO] [stdout]   38:     0x58d1dbc3375a - std::panicking::try::hd1660ce9efadef5a
[INFO] [stdout]                                at /rustc/6067b36314ab5eb2eb47cecc464545ba58e1ad24/library/std/src/panicking.rs:550:19
[INFO] [stdout]   39:     0x58d1dbc3375a - std::panic::catch_unwind::h5ee8d7823b8ca744
[INFO] [stdout]                                at /rustc/6067b36314ab5eb2eb47cecc464545ba58e1ad24/library/std/src/panic.rs:358:14
[INFO] [stdout]   40:     0x58d1dbc3375a - std::thread::Builder::spawn_unchecked_::{{closure}}::h53c3a1894dce8407
[INFO] [stdout]                                at /rustc/6067b36314ab5eb2eb47cecc464545ba58e1ad24/library/std/src/thread/mod.rs:557:30
[INFO] [stdout]   41:     0x58d1dbc3375a - core::ops::function::FnOnce::call_once{{vtable.shim}}::h048ce291ad4f62bf
[INFO] [stdout]                                at /rustc/6067b36314ab5eb2eb47cecc464545ba58e1ad24/library/core/src/ops/function.rs:250:5
[INFO] [stdout]   42:     0x58d1dbeaf1ab - <alloc::boxed::Box<F,A> as core::ops::function::FnOnce<Args>>::call_once::ha52bedf99a3b4981
[INFO] [stdout]                                at /rustc/6067b36314ab5eb2eb47cecc464545ba58e1ad24/library/alloc/src/boxed.rs:2013:9
[INFO] [stdout]   43:     0x58d1dbeaf1ab - <alloc::boxed::Box<F,A> as core::ops::function::FnOnce<Args>>::call_once::h567748934d80ccf8
[INFO] [stdout]                                at /rustc/6067b36314ab5eb2eb47cecc464545ba58e1ad24/library/alloc/src/boxed.rs:2013:9
[INFO] [stdout]   44:     0x58d1dbeaf1ab - std::sys::pal::unix::thread::Thread::new::thread_start::h2d970728ae887adc
[INFO] [stdout]                                at /rustc/6067b36314ab5eb2eb47cecc464545ba58e1ad24/library/std/src/sys/pal/unix/thread.rs:106:17
[INFO] [stdout]   45:     0x7e596df20ac3 - <unknown>
[INFO] [stdout]   46:     0x7e596dfb1a04 - clone
[INFO] [stdout]   47:                0x0 - <unknown>
[INFO] [stdout] 
[INFO] [stdout] ---- tools::tests::guess_dart_toolchain stdout ----
[INFO] [stdout] 
[INFO] [stdout] thread 'tools::tests::guess_dart_toolchain' panicked at src/tools.rs:402:33:
[INFO] [stdout] can get toolchain from /opt/rustwide/workdir/../frb_example/pure_dart/dart
[INFO] [stdout] stack backtrace:
[INFO] [stdout]    0:     0x58d1dbea916a - std::backtrace_rs::backtrace::libunwind::trace::hb059275cfc8d6126
[INFO] [stdout]                                at /rustc/6067b36314ab5eb2eb47cecc464545ba58e1ad24/library/std/src/../../backtrace/src/backtrace/libunwind.rs:116:5
[INFO] [stdout]    1:     0x58d1dbea916a - std::backtrace_rs::backtrace::trace_unsynchronized::h2da071e4327ce3ee
[INFO] [stdout]                                at /rustc/6067b36314ab5eb2eb47cecc464545ba58e1ad24/library/std/src/../../backtrace/src/backtrace/mod.rs:66:5
[INFO] [stdout]    2:     0x58d1dbea916a - std::sys::backtrace::_print_fmt::h842a1474e6f8d23f
[INFO] [stdout]                                at /rustc/6067b36314ab5eb2eb47cecc464545ba58e1ad24/library/std/src/sys/backtrace.rs:66:9
[INFO] [stdout]    3:     0x58d1dbea916a - <std::sys::backtrace::BacktraceLock::print::DisplayBacktrace as core::fmt::Display>::fmt::h71a62eb3b9696b12
[INFO] [stdout]                                at /rustc/6067b36314ab5eb2eb47cecc464545ba58e1ad24/library/std/src/sys/backtrace.rs:39:26
[INFO] [stdout]    4:     0x58d1dbed28c3 - core::fmt::rt::Argument::fmt::hdb6b616786b41dc1
[INFO] [stdout]                                at /rustc/6067b36314ab5eb2eb47cecc464545ba58e1ad24/library/core/src/fmt/rt.rs:177:76
[INFO] [stdout]    5:     0x58d1dbed28c3 - core::fmt::write::h2cc1698af7e2d686
[INFO] [stdout]                                at /rustc/6067b36314ab5eb2eb47cecc464545ba58e1ad24/library/core/src/fmt/mod.rs:1440:21
[INFO] [stdout]    6:     0x58d1dbea5453 - std::io::Write::write_fmt::hab1b4cd059a79022
[INFO] [stdout]                                at /rustc/6067b36314ab5eb2eb47cecc464545ba58e1ad24/library/std/src/io/mod.rs:1887:15
[INFO] [stdout]    7:     0x58d1dbea8fb2 - std::sys::backtrace::BacktraceLock::print::h147fe35b4ea13b08
[INFO] [stdout]                                at /rustc/6067b36314ab5eb2eb47cecc464545ba58e1ad24/library/std/src/sys/backtrace.rs:42:9
[INFO] [stdout]    8:     0x58d1dbeaa58f - std::panicking::default_hook::{{closure}}::hbd44223dbdc0d208
[INFO] [stdout]                                at /rustc/6067b36314ab5eb2eb47cecc464545ba58e1ad24/library/std/src/panicking.rs:298:22
[INFO] [stdout]    9:     0x58d1dbeaa3a8 - std::panicking::default_hook::h20f81eb0576efcec
[INFO] [stdout]                                at /rustc/6067b36314ab5eb2eb47cecc464545ba58e1ad24/library/std/src/panicking.rs:322:9
[INFO] [stdout]   10:     0x58d1dbc68703 - <alloc::boxed::Box<F,A> as core::ops::function::Fn<Args>>::call::hdb53814c496a4d34
[INFO] [stdout]                                at /rustc/6067b36314ab5eb2eb47cecc464545ba58e1ad24/library/alloc/src/boxed.rs:2027:9
[INFO] [stdout]   11:     0x58d1dbc68703 - test::test_main::{{closure}}::hc0a4963c59427c24
[INFO] [stdout]                                at /rustc/6067b36314ab5eb2eb47cecc464545ba58e1ad24/library/test/src/lib.rs:134:21
[INFO] [stdout]   12:     0x58d1dbeab083 - <alloc::boxed::Box<F,A> as core::ops::function::Fn<Args>>::call::h591b2225413a77e9
[INFO] [stdout]                                at /rustc/6067b36314ab5eb2eb47cecc464545ba58e1ad24/library/alloc/src/boxed.rs:2027:9
[INFO] [stdout]   13:     0x58d1dbeab083 - std::panicking::rust_panic_with_hook::h625eea43051b2edc
[INFO] [stdout]                                at /rustc/6067b36314ab5eb2eb47cecc464545ba58e1ad24/library/std/src/panicking.rs:839:13
[INFO] [stdout]   14:     0x58d1dbeaad3a - std::panicking::begin_panic_handler::{{closure}}::h4f9159cfbc3f6bd3
[INFO] [stdout]                                at /rustc/6067b36314ab5eb2eb47cecc464545ba58e1ad24/library/std/src/panicking.rs:704:13
[INFO] [stdout]   15:     0x58d1dbea9669 - std::sys::backtrace::__rust_end_short_backtrace::h0390abce48353151
[INFO] [stdout]                                at /rustc/6067b36314ab5eb2eb47cecc464545ba58e1ad24/library/std/src/sys/backtrace.rs:168:18
[INFO] [stdout]   16:     0x58d1dbeaa9cd - rust_begin_unwind
[INFO] [stdout]                                at /rustc/6067b36314ab5eb2eb47cecc464545ba58e1ad24/library/std/src/panicking.rs:695:5
[INFO] [stdout]   17:     0x58d1dbed09c0 - core::panicking::panic_fmt::h9e7c637e9e5f29c9
[INFO] [stdout]                                at /rustc/6067b36314ab5eb2eb47cecc464545ba58e1ad24/library/core/src/panicking.rs:75:14
[INFO] [stdout]   18:     0x58d1dbbc01ac - lib_flutter_rust_bridge_codegen::tools::tests::guess_toolchain_base::{{closure}}::h96e94f99384c2202
[INFO] [stdout]                                at /opt/rustwide/workdir/src/tools.rs:402:33
[INFO] [stdout]   19:     0x58d1dbbab21a - core::result::Result<T,E>::unwrap_or_else::h0a7fcfec7fa9955c
[INFO] [stdout]                                at /rustc/6067b36314ab5eb2eb47cecc464545ba58e1ad24/library/core/src/result.rs:1463:23
[INFO] [stdout]   20:     0x58d1dbbc001c - lib_flutter_rust_bridge_codegen::tools::tests::guess_toolchain_base::ha719abaf84f2c2d9
[INFO] [stdout]                                at /opt/rustwide/workdir/src/tools.rs:401:20
[INFO] [stdout]   21:     0x58d1dbbc0382 - lib_flutter_rust_bridge_codegen::tools::tests::guess_dart_toolchain::h274ed213bc129519
[INFO] [stdout]                                at /opt/rustwide/workdir/src/tools.rs:408:9
[INFO] [stdout]   22:     0x58d1dbbc0267 - lib_flutter_rust_bridge_codegen::tools::tests::guess_dart_toolchain::{{closure}}::hc0bebbbeb521f025
[INFO] [stdout]                                at /opt/rustwide/workdir/src/tools.rs:407:30
[INFO] [stdout]   23:     0x58d1dbbcad96 - core::ops::function::FnOnce::call_once::h5f6061d6b5e90918
[INFO] [stdout]                                at /rustc/6067b36314ab5eb2eb47cecc464545ba58e1ad24/library/core/src/ops/function.rs:250:5
[INFO] [stdout]   24:     0x58d1dbc6de5b - core::ops::function::FnOnce::call_once::he27718dfdd183f43
[INFO] [stdout]                                at /rustc/6067b36314ab5eb2eb47cecc464545ba58e1ad24/library/core/src/ops/function.rs:250:5
[INFO] [stdout]   25:     0x58d1dbc6de5b - test::__rust_begin_short_backtrace::h4e84902998457a5d
[INFO] [stdout]                                at /rustc/6067b36314ab5eb2eb47cecc464545ba58e1ad24/library/test/src/lib.rs:632:18
[INFO] [stdout]   26:     0x58d1dbc6cd93 - test::run_test_in_process::{{closure}}::h7176fd18fc1feca0
[INFO] [stdout]                                at /rustc/6067b36314ab5eb2eb47cecc464545ba58e1ad24/library/test/src/lib.rs:655:60
[INFO] [stdout]   27:     0x58d1dbc6cd93 - <core::panic::unwind_safe::AssertUnwindSafe<F> as core::ops::function::FnOnce<()>>::call_once::hf79cff2a624d8cf7
[INFO] [stdout]                                at /rustc/6067b36314ab5eb2eb47cecc464545ba58e1ad24/library/core/src/panic/unwind_safe.rs:272:9
[INFO] [stdout]   28:     0x58d1dbc6cd93 - std::panicking::try::do_call::h3da0561d9ab99c25
[INFO] [stdout]                                at /rustc/6067b36314ab5eb2eb47cecc464545ba58e1ad24/library/std/src/panicking.rs:587:40
[INFO] [stdout]   29:     0x58d1dbc6cd93 - std::panicking::try::h41c9fa508bc61df6
[INFO] [stdout]                                at /rustc/6067b36314ab5eb2eb47cecc464545ba58e1ad24/library/std/src/panicking.rs:550:19
[INFO] [stdout]   30:     0x58d1dbc6cd93 - std::panic::catch_unwind::h6b3ff07bb5afad93
[INFO] [stdout]                                at /rustc/6067b36314ab5eb2eb47cecc464545ba58e1ad24/library/std/src/panic.rs:358:14
[INFO] [stdout]   31:     0x58d1dbc6cd93 - test::run_test_in_process::hc7253dd11b39b9f4
[INFO] [stdout]                                at /rustc/6067b36314ab5eb2eb47cecc464545ba58e1ad24/library/test/src/lib.rs:655:27
[INFO] [stdout]   32:     0x58d1dbc6cd93 - test::run_test::{{closure}}::hfb2007f8649c30bb
[INFO] [stdout]                                at /rustc/6067b36314ab5eb2eb47cecc464545ba58e1ad24/library/test/src/lib.rs:576:43
[INFO] [stdout]   33:     0x58d1dbc2fe75 - test::run_test::{{closure}}::h56a17aa7a282a9f4
[INFO] [stdout]                                at /rustc/6067b36314ab5eb2eb47cecc464545ba58e1ad24/library/test/src/lib.rs:606:41
[INFO] [stdout]   34:     0x58d1dbc2fe75 - std::sys::backtrace::__rust_begin_short_backtrace::hd2d2d2fb8e8c6aac
[INFO] [stdout]                                at /rustc/6067b36314ab5eb2eb47cecc464545ba58e1ad24/library/std/src/sys/backtrace.rs:152:18
[INFO] [stdout]   35:     0x58d1dbc3375a - std::thread::Builder::spawn_unchecked_::{{closure}}::{{closure}}::h4faa3f9db6133423
[INFO] [stdout]                                at /rustc/6067b36314ab5eb2eb47cecc464545ba58e1ad24/library/std/src/thread/mod.rs:559:17
[INFO] [stdout]   36:     0x58d1dbc3375a - <core::panic::unwind_safe::AssertUnwindSafe<F> as core::ops::function::FnOnce<()>>::call_once::hf2e855a36a4ea846
[INFO] [stdout]                                at /rustc/6067b36314ab5eb2eb47cecc464545ba58e1ad24/library/core/src/panic/unwind_safe.rs:272:9
[INFO] [stdout]   37:     0x58d1dbc3375a - std::panicking::try::do_call::h2f73af3616c35465
[INFO] [stdout]                                at /rustc/6067b36314ab5eb2eb47cecc464545ba58e1ad24/library/std/src/panicking.rs:587:40
[INFO] [stdout]   38:     0x58d1dbc3375a - std::panicking::try::hd1660ce9efadef5a
[INFO] [stdout]                                at /rustc/6067b36314ab5eb2eb47cecc464545ba58e1ad24/library/std/src/panicking.rs:550:19
[INFO] [stdout]   39:     0x58d1dbc3375a - std::panic::catch_unwind::h5ee8d7823b8ca744
[INFO] [stdout]                                at /rustc/6067b36314ab5eb2eb47cecc464545ba58e1ad24/library/std/src/panic.rs:358:14
[INFO] [stdout]   40:     0x58d1dbc3375a - std::thread::Builder::spawn_unchecked_::{{closure}}::h53c3a1894dce8407
[INFO] [stdout]                                at /rustc/6067b36314ab5eb2eb47cecc464545ba58e1ad24/library/std/src/thread/mod.rs:557:30
[INFO] [stdout]   41:     0x58d1dbc3375a - core::ops::function::FnOnce::call_once{{vtable.shim}}::h048ce291ad4f62bf
[INFO] [stdout]                                at /rustc/6067b36314ab5eb2eb47cecc464545ba58e1ad24/library/core/src/ops/function.rs:250:5
[INFO] [stdout]   42:     0x58d1dbeaf1ab - <alloc::boxed::Box<F,A> as core::ops::function::FnOnce<Args>>::call_once::ha52bedf99a3b4981
[INFO] [stdout]                                at /rustc/6067b36314ab5eb2eb47cecc464545ba58e1ad24/library/alloc/src/boxed.rs:2013:9
[INFO] [stdout]   43:     0x58d1dbeaf1ab - <alloc::boxed::Box<F,A> as core::ops::function::FnOnce<Args>>::call_once::h567748934d80ccf8
[INFO] [stdout]                                at /rustc/6067b36314ab5eb2eb47cecc464545ba58e1ad24/library/alloc/src/boxed.rs:2013:9
[INFO] [stdout]   44:     0x58d1dbeaf1ab - std::sys::pal::unix::thread::Thread::new::thread_start::h2d970728ae887adc
[INFO] [stdout]                                at /rustc/6067b36314ab5eb2eb47cecc464545ba58e1ad24/library/std/src/sys/pal/unix/thread.rs:106:17
[INFO] [stdout]   45:     0x7e596df20ac3 - <unknown>
[INFO] [stdout]   46:     0x7e596dfb1a04 - clone
[INFO] [stdout]   47:                0x0 - <unknown>
[INFO] [stdout] 
[INFO] [stdout] 
[INFO] [stdout] failures:
[INFO] [stdout]     tools::tests::guess_dart_toolchain
[INFO] [stdout]     tools::tests::guess_flutter_toolchain
[INFO] [stdout] 
[INFO] [stdout] test result: FAILED. 17 passed; 2 failed; 0 ignored; 0 measured; 0 filtered out; finished in 0.10s
[INFO] [stdout] 
[INFO] [stderr] error: test failed, to rerun pass `--lib`
[INFO] running `Command { std: "docker" "inspect" "8927db615ffa42976da913ea1658cbf78c2778202e2a8ce9bd1eb4e44706a737", kill_on_drop: false }`
[INFO] running `Command { std: "docker" "rm" "-f" "8927db615ffa42976da913ea1658cbf78c2778202e2a8ce9bd1eb4e44706a737", kill_on_drop: false }`
[INFO] [stdout] 8927db615ffa42976da913ea1658cbf78c2778202e2a8ce9bd1eb4e44706a737
