[INFO] cloning repository https://github.com/nicolaszordan/aoc_2020_rust
[INFO] running `Command { std: "git" "-c" "credential.helper=" "-c" "credential.helper=/workspace/cargo-home/bin/git-credential-null" "clone" "--bare" "https://github.com/nicolaszordan/aoc_2020_rust" "/workspace/cache/git-repos/https%3A%2F%2Fgithub.com%2Fnicolaszordan%2Faoc_2020_rust", kill_on_drop: false }`
[INFO] [stderr] Cloning into bare repository '/workspace/cache/git-repos/https%3A%2F%2Fgithub.com%2Fnicolaszordan%2Faoc_2020_rust'...
[INFO] running `Command { std: "git" "rev-parse" "HEAD", kill_on_drop: false }`
[INFO] [stdout] ab41bfc051b3e16631914f1919c0ad7d60cc58fc
[INFO] testing nicolaszordan/aoc_2020_rust against nightly-2025-01-18+rustflags=-Zrandomize-layout for randomize-layout-2
[INFO] running `Command { std: "git" "clone" "/workspace/cache/git-repos/https%3A%2F%2Fgithub.com%2Fnicolaszordan%2Faoc_2020_rust" "/workspace/builds/worker-6-tc2/source", kill_on_drop: false }`
[INFO] [stderr] Cloning into '/workspace/builds/worker-6-tc2/source'...
[INFO] [stderr] done.
[INFO] validating manifest of git repo https://github.com/nicolaszordan/aoc_2020_rust on toolchain nightly-2025-01-18
[INFO] running `Command { std: CARGO_HOME="/workspace/cargo-home" RUSTUP_HOME="/workspace/rustup-home" "/workspace/cargo-home/bin/cargo" "+nightly-2025-01-18" "metadata" "--manifest-path" "Cargo.toml" "--no-deps", kill_on_drop: false }`
[INFO] started tweaking git repo https://github.com/nicolaszordan/aoc_2020_rust
[INFO] finished tweaking git repo https://github.com/nicolaszordan/aoc_2020_rust
[INFO] tweaked toml for git repo https://github.com/nicolaszordan/aoc_2020_rust written to /workspace/builds/worker-6-tc2/source/Cargo.toml
[INFO] crate git repo https://github.com/nicolaszordan/aoc_2020_rust already has a lockfile, it will not be regenerated
[INFO] running `Command { std: CARGO_HOME="/workspace/cargo-home" RUSTUP_HOME="/workspace/rustup-home" "/workspace/cargo-home/bin/cargo" "+nightly-2025-01-18" "fetch" "--manifest-path" "Cargo.toml", kill_on_drop: false }`
[INFO] running `Command { std: "docker" "create" "-v" "/var/lib/crater-agent-workspace/builds/worker-6-tc2/target:/opt/rustwide/target:rw,Z" "-v" "/var/lib/crater-agent-workspace/builds/worker-6-tc2/source:/opt/rustwide/workdir:ro,Z" "-v" "/var/lib/crater-agent-workspace/cargo-home:/opt/rustwide/cargo-home:ro,Z" "-v" "/var/lib/crater-agent-workspace/rustup-home:/opt/rustwide/rustup-home:ro,Z" "-e" "SOURCE_DIR=/opt/rustwide/workdir" "-e" "CARGO_TARGET_DIR=/opt/rustwide/target" "-e" "CARGO_HOME=/opt/rustwide/cargo-home" "-e" "RUSTUP_HOME=/opt/rustwide/rustup-home" "-w" "/opt/rustwide/workdir" "-m" "1610612736" "--user" "0:0" "--network" "none" "ghcr.io/rust-lang/crates-build-env/linux@sha256:819108c5571ea2e421544af4d832f968d213c87fbe3707a016657f43d2f853bc" "/opt/rustwide/cargo-home/bin/cargo" "+nightly-2025-01-18" "metadata" "--no-deps" "--format-version=1", kill_on_drop: false }`
[INFO] [stdout] 89d5c5c8d8c15d2572008f0082c4046bef5f5e6f26f7cba80199a3133046de6e
[INFO] running `Command { std: "docker" "start" "-a" "89d5c5c8d8c15d2572008f0082c4046bef5f5e6f26f7cba80199a3133046de6e", kill_on_drop: false }`
[INFO] running `Command { std: "docker" "inspect" "89d5c5c8d8c15d2572008f0082c4046bef5f5e6f26f7cba80199a3133046de6e", kill_on_drop: false }`
[INFO] running `Command { std: "docker" "rm" "-f" "89d5c5c8d8c15d2572008f0082c4046bef5f5e6f26f7cba80199a3133046de6e", kill_on_drop: false }`
[INFO] [stdout] 89d5c5c8d8c15d2572008f0082c4046bef5f5e6f26f7cba80199a3133046de6e
[INFO] running `Command { std: "docker" "create" "-v" "/var/lib/crater-agent-workspace/builds/worker-6-tc2/target:/opt/rustwide/target:rw,Z" "-v" "/var/lib/crater-agent-workspace/builds/worker-6-tc2/source:/opt/rustwide/workdir:ro,Z" "-v" "/var/lib/crater-agent-workspace/cargo-home:/opt/rustwide/cargo-home:ro,Z" "-v" "/var/lib/crater-agent-workspace/rustup-home:/opt/rustwide/rustup-home:ro,Z" "-e" "SOURCE_DIR=/opt/rustwide/workdir" "-e" "CARGO_TARGET_DIR=/opt/rustwide/target" "-e" "CARGO_INCREMENTAL=0" "-e" "RUST_BACKTRACE=full" "-e" "RUSTFLAGS=--cap-lints=forbid -Zrandomize-layout" "-e" "RUSTDOCFLAGS=--cap-lints=forbid" "-e" "CARGO_HOME=/opt/rustwide/cargo-home" "-e" "RUSTUP_HOME=/opt/rustwide/rustup-home" "-w" "/opt/rustwide/workdir" "-m" "1610612736" "--user" "0:0" "--network" "none" "ghcr.io/rust-lang/crates-build-env/linux@sha256:819108c5571ea2e421544af4d832f968d213c87fbe3707a016657f43d2f853bc" "/opt/rustwide/cargo-home/bin/cargo" "+nightly-2025-01-18" "build" "--frozen" "--message-format=json", kill_on_drop: false }`
[INFO] [stdout] 729b1283de19ef54aaded6275387df807dc9b66585e505ceb8cf63fcfbb4ed62
[INFO] running `Command { std: "docker" "start" "-a" "729b1283de19ef54aaded6275387df807dc9b66585e505ceb8cf63fcfbb4ed62", kill_on_drop: false }`
[INFO] [stderr]    Compiling autocfg v1.0.1
[INFO] [stderr]    Compiling lazy_static v1.4.0
[INFO] [stderr]    Compiling serde v1.0.117
[INFO] [stderr]    Compiling memchr v2.3.4
[INFO] [stderr]    Compiling libc v0.2.80
[INFO] [stderr]    Compiling const_fn v0.4.3
[INFO] [stderr]    Compiling cfg-if v1.0.0
[INFO] [stderr]    Compiling semver-parser v0.7.0
[INFO] [stderr]    Compiling byteorder v1.3.4
[INFO] [stderr]    Compiling proc-macro2 v1.0.24
[INFO] [stderr]    Compiling semver v0.9.0
[INFO] [stderr]    Compiling ryu v1.0.5
[INFO] [stderr]    Compiling scopeguard v1.1.0
[INFO] [stderr]    Compiling crossbeam-utils v0.8.1
[INFO] [stderr]    Compiling memoffset v0.6.1
[INFO] [stderr]    Compiling rustc_version v0.2.3
[INFO] [stderr]    Compiling unicode-xid v0.2.1
[INFO] [stderr]    Compiling rayon-core v1.9.0
[INFO] [stderr]    Compiling cast v0.2.3
[INFO] [stderr]    Compiling num-traits v0.2.14
[INFO] [stderr]    Compiling either v1.6.1
[INFO] [stderr]    Compiling serde_json v1.0.60
[INFO] [stderr]    Compiling itoa v0.4.6
[INFO] [stderr]    Compiling syn v1.0.53
[INFO] [stderr]    Compiling bitflags v1.2.1
[INFO] [stderr]    Compiling regex-automata v0.1.9
[INFO] [stderr]    Compiling num_cpus v1.13.0
[INFO] [stderr]    Compiling quote v1.0.7
[INFO] [stderr]    Compiling rayon v1.5.0
[INFO] [stderr]    Compiling unicode-width v0.1.8
[INFO] [stderr]    Compiling crossbeam-epoch v0.9.1
[INFO] [stderr]    Compiling crossbeam-channel v0.5.0
[INFO] [stderr]    Compiling serde_derive v1.0.117
[INFO] [stderr]    Compiling textwrap v0.11.0
[INFO] [stderr]    Compiling crossbeam-deque v0.8.0
[INFO] [stderr]    Compiling itertools v0.9.0
[INFO] [stderr]    Compiling aho-corasick v0.7.15
[INFO] [stderr]    Compiling csv-core v0.1.10
[INFO] [stderr]    Compiling thread_local v1.0.1
[INFO] [stderr]    Compiling same-file v1.0.6
[INFO] [stderr]    Compiling half v1.6.0
[INFO] [stderr]    Compiling regex-syntax v0.6.21
[INFO] [stderr]    Compiling walkdir v2.3.1
[INFO] [stderr]    Compiling plotters v0.2.15
[INFO] [stderr]    Compiling criterion-plot v0.4.3
[INFO] [stderr]    Compiling clap v2.33.3
[INFO] [stderr]    Compiling atty v0.2.14
[INFO] [stderr]    Compiling oorandom v11.1.3
[INFO] [stderr]    Compiling bstr v0.2.14
[INFO] [stderr]    Compiling serde_cbor v0.11.1
[INFO] [stderr]    Compiling csv v1.1.5
[INFO] [stderr]    Compiling regex v1.4.2
[INFO] [stderr]    Compiling tinytemplate v1.1.0
[INFO] [stderr]    Compiling criterion v0.3.3
[INFO] [stderr]    Compiling aoc_2020 v0.1.0 (/opt/rustwide/workdir)
[INFO] [stdout] warning: unused variable: `y`
[INFO] [stdout]   --> src/day11.rs:90:46
[INFO] [stdout]    |
[INFO] [stdout] 90 |     pub fn is_seat_free_to_take_part2(&self, y: usize, x: usize) -> bool {
[INFO] [stdout]    |                                              ^ help: if this is intentional, prefix it with an underscore: `_y`
[INFO] [stdout]    |
[INFO] [stdout]    = note: `#[warn(unused_variables)]` on by default
[INFO] [stdout] 
[INFO] [stdout] 
[INFO] [stdout] warning: unused variable: `x`
[INFO] [stdout]   --> src/day11.rs:90:56
[INFO] [stdout]    |
[INFO] [stdout] 90 |     pub fn is_seat_free_to_take_part2(&self, y: usize, x: usize) -> bool {
[INFO] [stdout]    |                                                        ^ help: if this is intentional, prefix it with an underscore: `_x`
[INFO] [stdout] 
[INFO] [stdout] 
[INFO] [stderr]     Finished `dev` profile [unoptimized + debuginfo] target(s) in 55.29s
[INFO] [stderr] warning: the following packages contain code that will be rejected by a future version of Rust: criterion v0.3.3
[INFO] [stderr] note: to see what the problems were, use the option `--future-incompat-report`, or run `cargo report future-incompatibilities --id 1`
[INFO] running `Command { std: "docker" "inspect" "729b1283de19ef54aaded6275387df807dc9b66585e505ceb8cf63fcfbb4ed62", kill_on_drop: false }`
[INFO] running `Command { std: "docker" "rm" "-f" "729b1283de19ef54aaded6275387df807dc9b66585e505ceb8cf63fcfbb4ed62", kill_on_drop: false }`
[INFO] [stdout] 729b1283de19ef54aaded6275387df807dc9b66585e505ceb8cf63fcfbb4ed62
[INFO] running `Command { std: "docker" "create" "-v" "/var/lib/crater-agent-workspace/builds/worker-6-tc2/target:/opt/rustwide/target:rw,Z" "-v" "/var/lib/crater-agent-workspace/builds/worker-6-tc2/source:/opt/rustwide/workdir:ro,Z" "-v" "/var/lib/crater-agent-workspace/cargo-home:/opt/rustwide/cargo-home:ro,Z" "-v" "/var/lib/crater-agent-workspace/rustup-home:/opt/rustwide/rustup-home:ro,Z" "-e" "SOURCE_DIR=/opt/rustwide/workdir" "-e" "CARGO_TARGET_DIR=/opt/rustwide/target" "-e" "CARGO_INCREMENTAL=0" "-e" "RUST_BACKTRACE=full" "-e" "RUSTFLAGS=--cap-lints=forbid -Zrandomize-layout" "-e" "RUSTDOCFLAGS=--cap-lints=forbid" "-e" "CARGO_HOME=/opt/rustwide/cargo-home" "-e" "RUSTUP_HOME=/opt/rustwide/rustup-home" "-w" "/opt/rustwide/workdir" "-m" "1610612736" "--user" "0:0" "--network" "none" "ghcr.io/rust-lang/crates-build-env/linux@sha256:819108c5571ea2e421544af4d832f968d213c87fbe3707a016657f43d2f853bc" "/opt/rustwide/cargo-home/bin/cargo" "+nightly-2025-01-18" "test" "--frozen" "--no-run" "--message-format=json", kill_on_drop: false }`
[INFO] [stdout] 1263e11f5355499ee2fee4bb46f2c99b49c709b13c08b9ae8548b3273e089a94
[INFO] running `Command { std: "docker" "start" "-a" "1263e11f5355499ee2fee4bb46f2c99b49c709b13c08b9ae8548b3273e089a94", kill_on_drop: false }`
[INFO] [stderr]    Compiling aoc_2020 v0.1.0 (/opt/rustwide/workdir)
[INFO] [stdout] warning: unused variable: `y`
[INFO] [stdout]   --> src/day11.rs:90:46
[INFO] [stdout]    |
[INFO] [stdout] 90 |     pub fn is_seat_free_to_take_part2(&self, y: usize, x: usize) -> bool {
[INFO] [stdout]    |                                              ^ help: if this is intentional, prefix it with an underscore: `_y`
[INFO] [stdout]    |
[INFO] [stdout]    = note: `#[warn(unused_variables)]` on by default
[INFO] [stdout] 
[INFO] [stdout] 
[INFO] [stdout] warning: unused variable: `x`
[INFO] [stdout]   --> src/day11.rs:90:56
[INFO] [stdout]    |
[INFO] [stdout] 90 |     pub fn is_seat_free_to_take_part2(&self, y: usize, x: usize) -> bool {
[INFO] [stdout]    |                                                        ^ help: if this is intentional, prefix it with an underscore: `_x`
[INFO] [stdout] 
[INFO] [stdout] 
[INFO] [stdout] warning: unused variable: `y`
[INFO] [stdout]   --> src/day11.rs:90:46
[INFO] [stdout]    |
[INFO] [stdout] 90 |     pub fn is_seat_free_to_take_part2(&self, y: usize, x: usize) -> bool {
[INFO] [stdout]    |                                              ^ help: if this is intentional, prefix it with an underscore: `_y`
[INFO] [stdout]    |
[INFO] [stdout]    = note: `#[warn(unused_variables)]` on by default
[INFO] [stdout] 
[INFO] [stdout] 
[INFO] [stdout] warning: unused variable: `x`
[INFO] [stdout]   --> src/day11.rs:90:56
[INFO] [stdout]    |
[INFO] [stdout] 90 |     pub fn is_seat_free_to_take_part2(&self, y: usize, x: usize) -> bool {
[INFO] [stdout]    |                                                        ^ help: if this is intentional, prefix it with an underscore: `_x`
[INFO] [stdout] 
[INFO] [stdout] 
[INFO] [stderr]     Finished `test` profile [unoptimized + debuginfo] target(s) in 1.93s
[INFO] [stderr] warning: the following packages contain code that will be rejected by a future version of Rust: criterion v0.3.3
[INFO] [stderr] note: to see what the problems were, use the option `--future-incompat-report`, or run `cargo report future-incompatibilities --id 1`
[INFO] running `Command { std: "docker" "inspect" "1263e11f5355499ee2fee4bb46f2c99b49c709b13c08b9ae8548b3273e089a94", kill_on_drop: false }`
[INFO] running `Command { std: "docker" "rm" "-f" "1263e11f5355499ee2fee4bb46f2c99b49c709b13c08b9ae8548b3273e089a94", kill_on_drop: false }`
[INFO] [stdout] 1263e11f5355499ee2fee4bb46f2c99b49c709b13c08b9ae8548b3273e089a94
[INFO] running `Command { std: "docker" "create" "-v" "/var/lib/crater-agent-workspace/builds/worker-6-tc2/target:/opt/rustwide/target:rw,Z" "-v" "/var/lib/crater-agent-workspace/builds/worker-6-tc2/source:/opt/rustwide/workdir:ro,Z" "-v" "/var/lib/crater-agent-workspace/cargo-home:/opt/rustwide/cargo-home:ro,Z" "-v" "/var/lib/crater-agent-workspace/rustup-home:/opt/rustwide/rustup-home:ro,Z" "-e" "SOURCE_DIR=/opt/rustwide/workdir" "-e" "CARGO_TARGET_DIR=/opt/rustwide/target" "-e" "CARGO_INCREMENTAL=0" "-e" "RUST_BACKTRACE=full" "-e" "RUSTFLAGS=--cap-lints=forbid -Zrandomize-layout" "-e" "RUSTDOCFLAGS=--cap-lints=forbid" "-e" "CARGO_HOME=/opt/rustwide/cargo-home" "-e" "RUSTUP_HOME=/opt/rustwide/rustup-home" "-w" "/opt/rustwide/workdir" "-m" "1610612736" "--user" "0:0" "--network" "none" "ghcr.io/rust-lang/crates-build-env/linux@sha256:819108c5571ea2e421544af4d832f968d213c87fbe3707a016657f43d2f853bc" "/opt/rustwide/cargo-home/bin/cargo" "+nightly-2025-01-18" "test" "--frozen", kill_on_drop: false }`
[INFO] [stdout] f204ebb03eb4c3bfc7702e25e96bae0a3dd6c99529b001a00940dc4e113b5c9c
[INFO] running `Command { std: "docker" "start" "-a" "f204ebb03eb4c3bfc7702e25e96bae0a3dd6c99529b001a00940dc4e113b5c9c", kill_on_drop: false }`
[INFO] [stderr] warning: unused variable: `y`
[INFO] [stderr]   --> src/day11.rs:90:46
[INFO] [stderr]    |
[INFO] [stderr] 90 |     pub fn is_seat_free_to_take_part2(&self, y: usize, x: usize) -> bool {
[INFO] [stderr]    |                                              ^ help: if this is intentional, prefix it with an underscore: `_y`
[INFO] [stderr]    |
[INFO] [stderr]    = note: `#[warn(unused_variables)]` on by default
[INFO] [stderr] 
[INFO] [stderr] warning: unused variable: `x`
[INFO] [stderr]   --> src/day11.rs:90:56
[INFO] [stderr]    |
[INFO] [stderr] 90 |     pub fn is_seat_free_to_take_part2(&self, y: usize, x: usize) -> bool {
[INFO] [stderr]    |                                                        ^ help: if this is intentional, prefix it with an underscore: `_x`
[INFO] [stderr] 
[INFO] [stderr] warning: `aoc_2020` (lib) generated 2 warnings
[INFO] [stderr] warning: `aoc_2020` (lib test) generated 2 warnings (2 duplicates)
[INFO] [stderr]     Finished `test` profile [unoptimized + debuginfo] target(s) in 0.12s
[INFO] [stderr] warning: the following packages contain code that will be rejected by a future version of Rust: criterion v0.3.3
[INFO] [stderr] note: to see what the problems were, use the option `--future-incompat-report`, or run `cargo report future-incompatibilities --id 1`
[INFO] [stderr]      Running unittests src/lib.rs (/opt/rustwide/target/debug/deps/aoc_2020-d62b7d2729236dd5)
[INFO] [stdout] 
[INFO] [stdout] running 37 tests
[INFO] [stdout] test day10::test::test_find_adapter_for_jolt ... ok
[INFO] [stdout] test day11::test::test_map_parse ... ok
[INFO] [stdout] test day11::test::test_map_step ... ok
[INFO] [stdout] test day10::test::test_parse ... ok
[INFO] [stdout] test day11::test::test_map_seat_is_free_to_take ... ok
[INFO] [stdout] test day11::test::test_map_step_example ... ok
[INFO] [stdout] test day12::test::test_part1_rotation ... ok
[INFO] [stdout] test day12::test::test_parse_example ... ok
[INFO] [stdout] test day12::test::test_part1_example_actions ... ok
[INFO] [stdout] test day12::test::test_part2_example_actions ... ok
[INFO] [stdout] test day12::test::test_part2_rotation ... ok
[INFO] [stdout] test day13::test::test_parse_input_example ... ok
[INFO] [stdout] test day13::test::test_solve_example ... ok
[INFO] [stdout] test day1::test::parse_day1_part1_example ... ok
[INFO] [stdout] test day1::test::solve_day1_part1_example ... ok
[INFO] [stdout] test day1::test::solve_day1_part2_example ... ok
[INFO] [stdout] test day12::test::test_part1_solve_example ... ok
[INFO] [stdout] test day2::test::solve_day2_part1_example ... ok
[INFO] [stdout] test day3::test::parse_day3_part1_example ... ok
[INFO] [stdout] test day3::test::solve_day3_part1_example ... ok
[INFO] [stdout] test day4::test::parse_part1_example ... ok
[INFO] [stdout] test day4::test::solve_part1_example ... ok
[INFO] [stdout] test day5::test::solve_part1_example ... ok
[INFO] [stdout] test day4::test::solve_part2_invalid_examples ... ok
[INFO] [stdout] test day5::test::solve_part1_test ... ok
[INFO] [stdout] test day6::test::solve_part1_example ... ok
[INFO] [stdout] test day8::test::parse_part1_example ... ok
[INFO] [stdout] test day7::test::parse_part1_example ... ok
[INFO] [stdout] test day8::test::solve_part1_example ... ok
[INFO] [stdout] test day9::test::parse_part1_example ... ok
[INFO] [stdout] test day9::test::solve_part1_example ... ok
[INFO] [stdout] test day9::test::solve_part2_paul_b_example ... ok
[INFO] [stdout] test day7::test::solve_part2_example ... ok
[INFO] [stdout] test day2::test::solve_day2_part2_example ... FAILED
[INFO] [stdout] test day2::test::parse_day2_part1_example ... FAILED
[INFO] [stdout] test day7::test::solve_part1_example ... ok
[INFO] [stdout] test day4::test::solve_part2_valid_examples ... ok
[INFO] [stdout] 
[INFO] [stdout] failures:
[INFO] [stdout] 
[INFO] [stdout] ---- day2::test::solve_day2_part2_example stdout ----
[INFO] [stdout] 
[INFO] [stdout] thread 'day2::test::solve_day2_part2_example' panicked at src/day2.rs:100:9:
[INFO] [stdout] assertion `left == right` failed
[INFO] [stdout]   left: 2
[INFO] [stdout]  right: 1
[INFO] [stdout] stack backtrace:
[INFO] [stdout]    0:     0x624385c07b2a - std::backtrace_rs::backtrace::libunwind::trace::hb059275cfc8d6126
[INFO] [stdout]                                at /rustc/6067b36314ab5eb2eb47cecc464545ba58e1ad24/library/std/src/../../backtrace/src/backtrace/libunwind.rs:116:5
[INFO] [stdout]    1:     0x624385c07b2a - std::backtrace_rs::backtrace::trace_unsynchronized::h2da071e4327ce3ee
[INFO] [stdout]                                at /rustc/6067b36314ab5eb2eb47cecc464545ba58e1ad24/library/std/src/../../backtrace/src/backtrace/mod.rs:66:5
[INFO] [stdout]    2:     0x624385c07b2a - std::sys::backtrace::_print_fmt::h842a1474e6f8d23f
[INFO] [stdout]                                at /rustc/6067b36314ab5eb2eb47cecc464545ba58e1ad24/library/std/src/sys/backtrace.rs:66:9
[INFO] [stdout]    3:     0x624385c07b2a - <std::sys::backtrace::BacktraceLock::print::DisplayBacktrace as core::fmt::Display>::fmt::h71a62eb3b9696b12
[INFO] [stdout]                                at /rustc/6067b36314ab5eb2eb47cecc464545ba58e1ad24/library/std/src/sys/backtrace.rs:39:26
[INFO] [stdout]    4:     0x624385c2f973 - core::fmt::rt::Argument::fmt::hdb6b616786b41dc1
[INFO] [stdout]                                at /rustc/6067b36314ab5eb2eb47cecc464545ba58e1ad24/library/core/src/fmt/rt.rs:177:76
[INFO] [stdout]    5:     0x624385c2f973 - core::fmt::write::h2cc1698af7e2d686
[INFO] [stdout]                                at /rustc/6067b36314ab5eb2eb47cecc464545ba58e1ad24/library/core/src/fmt/mod.rs:1440:21
[INFO] [stdout]    6:     0x624385c04683 - std::io::Write::write_fmt::hab1b4cd059a79022
[INFO] [stdout]                                at /rustc/6067b36314ab5eb2eb47cecc464545ba58e1ad24/library/std/src/io/mod.rs:1887:15
[INFO] [stdout]    7:     0x624385c07972 - std::sys::backtrace::BacktraceLock::print::h147fe35b4ea13b08
[INFO] [stdout]                                at /rustc/6067b36314ab5eb2eb47cecc464545ba58e1ad24/library/std/src/sys/backtrace.rs:42:9
[INFO] [stdout]    8:     0x624385c08f4f - std::panicking::default_hook::{{closure}}::hbd44223dbdc0d208
[INFO] [stdout]                                at /rustc/6067b36314ab5eb2eb47cecc464545ba58e1ad24/library/std/src/panicking.rs:298:22
[INFO] [stdout]    9:     0x624385c08d68 - std::panicking::default_hook::h20f81eb0576efcec
[INFO] [stdout]                                at /rustc/6067b36314ab5eb2eb47cecc464545ba58e1ad24/library/std/src/panicking.rs:322:9
[INFO] [stdout]   10:     0x624385a7b163 - <alloc::boxed::Box<F,A> as core::ops::function::Fn<Args>>::call::hdb53814c496a4d34
[INFO] [stdout]                                at /rustc/6067b36314ab5eb2eb47cecc464545ba58e1ad24/library/alloc/src/boxed.rs:2027:9
[INFO] [stdout]   11:     0x624385a7b163 - test::test_main::{{closure}}::hc0a4963c59427c24
[INFO] [stdout]                                at /rustc/6067b36314ab5eb2eb47cecc464545ba58e1ad24/library/test/src/lib.rs:134:21
[INFO] [stdout]   12:     0x624385c09a43 - <alloc::boxed::Box<F,A> as core::ops::function::Fn<Args>>::call::h591b2225413a77e9
[INFO] [stdout]                                at /rustc/6067b36314ab5eb2eb47cecc464545ba58e1ad24/library/alloc/src/boxed.rs:2027:9
[INFO] [stdout]   13:     0x624385c09a43 - std::panicking::rust_panic_with_hook::h625eea43051b2edc
[INFO] [stdout]                                at /rustc/6067b36314ab5eb2eb47cecc464545ba58e1ad24/library/std/src/panicking.rs:839:13
[INFO] [stdout]   14:     0x624385c096fa - std::panicking::begin_panic_handler::{{closure}}::h4f9159cfbc3f6bd3
[INFO] [stdout]                                at /rustc/6067b36314ab5eb2eb47cecc464545ba58e1ad24/library/std/src/panicking.rs:704:13
[INFO] [stdout]   15:     0x624385c08029 - std::sys::backtrace::__rust_end_short_backtrace::h0390abce48353151
[INFO] [stdout]                                at /rustc/6067b36314ab5eb2eb47cecc464545ba58e1ad24/library/std/src/sys/backtrace.rs:168:18
[INFO] [stdout]   16:     0x624385c0938d - rust_begin_unwind
[INFO] [stdout]                                at /rustc/6067b36314ab5eb2eb47cecc464545ba58e1ad24/library/std/src/panicking.rs:695:5
[INFO] [stdout]   17:     0x624385c2e350 - core::panicking::panic_fmt::h9e7c637e9e5f29c9
[INFO] [stdout]                                at /rustc/6067b36314ab5eb2eb47cecc464545ba58e1ad24/library/core/src/panicking.rs:75:14
[INFO] [stdout]   18:     0x624385c2e742 - core::panicking::assert_failed_inner::h538bec7c1374cd9c
[INFO] [stdout]   19:     0x624385c2e5f9 - core::panicking::assert_failed::h7fe8c93d80615b71
[INFO] [stdout]                                at /rustc/6067b36314ab5eb2eb47cecc464545ba58e1ad24/library/core/src/panicking.rs:364:5
[INFO] [stdout]   20:     0x624385a1ac11 - aoc_2020::day2::test::solve_day2_part2_example::hf46be93ebfc79ff6
[INFO] [stdout]                                at /opt/rustwide/workdir/src/day2.rs:100:9
[INFO] [stdout]   21:     0x624385a1a957 - aoc_2020::day2::test::solve_day2_part2_example::{{closure}}::h636e6096856de92e
[INFO] [stdout]                                at /opt/rustwide/workdir/src/day2.rs:99:34
[INFO] [stdout]   22:     0x624385a33eb6 - core::ops::function::FnOnce::call_once::h9f9102c1e14f642a
[INFO] [stdout]                                at /rustc/6067b36314ab5eb2eb47cecc464545ba58e1ad24/library/core/src/ops/function.rs:250:5
[INFO] [stdout]   23:     0x624385a808bb - core::ops::function::FnOnce::call_once::he27718dfdd183f43
[INFO] [stdout]                                at /rustc/6067b36314ab5eb2eb47cecc464545ba58e1ad24/library/core/src/ops/function.rs:250:5
[INFO] [stdout]   24:     0x624385a808bb - test::__rust_begin_short_backtrace::h4e84902998457a5d
[INFO] [stdout]                                at /rustc/6067b36314ab5eb2eb47cecc464545ba58e1ad24/library/test/src/lib.rs:632:18
[INFO] [stdout]   25:     0x624385a7f7f3 - test::run_test_in_process::{{closure}}::h7176fd18fc1feca0
[INFO] [stdout]                                at /rustc/6067b36314ab5eb2eb47cecc464545ba58e1ad24/library/test/src/lib.rs:655:60
[INFO] [stdout]   26:     0x624385a7f7f3 - <core::panic::unwind_safe::AssertUnwindSafe<F> as core::ops::function::FnOnce<()>>::call_once::hf79cff2a624d8cf7
[INFO] [stdout]                                at /rustc/6067b36314ab5eb2eb47cecc464545ba58e1ad24/library/core/src/panic/unwind_safe.rs:272:9
[INFO] [stdout]   27:     0x624385a7f7f3 - std::panicking::try::do_call::h3da0561d9ab99c25
[INFO] [stdout]                                at /rustc/6067b36314ab5eb2eb47cecc464545ba58e1ad24/library/std/src/panicking.rs:587:40
[INFO] [stdout]   28:     0x624385a7f7f3 - std::panicking::try::h41c9fa508bc61df6
[INFO] [stdout]                                at /rustc/6067b36314ab5eb2eb47cecc464545ba58e1ad24/library/std/src/panicking.rs:550:19
[INFO] [stdout]   29:     0x624385a7f7f3 - std::panic::catch_unwind::h6b3ff07bb5afad93
[INFO] [stdout]                                at /rustc/6067b36314ab5eb2eb47cecc464545ba58e1ad24/library/std/src/panic.rs:358:14
[INFO] [stdout]   30:     0x624385a7f7f3 - test::run_test_in_process::hc7253dd11b39b9f4
[INFO] [stdout]                                at /rustc/6067b36314ab5eb2eb47cecc464545ba58e1ad24/library/test/src/lib.rs:655:27
[INFO] [stdout]   31:     0x624385a7f7f3 - test::run_test::{{closure}}::hfb2007f8649c30bb
[INFO] [stdout]                                at /rustc/6067b36314ab5eb2eb47cecc464545ba58e1ad24/library/test/src/lib.rs:576:43
[INFO] [stdout]   32:     0x624385a428d5 - test::run_test::{{closure}}::h56a17aa7a282a9f4
[INFO] [stdout]                                at /rustc/6067b36314ab5eb2eb47cecc464545ba58e1ad24/library/test/src/lib.rs:606:41
[INFO] [stdout]   33:     0x624385a428d5 - std::sys::backtrace::__rust_begin_short_backtrace::hd2d2d2fb8e8c6aac
[INFO] [stdout]                                at /rustc/6067b36314ab5eb2eb47cecc464545ba58e1ad24/library/std/src/sys/backtrace.rs:152:18
[INFO] [stdout]   34:     0x624385a461ba - std::thread::Builder::spawn_unchecked_::{{closure}}::{{closure}}::h4faa3f9db6133423
[INFO] [stdout]                                at /rustc/6067b36314ab5eb2eb47cecc464545ba58e1ad24/library/std/src/thread/mod.rs:559:17
[INFO] [stdout]   35:     0x624385a461ba - <core::panic::unwind_safe::AssertUnwindSafe<F> as core::ops::function::FnOnce<()>>::call_once::hf2e855a36a4ea846
[INFO] [stdout]                                at /rustc/6067b36314ab5eb2eb47cecc464545ba58e1ad24/library/core/src/panic/unwind_safe.rs:272:9
[INFO] [stdout]   36:     0x624385a461ba - std::panicking::try::do_call::h2f73af3616c35465
[INFO] [stdout]                                at /rustc/6067b36314ab5eb2eb47cecc464545ba58e1ad24/library/std/src/panicking.rs:587:40
[INFO] [stdout]   37:     0x624385a461ba - std::panicking::try::hd1660ce9efadef5a
[INFO] [stdout]                                at /rustc/6067b36314ab5eb2eb47cecc464545ba58e1ad24/library/std/src/panicking.rs:550:19
[INFO] [stdout]   38:     0x624385a461ba - std::panic::catch_unwind::h5ee8d7823b8ca744
[INFO] [stdout]                                at /rustc/6067b36314ab5eb2eb47cecc464545ba58e1ad24/library/std/src/panic.rs:358:14
[INFO] [stdout]   39:     0x624385a461ba - std::thread::Builder::spawn_unchecked_::{{closure}}::h53c3a1894dce8407
[INFO] [stdout]                                at /rustc/6067b36314ab5eb2eb47cecc464545ba58e1ad24/library/std/src/thread/mod.rs:557:30
[INFO] [stdout]   40:     0x624385a461ba - core::ops::function::FnOnce::call_once{{vtable.shim}}::h048ce291ad4f62bf
[INFO] [stdout]                                at /rustc/6067b36314ab5eb2eb47cecc464545ba58e1ad24/library/core/src/ops/function.rs:250:5
[INFO] [stdout]   41:     0x624385c0d97b - <alloc::boxed::Box<F,A> as core::ops::function::FnOnce<Args>>::call_once::ha52bedf99a3b4981
[INFO] [stdout]                                at /rustc/6067b36314ab5eb2eb47cecc464545ba58e1ad24/library/alloc/src/boxed.rs:2013:9
[INFO] [stdout]   42:     0x624385c0d97b - <alloc::boxed::Box<F,A> as core::ops::function::FnOnce<Args>>::call_once::h567748934d80ccf8
[INFO] [stdout]                                at /rustc/6067b36314ab5eb2eb47cecc464545ba58e1ad24/library/alloc/src/boxed.rs:2013:9
[INFO] [stdout]   43:     0x624385c0d97b - std::sys::pal::unix::thread::Thread::new::thread_start::h2d970728ae887adc
[INFO] [stdout]                                at /rustc/6067b36314ab5eb2eb47cecc464545ba58e1ad24/library/std/src/sys/pal/unix/thread.rs:106:17
[INFO] [stdout]   44:     0x71504e925ac3 - <unknown>
[INFO] [stdout]   45:     0x71504e9b6a04 - clone
[INFO] [stdout]   46:                0x0 - <unknown>
[INFO] [stdout] 
[INFO] [stdout] ---- day2::test::parse_day2_part1_example stdout ----
[INFO] [stdout] 
[INFO] [stdout] thread 'day2::test::parse_day2_part1_example' panicked at src/day2.rs:42:42:
[INFO] [stdout] called `Option::unwrap()` on a `None` value
[INFO] [stdout] stack backtrace:
[INFO] [stdout]    0:     0x624385c07b2a - std::backtrace_rs::backtrace::libunwind::trace::hb059275cfc8d6126
[INFO] [stdout]                                at /rustc/6067b36314ab5eb2eb47cecc464545ba58e1ad24/library/std/src/../../backtrace/src/backtrace/libunwind.rs:116:5
[INFO] [stdout]    1:     0x624385c07b2a - std::backtrace_rs::backtrace::trace_unsynchronized::h2da071e4327ce3ee
[INFO] [stdout]                                at /rustc/6067b36314ab5eb2eb47cecc464545ba58e1ad24/library/std/src/../../backtrace/src/backtrace/mod.rs:66:5
[INFO] [stdout]    2:     0x624385c07b2a - std::sys::backtrace::_print_fmt::h842a1474e6f8d23f
[INFO] [stdout]                                at /rustc/6067b36314ab5eb2eb47cecc464545ba58e1ad24/library/std/src/sys/backtrace.rs:66:9
[INFO] [stdout]    3:     0x624385c07b2a - <std::sys::backtrace::BacktraceLock::print::DisplayBacktrace as core::fmt::Display>::fmt::h71a62eb3b9696b12
[INFO] [stdout]                                at /rustc/6067b36314ab5eb2eb47cecc464545ba58e1ad24/library/std/src/sys/backtrace.rs:39:26
[INFO] [stdout]    4:     0x624385c2f973 - core::fmt::rt::Argument::fmt::hdb6b616786b41dc1
[INFO] [stdout]                                at /rustc/6067b36314ab5eb2eb47cecc464545ba58e1ad24/library/core/src/fmt/rt.rs:177:76
[INFO] [stdout]    5:     0x624385c2f973 - core::fmt::write::h2cc1698af7e2d686
[INFO] [stdout]                                at /rustc/6067b36314ab5eb2eb47cecc464545ba58e1ad24/library/core/src/fmt/mod.rs:1440:21
[INFO] [stdout]    6:     0x624385c04683 - std::io::Write::write_fmt::hab1b4cd059a79022
[INFO] [stdout]                                at /rustc/6067b36314ab5eb2eb47cecc464545ba58e1ad24/library/std/src/io/mod.rs:1887:15
[INFO] [stdout]    7:     0x624385c07972 - std::sys::backtrace::BacktraceLock::print::h147fe35b4ea13b08
[INFO] [stdout]                                at /rustc/6067b36314ab5eb2eb47cecc464545ba58e1ad24/library/std/src/sys/backtrace.rs:42:9
[INFO] [stdout]    8:     0x624385c08f4f - std::panicking::default_hook::{{closure}}::hbd44223dbdc0d208
[INFO] [stdout]                                at /rustc/6067b36314ab5eb2eb47cecc464545ba58e1ad24/library/std/src/panicking.rs:298:22
[INFO] [stdout]    9:     0x624385c08d68 - std::panicking::default_hook::h20f81eb0576efcec
[INFO] [stdout]                                at /rustc/6067b36314ab5eb2eb47cecc464545ba58e1ad24/library/std/src/panicking.rs:322:9
[INFO] [stdout]   10:     0x624385a7b163 - <alloc::boxed::Box<F,A> as core::ops::function::Fn<Args>>::call::hdb53814c496a4d34
[INFO] [stdout]                                at /rustc/6067b36314ab5eb2eb47cecc464545ba58e1ad24/library/alloc/src/boxed.rs:2027:9
[INFO] [stdout]   11:     0x624385a7b163 - test::test_main::{{closure}}::hc0a4963c59427c24
[INFO] [stdout]                                at /rustc/6067b36314ab5eb2eb47cecc464545ba58e1ad24/library/test/src/lib.rs:134:21
[INFO] [stdout]   12:     0x624385c09a43 - <alloc::boxed::Box<F,A> as core::ops::function::Fn<Args>>::call::h591b2225413a77e9
[INFO] [stdout]                                at /rustc/6067b36314ab5eb2eb47cecc464545ba58e1ad24/library/alloc/src/boxed.rs:2027:9
[INFO] [stdout]   13:     0x624385c09a43 - std::panicking::rust_panic_with_hook::h625eea43051b2edc
[INFO] [stdout]                                at /rustc/6067b36314ab5eb2eb47cecc464545ba58e1ad24/library/std/src/panicking.rs:839:13
[INFO] [stdout]   14:     0x624385c096c6 - std::panicking::begin_panic_handler::{{closure}}::h4f9159cfbc3f6bd3
[INFO] [stdout]                                at /rustc/6067b36314ab5eb2eb47cecc464545ba58e1ad24/library/std/src/panicking.rs:697:13
[INFO] [stdout]   15:     0x624385c08029 - std::sys::backtrace::__rust_end_short_backtrace::h0390abce48353151
[INFO] [stdout]                                at /rustc/6067b36314ab5eb2eb47cecc464545ba58e1ad24/library/std/src/sys/backtrace.rs:168:18
[INFO] [stdout]   16:     0x624385c0938d - rust_begin_unwind
[INFO] [stdout]                                at /rustc/6067b36314ab5eb2eb47cecc464545ba58e1ad24/library/std/src/panicking.rs:695:5
[INFO] [stdout]   17:     0x624385c2e350 - core::panicking::panic_fmt::h9e7c637e9e5f29c9
[INFO] [stdout]                                at /rustc/6067b36314ab5eb2eb47cecc464545ba58e1ad24/library/core/src/panicking.rs:75:14
[INFO] [stdout]   18:     0x624385c2e3dc - core::panicking::panic::haa3255ea20181a33
[INFO] [stdout]                                at /rustc/6067b36314ab5eb2eb47cecc464545ba58e1ad24/library/core/src/panicking.rs:145:5
[INFO] [stdout]   19:     0x624385c2e2c9 - core::option::unwrap_failed::h5e50c20db1c9e8f1
[INFO] [stdout]                                at /rustc/6067b36314ab5eb2eb47cecc464545ba58e1ad24/library/core/src/option.rs:2015:5
[INFO] [stdout]   20:     0x624385a386bb - core::option::Option<T>::unwrap::h57ace290b1f5ba5f
[INFO] [stdout]                                at /rustc/6067b36314ab5eb2eb47cecc464545ba58e1ad24/library/core/src/option.rs:978:21
[INFO] [stdout]   21:     0x624385a386bb - aoc_2020::day2::parse_part1::{{closure}}::h0c4bcd72656179e1
[INFO] [stdout]                                at /opt/rustwide/workdir/src/day2.rs:42:24
[INFO] [stdout]   22:     0x624385a32e5a - core::ops::function::impls::<impl core::ops::function::FnOnce<A> for &mut F>::call_once::h1ed77844a1169532
[INFO] [stdout]                                at /rustc/6067b36314ab5eb2eb47cecc464545ba58e1ad24/library/core/src/ops/function.rs:305:13
[INFO] [stdout]   23:     0x624385a1b6fd - core::option::Option<T>::map::h85f275cdc8cb1872
[INFO] [stdout]                                at /rustc/6067b36314ab5eb2eb47cecc464545ba58e1ad24/library/core/src/option.rs:1119:29
[INFO] [stdout]   24:     0x624385a1b6fd - <core::iter::adapters::map::Map<I,F> as core::iter::traits::iterator::Iterator>::next::h7a581832a1d5b738
[INFO] [stdout]                                at /rustc/6067b36314ab5eb2eb47cecc464545ba58e1ad24/library/core/src/iter/adapters/map.rs:107:26
[INFO] [stdout]   25:     0x624385a0ba09 - alloc::vec::Vec<T,A>::extend_desugared::hfbdf849c912ebfa0
[INFO] [stdout]                                at /rustc/6067b36314ab5eb2eb47cecc464545ba58e1ad24/library/alloc/src/vec/mod.rs:3535:35
[INFO] [stdout]   26:     0x624385a0e24a - <alloc::vec::Vec<T,A> as alloc::vec::spec_extend::SpecExtend<T,I>>::spec_extend::hd5326c6669ab87f5
[INFO] [stdout]                                at /rustc/6067b36314ab5eb2eb47cecc464545ba58e1ad24/library/alloc/src/vec/spec_extend.rs:19:9
[INFO] [stdout]   27:     0x624385a06c9d - <alloc::vec::Vec<T> as alloc::vec::spec_from_iter_nested::SpecFromIterNested<T,I>>::from_iter::h6e83b4754709af9e
[INFO] [stdout]                                at /rustc/6067b36314ab5eb2eb47cecc464545ba58e1ad24/library/alloc/src/vec/spec_from_iter_nested.rs:42:9
[INFO] [stdout]   28:     0x624385a0e3ad - <alloc::vec::Vec<T> as alloc::vec::spec_from_iter::SpecFromIter<T,I>>::from_iter::h7a8bfa4e456f3fe1
[INFO] [stdout]                                at /rustc/6067b36314ab5eb2eb47cecc464545ba58e1ad24/library/alloc/src/vec/spec_from_iter.rs:34:9
[INFO] [stdout]   29:     0x624385a0dfbf - <alloc::vec::Vec<T> as core::iter::traits::collect::FromIterator<T>>::from_iter::h8f31fb1d7e409a7a
[INFO] [stdout]                                at /rustc/6067b36314ab5eb2eb47cecc464545ba58e1ad24/library/alloc/src/vec/mod.rs:3427:9
[INFO] [stdout]   30:     0x624385a1d974 - core::iter::traits::iterator::Iterator::collect::h7e6d99eea93f445f
[INFO] [stdout]                                at /rustc/6067b36314ab5eb2eb47cecc464545ba58e1ad24/library/core/src/iter/traits/iterator.rs:1971:9
[INFO] [stdout]   31:     0x624385a38608 - aoc_2020::day2::parse_part1::h82518e78eab49f39
[INFO] [stdout]                                at /opt/rustwide/workdir/src/day2.rs:39:5
[INFO] [stdout]   32:     0x624385a1ac8d - aoc_2020::day2::test::parse_day2_part1_example::h9a44b1502a06a246
[INFO] [stdout]                                at /opt/rustwide/workdir/src/day2.rs:128:13
[INFO] [stdout]   33:     0x624385a1ac57 - aoc_2020::day2::test::parse_day2_part1_example::{{closure}}::hcf082463ab04d35c
[INFO] [stdout]                                at /opt/rustwide/workdir/src/day2.rs:126:34
[INFO] [stdout]   34:     0x624385a345a6 - core::ops::function::FnOnce::call_once::he7bb3e70a1e1f201
[INFO] [stdout]                                at /rustc/6067b36314ab5eb2eb47cecc464545ba58e1ad24/library/core/src/ops/function.rs:250:5
[INFO] [stdout]   35:     0x624385a808bb - core::ops::function::FnOnce::call_once::he27718dfdd183f43
[INFO] [stdout]                                at /rustc/6067b36314ab5eb2eb47cecc464545ba58e1ad24/library/core/src/ops/function.rs:250:5
[INFO] [stdout]   36:     0x624385a808bb - test::__rust_begin_short_backtrace::h4e84902998457a5d
[INFO] [stdout]                                at /rustc/6067b36314ab5eb2eb47cecc464545ba58e1ad24/library/test/src/lib.rs:632:18
[INFO] [stdout]   37:     0x624385a7f7f3 - test::run_test_in_process::{{closure}}::h7176fd18fc1feca0
[INFO] [stdout]                                at /rustc/6067b36314ab5eb2eb47cecc464545ba58e1ad24/library/test/src/lib.rs:655:60
[INFO] [stdout]   38:     0x624385a7f7f3 - <core::panic::unwind_safe::AssertUnwindSafe<F> as core::ops::function::FnOnce<()>>::call_once::hf79cff2a624d8cf7
[INFO] [stdout]                                at /rustc/6067b36314ab5eb2eb47cecc464545ba58e1ad24/library/core/src/panic/unwind_safe.rs:272:9
[INFO] [stdout]   39:     0x624385a7f7f3 - std::panicking::try::do_call::h3da0561d9ab99c25
[INFO] [stdout]                                at /rustc/6067b36314ab5eb2eb47cecc464545ba58e1ad24/library/std/src/panicking.rs:587:40
[INFO] [stdout]   40:     0x624385a7f7f3 - std::panicking::try::h41c9fa508bc61df6
[INFO] [stdout]                                at /rustc/6067b36314ab5eb2eb47cecc464545ba58e1ad24/library/std/src/panicking.rs:550:19
[INFO] [stdout]   41:     0x624385a7f7f3 - std::panic::catch_unwind::h6b3ff07bb5afad93
[INFO] [stdout]                                at /rustc/6067b36314ab5eb2eb47cecc464545ba58e1ad24/library/std/src/panic.rs:358:14
[INFO] [stdout]   42:     0x624385a7f7f3 - test::run_test_in_process::hc7253dd11b39b9f4
[INFO] [stdout]                                at /rustc/6067b36314ab5eb2eb47cecc464545ba58e1ad24/library/test/src/lib.rs:655:27
[INFO] [stdout]   43:     0x624385a7f7f3 - test::run_test::{{closure}}::hfb2007f8649c30bb
[INFO] [stdout]                                at /rustc/6067b36314ab5eb2eb47cecc464545ba58e1ad24/library/test/src/lib.rs:576:43
[INFO] [stdout]   44:     0x624385a428d5 - test::run_test::{{closure}}::h56a17aa7a282a9f4
[INFO] [stdout]                                at /rustc/6067b36314ab5eb2eb47cecc464545ba58e1ad24/library/test/src/lib.rs:606:41
[INFO] [stdout]   45:     0x624385a428d5 - std::sys::backtrace::__rust_begin_short_backtrace::hd2d2d2fb8e8c6aac
[INFO] [stdout]                                at /rustc/6067b36314ab5eb2eb47cecc464545ba58e1ad24/library/std/src/sys/backtrace.rs:152:18
[INFO] [stdout]   46:     0x624385a461ba - std::thread::Builder::spawn_unchecked_::{{closure}}::{{closure}}::h4faa3f9db6133423
[INFO] [stdout]                                at /rustc/6067b36314ab5eb2eb47cecc464545ba58e1ad24/library/std/src/thread/mod.rs:559:17
[INFO] [stdout]   47:     0x624385a461ba - <core::panic::unwind_safe::AssertUnwindSafe<F> as core::ops::function::FnOnce<()>>::call_once::hf2e855a36a4ea846
[INFO] [stdout]                                at /rustc/6067b36314ab5eb2eb47cecc464545ba58e1ad24/library/core/src/panic/unwind_safe.rs:272:9
[INFO] [stdout]   48:     0x624385a461ba - std::panicking::try::do_call::h2f73af3616c35465
[INFO] [stdout]                                at /rustc/6067b36314ab5eb2eb47cecc464545ba58e1ad24/library/std/src/panicking.rs:587:40
[INFO] [stdout]   49:     0x624385a461ba - std::panicking::try::hd1660ce9efadef5a
[INFO] [stdout]                                at /rustc/6067b36314ab5eb2eb47cecc464545ba58e1ad24/library/std/src/panicking.rs:550:19
[INFO] [stdout]   50:     0x624385a461ba - std::panic::catch_unwind::h5ee8d7823b8ca744
[INFO] [stdout]                                at /rustc/6067b36314ab5eb2eb47cecc464545ba58e1ad24/library/std/src/panic.rs:358:14
[INFO] [stdout]   51:     0x624385a461ba - std::thread::Builder::spawn_unchecked_::{{closure}}::h53c3a1894dce8407
[INFO] [stdout]                                at /rustc/6067b36314ab5eb2eb47cecc464545ba58e1ad24/library/std/src/thread/mod.rs:557:30
[INFO] [stdout]   52:     0x624385a461ba - core::ops::function::FnOnce::call_once{{vtable.shim}}::h048ce291ad4f62bf
[INFO] [stdout]                                at /rustc/6067b36314ab5eb2eb47cecc464545ba58e1ad24/library/core/src/ops/function.rs:250:5
[INFO] [stdout]   53:     0x624385c0d97b - <alloc::boxed::Box<F,A> as core::ops::function::FnOnce<Args>>::call_once::ha52bedf99a3b4981
[INFO] [stdout]                                at /rustc/6067b36314ab5eb2eb47cecc464545ba58e1ad24/library/alloc/src/boxed.rs:2013:9
[INFO] [stdout]   54:     0x624385c0d97b - <alloc::boxed::Box<F,A> as core::ops::function::FnOnce<Args>>::call_once::h567748934d80ccf8
[INFO] [stdout]                                at /rustc/6067b36314ab5eb2eb47cecc464545ba58e1ad24/library/alloc/src/boxed.rs:2013:9
[INFO] [stdout]   55:     0x624385c0d97b - std::sys::pal::unix::thread::Thread::new::thread_start::h2d970728ae887adc
[INFO] [stdout]                                at /rustc/6067b36314ab5eb2eb47cecc464545ba58e1ad24/library/std/src/sys/pal/unix/thread.rs:106:17
[INFO] [stdout]   56:     0x71504e925ac3 - <unknown>
[INFO] [stdout]   57:     0x71504e9b6a04 - clone
[INFO] [stdout]   58:                0x0 - <unknown>
[INFO] [stdout] 
[INFO] [stdout] 
[INFO] [stdout] failures:
[INFO] [stdout]     day2::test::parse_day2_part1_example
[INFO] [stdout]     day2::test::solve_day2_part2_example
[INFO] [stdout] 
[INFO] [stdout] test result: FAILED. 35 passed; 2 failed; 0 ignored; 0 measured; 0 filtered out; finished in 0.05s
[INFO] [stdout] 
[INFO] [stderr] error: test failed, to rerun pass `--lib`
[INFO] running `Command { std: "docker" "inspect" "f204ebb03eb4c3bfc7702e25e96bae0a3dd6c99529b001a00940dc4e113b5c9c", kill_on_drop: false }`
[INFO] running `Command { std: "docker" "rm" "-f" "f204ebb03eb4c3bfc7702e25e96bae0a3dd6c99529b001a00940dc4e113b5c9c", kill_on_drop: false }`
[INFO] [stdout] f204ebb03eb4c3bfc7702e25e96bae0a3dd6c99529b001a00940dc4e113b5c9c
