[INFO] cloning repository https://github.com/nickspiker/vsf
[INFO] running `Command { std: "git" "-c" "credential.helper=" "-c" "credential.helper=/workspace/cargo-home/bin/git-credential-null" "clone" "--bare" "https://github.com/nickspiker/vsf" "/workspace/cache/git-repos/https%3A%2F%2Fgithub.com%2Fnickspiker%2Fvsf", kill_on_drop: false }`
[INFO] [stderr] Cloning into bare repository '/workspace/cache/git-repos/https%3A%2F%2Fgithub.com%2Fnickspiker%2Fvsf'...
[INFO] running `Command { std: "git" "rev-parse" "HEAD", kill_on_drop: false }`
[INFO] [stdout] bda74c07f5e746415f6f7012ab042bfb65d51d2e
[INFO] testing nickspiker/vsf against nightly-2025-01-18+rustflags=-Zrandomize-layout for randomize-layout-2
[INFO] running `Command { std: "git" "clone" "/workspace/cache/git-repos/https%3A%2F%2Fgithub.com%2Fnickspiker%2Fvsf" "/workspace/builds/worker-4-tc2/source", kill_on_drop: false }`
[INFO] [stderr] Cloning into '/workspace/builds/worker-4-tc2/source'...
[INFO] [stderr] done.
[INFO] validating manifest of git repo https://github.com/nickspiker/vsf on toolchain nightly-2025-01-18
[INFO] running `Command { std: CARGO_HOME="/workspace/cargo-home" RUSTUP_HOME="/workspace/rustup-home" "/workspace/cargo-home/bin/cargo" "+nightly-2025-01-18" "metadata" "--manifest-path" "Cargo.toml" "--no-deps", kill_on_drop: false }`
[INFO] started tweaking git repo https://github.com/nickspiker/vsf
[INFO] finished tweaking git repo https://github.com/nickspiker/vsf
[INFO] tweaked toml for git repo https://github.com/nickspiker/vsf written to /workspace/builds/worker-4-tc2/source/Cargo.toml
[INFO] crate git repo https://github.com/nickspiker/vsf already has a lockfile, it will not be regenerated
[INFO] running `Command { std: CARGO_HOME="/workspace/cargo-home" RUSTUP_HOME="/workspace/rustup-home" "/workspace/cargo-home/bin/cargo" "+nightly-2025-01-18" "fetch" "--manifest-path" "Cargo.toml", kill_on_drop: false }`
[INFO] [stderr]     Blocking waiting for file lock on package cache
[INFO] [stderr]     Blocking waiting for file lock on package cache
[INFO] running `Command { std: "docker" "create" "-v" "/var/lib/crater-agent-workspace/builds/worker-4-tc2/target:/opt/rustwide/target:rw,Z" "-v" "/var/lib/crater-agent-workspace/builds/worker-4-tc2/source:/opt/rustwide/workdir:ro,Z" "-v" "/var/lib/crater-agent-workspace/cargo-home:/opt/rustwide/cargo-home:ro,Z" "-v" "/var/lib/crater-agent-workspace/rustup-home:/opt/rustwide/rustup-home:ro,Z" "-e" "SOURCE_DIR=/opt/rustwide/workdir" "-e" "CARGO_TARGET_DIR=/opt/rustwide/target" "-e" "CARGO_HOME=/opt/rustwide/cargo-home" "-e" "RUSTUP_HOME=/opt/rustwide/rustup-home" "-w" "/opt/rustwide/workdir" "-m" "1610612736" "--user" "0:0" "--network" "none" "ghcr.io/rust-lang/crates-build-env/linux@sha256:819108c5571ea2e421544af4d832f968d213c87fbe3707a016657f43d2f853bc" "/opt/rustwide/cargo-home/bin/cargo" "+nightly-2025-01-18" "metadata" "--no-deps" "--format-version=1", kill_on_drop: false }`
[INFO] [stdout] 8b0bc2fd985c1b0235a7e171b998ea4843c4f16d0cdd7f4371793838122d4890
[INFO] running `Command { std: "docker" "start" "-a" "8b0bc2fd985c1b0235a7e171b998ea4843c4f16d0cdd7f4371793838122d4890", kill_on_drop: false }`
[INFO] running `Command { std: "docker" "inspect" "8b0bc2fd985c1b0235a7e171b998ea4843c4f16d0cdd7f4371793838122d4890", kill_on_drop: false }`
[INFO] running `Command { std: "docker" "rm" "-f" "8b0bc2fd985c1b0235a7e171b998ea4843c4f16d0cdd7f4371793838122d4890", kill_on_drop: false }`
[INFO] [stdout] 8b0bc2fd985c1b0235a7e171b998ea4843c4f16d0cdd7f4371793838122d4890
[INFO] running `Command { std: "docker" "create" "-v" "/var/lib/crater-agent-workspace/builds/worker-4-tc2/target:/opt/rustwide/target:rw,Z" "-v" "/var/lib/crater-agent-workspace/builds/worker-4-tc2/source:/opt/rustwide/workdir:ro,Z" "-v" "/var/lib/crater-agent-workspace/cargo-home:/opt/rustwide/cargo-home:ro,Z" "-v" "/var/lib/crater-agent-workspace/rustup-home:/opt/rustwide/rustup-home:ro,Z" "-e" "SOURCE_DIR=/opt/rustwide/workdir" "-e" "CARGO_TARGET_DIR=/opt/rustwide/target" "-e" "CARGO_INCREMENTAL=0" "-e" "RUST_BACKTRACE=full" "-e" "RUSTFLAGS=--cap-lints=forbid -Zrandomize-layout" "-e" "RUSTDOCFLAGS=--cap-lints=forbid" "-e" "CARGO_HOME=/opt/rustwide/cargo-home" "-e" "RUSTUP_HOME=/opt/rustwide/rustup-home" "-w" "/opt/rustwide/workdir" "-m" "1610612736" "--user" "0:0" "--network" "none" "ghcr.io/rust-lang/crates-build-env/linux@sha256:819108c5571ea2e421544af4d832f968d213c87fbe3707a016657f43d2f853bc" "/opt/rustwide/cargo-home/bin/cargo" "+nightly-2025-01-18" "build" "--frozen" "--message-format=json", kill_on_drop: false }`
[INFO] [stdout] cb7cb30c94a180e196afda2cad8da5b0c7e938d7779bb5f907f3926a70e963da
[INFO] running `Command { std: "docker" "start" "-a" "cb7cb30c94a180e196afda2cad8da5b0c7e938d7779bb5f907f3926a70e963da", kill_on_drop: false }`
[INFO] [stderr]    Compiling autocfg v1.2.0
[INFO] [stderr]    Compiling radium v0.7.0
[INFO] [stderr]    Compiling tap v1.0.1
[INFO] [stderr]    Compiling funty v2.0.0
[INFO] [stderr]    Compiling wyz v0.5.1
[INFO] [stderr]    Compiling num-traits v0.2.18
[INFO] [stderr]    Compiling bitvec v1.0.1
[INFO] [stderr]    Compiling num-complex v0.4.5
[INFO] [stderr]    Compiling vsf v0.1.2 (/opt/rustwide/workdir)
[INFO] [stderr]     Finished `dev` profile [unoptimized + debuginfo] target(s) in 6.41s
[INFO] running `Command { std: "docker" "inspect" "cb7cb30c94a180e196afda2cad8da5b0c7e938d7779bb5f907f3926a70e963da", kill_on_drop: false }`
[INFO] running `Command { std: "docker" "rm" "-f" "cb7cb30c94a180e196afda2cad8da5b0c7e938d7779bb5f907f3926a70e963da", kill_on_drop: false }`
[INFO] [stdout] cb7cb30c94a180e196afda2cad8da5b0c7e938d7779bb5f907f3926a70e963da
[INFO] running `Command { std: "docker" "create" "-v" "/var/lib/crater-agent-workspace/builds/worker-4-tc2/target:/opt/rustwide/target:rw,Z" "-v" "/var/lib/crater-agent-workspace/builds/worker-4-tc2/source:/opt/rustwide/workdir:ro,Z" "-v" "/var/lib/crater-agent-workspace/cargo-home:/opt/rustwide/cargo-home:ro,Z" "-v" "/var/lib/crater-agent-workspace/rustup-home:/opt/rustwide/rustup-home:ro,Z" "-e" "SOURCE_DIR=/opt/rustwide/workdir" "-e" "CARGO_TARGET_DIR=/opt/rustwide/target" "-e" "CARGO_INCREMENTAL=0" "-e" "RUST_BACKTRACE=full" "-e" "RUSTFLAGS=--cap-lints=forbid -Zrandomize-layout" "-e" "RUSTDOCFLAGS=--cap-lints=forbid" "-e" "CARGO_HOME=/opt/rustwide/cargo-home" "-e" "RUSTUP_HOME=/opt/rustwide/rustup-home" "-w" "/opt/rustwide/workdir" "-m" "1610612736" "--user" "0:0" "--network" "none" "ghcr.io/rust-lang/crates-build-env/linux@sha256:819108c5571ea2e421544af4d832f968d213c87fbe3707a016657f43d2f853bc" "/opt/rustwide/cargo-home/bin/cargo" "+nightly-2025-01-18" "test" "--frozen" "--no-run" "--message-format=json", kill_on_drop: false }`
[INFO] [stdout] 134d54349a681e172961c14a2410c48296a3942ca90e7a82b6555b75ce0eed2e
[INFO] running `Command { std: "docker" "start" "-a" "134d54349a681e172961c14a2410c48296a3942ca90e7a82b6555b75ce0eed2e", kill_on_drop: false }`
[INFO] [stderr]    Compiling vsf v0.1.2 (/opt/rustwide/workdir)
[INFO] [stderr]     Finished `test` profile [unoptimized + debuginfo] target(s) in 0.47s
[INFO] running `Command { std: "docker" "inspect" "134d54349a681e172961c14a2410c48296a3942ca90e7a82b6555b75ce0eed2e", kill_on_drop: false }`
[INFO] running `Command { std: "docker" "rm" "-f" "134d54349a681e172961c14a2410c48296a3942ca90e7a82b6555b75ce0eed2e", kill_on_drop: false }`
[INFO] [stdout] 134d54349a681e172961c14a2410c48296a3942ca90e7a82b6555b75ce0eed2e
[INFO] running `Command { std: "docker" "create" "-v" "/var/lib/crater-agent-workspace/builds/worker-4-tc2/target:/opt/rustwide/target:rw,Z" "-v" "/var/lib/crater-agent-workspace/builds/worker-4-tc2/source:/opt/rustwide/workdir:ro,Z" "-v" "/var/lib/crater-agent-workspace/cargo-home:/opt/rustwide/cargo-home:ro,Z" "-v" "/var/lib/crater-agent-workspace/rustup-home:/opt/rustwide/rustup-home:ro,Z" "-e" "SOURCE_DIR=/opt/rustwide/workdir" "-e" "CARGO_TARGET_DIR=/opt/rustwide/target" "-e" "CARGO_INCREMENTAL=0" "-e" "RUST_BACKTRACE=full" "-e" "RUSTFLAGS=--cap-lints=forbid -Zrandomize-layout" "-e" "RUSTDOCFLAGS=--cap-lints=forbid" "-e" "CARGO_HOME=/opt/rustwide/cargo-home" "-e" "RUSTUP_HOME=/opt/rustwide/rustup-home" "-w" "/opt/rustwide/workdir" "-m" "1610612736" "--user" "0:0" "--network" "none" "ghcr.io/rust-lang/crates-build-env/linux@sha256:819108c5571ea2e421544af4d832f968d213c87fbe3707a016657f43d2f853bc" "/opt/rustwide/cargo-home/bin/cargo" "+nightly-2025-01-18" "test" "--frozen", kill_on_drop: false }`
[INFO] [stdout] 5b4673a1ee1f3b6ba1db4545c26aa2a7c3f452964572bdb43b1c69fdfd64a263
[INFO] running `Command { std: "docker" "start" "-a" "5b4673a1ee1f3b6ba1db4545c26aa2a7c3f452964572bdb43b1c69fdfd64a263", kill_on_drop: false }`
[INFO] [stderr]     Finished `test` profile [unoptimized + debuginfo] target(s) in 0.02s
[INFO] [stderr]      Running unittests src/lib.rs (/opt/rustwide/target/debug/deps/vsf-e36676fb8e41b1ec)
[INFO] [stdout] 
[INFO] [stdout] running 0 tests
[INFO] [stdout] 
[INFO] [stdout] test result: ok. 0 passed; 0 failed; 0 ignored; 0 measured; 0 filtered out; finished in 0.00s
[INFO] [stdout] 
[INFO] [stderr]    Doc-tests vsf
[INFO] [stdout] 
[INFO] [stdout] running 1 test
[INFO] [stdout] test src/lib.rs - vsf (line 36) ... FAILED
[INFO] [stdout] 
[INFO] [stdout] failures:
[INFO] [stdout] 
[INFO] [stdout] ---- src/lib.rs - vsf (line 36) stdout ----
[INFO] [stdout] error[E0432]: unresolved imports `vsf::VsfType`, `vsf::parse`, `vsf::EncodeNumber`
[INFO] [stdout]  --> src/lib.rs:38:11
[INFO] [stdout]   |
[INFO] [stdout] 4 | use vsf::{VsfType, parse, EncodeNumber};
[INFO] [stdout]   |           ^^^^^^^  ^^^^^  ^^^^^^^^^^^^ no `EncodeNumber` in the root
[INFO] [stdout]   |           |        |
[INFO] [stdout]   |           |        no `parse` in the root
[INFO] [stdout]   |           no `VsfType` in the root
[INFO] [stdout]   |
[INFO] [stdout]   = help: consider importing this enum instead:
[INFO] [stdout]           vsf::vsf::VsfType
[INFO] [stdout]   = help: consider importing this trait instead:
[INFO] [stdout]           vsf::vsf::EncodeNumber
[INFO] [stdout] 
[INFO] [stdout] error: aborting due to 1 previous error
[INFO] [stdout] 
[INFO] [stdout] For more information about this error, try `rustc --explain E0432`.
[INFO] [stdout] Couldn't compile the test.
[INFO] [stdout] 
[INFO] [stdout] failures:
[INFO] [stdout]     src/lib.rs - vsf (line 36)
[INFO] [stdout] 
[INFO] [stdout] test result: FAILED. 0 passed; 1 failed; 0 ignored; 0 measured; 0 filtered out; finished in 0.11s
[INFO] [stdout] 
[INFO] [stderr] error: doctest failed, to rerun pass `--doc`
[INFO] running `Command { std: "docker" "inspect" "5b4673a1ee1f3b6ba1db4545c26aa2a7c3f452964572bdb43b1c69fdfd64a263", kill_on_drop: false }`
[INFO] running `Command { std: "docker" "rm" "-f" "5b4673a1ee1f3b6ba1db4545c26aa2a7c3f452964572bdb43b1c69fdfd64a263", kill_on_drop: false }`
[INFO] [stdout] 5b4673a1ee1f3b6ba1db4545c26aa2a7c3f452964572bdb43b1c69fdfd64a263
