[INFO] cloning repository https://github.com/nextest-rs/nextest
[INFO] running `Command { std: "git" "-c" "credential.helper=" "-c" "credential.helper=/workspace/cargo-home/bin/git-credential-null" "clone" "--bare" "https://github.com/nextest-rs/nextest" "/workspace/cache/git-repos/https%3A%2F%2Fgithub.com%2Fnextest-rs%2Fnextest", kill_on_drop: false }`
[INFO] [stderr] Cloning into bare repository '/workspace/cache/git-repos/https%3A%2F%2Fgithub.com%2Fnextest-rs%2Fnextest'...
[INFO] running `Command { std: "git" "rev-parse" "HEAD", kill_on_drop: false }`
[INFO] [stdout] 6eb62f3d1627885064c618de360648f0610eaf55
[INFO] testing nextest-rs/nextest against nightly-2025-01-18 for randomize-layout-2
[INFO] running `Command { std: "git" "clone" "/workspace/cache/git-repos/https%3A%2F%2Fgithub.com%2Fnextest-rs%2Fnextest" "/workspace/builds/worker-7-tc1/source", kill_on_drop: false }`
[INFO] [stderr] Cloning into '/workspace/builds/worker-7-tc1/source'...
[INFO] [stderr] done.
[INFO] validating manifest of git repo https://github.com/nextest-rs/nextest on toolchain nightly-2025-01-18
[INFO] running `Command { std: CARGO_HOME="/workspace/cargo-home" RUSTUP_HOME="/workspace/rustup-home" "/workspace/cargo-home/bin/cargo" "+nightly-2025-01-18" "metadata" "--manifest-path" "Cargo.toml" "--no-deps", kill_on_drop: false }`
[INFO] removed /workspace/builds/worker-7-tc1/source/.cargo/config.toml
[INFO] started tweaking git repo https://github.com/nextest-rs/nextest
[INFO] finished tweaking git repo https://github.com/nextest-rs/nextest
[INFO] tweaked toml for git repo https://github.com/nextest-rs/nextest written to /workspace/builds/worker-7-tc1/source/Cargo.toml
[INFO] crate git repo https://github.com/nextest-rs/nextest already has a lockfile, it will not be regenerated
[INFO] running `Command { std: CARGO_HOME="/workspace/cargo-home" RUSTUP_HOME="/workspace/rustup-home" "/workspace/cargo-home/bin/cargo" "+nightly-2025-01-18" "fetch" "--manifest-path" "Cargo.toml", kill_on_drop: false }`
[INFO] [stderr]     Blocking waiting for file lock on package cache
[INFO] [stderr]     Updating crates.io index
[INFO] [stderr]  Downloading crates ...
[INFO] [stderr]   Downloaded value-bag-sval2 v1.10.0
[INFO] [stderr]   Downloaded sval_buffer v2.13.2
[INFO] [stderr]   Downloaded sval_ref v2.13.2
[INFO] [stderr]   Downloaded sval_serde v2.13.2
[INFO] [stderr]   Downloaded log v0.4.24
[INFO] [stderr]   Downloaded enable-ansi-support v0.2.1
[INFO] [stderr]   Downloaded swrite v0.1.0
[INFO] [stderr]   Downloaded atomicwrites v0.4.4
[INFO] [stderr]   Downloaded value-bag-serde1 v1.10.0
[INFO] [stderr]   Downloaded escape8259 v0.5.3
[INFO] [stderr]   Downloaded guppy-workspace-hack v0.1.0
[INFO] [stderr]   Downloaded target-spec-miette v0.4.4
[INFO] [stderr]   Downloaded is_ci v1.2.0
[INFO] [stderr]   Downloaded supports-unicode v3.0.0
[INFO] [stderr]   Downloaded sval_nested v2.13.2
[INFO] [stderr]   Downloaded serde_ignored v0.1.10
[INFO] [stderr]   Downloaded nested v0.1.1
[INFO] [stderr]   Downloaded miette-derive v7.4.0
[INFO] [stderr]   Downloaded camino-tempfile v1.1.1
[INFO] [stderr]   Downloaded dialoguer v0.11.0
[INFO] [stderr]   Downloaded test-strategy v0.4.0
[INFO] [stderr]   Downloaded config v0.15.6
[INFO] [stderr]   Downloaded hyper-util v0.1.9
[INFO] [stderr]   Downloaded console-subscriber v0.4.1
[INFO] [stderr]   Downloaded insta v1.42.0
[INFO] [stderr]   Downloaded axum v0.7.7
[INFO] [stderr]   Downloaded quick-xml v0.23.1
[INFO] [stderr]   Downloaded proptest v1.6.0
[INFO] [stderr]   Downloaded quinn-proto v0.11.8
[INFO] [stderr]   Downloaded reqwest v0.12.8
[INFO] [stderr]   Downloaded unicode-width v0.2.0
[INFO] [stderr]   Downloaded webpki-roots v0.26.6
[INFO] [stderr]   Downloaded quick-xml v0.37.1
[INFO] [stderr]   Downloaded curve25519-dalek v4.1.3
[INFO] [stderr]   Downloaded h2 v0.4.6
[INFO] [stderr]   Downloaded crossterm v0.28.1
[INFO] [stderr]   Downloaded bstr v1.11.3
[INFO] [stderr]   Downloaded guppy v0.17.12
[INFO] [stderr]   Downloaded itertools v0.14.0
[INFO] [stderr]   Downloaded miette v7.4.0
[INFO] [stderr]   Downloaded fiat-crypto v0.2.9
[INFO] [stderr]   Downloaded quinn v0.11.5
[INFO] [stderr]   Downloaded ed25519-dalek v2.1.1
[INFO] [stderr]   Downloaded fancy-regex v0.14.0
[INFO] [stderr]   Downloaded indicatif v0.17.9
[INFO] [stderr]   Downloaded self_update v0.41.0
[INFO] [stderr]   Downloaded tar v0.4.43
[INFO] [stderr]   Downloaded vte v0.14.1
[INFO] [stderr]   Downloaded cfg-expr v0.17.2
[INFO] [stderr]   Downloaded datatest-stable v0.3.2
[INFO] [stderr]   Downloaded similar v2.6.0
[INFO] [stderr]   Downloaded libtest-mimic v0.8.1
[INFO] [stderr]   Downloaded bit-vec v0.8.0
[INFO] [stderr]   Downloaded owo-colors v4.1.0
[INFO] [stderr]   Downloaded target-spec v3.3.1
[INFO] [stderr]   Downloaded sval_dynamic v2.13.2
[INFO] [stderr]   Downloaded xxhash-rust v0.8.15
[INFO] [stderr]   Downloaded async-scoped v0.9.0
[INFO] [stderr]   Downloaded console-api v0.8.1
[INFO] [stderr]   Downloaded shared_child v1.0.1
[INFO] [stderr]   Downloaded duct v0.13.7
[INFO] [stderr]   Downloaded indent_write v2.2.0
[INFO] [stderr]   Downloaded indoc v2.0.5
[INFO] [stderr]   Downloaded globset v0.4.15
[INFO] [stderr]   Downloaded debug-ignore v1.0.5
[INFO] [stderr]   Downloaded recursion v0.5.2
[INFO] [stderr]   Downloaded win32job v2.0.0
[INFO] [stderr]   Downloaded quinn-udp v0.5.5
[INFO] [stderr]   Downloaded rustc-hash v2.0.0
[INFO] [stderr]   Downloaded idna_adapter v1.0.0
[INFO] [stderr]   Downloaded self-replace v1.5.0
[INFO] [stderr]   Downloaded zipsign-api v0.1.2
[INFO] [stderr]   Downloaded structmeta-derive v0.3.0
[INFO] [stderr]   Downloaded newtype-uuid v1.2.1
[INFO] [stderr]   Downloaded cp_r v0.5.2
[INFO] [stderr]   Downloaded sval_json v2.13.2
[INFO] [stderr]   Downloaded hyper-timeout v0.5.1
[INFO] [stderr]   Downloaded signal-hook-mio v0.2.4
[INFO] [stderr]   Downloaded os_pipe v1.2.1
[INFO] [stderr]   Downloaded future-queue v0.3.0
[INFO] [stderr]   Downloaded humantime-serde v1.1.1
[INFO] [stderr]   Downloaded mukti-metadata v0.3.0
[INFO] [stderr]   Downloaded backtrace-ext v0.2.1
[INFO] [stderr]   Downloaded terminal_size v0.4.0
[INFO] [stderr]   Downloaded supports-color v3.0.2
[INFO] [stderr]   Downloaded sval v2.13.2
[INFO] [stderr]   Downloaded structmeta v0.3.0
[INFO] [stderr]   Downloaded strip-ansi-escapes v0.2.1
[INFO] [stderr]   Downloaded quick-junit v0.5.1
[INFO] [stderr]   Downloaded smol_str v0.3.2
[INFO] [stderr]   Downloaded bit-set v0.8.0
[INFO] [stderr]   Downloaded supports-hyperlinks v3.0.0
[INFO] [stderr]   Downloaded serde_fmt v1.0.3
[INFO] [stderr]   Downloaded sval_fmt v2.13.2
[INFO] [stderr]   Downloaded fs-err v3.0.0
[INFO] running `Command { std: "docker" "create" "-v" "/var/lib/crater-agent-workspace/builds/worker-7-tc1/target:/opt/rustwide/target:rw,Z" "-v" "/var/lib/crater-agent-workspace/builds/worker-7-tc1/source:/opt/rustwide/workdir:ro,Z" "-v" "/var/lib/crater-agent-workspace/cargo-home:/opt/rustwide/cargo-home:ro,Z" "-v" "/var/lib/crater-agent-workspace/rustup-home:/opt/rustwide/rustup-home:ro,Z" "-e" "SOURCE_DIR=/opt/rustwide/workdir" "-e" "CARGO_TARGET_DIR=/opt/rustwide/target" "-e" "CARGO_HOME=/opt/rustwide/cargo-home" "-e" "RUSTUP_HOME=/opt/rustwide/rustup-home" "-w" "/opt/rustwide/workdir" "-m" "1610612736" "--user" "0:0" "--network" "none" "ghcr.io/rust-lang/crates-build-env/linux@sha256:819108c5571ea2e421544af4d832f968d213c87fbe3707a016657f43d2f853bc" "/opt/rustwide/cargo-home/bin/cargo" "+nightly-2025-01-18" "metadata" "--no-deps" "--format-version=1", kill_on_drop: false }`
[INFO] [stdout] 7b7c45dcbef39925477968d5dd044ec8c6f4d5366b4e35af034a1f86a5db72e4
[INFO] running `Command { std: "docker" "start" "-a" "7b7c45dcbef39925477968d5dd044ec8c6f4d5366b4e35af034a1f86a5db72e4", kill_on_drop: false }`
[INFO] running `Command { std: "docker" "inspect" "7b7c45dcbef39925477968d5dd044ec8c6f4d5366b4e35af034a1f86a5db72e4", kill_on_drop: false }`
[INFO] running `Command { std: "docker" "rm" "-f" "7b7c45dcbef39925477968d5dd044ec8c6f4d5366b4e35af034a1f86a5db72e4", kill_on_drop: false }`
[INFO] [stdout] 7b7c45dcbef39925477968d5dd044ec8c6f4d5366b4e35af034a1f86a5db72e4
[INFO] running `Command { std: "docker" "create" "-v" "/var/lib/crater-agent-workspace/builds/worker-7-tc1/target:/opt/rustwide/target:rw,Z" "-v" "/var/lib/crater-agent-workspace/builds/worker-7-tc1/source:/opt/rustwide/workdir:ro,Z" "-v" "/var/lib/crater-agent-workspace/cargo-home:/opt/rustwide/cargo-home:ro,Z" "-v" "/var/lib/crater-agent-workspace/rustup-home:/opt/rustwide/rustup-home:ro,Z" "-e" "SOURCE_DIR=/opt/rustwide/workdir" "-e" "CARGO_TARGET_DIR=/opt/rustwide/target" "-e" "CARGO_INCREMENTAL=0" "-e" "RUST_BACKTRACE=full" "-e" "RUSTFLAGS=--cap-lints=forbid" "-e" "RUSTDOCFLAGS=--cap-lints=forbid" "-e" "CARGO_HOME=/opt/rustwide/cargo-home" "-e" "RUSTUP_HOME=/opt/rustwide/rustup-home" "-w" "/opt/rustwide/workdir" "-m" "1610612736" "--user" "0:0" "--network" "none" "ghcr.io/rust-lang/crates-build-env/linux@sha256:819108c5571ea2e421544af4d832f968d213c87fbe3707a016657f43d2f853bc" "/opt/rustwide/cargo-home/bin/cargo" "+nightly-2025-01-18" "build" "--frozen" "--message-format=json", kill_on_drop: false }`
[INFO] [stdout] d2d707b59e140db0ceca593a5827ac62283840f7c67d63d15ad40ef04d65feb7
[INFO] running `Command { std: "docker" "start" "-a" "d2d707b59e140db0ceca593a5827ac62283840f7c67d63d15ad40ef04d65feb7", kill_on_drop: false }`
[INFO] [stderr]    Compiling proc-macro2 v1.0.93
[INFO] [stderr]    Compiling unicode-ident v1.0.14
[INFO] [stderr]    Compiling libc v0.2.169
[INFO] [stderr]    Compiling serde v1.0.217
[INFO] [stderr]    Compiling pin-project-lite v0.2.16
[INFO] [stderr]    Compiling log v0.4.24
[INFO] [stderr]    Compiling bitflags v2.8.0
[INFO] [stderr]    Compiling rustix v0.38.37
[INFO] [stderr]    Compiling linux-raw-sys v0.4.14
[INFO] [stderr]    Compiling smallvec v1.13.2
[INFO] [stderr]    Compiling futures-sink v0.3.31
[INFO] [stderr]    Compiling camino v1.1.9
[INFO] [stderr]    Compiling tracing-core v0.1.33
[INFO] [stderr]    Compiling serde_json v1.0.137
[INFO] [stderr]    Compiling futures-io v0.3.31
[INFO] [stderr]    Compiling unicode-width v0.1.14
[INFO] [stderr]    Compiling byteorder v1.5.0
[INFO] [stderr]    Compiling futures-channel v0.3.31
[INFO] [stderr]    Compiling target-lexicon v0.12.16
[INFO] [stderr]    Compiling adler v1.0.2
[INFO] [stderr]    Compiling gimli v0.28.1
[INFO] [stderr]    Compiling object v0.32.2
[INFO] [stderr]    Compiling rustc-demangle v0.1.24
[INFO] [stderr]    Compiling guppy-workspace-hack v0.1.0
[INFO] [stderr]    Compiling sharded-slab v0.1.7
[INFO] [stderr]    Compiling aho-corasick v1.1.3
[INFO] [stderr]    Compiling miniz_oxide v0.7.4
[INFO] [stderr]    Compiling num-traits v0.2.19
[INFO] [stderr]    Compiling thread_local v1.1.8
[INFO] [stderr]    Compiling tracing-log v0.2.0
[INFO] [stderr]    Compiling regex-syntax v0.8.5
[INFO] [stderr]    Compiling unicode-width v0.2.0
[INFO] [stderr]    Compiling either v1.13.0
[INFO] [stderr]    Compiling target-spec v3.3.1
[INFO] [stderr]    Compiling utf8parse v0.2.2
[INFO] [stderr]    Compiling owo-colors v4.1.0
[INFO] [stderr]    Compiling rustls-pki-types v1.10.0
[INFO] [stderr]    Compiling cfg-expr v0.17.2
[INFO] [stderr]    Compiling anstyle-parse v0.2.6
[INFO] [stderr]    Compiling semver v1.0.25
[INFO] [stderr]    Compiling colorchoice v1.0.3
[INFO] [stderr]    Compiling is_ci v1.2.0
[INFO] [stderr]    Compiling anstyle v1.0.9
[INFO] [stderr]    Compiling is_terminal_polyfill v1.70.1
[INFO] [stderr]    Compiling anstyle-query v1.1.2
[INFO] [stderr]    Compiling unicode-linebreak v0.1.5
[INFO] [stderr]    Compiling spin v0.9.8
[INFO] [stderr]    Compiling quote v1.0.38
[INFO] [stderr]    Compiling supports-color v3.0.2
[INFO] [stderr]    Compiling textwrap v0.16.1
[INFO] [stderr]    Compiling http-body v1.0.1
[INFO] [stderr]    Compiling tracing-subscriber v0.3.19
[INFO] [stderr]    Compiling anstream v0.6.17
[INFO] [stderr]    Compiling generic-array v0.14.7
[INFO] [stderr]    Compiling syn v2.0.96
[INFO] [stderr]    Compiling supports-unicode v3.0.0
[INFO] [stderr]    Compiling include_dir_macros v0.7.4
[INFO] [stderr]    Compiling clap_lex v0.7.4
[INFO] [stderr]    Compiling strsim v0.11.1
[INFO] [stderr]    Compiling supports-hyperlinks v3.0.0
[INFO] [stderr]    Compiling heck v0.5.0
[INFO] [stderr]    Compiling fastrand v2.1.1
[INFO] [stderr]    Compiling rustls v0.23.19
[INFO] [stderr]    Compiling thiserror v2.0.11
[INFO] [stderr]    Compiling bit-vec v0.8.0
[INFO] [stderr]    Compiling ahash v0.8.11
[INFO] [stderr]    Compiling include_dir v0.7.4
[INFO] [stderr]    Compiling signal-hook v0.3.17
[INFO] [stderr]    Compiling winnow v0.6.24
[INFO] [stderr]    Compiling xxhash-rust v0.8.15
[INFO] [stderr]    Compiling jobserver v0.1.32
[INFO] [stderr]    Compiling getrandom v0.2.15
[INFO] [stderr]    Compiling signal-hook-registry v1.4.2
[INFO] [stderr]    Compiling mio v1.0.3
[INFO] [stderr]    Compiling socket2 v0.5.8
[INFO] [stderr]    Compiling addr2line v0.21.0
[INFO] [stderr]    Compiling console v0.15.8
[INFO] [stderr]    Compiling cc v1.2.5
[INFO] [stderr]    Compiling rand_core v0.6.4
[INFO] [stderr]    Compiling bit-set v0.8.0
[INFO] [stderr]    Compiling idna_adapter v1.0.0
[INFO] [stderr]    Compiling portable-atomic v1.9.0
[INFO] [stderr]    Compiling webpki-roots v0.26.6
[INFO] [stderr]    Compiling newtype-uuid v1.2.1
[INFO] [stderr]    Compiling regex-automata v0.4.8
[INFO] [stderr]    Compiling idna v1.0.3
[INFO] [stderr]    Compiling fixedbitset v0.4.2
[INFO] [stderr]    Compiling zstd-safe v7.2.1
[INFO] [stderr]    Compiling cfg_aliases v0.2.1
[INFO] [stderr]    Compiling nix v0.29.0
[INFO] [stderr]    Compiling miniz_oxide v0.8.0
[INFO] [stderr]    Compiling parking_lot_core v0.9.10
[INFO] [stderr]    Compiling crypto-common v0.1.6
[INFO] [stderr]    Compiling url v2.5.4
[INFO] [stderr]    Compiling block-buffer v0.10.4
[INFO] [stderr]    Compiling uuid v1.11.0
[INFO] [stderr]    Compiling terminal_size v0.4.0
[INFO] [stderr]    Compiling tempfile v3.13.0
[INFO] [stderr]    Compiling xattr v1.3.1
[INFO] [stderr]    Compiling clap_builder v4.5.26
[INFO] [stderr]    Compiling filetime v0.2.25
[INFO] [stderr]    Compiling rustls-pemfile v2.2.0
[INFO] [stderr]    Compiling itertools v0.13.0
[INFO] [stderr]    Compiling vte v0.14.1
[INFO] [stderr]    Compiling bstr v1.11.3
[INFO] [stderr]    Compiling sync_wrapper v1.0.1
[INFO] [stderr]    Compiling base64 v0.22.1
[INFO] [stderr]    Compiling self_update v0.41.0
[INFO] [stderr]    Compiling nested v0.1.1
[INFO] [stderr]    Compiling debug-ignore v1.0.5
[INFO] [stderr]    Compiling chrono v0.4.39
[INFO] [stderr]    Compiling tinyvec v1.8.0
[INFO] [stderr]    Compiling strip-ansi-escapes v0.2.1
[INFO] [stderr]    Compiling indicatif v0.17.9
[INFO] [stderr]    Compiling flate2 v1.0.34
[INFO] [stderr]    Compiling tar v0.4.43
[INFO] [stderr]    Compiling self-replace v1.5.0
[INFO] [stderr]    Compiling digest v0.10.7
[INFO] [stderr]    Compiling signal-hook-mio v0.2.4
[INFO] [stderr]    Compiling backtrace v0.3.71
[INFO] [stderr]    Compiling ring v0.17.8
[INFO] [stderr]    Compiling zstd-sys v2.0.13+zstd.1.5.6
[INFO] [stderr]    Compiling parking_lot v0.12.3
[INFO] [stderr]    Compiling os_pipe v1.2.1
[INFO] [stderr]    Compiling shared_child v1.0.1
[INFO] [stderr]    Compiling quick-xml v0.23.1
[INFO] [stderr]    Compiling quick-xml v0.37.1
[INFO] [stderr]    Compiling urlencoding v2.1.3
[INFO] [stderr]    Compiling recursion v0.5.2
[INFO] [stderr]    Compiling eyre v0.6.12
[INFO] [stderr]    Compiling humantime v2.1.0
[INFO] [stderr]    Compiling cpufeatures v0.2.14
[INFO] [stderr]    Compiling shell-words v1.1.0
[INFO] [stderr]    Compiling duct v0.13.7
[INFO] [stderr]    Compiling sha2 v0.10.8
[INFO] [stderr]    Compiling crossterm v0.28.1
[INFO] [stderr]    Compiling unicode-normalization v0.1.24
[INFO] [stderr]    Compiling atomicwrites v0.4.4
[INFO] [stderr]    Compiling regex v1.11.1
[INFO] [stderr]    Compiling globset v0.4.15
[INFO] [stderr]    Compiling itertools v0.14.0
[INFO] [stderr]    Compiling home v0.5.11
[INFO] [stderr]    Compiling indent_write v2.2.0
[INFO] [stderr]    Compiling indenter v0.3.3
[INFO] [stderr]    Compiling owo-colors v3.5.0
[INFO] [stderr]    Compiling swrite v0.1.0
[INFO] [stderr]    Compiling fs-err v3.0.0
[INFO] [stderr]    Compiling enable-ansi-support v0.2.1
[INFO] [stderr]    Compiling whoami v1.5.2
[INFO] [stderr]    Compiling maplit v1.0.2
[INFO] [stderr]    Compiling backtrace-ext v0.2.1
[INFO] [stderr]    Compiling serde_derive v1.0.217
[INFO] [stderr]    Compiling tokio-macros v2.5.0
[INFO] [stderr]    Compiling futures-macro v0.3.31
[INFO] [stderr]    Compiling zerocopy-derive v0.7.35
[INFO] [stderr]    Compiling thiserror-impl v1.0.69
[INFO] [stderr]    Compiling tracing-attributes v0.1.28
[INFO] [stderr]    Compiling miette-derive v7.4.0
[INFO] [stderr]    Compiling clap_derive v4.5.24
[INFO] [stderr]    Compiling tokio v1.43.0
[INFO] [stderr]    Compiling futures-util v0.3.31
[INFO] [stderr]    Compiling zerocopy v0.7.35
[INFO] [stderr]    Compiling thiserror-impl v2.0.11
[INFO] [stderr]    Compiling pin-project-internal v1.1.7
[INFO] [stderr]    Compiling derive-where v1.2.7
[INFO] [stderr]    Compiling ppv-lite86 v0.2.20
[INFO] [stderr]    Compiling thiserror v1.0.69
[INFO] [stderr]    Compiling tracing v0.1.41
[INFO] [stderr]    Compiling tracing-error v0.2.0
[INFO] [stderr]    Compiling dialoguer v0.11.0
[INFO] [stderr]    Compiling rand_chacha v0.3.1
[INFO] [stderr]    Compiling color-spantrace v0.2.1
[INFO] [stderr]    Compiling color-eyre v0.6.3
[INFO] [stderr]    Compiling miette v7.4.0
[INFO] [stderr]    Compiling rand v0.8.5
[INFO] [stderr]    Compiling pin-project v1.1.7
[INFO] [stderr]    Compiling rustls-webpki v0.102.8
[INFO] [stderr]    Compiling clap v4.5.26
[INFO] [stderr]    Compiling futures-executor v0.3.31
[INFO] [stderr]    Compiling http-body-util v0.1.2
[INFO] [stderr]    Compiling future-queue v0.3.0
[INFO] [stderr]    Compiling futures v0.3.31
[INFO] [stderr]    Compiling hyper v1.5.0
[INFO] [stderr]    Compiling tokio-stream v0.1.17
[INFO] [stderr]    Compiling async-scoped v0.9.0
[INFO] [stderr]    Compiling zstd v0.13.2
[INFO] [stderr]    Compiling hyper-util v0.1.9
[INFO] [stderr]    Compiling tokio-rustls v0.26.0
[INFO] [stderr]    Compiling indexmap v2.7.1
[INFO] [stderr]    Compiling cargo-platform v0.1.9
[INFO] [stderr]    Compiling smol_str v0.3.2
[INFO] [stderr]    Compiling toml_datetime v0.6.8
[INFO] [stderr]    Compiling serde_spanned v0.6.8
[INFO] [stderr]    Compiling serde_urlencoded v0.7.1
[INFO] [stderr]    Compiling serde_ignored v0.1.10
[INFO] [stderr]    Compiling humantime-serde v1.1.1
[INFO] [stderr]    Compiling serde_path_to_error v0.1.16
[INFO] [stderr]    Compiling pathdiff v0.2.3
[INFO] [stderr]    Compiling camino-tempfile v1.1.1
[INFO] [stderr]    Compiling hyper-rustls v0.27.3
[INFO] [stderr]    Compiling nextest-workspace-hack v0.1.0 (/opt/rustwide/workdir/workspace-hack)
[INFO] [stderr]    Compiling cargo-nextest v0.9.88 (/opt/rustwide/workdir/cargo-nextest)
[INFO] [stderr]    Compiling toml_edit v0.22.22
[INFO] [stderr]    Compiling petgraph v0.6.5
[INFO] [stderr]    Compiling quick-junit v0.5.1
[INFO] [stderr]    Compiling cargo_metadata v0.19.1
[INFO] [stderr]    Compiling reqwest v0.12.8
[INFO] [stderr]    Compiling mukti-metadata v0.3.0
[INFO] [stderr]    Compiling target-spec-miette v0.4.4
[INFO] [stderr]    Compiling nextest-metadata v0.12.1 (/opt/rustwide/workdir/nextest-metadata)
[INFO] [stderr]    Compiling toml v0.8.19
[INFO] [stderr]    Compiling fixture-data v0.1.0 (/opt/rustwide/workdir/fixture-data)
[INFO] [stderr]    Compiling guppy v0.17.12
[INFO] [stderr]    Compiling config v0.15.6
[INFO] [stderr]    Compiling nextest-filtering v0.13.0 (/opt/rustwide/workdir/nextest-filtering)
[INFO] [stderr]    Compiling nextest-runner v0.71.0 (/opt/rustwide/workdir/nextest-runner)
[INFO] [stderr]    Compiling integration-tests v0.1.0 (/opt/rustwide/workdir/integration-tests)
[INFO] [stderr]     Finished `dev` profile [unoptimized + debuginfo] target(s) in 1m 36s
[INFO] running `Command { std: "docker" "inspect" "d2d707b59e140db0ceca593a5827ac62283840f7c67d63d15ad40ef04d65feb7", kill_on_drop: false }`
[INFO] running `Command { std: "docker" "rm" "-f" "d2d707b59e140db0ceca593a5827ac62283840f7c67d63d15ad40ef04d65feb7", kill_on_drop: false }`
[INFO] [stdout] d2d707b59e140db0ceca593a5827ac62283840f7c67d63d15ad40ef04d65feb7
[INFO] running `Command { std: "docker" "create" "-v" "/var/lib/crater-agent-workspace/builds/worker-7-tc1/target:/opt/rustwide/target:rw,Z" "-v" "/var/lib/crater-agent-workspace/builds/worker-7-tc1/source:/opt/rustwide/workdir:ro,Z" "-v" "/var/lib/crater-agent-workspace/cargo-home:/opt/rustwide/cargo-home:ro,Z" "-v" "/var/lib/crater-agent-workspace/rustup-home:/opt/rustwide/rustup-home:ro,Z" "-e" "SOURCE_DIR=/opt/rustwide/workdir" "-e" "CARGO_TARGET_DIR=/opt/rustwide/target" "-e" "CARGO_INCREMENTAL=0" "-e" "RUST_BACKTRACE=full" "-e" "RUSTFLAGS=--cap-lints=forbid" "-e" "RUSTDOCFLAGS=--cap-lints=forbid" "-e" "CARGO_HOME=/opt/rustwide/cargo-home" "-e" "RUSTUP_HOME=/opt/rustwide/rustup-home" "-w" "/opt/rustwide/workdir" "-m" "1610612736" "--user" "0:0" "--network" "none" "ghcr.io/rust-lang/crates-build-env/linux@sha256:819108c5571ea2e421544af4d832f968d213c87fbe3707a016657f43d2f853bc" "/opt/rustwide/cargo-home/bin/cargo" "+nightly-2025-01-18" "test" "--frozen" "--no-run" "--message-format=json", kill_on_drop: false }`
[INFO] [stdout] 03a22626eb31a4b9f500fa95bc71437ec6cb541b30103c3b2ba976a4ed5fc2fa
[INFO] running `Command { std: "docker" "start" "-a" "03a22626eb31a4b9f500fa95bc71437ec6cb541b30103c3b2ba976a4ed5fc2fa", kill_on_drop: false }`
[INFO] [stderr]    Compiling test-case-core v3.3.1
[INFO] [stderr]    Compiling linked-hash-map v0.5.6
[INFO] [stderr]    Compiling similar v2.6.0
[INFO] [stderr]    Compiling structmeta-derive v0.3.0
[INFO] [stderr]    Compiling wait-timeout v0.2.0
[INFO] [stderr]    Compiling rand_xorshift v0.3.0
[INFO] [stderr]    Compiling escape8259 v0.5.3
[INFO] [stderr]    Compiling unarray v0.1.4
[INFO] [stderr]    Compiling walkdir v2.5.0
[INFO] [stderr]    Compiling fancy-regex v0.14.0
[INFO] [stderr]    Compiling cp_r v0.5.2
[INFO] [stderr]    Compiling num_threads v0.1.7
[INFO] [stderr]    Compiling diff v0.1.13
[INFO] [stderr]    Compiling yansi v1.0.1
[INFO] [stderr]    Compiling indoc v2.0.5
[INFO] [stderr]    Compiling cargo-nextest v0.9.88 (/opt/rustwide/workdir/cargo-nextest)
[INFO] [stderr]    Compiling libtest-mimic v0.8.1
[INFO] [stderr]    Compiling rusty-fork v0.3.0
[INFO] [stderr]    Compiling fixture-data v0.1.0 (/opt/rustwide/workdir/fixture-data)
[INFO] [stderr]    Compiling nextest-workspace-hack v0.1.0 (/opt/rustwide/workdir/workspace-hack)
[INFO] [stderr]    Compiling pretty_assertions v1.4.1
[INFO] [stderr]    Compiling proptest v1.6.0
[INFO] [stderr]    Compiling datatest-stable v0.3.2
[INFO] [stderr]    Compiling insta v1.42.0
[INFO] [stderr]    Compiling structmeta v0.3.0
[INFO] [stderr]    Compiling test-case-macros v3.3.1
[INFO] [stderr]    Compiling test-strategy v0.4.0
[INFO] [stderr]    Compiling test-case v3.3.1
[INFO] [stderr]    Compiling nextest-metadata v0.12.1 (/opt/rustwide/workdir/nextest-metadata)
[INFO] [stderr]    Compiling nextest-filtering v0.13.0 (/opt/rustwide/workdir/nextest-filtering)
[INFO] [stderr]    Compiling integration-tests v0.1.0 (/opt/rustwide/workdir/integration-tests)
[INFO] [stderr]    Compiling nextest-runner v0.71.0 (/opt/rustwide/workdir/nextest-runner)
[INFO] [stderr]     Finished `test` profile [unoptimized + debuginfo] target(s) in 43.51s
[INFO] running `Command { std: "docker" "inspect" "03a22626eb31a4b9f500fa95bc71437ec6cb541b30103c3b2ba976a4ed5fc2fa", kill_on_drop: false }`
[INFO] running `Command { std: "docker" "rm" "-f" "03a22626eb31a4b9f500fa95bc71437ec6cb541b30103c3b2ba976a4ed5fc2fa", kill_on_drop: false }`
[INFO] [stdout] 03a22626eb31a4b9f500fa95bc71437ec6cb541b30103c3b2ba976a4ed5fc2fa
[INFO] running `Command { std: "docker" "create" "-v" "/var/lib/crater-agent-workspace/builds/worker-7-tc1/target:/opt/rustwide/target:rw,Z" "-v" "/var/lib/crater-agent-workspace/builds/worker-7-tc1/source:/opt/rustwide/workdir:ro,Z" "-v" "/var/lib/crater-agent-workspace/cargo-home:/opt/rustwide/cargo-home:ro,Z" "-v" "/var/lib/crater-agent-workspace/rustup-home:/opt/rustwide/rustup-home:ro,Z" "-e" "SOURCE_DIR=/opt/rustwide/workdir" "-e" "CARGO_TARGET_DIR=/opt/rustwide/target" "-e" "CARGO_INCREMENTAL=0" "-e" "RUST_BACKTRACE=full" "-e" "RUSTFLAGS=--cap-lints=forbid" "-e" "RUSTDOCFLAGS=--cap-lints=forbid" "-e" "CARGO_HOME=/opt/rustwide/cargo-home" "-e" "RUSTUP_HOME=/opt/rustwide/rustup-home" "-w" "/opt/rustwide/workdir" "-m" "1610612736" "--user" "0:0" "--network" "none" "ghcr.io/rust-lang/crates-build-env/linux@sha256:819108c5571ea2e421544af4d832f968d213c87fbe3707a016657f43d2f853bc" "/opt/rustwide/cargo-home/bin/cargo" "+nightly-2025-01-18" "test" "--frozen", kill_on_drop: false }`
[INFO] [stdout] a20f0b240e80b27b6616f5c9ef7c6baac215da5ea8285f6b579a8fd046c27f11
[INFO] running `Command { std: "docker" "start" "-a" "a20f0b240e80b27b6616f5c9ef7c6baac215da5ea8285f6b579a8fd046c27f11", kill_on_drop: false }`
[INFO] [stderr]     Finished `test` profile [unoptimized + debuginfo] target(s) in 0.76s
[INFO] [stderr]      Running unittests src/lib.rs (/opt/rustwide/target/debug/deps/cargo_nextest-a1f8011045500a47)
[INFO] [stdout] 
[INFO] [stdout] running 2 tests
[INFO] [stdout] test dispatch::tests::test_test_binary_argument_parsing ... ok
[INFO] [stdout] test dispatch::tests::test_argument_parsing ... ok
[INFO] [stdout] 
[INFO] [stdout] test result: ok. 2 passed; 0 failed; 0 ignored; 0 measured; 0 filtered out; finished in 0.23s
[INFO] [stdout] 
[INFO] [stderr]      Running unittests src/main.rs (/opt/rustwide/target/debug/deps/cargo_nextest-b1e7d11deef5201a)
[INFO] [stdout] 
[INFO] [stdout] running 0 tests
[INFO] [stdout] 
[INFO] [stdout] test result: ok. 0 passed; 0 failed; 0 ignored; 0 measured; 0 filtered out; finished in 0.00s
[INFO] [stdout] 
[INFO] [stderr]      Running unittests src/lib.rs (/opt/rustwide/target/debug/deps/fixture_data-0acc1e88f8874e71)
[INFO] [stdout] 
[INFO] [stdout] running 0 tests
[INFO] [stdout] 
[INFO] [stdout] test result: ok. 0 passed; 0 failed; 0 ignored; 0 measured; 0 filtered out; finished in 0.00s
[INFO] [stdout] 
[INFO] [stderr]      Running unittests src/lib.rs (/opt/rustwide/target/debug/deps/integration_tests-f25714f9977a732f)
[INFO] [stdout] 
[INFO] [stdout] running 0 tests
[INFO] [stdout] 
[INFO] [stdout] test result: ok. 0 passed; 0 failed; 0 ignored; 0 measured; 0 filtered out; finished in 0.00s
[INFO] [stdout] 
[INFO] [stderr]      Running unittests test-helpers/build-seed-archive.rs (/opt/rustwide/target/debug/deps/build_seed_archive-d2ebc51cb8b4bd3f)
[INFO] [stderr]      Running unittests test-helpers/cargo-nextest-dup.rs (/opt/rustwide/target/debug/deps/cargo_nextest_dup-5a1b9e8479f1e317)
[INFO] [stdout] 
[INFO] [stdout] running 0 tests
[INFO] [stdout] 
[INFO] [stdout] test result: ok. 0 passed; 0 failed; 0 ignored; 0 measured; 0 filtered out; finished in 0.00s
[INFO] [stdout] 
[INFO] [stdout] 
[INFO] [stdout] running 0 tests
[INFO] [stdout] 
[INFO] [stdout] test result: ok. 0 passed; 0 failed; 0 ignored; 0 measured; 0 filtered out; finished in 0.00s
[INFO] [stdout] 
[INFO] [stderr]      Running tests/custom-harness.rs (/opt/rustwide/target/debug/deps/custom_harness-d43c41aba23ba7e1)
[INFO] [stdout] 
[INFO] [stdout] running 2 tests
[INFO] [stderr] 
[INFO] [stderr] thread '<unnamed>' panicked at integration-tests/tests/custom-harness.rs:51:9:
[INFO] [stderr] assertion `left == right` failed: number of threads is 1
[INFO] [stderr]   left: 7
[INFO] [stderr]  right: 1
[INFO] [stderr] stack backtrace:
[INFO] [stdout] test thread_count::test_multi_threaded  ... ok
[INFO] [stderr]    0:     0x5cfd048314aa - std::backtrace_rs::backtrace::libunwind::trace::hb059275cfc8d6126
[INFO] [stderr]                                at /rustc/6067b36314ab5eb2eb47cecc464545ba58e1ad24/library/std/src/../../backtrace/src/backtrace/libunwind.rs:116:5
[INFO] [stderr]    1:     0x5cfd048314aa - std::backtrace_rs::backtrace::trace_unsynchronized::h2da071e4327ce3ee
[INFO] [stderr]                                at /rustc/6067b36314ab5eb2eb47cecc464545ba58e1ad24/library/std/src/../../backtrace/src/backtrace/mod.rs:66:5
[INFO] [stderr]    2:     0x5cfd048314aa - std::sys::backtrace::_print_fmt::h842a1474e6f8d23f
[INFO] [stderr]                                at /rustc/6067b36314ab5eb2eb47cecc464545ba58e1ad24/library/std/src/sys/backtrace.rs:66:9
[INFO] [stderr]    3:     0x5cfd048314aa - <std::sys::backtrace::BacktraceLock::print::DisplayBacktrace as core::fmt::Display>::fmt::h71a62eb3b9696b12
[INFO] [stderr]                                at /rustc/6067b36314ab5eb2eb47cecc464545ba58e1ad24/library/std/src/sys/backtrace.rs:39:26
[INFO] [stderr]    4:     0x5cfd04854703 - core::fmt::rt::Argument::fmt::hdb6b616786b41dc1
[INFO] [stderr]                                at /rustc/6067b36314ab5eb2eb47cecc464545ba58e1ad24/library/core/src/fmt/rt.rs:177:76
[INFO] [stderr]    5:     0x5cfd04854703 - core::fmt::write::h2cc1698af7e2d686
[INFO] [stderr]                                at /rustc/6067b36314ab5eb2eb47cecc464545ba58e1ad24/library/core/src/fmt/mod.rs:1440:21
[INFO] [stderr]    6:     0x5cfd0482e243 - std::io::Write::write_fmt::h00c8700df393f328
[INFO] [stderr]                                at /rustc/6067b36314ab5eb2eb47cecc464545ba58e1ad24/library/std/src/io/mod.rs:1887:15
[INFO] [stderr]    7:     0x5cfd048312f2 - std::sys::backtrace::BacktraceLock::print::h147fe35b4ea13b08
[INFO] [stderr]                                at /rustc/6067b36314ab5eb2eb47cecc464545ba58e1ad24/library/std/src/sys/backtrace.rs:42:9
[INFO] [stderr]    8:     0x5cfd0483238f - std::panicking::default_hook::{{closure}}::hbd44223dbdc0d208
[INFO] [stderr]                                at /rustc/6067b36314ab5eb2eb47cecc464545ba58e1ad24/library/std/src/panicking.rs:298:22
[INFO] [stderr]    9:     0x5cfd048321fa - std::panicking::default_hook::h20f81eb0576efcec
[INFO] [stderr]                                at /rustc/6067b36314ab5eb2eb47cecc464545ba58e1ad24/library/std/src/panicking.rs:325:9
[INFO] [stderr]   10:     0x5cfd04832db2 - std::panicking::rust_panic_with_hook::h625eea43051b2edc
[INFO] [stderr]                                at /rustc/6067b36314ab5eb2eb47cecc464545ba58e1ad24/library/std/src/panicking.rs:831:13
[INFO] [stderr]   11:     0x5cfd04832b3a - std::panicking::begin_panic_handler::{{closure}}::h4f9159cfbc3f6bd3
[INFO] [stderr]                                at /rustc/6067b36314ab5eb2eb47cecc464545ba58e1ad24/library/std/src/panicking.rs:704:13
[INFO] [stderr]   12:     0x5cfd048319a9 - std::sys::backtrace::__rust_end_short_backtrace::h0390abce48353151
[INFO] [stderr]                                at /rustc/6067b36314ab5eb2eb47cecc464545ba58e1ad24/library/std/src/sys/backtrace.rs:168:18
[INFO] [stderr]   13:     0x5cfd048327cd - rust_begin_unwind
[INFO] [stderr]                                at /rustc/6067b36314ab5eb2eb47cecc464545ba58e1ad24/library/std/src/panicking.rs:695:5
[INFO] [stderr]   14:     0x5cfd048530e0 - core::panicking::panic_fmt::h9e7c637e9e5f29c9
[INFO] [stderr]                                at /rustc/6067b36314ab5eb2eb47cecc464545ba58e1ad24/library/core/src/panicking.rs:75:14
[INFO] [stderr]   15:     0x5cfd048534d2 - core::panicking::assert_failed_inner::h538bec7c1374cd9c
[INFO] [stderr]   16:     0x5cfd04853389 - core::panicking::assert_failed::h7fe8c93d80615b71
[INFO] [stderr]                                at /rustc/6067b36314ab5eb2eb47cecc464545ba58e1ad24/library/core/src/panicking.rs:364:5
[INFO] [stderr]   17:     0x5cfd046bcb97 - custom_harness::thread_count::test_single_threaded::h972539b9e342dd02
[INFO] [stderr]                                at /opt/rustwide/workdir/integration-tests/tests/custom-harness.rs:51:9
[INFO] [stderr]   18:     0x5cfd046bc001 - core::ops::function::FnOnce::call_once::h67bfdf121e7bbea1
[INFO] [stderr]                                at /rustc/6067b36314ab5eb2eb47cecc464545ba58e1ad24/library/core/src/ops/function.rs:250:5
[INFO] [stderr]   19:     0x5cfd046bbe00 - libtest_mimic::Trial::test::{{closure}}::hfeb68a9cba5e1524
[INFO] [stderr]                                at /opt/rustwide/cargo-home/registry/src/index.crates.io-1949cf8c6b5b557f/libtest-mimic-0.8.1/src/lib.rs:119:54
[INFO] [stderr]   20:     0x5cfd046bbf66 - core::ops::function::FnOnce::call_once{{vtable.shim}}::h7ce139fb83c8ea49
[INFO] [stderr]                                at /rustc/6067b36314ab5eb2eb47cecc464545ba58e1ad24/library/core/src/ops/function.rs:250:5
[INFO] [stderr]   21:     0x5cfd046f5c50 - <alloc::boxed::Box<F,A> as core::ops::function::FnOnce<Args>>::call_once::h6e91ab3aa25da227
[INFO] [stderr]                                at /rustc/6067b36314ab5eb2eb47cecc464545ba58e1ad24/library/alloc/src/boxed.rs:2013:9
[INFO] [stderr]   22:     0x5cfd046f1990 - libtest_mimic::run_single::{{closure}}::hdf7514af6a974572
[INFO] [stdout] test thread_count::test_single_threaded ... FAILED
[INFO] [stderr]                                at /opt/rustwide/cargo-home/registry/src/index.crates.io-1949cf8c6b5b557f/libtest-mimic-0.8.1/src/lib.rs:576:43
[INFO] [stdout] 
[INFO] [stderr]   23:     0x5cfd046f8f50 - <core::panic::unwind_safe::AssertUnwindSafe<F> as core::ops::function::FnOnce<()>>::call_once::h4ece41826f700bf4
[INFO] [stdout] failures:
[INFO] [stderr]                                at /rustc/6067b36314ab5eb2eb47cecc464545ba58e1ad24/library/core/src/panic/unwind_safe.rs:272:9
[INFO] [stdout] 
[INFO] [stderr]   24:     0x5cfd046d59c1 - std::panicking::try::do_call::hba1845e282a64ca8
[INFO] [stdout] ---- thread_count::test_single_threaded ----
[INFO] [stderr]                                at /rustc/6067b36314ab5eb2eb47cecc464545ba58e1ad24/library/std/src/panicking.rs:587:40
[INFO] [stdout] test panicked: assertion `left == right` failed: number of threads is 1
[INFO] [stderr]   25:     0x5cfd046e66ab - __rust_try
[INFO] [stdout]   left: 7
[INFO] [stderr]   26:     0x5cfd046e494b - std::panicking::try::h49cd07253933747b
[INFO] [stdout]  right: 1
[INFO] [stderr]                                at /rustc/6067b36314ab5eb2eb47cecc464545ba58e1ad24/library/std/src/panicking.rs:550:19
[INFO] [stdout] 
[INFO] [stderr]   27:     0x5cfd046e494b - std::panic::catch_unwind::h4a00789acd2a198e
[INFO] [stdout] 
[INFO] [stderr]                                at /rustc/6067b36314ab5eb2eb47cecc464545ba58e1ad24/library/std/src/panic.rs:358:14
[INFO] [stdout] failures:
[INFO] [stderr]   28:     0x5cfd046f1941 - libtest_mimic::run_single::h93c5c75db08dbd77
[INFO] [stdout]     thread_count::test_single_threaded
[INFO] [stderr]                                at /opt/rustwide/cargo-home/registry/src/index.crates.io-1949cf8c6b5b557f/libtest-mimic-0.8.1/src/lib.rs:576:5
[INFO] [stdout] 
[INFO] [stderr]   29:     0x5cfd046f16a8 - libtest_mimic::run::{{closure}}::{{closure}}::he54b0de9ac2c2e41
[INFO] [stdout] test result: FAILED. 1 passed; 1 failed; 0 ignored; 0 measured; 0 filtered out; finished in 0.06s
[INFO] [stderr]                                at /opt/rustwide/cargo-home/registry/src/index.crates.io-1949cf8c6b5b557f/libtest-mimic-0.8.1/src/lib.rs:531:43
[INFO] [stdout] 
[INFO] [stderr]   30:     0x5cfd046f2826 - std::sys::backtrace::__rust_begin_short_backtrace::h7162ec224144c397
[INFO] [stderr]                                at /rustc/6067b36314ab5eb2eb47cecc464545ba58e1ad24/library/std/src/sys/backtrace.rs:152:18
[INFO] [stderr]   31:     0x5cfd046cdca2 - std::thread::Builder::spawn_unchecked_::{{closure}}::{{closure}}::h4b1f119ba9e99774
[INFO] [stderr]                                at /rustc/6067b36314ab5eb2eb47cecc464545ba58e1ad24/library/std/src/thread/mod.rs:559:17
[INFO] [stderr]   32:     0x5cfd046f8ee1 - <core::panic::unwind_safe::AssertUnwindSafe<F> as core::ops::function::FnOnce<()>>::call_once::h003b8cafae754bd7
[INFO] [stderr]                                at /rustc/6067b36314ab5eb2eb47cecc464545ba58e1ad24/library/core/src/panic/unwind_safe.rs:272:9
[INFO] [stderr]   33:     0x5cfd046d5970 - std::panicking::try::do_call::h3a4576f00f5036a8
[INFO] [stderr]                                at /rustc/6067b36314ab5eb2eb47cecc464545ba58e1ad24/library/std/src/panicking.rs:587:40
[INFO] [stderr]   34:     0x5cfd046cf45b - __rust_try
[INFO] [stderr]   35:     0x5cfd046cd6c2 - std::panicking::try::he14057aa493a75fa
[INFO] [stderr]                                at /rustc/6067b36314ab5eb2eb47cecc464545ba58e1ad24/library/std/src/panicking.rs:550:19
[INFO] [stderr]   36:     0x5cfd046cd6c2 - std::panic::catch_unwind::h748014008b983b56
[INFO] [stderr]                                at /rustc/6067b36314ab5eb2eb47cecc464545ba58e1ad24/library/std/src/panic.rs:358:14
[INFO] [stderr]   37:     0x5cfd046cd6c2 - std::thread::Builder::spawn_unchecked_::{{closure}}::h012d280e90dacd2d
[INFO] [stderr]                                at /rustc/6067b36314ab5eb2eb47cecc464545ba58e1ad24/library/std/src/thread/mod.rs:557:30
[INFO] [stderr]   38:     0x5cfd046f314f - core::ops::function::FnOnce::call_once{{vtable.shim}}::hb9ec6f1fa3f25751
[INFO] [stderr]                                at /rustc/6067b36314ab5eb2eb47cecc464545ba58e1ad24/library/core/src/ops/function.rs:250:5
[INFO] [stderr]   39:     0x5cfd04834d1b - <alloc::boxed::Box<F,A> as core::ops::function::FnOnce<Args>>::call_once::ha52bedf99a3b4981
[INFO] [stderr]                                at /rustc/6067b36314ab5eb2eb47cecc464545ba58e1ad24/library/alloc/src/boxed.rs:2013:9
[INFO] [stderr]   40:     0x5cfd04834d1b - <alloc::boxed::Box<F,A> as core::ops::function::FnOnce<Args>>::call_once::h567748934d80ccf8
[INFO] [stderr]                                at /rustc/6067b36314ab5eb2eb47cecc464545ba58e1ad24/library/alloc/src/boxed.rs:2013:9
[INFO] [stderr]   41:     0x5cfd04834d1b - std::sys::pal::unix::thread::Thread::new::thread_start::h2d970728ae887adc
[INFO] [stderr]                                at /rustc/6067b36314ab5eb2eb47cecc464545ba58e1ad24/library/std/src/sys/pal/unix/thread.rs:106:17
[INFO] [stderr]   42:     0x710f6e1dbac3 - <unknown>
[INFO] [stderr]   43:     0x710f6e26ca04 - clone
[INFO] [stderr]   44:                0x0 - <unknown>
[INFO] [stderr] error: test failed, to rerun pass `-p integration-tests --test custom-harness`
[INFO] running `Command { std: "docker" "inspect" "a20f0b240e80b27b6616f5c9ef7c6baac215da5ea8285f6b579a8fd046c27f11", kill_on_drop: false }`
[INFO] running `Command { std: "docker" "rm" "-f" "a20f0b240e80b27b6616f5c9ef7c6baac215da5ea8285f6b579a8fd046c27f11", kill_on_drop: false }`
[INFO] [stdout] a20f0b240e80b27b6616f5c9ef7c6baac215da5ea8285f6b579a8fd046c27f11
