[INFO] cloning repository https://github.com/neon-uriel/NeES
[INFO] running `Command { std: "git" "-c" "credential.helper=" "-c" "credential.helper=/workspace/cargo-home/bin/git-credential-null" "clone" "--bare" "https://github.com/neon-uriel/NeES" "/workspace/cache/git-repos/https%3A%2F%2Fgithub.com%2Fneon-uriel%2FNeES", kill_on_drop: false }`
[INFO] [stderr] Cloning into bare repository '/workspace/cache/git-repos/https%3A%2F%2Fgithub.com%2Fneon-uriel%2FNeES'...
[INFO] running `Command { std: "git" "rev-parse" "HEAD", kill_on_drop: false }`
[INFO] [stdout] 59049ef1a99046f91270830872f3c7bd865651b8
[INFO] testing neon-uriel/NeES against nightly-2025-01-18+rustflags=-Zrandomize-layout for randomize-layout-2
[INFO] running `Command { std: "git" "clone" "/workspace/cache/git-repos/https%3A%2F%2Fgithub.com%2Fneon-uriel%2FNeES" "/workspace/builds/worker-5-tc2/source", kill_on_drop: false }`
[INFO] [stderr] Cloning into '/workspace/builds/worker-5-tc2/source'...
[INFO] [stderr] done.
[INFO] validating manifest of git repo https://github.com/neon-uriel/NeES on toolchain nightly-2025-01-18
[INFO] running `Command { std: CARGO_HOME="/workspace/cargo-home" RUSTUP_HOME="/workspace/rustup-home" "/workspace/cargo-home/bin/cargo" "+nightly-2025-01-18" "metadata" "--manifest-path" "Cargo.toml" "--no-deps", kill_on_drop: false }`
[INFO] started tweaking git repo https://github.com/neon-uriel/NeES
[INFO] finished tweaking git repo https://github.com/neon-uriel/NeES
[INFO] tweaked toml for git repo https://github.com/neon-uriel/NeES written to /workspace/builds/worker-5-tc2/source/Cargo.toml
[INFO] crate git repo https://github.com/neon-uriel/NeES already has a lockfile, it will not be regenerated
[INFO] running `Command { std: CARGO_HOME="/workspace/cargo-home" RUSTUP_HOME="/workspace/rustup-home" "/workspace/cargo-home/bin/cargo" "+nightly-2025-01-18" "fetch" "--manifest-path" "Cargo.toml", kill_on_drop: false }`
[INFO] running `Command { std: "docker" "create" "-v" "/var/lib/crater-agent-workspace/builds/worker-5-tc2/target:/opt/rustwide/target:rw,Z" "-v" "/var/lib/crater-agent-workspace/builds/worker-5-tc2/source:/opt/rustwide/workdir:ro,Z" "-v" "/var/lib/crater-agent-workspace/cargo-home:/opt/rustwide/cargo-home:ro,Z" "-v" "/var/lib/crater-agent-workspace/rustup-home:/opt/rustwide/rustup-home:ro,Z" "-e" "SOURCE_DIR=/opt/rustwide/workdir" "-e" "CARGO_TARGET_DIR=/opt/rustwide/target" "-e" "CARGO_HOME=/opt/rustwide/cargo-home" "-e" "RUSTUP_HOME=/opt/rustwide/rustup-home" "-w" "/opt/rustwide/workdir" "-m" "1610612736" "--user" "0:0" "--network" "none" "ghcr.io/rust-lang/crates-build-env/linux@sha256:819108c5571ea2e421544af4d832f968d213c87fbe3707a016657f43d2f853bc" "/opt/rustwide/cargo-home/bin/cargo" "+nightly-2025-01-18" "metadata" "--no-deps" "--format-version=1", kill_on_drop: false }`
[INFO] [stdout] b702fafc5c05e2c1c518435fef4903b155dd44c8de7370c2baaeb349668b7e6f
[INFO] running `Command { std: "docker" "start" "-a" "b702fafc5c05e2c1c518435fef4903b155dd44c8de7370c2baaeb349668b7e6f", kill_on_drop: false }`
[INFO] running `Command { std: "docker" "inspect" "b702fafc5c05e2c1c518435fef4903b155dd44c8de7370c2baaeb349668b7e6f", kill_on_drop: false }`
[INFO] running `Command { std: "docker" "rm" "-f" "b702fafc5c05e2c1c518435fef4903b155dd44c8de7370c2baaeb349668b7e6f", kill_on_drop: false }`
[INFO] [stdout] b702fafc5c05e2c1c518435fef4903b155dd44c8de7370c2baaeb349668b7e6f
[INFO] running `Command { std: "docker" "create" "-v" "/var/lib/crater-agent-workspace/builds/worker-5-tc2/target:/opt/rustwide/target:rw,Z" "-v" "/var/lib/crater-agent-workspace/builds/worker-5-tc2/source:/opt/rustwide/workdir:ro,Z" "-v" "/var/lib/crater-agent-workspace/cargo-home:/opt/rustwide/cargo-home:ro,Z" "-v" "/var/lib/crater-agent-workspace/rustup-home:/opt/rustwide/rustup-home:ro,Z" "-e" "SOURCE_DIR=/opt/rustwide/workdir" "-e" "CARGO_TARGET_DIR=/opt/rustwide/target" "-e" "CARGO_INCREMENTAL=0" "-e" "RUST_BACKTRACE=full" "-e" "RUSTFLAGS=--cap-lints=forbid -Zrandomize-layout" "-e" "RUSTDOCFLAGS=--cap-lints=forbid" "-e" "CARGO_HOME=/opt/rustwide/cargo-home" "-e" "RUSTUP_HOME=/opt/rustwide/rustup-home" "-w" "/opt/rustwide/workdir" "-m" "1610612736" "--user" "0:0" "--network" "none" "ghcr.io/rust-lang/crates-build-env/linux@sha256:819108c5571ea2e421544af4d832f968d213c87fbe3707a016657f43d2f853bc" "/opt/rustwide/cargo-home/bin/cargo" "+nightly-2025-01-18" "build" "--frozen" "--message-format=json", kill_on_drop: false }`
[INFO] [stdout] 4d48de6c40863d60299457588185585c9597e84fbc01afac63c7ef2dfe5429f7
[INFO] running `Command { std: "docker" "start" "-a" "4d48de6c40863d60299457588185585c9597e84fbc01afac63c7ef2dfe5429f7", kill_on_drop: false }`
[INFO] [stderr]    Compiling NeES v0.1.0 (/opt/rustwide/workdir)
[INFO] [stdout] warning: value assigned to `res` is never read
[INFO] [stdout]    --> src/cpu.rs:215:18
[INFO] [stdout]     |
[INFO] [stdout] 215 |         let (mut res, carrying) = val.overflowing_add(data);
[INFO] [stdout]     |                  ^^^
[INFO] [stdout]     |
[INFO] [stdout]     = help: maybe it is overwritten before being read?
[INFO] [stdout]     = note: `#[warn(unused_assignments)]` on by default
[INFO] [stdout] 
[INFO] [stdout] 
[INFO] [stdout] warning: variable does not need to be mutable
[INFO] [stdout]    --> src/cpu.rs:216:13
[INFO] [stdout]     |
[INFO] [stdout] 216 |         let mut carrying2;
[INFO] [stdout]     |             ----^^^^^^^^^
[INFO] [stdout]     |             |
[INFO] [stdout]     |             help: remove this `mut`
[INFO] [stdout]     |
[INFO] [stdout]     = note: `#[warn(unused_mut)]` on by default
[INFO] [stdout] 
[INFO] [stdout] 
[INFO] [stdout] warning: struct `CPU` is never constructed
[INFO] [stdout]  --> src/cpu.rs:3:12
[INFO] [stdout]   |
[INFO] [stdout] 3 | pub struct CPU {
[INFO] [stdout]   |            ^^^
[INFO] [stdout]   |
[INFO] [stdout]   = note: `#[warn(dead_code)]` on by default
[INFO] [stdout] 
[INFO] [stdout] 
[INFO] [stdout] warning: trait `Mem` is never used
[INFO] [stdout]   --> src/cpu.rs:31:7
[INFO] [stdout]    |
[INFO] [stdout] 31 | trait Mem {
[INFO] [stdout]    |       ^^^
[INFO] [stdout] 
[INFO] [stdout] 
[INFO] [stdout] warning: multiple associated items are never used
[INFO] [stdout]    --> src/cpu.rs:60:12
[INFO] [stdout]     |
[INFO] [stdout] 59  | impl CPU {
[INFO] [stdout]     | -------- associated items in this implementation
[INFO] [stdout] 60  |     pub fn new() -> Self {
[INFO] [stdout]     |            ^^^
[INFO] [stdout] ...
[INFO] [stdout] 70  |     fn get_operand_address(&self, mode: &AddressingMode) -> u16 {
[INFO] [stdout]     |        ^^^^^^^^^^^^^^^^^^^
[INFO] [stdout] ...
[INFO] [stdout] 140 |     pub fn load_and_run(&mut self, program: Vec<u8>) {
[INFO] [stdout]     |            ^^^^^^^^^^^^
[INFO] [stdout] ...
[INFO] [stdout] 146 |     pub fn reset(&mut self) {
[INFO] [stdout]     |            ^^^^^
[INFO] [stdout] ...
[INFO] [stdout] 153 |     pub fn load(&mut self, program: Vec<u8>) {
[INFO] [stdout]     |            ^^^^
[INFO] [stdout] ...
[INFO] [stdout] 159 |     fn lda(&mut self, mode: &AddressingMode) {
[INFO] [stdout]     |        ^^^
[INFO] [stdout] ...
[INFO] [stdout] 166 |     fn tax(&mut self) {
[INFO] [stdout]     |        ^^^
[INFO] [stdout] ...
[INFO] [stdout] 170 |     fn tay(&mut self) {
[INFO] [stdout]     |        ^^^
[INFO] [stdout] ...
[INFO] [stdout] 174 |     fn tya(&mut self) {
[INFO] [stdout]     |        ^^^
[INFO] [stdout] ...
[INFO] [stdout] 178 |     fn txa(&mut self) {
[INFO] [stdout]     |        ^^^
[INFO] [stdout] ...
[INFO] [stdout] 183 |     fn inx(&mut self) {
[INFO] [stdout]     |        ^^^
[INFO] [stdout] ...
[INFO] [stdout] 187 |     fn iny(&mut self) {
[INFO] [stdout]     |        ^^^
[INFO] [stdout] ...
[INFO] [stdout] 191 |     fn inc(&mut self, mode: &AddressingMode) {
[INFO] [stdout]     |        ^^^
[INFO] [stdout] ...
[INFO] [stdout] 198 |     fn and(&mut self, mode: &AddressingMode) {
[INFO] [stdout]     |        ^^^
[INFO] [stdout] ...
[INFO] [stdout] 204 |     fn sta(&mut self, mode: &AddressingMode) {
[INFO] [stdout]     |        ^^^
[INFO] [stdout] ...
[INFO] [stdout] 210 |     fn adc(&mut self, mode: &AddressingMode) {
[INFO] [stdout]     |        ^^^
[INFO] [stdout] ...
[INFO] [stdout] 232 |     fn update_zero_and_negative_flags(&mut self, result: u8) {
[INFO] [stdout]     |        ^^^^^^^^^^^^^^^^^^^^^^^^^^^^^^
[INFO] [stdout] ...
[INFO] [stdout] 246 |     pub fn run(&mut self) {
[INFO] [stdout]     |            ^^^
[INFO] [stdout] 
[INFO] [stdout] 
[INFO] [stdout] warning: fields `mnemonic`, `len`, `cycles`, and `mode` are never read
[INFO] [stdout]  --> src/opcodes.rs:6:9
[INFO] [stdout]   |
[INFO] [stdout] 4 | pub struct OpCode {
[INFO] [stdout]   |            ------ fields in this struct
[INFO] [stdout] 5 |     pub code: u8,
[INFO] [stdout] 6 |     pub mnemonic: &'static str,
[INFO] [stdout]   |         ^^^^^^^^
[INFO] [stdout] 7 |     pub len: u8,
[INFO] [stdout]   |         ^^^
[INFO] [stdout] 8 |     pub cycles: u8,
[INFO] [stdout]   |         ^^^^^^
[INFO] [stdout] 9 |     pub mode: AddressingMode,
[INFO] [stdout]   |         ^^^^
[INFO] [stdout] 
[INFO] [stdout] 
[INFO] [stderr]     Finished `dev` profile [unoptimized + debuginfo] target(s) in 0.34s
[INFO] running `Command { std: "docker" "inspect" "4d48de6c40863d60299457588185585c9597e84fbc01afac63c7ef2dfe5429f7", kill_on_drop: false }`
[INFO] running `Command { std: "docker" "rm" "-f" "4d48de6c40863d60299457588185585c9597e84fbc01afac63c7ef2dfe5429f7", kill_on_drop: false }`
[INFO] [stdout] 4d48de6c40863d60299457588185585c9597e84fbc01afac63c7ef2dfe5429f7
[INFO] running `Command { std: "docker" "create" "-v" "/var/lib/crater-agent-workspace/builds/worker-5-tc2/target:/opt/rustwide/target:rw,Z" "-v" "/var/lib/crater-agent-workspace/builds/worker-5-tc2/source:/opt/rustwide/workdir:ro,Z" "-v" "/var/lib/crater-agent-workspace/cargo-home:/opt/rustwide/cargo-home:ro,Z" "-v" "/var/lib/crater-agent-workspace/rustup-home:/opt/rustwide/rustup-home:ro,Z" "-e" "SOURCE_DIR=/opt/rustwide/workdir" "-e" "CARGO_TARGET_DIR=/opt/rustwide/target" "-e" "CARGO_INCREMENTAL=0" "-e" "RUST_BACKTRACE=full" "-e" "RUSTFLAGS=--cap-lints=forbid -Zrandomize-layout" "-e" "RUSTDOCFLAGS=--cap-lints=forbid" "-e" "CARGO_HOME=/opt/rustwide/cargo-home" "-e" "RUSTUP_HOME=/opt/rustwide/rustup-home" "-w" "/opt/rustwide/workdir" "-m" "1610612736" "--user" "0:0" "--network" "none" "ghcr.io/rust-lang/crates-build-env/linux@sha256:819108c5571ea2e421544af4d832f968d213c87fbe3707a016657f43d2f853bc" "/opt/rustwide/cargo-home/bin/cargo" "+nightly-2025-01-18" "test" "--frozen" "--no-run" "--message-format=json", kill_on_drop: false }`
[INFO] [stdout] 1401d5c79b77725cd6f9a4de6e7c94d62589944c38bcf06ec7a362d5fd14cb21
[INFO] running `Command { std: "docker" "start" "-a" "1401d5c79b77725cd6f9a4de6e7c94d62589944c38bcf06ec7a362d5fd14cb21", kill_on_drop: false }`
[INFO] [stderr]    Compiling NeES v0.1.0 (/opt/rustwide/workdir)
[INFO] [stdout] warning: value assigned to `res` is never read
[INFO] [stdout]    --> src/cpu.rs:215:18
[INFO] [stdout]     |
[INFO] [stdout] 215 |         let (mut res, carrying) = val.overflowing_add(data);
[INFO] [stdout]     |                  ^^^
[INFO] [stdout]     |
[INFO] [stdout]     = help: maybe it is overwritten before being read?
[INFO] [stdout]     = note: `#[warn(unused_assignments)]` on by default
[INFO] [stdout] 
[INFO] [stdout] 
[INFO] [stdout] warning: variable does not need to be mutable
[INFO] [stdout]    --> src/cpu.rs:216:13
[INFO] [stdout]     |
[INFO] [stdout] 216 |         let mut carrying2;
[INFO] [stdout]     |             ----^^^^^^^^^
[INFO] [stdout]     |             |
[INFO] [stdout]     |             help: remove this `mut`
[INFO] [stdout]     |
[INFO] [stdout]     = note: `#[warn(unused_mut)]` on by default
[INFO] [stdout] 
[INFO] [stdout] 
[INFO] [stdout] warning: fields `mnemonic` and `cycles` are never read
[INFO] [stdout]  --> src/opcodes.rs:6:9
[INFO] [stdout]   |
[INFO] [stdout] 4 | pub struct OpCode {
[INFO] [stdout]   |            ------ fields in this struct
[INFO] [stdout] 5 |     pub code: u8,
[INFO] [stdout] 6 |     pub mnemonic: &'static str,
[INFO] [stdout]   |         ^^^^^^^^
[INFO] [stdout] 7 |     pub len: u8,
[INFO] [stdout] 8 |     pub cycles: u8,
[INFO] [stdout]   |         ^^^^^^
[INFO] [stdout]   |
[INFO] [stdout]   = note: `#[warn(dead_code)]` on by default
[INFO] [stdout] 
[INFO] [stdout] 
[INFO] [stderr]     Finished `test` profile [unoptimized + debuginfo] target(s) in 0.57s
[INFO] running `Command { std: "docker" "inspect" "1401d5c79b77725cd6f9a4de6e7c94d62589944c38bcf06ec7a362d5fd14cb21", kill_on_drop: false }`
[INFO] running `Command { std: "docker" "rm" "-f" "1401d5c79b77725cd6f9a4de6e7c94d62589944c38bcf06ec7a362d5fd14cb21", kill_on_drop: false }`
[INFO] [stdout] 1401d5c79b77725cd6f9a4de6e7c94d62589944c38bcf06ec7a362d5fd14cb21
[INFO] running `Command { std: "docker" "create" "-v" "/var/lib/crater-agent-workspace/builds/worker-5-tc2/target:/opt/rustwide/target:rw,Z" "-v" "/var/lib/crater-agent-workspace/builds/worker-5-tc2/source:/opt/rustwide/workdir:ro,Z" "-v" "/var/lib/crater-agent-workspace/cargo-home:/opt/rustwide/cargo-home:ro,Z" "-v" "/var/lib/crater-agent-workspace/rustup-home:/opt/rustwide/rustup-home:ro,Z" "-e" "SOURCE_DIR=/opt/rustwide/workdir" "-e" "CARGO_TARGET_DIR=/opt/rustwide/target" "-e" "CARGO_INCREMENTAL=0" "-e" "RUST_BACKTRACE=full" "-e" "RUSTFLAGS=--cap-lints=forbid -Zrandomize-layout" "-e" "RUSTDOCFLAGS=--cap-lints=forbid" "-e" "CARGO_HOME=/opt/rustwide/cargo-home" "-e" "RUSTUP_HOME=/opt/rustwide/rustup-home" "-w" "/opt/rustwide/workdir" "-m" "1610612736" "--user" "0:0" "--network" "none" "ghcr.io/rust-lang/crates-build-env/linux@sha256:819108c5571ea2e421544af4d832f968d213c87fbe3707a016657f43d2f853bc" "/opt/rustwide/cargo-home/bin/cargo" "+nightly-2025-01-18" "test" "--frozen", kill_on_drop: false }`
[INFO] [stdout] 137c375cf8bf2eab82a745e438c14ef604bde3c69ba3f896a9d3be9aa80789ea
[INFO] running `Command { std: "docker" "start" "-a" "137c375cf8bf2eab82a745e438c14ef604bde3c69ba3f896a9d3be9aa80789ea", kill_on_drop: false }`
[INFO] [stderr] warning: value assigned to `res` is never read
[INFO] [stderr]    --> src/cpu.rs:215:18
[INFO] [stderr]     |
[INFO] [stderr] 215 |         let (mut res, carrying) = val.overflowing_add(data);
[INFO] [stderr]     |                  ^^^
[INFO] [stderr]     |
[INFO] [stderr]     = help: maybe it is overwritten before being read?
[INFO] [stderr]     = note: `#[warn(unused_assignments)]` on by default
[INFO] [stderr] 
[INFO] [stderr] warning: variable does not need to be mutable
[INFO] [stderr]    --> src/cpu.rs:216:13
[INFO] [stderr]     |
[INFO] [stderr] 216 |         let mut carrying2;
[INFO] [stderr]     |             ----^^^^^^^^^
[INFO] [stderr]     |             |
[INFO] [stderr]     |             help: remove this `mut`
[INFO] [stderr]     |
[INFO] [stderr]     = note: `#[warn(unused_mut)]` on by default
[INFO] [stderr] 
[INFO] [stderr] warning: fields `mnemonic` and `cycles` are never read
[INFO] [stderr]  --> src/opcodes.rs:6:9
[INFO] [stderr]   |
[INFO] [stderr] 4 | pub struct OpCode {
[INFO] [stderr]   |            ------ fields in this struct
[INFO] [stderr] 5 |     pub code: u8,
[INFO] [stderr] 6 |     pub mnemonic: &'static str,
[INFO] [stderr]   |         ^^^^^^^^
[INFO] [stderr] 7 |     pub len: u8,
[INFO] [stderr] 8 |     pub cycles: u8,
[INFO] [stderr]   |         ^^^^^^
[INFO] [stderr]   |
[INFO] [stderr]   = note: `#[warn(dead_code)]` on by default
[INFO] [stderr] 
[INFO] [stderr] warning: `NeES` (bin "NeES" test) generated 3 warnings (run `cargo fix --bin "NeES" --tests` to apply 1 suggestion)
[INFO] [stderr]     Finished `test` profile [unoptimized + debuginfo] target(s) in 0.02s
[INFO] [stderr]      Running unittests src/main.rs (/opt/rustwide/target/debug/deps/NeES-543841f8b5f82124)
[INFO] [stdout] 
[INFO] [stdout] running 10 tests
[INFO] [stdout] test cpu::test::test_lda_from_memory ... ok
[INFO] [stdout] test cpu::test::test_0xa9_lda_zero_flag ... ok
[INFO] [stdout] test cpu::test::test_and_zeroflag ... ok
[INFO] [stdout] test cpu::test::test_5_ops_working_togather ... ok
[INFO] [stdout] test cpu::test::test_0xaa_tax_move_a_to_x ... ok
[INFO] [stdout] test cpu::test::test_0xa9_and ... ok
[INFO] [stdout] test cpu::test::test_0xe8_inx_increment_x ... ok
[INFO] [stdout] test cpu::test::test_inx_overflow ... ok
[INFO] [stdout] test cpu::test::test_0xa9_lda_immediate_load_data ... ok
[INFO] [stdout] test cpu::test::test_0x6d_adc ... FAILED
[INFO] [stdout] 
[INFO] [stdout] failures:
[INFO] [stdout] 
[INFO] [stdout] ---- cpu::test::test_0x6d_adc stdout ----
[INFO] [stdout] 
[INFO] [stdout] thread 'cpu::test::test_0x6d_adc' panicked at src/cpu.rs:365:9:
[INFO] [stdout] assertion `left == right` failed
[INFO] [stdout]   left: 1
[INFO] [stdout]  right: 16
[INFO] [stdout] stack backtrace:
[INFO] [stdout]    0:     0x5e34ea439f8a - std::backtrace_rs::backtrace::libunwind::trace::hb059275cfc8d6126
[INFO] [stdout]                                at /rustc/6067b36314ab5eb2eb47cecc464545ba58e1ad24/library/std/src/../../backtrace/src/backtrace/libunwind.rs:116:5
[INFO] [stdout]    1:     0x5e34ea439f8a - std::backtrace_rs::backtrace::trace_unsynchronized::h2da071e4327ce3ee
[INFO] [stdout]                                at /rustc/6067b36314ab5eb2eb47cecc464545ba58e1ad24/library/std/src/../../backtrace/src/backtrace/mod.rs:66:5
[INFO] [stdout]    2:     0x5e34ea439f8a - std::sys::backtrace::_print_fmt::h842a1474e6f8d23f
[INFO] [stdout]                                at /rustc/6067b36314ab5eb2eb47cecc464545ba58e1ad24/library/std/src/sys/backtrace.rs:66:9
[INFO] [stdout]    3:     0x5e34ea439f8a - <std::sys::backtrace::BacktraceLock::print::DisplayBacktrace as core::fmt::Display>::fmt::h71a62eb3b9696b12
[INFO] [stdout]                                at /rustc/6067b36314ab5eb2eb47cecc464545ba58e1ad24/library/std/src/sys/backtrace.rs:39:26
[INFO] [stdout]    4:     0x5e34ea461593 - core::fmt::rt::Argument::fmt::hdb6b616786b41dc1
[INFO] [stdout]                                at /rustc/6067b36314ab5eb2eb47cecc464545ba58e1ad24/library/core/src/fmt/rt.rs:177:76
[INFO] [stdout]    5:     0x5e34ea461593 - core::fmt::write::h2cc1698af7e2d686
[INFO] [stdout]                                at /rustc/6067b36314ab5eb2eb47cecc464545ba58e1ad24/library/core/src/fmt/mod.rs:1440:21
[INFO] [stdout]    6:     0x5e34ea436ae3 - std::io::Write::write_fmt::hab1b4cd059a79022
[INFO] [stdout]                                at /rustc/6067b36314ab5eb2eb47cecc464545ba58e1ad24/library/std/src/io/mod.rs:1887:15
[INFO] [stdout]    7:     0x5e34ea439dd2 - std::sys::backtrace::BacktraceLock::print::h147fe35b4ea13b08
[INFO] [stdout]                                at /rustc/6067b36314ab5eb2eb47cecc464545ba58e1ad24/library/std/src/sys/backtrace.rs:42:9
[INFO] [stdout]    8:     0x5e34ea43b3af - std::panicking::default_hook::{{closure}}::hbd44223dbdc0d208
[INFO] [stdout]                                at /rustc/6067b36314ab5eb2eb47cecc464545ba58e1ad24/library/std/src/panicking.rs:298:22
[INFO] [stdout]    9:     0x5e34ea43b1c8 - std::panicking::default_hook::h20f81eb0576efcec
[INFO] [stdout]                                at /rustc/6067b36314ab5eb2eb47cecc464545ba58e1ad24/library/std/src/panicking.rs:322:9
[INFO] [stdout]   10:     0x5e34ea403fe3 - <alloc::boxed::Box<F,A> as core::ops::function::Fn<Args>>::call::hdb53814c496a4d34
[INFO] [stdout]                                at /rustc/6067b36314ab5eb2eb47cecc464545ba58e1ad24/library/alloc/src/boxed.rs:2027:9
[INFO] [stdout]   11:     0x5e34ea403fe3 - test::test_main::{{closure}}::hc0a4963c59427c24
[INFO] [stdout]                                at /rustc/6067b36314ab5eb2eb47cecc464545ba58e1ad24/library/test/src/lib.rs:134:21
[INFO] [stdout]   12:     0x5e34ea43bea3 - <alloc::boxed::Box<F,A> as core::ops::function::Fn<Args>>::call::h591b2225413a77e9
[INFO] [stdout]                                at /rustc/6067b36314ab5eb2eb47cecc464545ba58e1ad24/library/alloc/src/boxed.rs:2027:9
[INFO] [stdout]   13:     0x5e34ea43bea3 - std::panicking::rust_panic_with_hook::h625eea43051b2edc
[INFO] [stdout]                                at /rustc/6067b36314ab5eb2eb47cecc464545ba58e1ad24/library/std/src/panicking.rs:839:13
[INFO] [stdout]   14:     0x5e34ea43bb5a - std::panicking::begin_panic_handler::{{closure}}::h4f9159cfbc3f6bd3
[INFO] [stdout]                                at /rustc/6067b36314ab5eb2eb47cecc464545ba58e1ad24/library/std/src/panicking.rs:704:13
[INFO] [stdout]   15:     0x5e34ea43a489 - std::sys::backtrace::__rust_end_short_backtrace::h0390abce48353151
[INFO] [stdout]                                at /rustc/6067b36314ab5eb2eb47cecc464545ba58e1ad24/library/std/src/sys/backtrace.rs:168:18
[INFO] [stdout]   16:     0x5e34ea43b7ed - rust_begin_unwind
[INFO] [stdout]                                at /rustc/6067b36314ab5eb2eb47cecc464545ba58e1ad24/library/std/src/panicking.rs:695:5
[INFO] [stdout]   17:     0x5e34ea45ffa0 - core::panicking::panic_fmt::h9e7c637e9e5f29c9
[INFO] [stdout]                                at /rustc/6067b36314ab5eb2eb47cecc464545ba58e1ad24/library/core/src/panicking.rs:75:14
[INFO] [stdout]   18:     0x5e34ea460362 - core::panicking::assert_failed_inner::h538bec7c1374cd9c
[INFO] [stdout]   19:     0x5e34ea3c89f8 - core::panicking::assert_failed::he49617f386eac1b9
[INFO] [stdout]                                at /rustc/6067b36314ab5eb2eb47cecc464545ba58e1ad24/library/core/src/panicking.rs:364:5
[INFO] [stdout]   20:     0x5e34ea3c9f0b - NeES::cpu::test::test_0x6d_adc::h280eb60a53886a65
[INFO] [stdout]                                at /opt/rustwide/workdir/src/cpu.rs:365:9
[INFO] [stdout]   21:     0x5e34ea3c9dd7 - NeES::cpu::test::test_0x6d_adc::{{closure}}::h10abaaee6ca829b0
[INFO] [stdout]                                at /opt/rustwide/workdir/src/cpu.rs:358:23
[INFO] [stdout]   22:     0x5e34ea3c3756 - core::ops::function::FnOnce::call_once::hb5a3de2272dabedf
[INFO] [stdout]                                at /rustc/6067b36314ab5eb2eb47cecc464545ba58e1ad24/library/core/src/ops/function.rs:250:5
[INFO] [stdout]   23:     0x5e34ea40973b - core::ops::function::FnOnce::call_once::he27718dfdd183f43
[INFO] [stdout]                                at /rustc/6067b36314ab5eb2eb47cecc464545ba58e1ad24/library/core/src/ops/function.rs:250:5
[INFO] [stdout]   24:     0x5e34ea40973b - test::__rust_begin_short_backtrace::h4e84902998457a5d
[INFO] [stdout]                                at /rustc/6067b36314ab5eb2eb47cecc464545ba58e1ad24/library/test/src/lib.rs:632:18
[INFO] [stdout]   25:     0x5e34ea408673 - test::run_test_in_process::{{closure}}::h7176fd18fc1feca0
[INFO] [stdout]                                at /rustc/6067b36314ab5eb2eb47cecc464545ba58e1ad24/library/test/src/lib.rs:655:60
[INFO] [stdout]   26:     0x5e34ea408673 - <core::panic::unwind_safe::AssertUnwindSafe<F> as core::ops::function::FnOnce<()>>::call_once::hf79cff2a624d8cf7
[INFO] [stdout]                                at /rustc/6067b36314ab5eb2eb47cecc464545ba58e1ad24/library/core/src/panic/unwind_safe.rs:272:9
[INFO] [stdout]   27:     0x5e34ea408673 - std::panicking::try::do_call::h3da0561d9ab99c25
[INFO] [stdout]                                at /rustc/6067b36314ab5eb2eb47cecc464545ba58e1ad24/library/std/src/panicking.rs:587:40
[INFO] [stdout]   28:     0x5e34ea408673 - std::panicking::try::h41c9fa508bc61df6
[INFO] [stdout]                                at /rustc/6067b36314ab5eb2eb47cecc464545ba58e1ad24/library/std/src/panicking.rs:550:19
[INFO] [stdout]   29:     0x5e34ea408673 - std::panic::catch_unwind::h6b3ff07bb5afad93
[INFO] [stdout]                                at /rustc/6067b36314ab5eb2eb47cecc464545ba58e1ad24/library/std/src/panic.rs:358:14
[INFO] [stdout]   30:     0x5e34ea408673 - test::run_test_in_process::hc7253dd11b39b9f4
[INFO] [stdout]                                at /rustc/6067b36314ab5eb2eb47cecc464545ba58e1ad24/library/test/src/lib.rs:655:27
[INFO] [stdout]   31:     0x5e34ea408673 - test::run_test::{{closure}}::hfb2007f8649c30bb
[INFO] [stdout]                                at /rustc/6067b36314ab5eb2eb47cecc464545ba58e1ad24/library/test/src/lib.rs:576:43
[INFO] [stdout]   32:     0x5e34ea3cb755 - test::run_test::{{closure}}::h56a17aa7a282a9f4
[INFO] [stdout]                                at /rustc/6067b36314ab5eb2eb47cecc464545ba58e1ad24/library/test/src/lib.rs:606:41
[INFO] [stdout]   33:     0x5e34ea3cb755 - std::sys::backtrace::__rust_begin_short_backtrace::hd2d2d2fb8e8c6aac
[INFO] [stdout]                                at /rustc/6067b36314ab5eb2eb47cecc464545ba58e1ad24/library/std/src/sys/backtrace.rs:152:18
[INFO] [stdout]   34:     0x5e34ea3cf03a - std::thread::Builder::spawn_unchecked_::{{closure}}::{{closure}}::h4faa3f9db6133423
[INFO] [stdout]                                at /rustc/6067b36314ab5eb2eb47cecc464545ba58e1ad24/library/std/src/thread/mod.rs:559:17
[INFO] [stdout]   35:     0x5e34ea3cf03a - <core::panic::unwind_safe::AssertUnwindSafe<F> as core::ops::function::FnOnce<()>>::call_once::hf2e855a36a4ea846
[INFO] [stdout]                                at /rustc/6067b36314ab5eb2eb47cecc464545ba58e1ad24/library/core/src/panic/unwind_safe.rs:272:9
[INFO] [stdout]   36:     0x5e34ea3cf03a - std::panicking::try::do_call::h2f73af3616c35465
[INFO] [stdout]                                at /rustc/6067b36314ab5eb2eb47cecc464545ba58e1ad24/library/std/src/panicking.rs:587:40
[INFO] [stdout]   37:     0x5e34ea3cf03a - std::panicking::try::hd1660ce9efadef5a
[INFO] [stdout]                                at /rustc/6067b36314ab5eb2eb47cecc464545ba58e1ad24/library/std/src/panicking.rs:550:19
[INFO] [stdout]   38:     0x5e34ea3cf03a - std::panic::catch_unwind::h5ee8d7823b8ca744
[INFO] [stdout]                                at /rustc/6067b36314ab5eb2eb47cecc464545ba58e1ad24/library/std/src/panic.rs:358:14
[INFO] [stdout]   39:     0x5e34ea3cf03a - std::thread::Builder::spawn_unchecked_::{{closure}}::h53c3a1894dce8407
[INFO] [stdout]                                at /rustc/6067b36314ab5eb2eb47cecc464545ba58e1ad24/library/std/src/thread/mod.rs:557:30
[INFO] [stdout]   40:     0x5e34ea3cf03a - core::ops::function::FnOnce::call_once{{vtable.shim}}::h048ce291ad4f62bf
[INFO] [stdout]                                at /rustc/6067b36314ab5eb2eb47cecc464545ba58e1ad24/library/core/src/ops/function.rs:250:5
[INFO] [stdout]   41:     0x5e34ea43fddb - <alloc::boxed::Box<F,A> as core::ops::function::FnOnce<Args>>::call_once::ha52bedf99a3b4981
[INFO] [stdout]                                at /rustc/6067b36314ab5eb2eb47cecc464545ba58e1ad24/library/alloc/src/boxed.rs:2013:9
[INFO] [stdout]   42:     0x5e34ea43fddb - <alloc::boxed::Box<F,A> as core::ops::function::FnOnce<Args>>::call_once::h567748934d80ccf8
[INFO] [stdout]                                at /rustc/6067b36314ab5eb2eb47cecc464545ba58e1ad24/library/alloc/src/boxed.rs:2013:9
[INFO] [stdout]   43:     0x5e34ea43fddb - std::sys::pal::unix::thread::Thread::new::thread_start::h2d970728ae887adc
[INFO] [stdout]                                at /rustc/6067b36314ab5eb2eb47cecc464545ba58e1ad24/library/std/src/sys/pal/unix/thread.rs:106:17
[INFO] [stdout]   44:     0x7e3620b51ac3 - <unknown>
[INFO] [stdout]   45:     0x7e3620be2a04 - clone
[INFO] [stdout]   46:                0x0 - <unknown>
[INFO] [stdout] 
[INFO] [stdout] 
[INFO] [stdout] failures:
[INFO] [stdout]     cpu::test::test_0x6d_adc
[INFO] [stdout] 
[INFO] [stdout] test result: FAILED. 9 passed; 1 failed; 0 ignored; 0 measured; 0 filtered out; finished in 0.05s
[INFO] [stdout] 
[INFO] [stderr] error: test failed, to rerun pass `--bin NeES`
[INFO] running `Command { std: "docker" "inspect" "137c375cf8bf2eab82a745e438c14ef604bde3c69ba3f896a9d3be9aa80789ea", kill_on_drop: false }`
[INFO] running `Command { std: "docker" "rm" "-f" "137c375cf8bf2eab82a745e438c14ef604bde3c69ba3f896a9d3be9aa80789ea", kill_on_drop: false }`
[INFO] [stdout] 137c375cf8bf2eab82a745e438c14ef604bde3c69ba3f896a9d3be9aa80789ea
