[INFO] cloning repository https://github.com/nbanman/advent-ocr
[INFO] running `Command { std: "git" "-c" "credential.helper=" "-c" "credential.helper=/workspace/cargo-home/bin/git-credential-null" "clone" "--bare" "https://github.com/nbanman/advent-ocr" "/workspace/cache/git-repos/https%3A%2F%2Fgithub.com%2Fnbanman%2Fadvent-ocr", kill_on_drop: false }`
[INFO] [stderr] Cloning into bare repository '/workspace/cache/git-repos/https%3A%2F%2Fgithub.com%2Fnbanman%2Fadvent-ocr'...
[INFO] running `Command { std: "git" "rev-parse" "HEAD", kill_on_drop: false }`
[INFO] [stdout] 2fcc64ea678aa889b4cbf4c73aefda75c7f08a09
[INFO] testing nbanman/advent-ocr against nightly-2025-01-18+rustflags=-Zrandomize-layout for randomize-layout-2
[INFO] running `Command { std: "git" "clone" "/workspace/cache/git-repos/https%3A%2F%2Fgithub.com%2Fnbanman%2Fadvent-ocr" "/workspace/builds/worker-3-tc2/source", kill_on_drop: false }`
[INFO] [stderr] Cloning into '/workspace/builds/worker-3-tc2/source'...
[INFO] [stderr] done.
[INFO] validating manifest of git repo https://github.com/nbanman/advent-ocr on toolchain nightly-2025-01-18
[INFO] running `Command { std: CARGO_HOME="/workspace/cargo-home" RUSTUP_HOME="/workspace/rustup-home" "/workspace/cargo-home/bin/cargo" "+nightly-2025-01-18" "metadata" "--manifest-path" "Cargo.toml" "--no-deps", kill_on_drop: false }`
[INFO] started tweaking git repo https://github.com/nbanman/advent-ocr
[INFO] finished tweaking git repo https://github.com/nbanman/advent-ocr
[INFO] tweaked toml for git repo https://github.com/nbanman/advent-ocr written to /workspace/builds/worker-3-tc2/source/Cargo.toml
[INFO] crate git repo https://github.com/nbanman/advent-ocr already has a lockfile, it will not be regenerated
[INFO] running `Command { std: CARGO_HOME="/workspace/cargo-home" RUSTUP_HOME="/workspace/rustup-home" "/workspace/cargo-home/bin/cargo" "+nightly-2025-01-18" "fetch" "--manifest-path" "Cargo.toml", kill_on_drop: false }`
[INFO] running `Command { std: "docker" "create" "-v" "/var/lib/crater-agent-workspace/builds/worker-3-tc2/target:/opt/rustwide/target:rw,Z" "-v" "/var/lib/crater-agent-workspace/builds/worker-3-tc2/source:/opt/rustwide/workdir:ro,Z" "-v" "/var/lib/crater-agent-workspace/cargo-home:/opt/rustwide/cargo-home:ro,Z" "-v" "/var/lib/crater-agent-workspace/rustup-home:/opt/rustwide/rustup-home:ro,Z" "-e" "SOURCE_DIR=/opt/rustwide/workdir" "-e" "CARGO_TARGET_DIR=/opt/rustwide/target" "-e" "CARGO_HOME=/opt/rustwide/cargo-home" "-e" "RUSTUP_HOME=/opt/rustwide/rustup-home" "-w" "/opt/rustwide/workdir" "-m" "1610612736" "--user" "0:0" "--network" "none" "ghcr.io/rust-lang/crates-build-env/linux@sha256:819108c5571ea2e421544af4d832f968d213c87fbe3707a016657f43d2f853bc" "/opt/rustwide/cargo-home/bin/cargo" "+nightly-2025-01-18" "metadata" "--no-deps" "--format-version=1", kill_on_drop: false }`
[INFO] [stdout] f8173ea2bb0f6ad13a739f2a660e92c5121bb5094a42a9a483fe5e4e5d8395b5
[INFO] running `Command { std: "docker" "start" "-a" "f8173ea2bb0f6ad13a739f2a660e92c5121bb5094a42a9a483fe5e4e5d8395b5", kill_on_drop: false }`
[INFO] running `Command { std: "docker" "inspect" "f8173ea2bb0f6ad13a739f2a660e92c5121bb5094a42a9a483fe5e4e5d8395b5", kill_on_drop: false }`
[INFO] running `Command { std: "docker" "rm" "-f" "f8173ea2bb0f6ad13a739f2a660e92c5121bb5094a42a9a483fe5e4e5d8395b5", kill_on_drop: false }`
[INFO] [stdout] f8173ea2bb0f6ad13a739f2a660e92c5121bb5094a42a9a483fe5e4e5d8395b5
[INFO] running `Command { std: "docker" "create" "-v" "/var/lib/crater-agent-workspace/builds/worker-3-tc2/target:/opt/rustwide/target:rw,Z" "-v" "/var/lib/crater-agent-workspace/builds/worker-3-tc2/source:/opt/rustwide/workdir:ro,Z" "-v" "/var/lib/crater-agent-workspace/cargo-home:/opt/rustwide/cargo-home:ro,Z" "-v" "/var/lib/crater-agent-workspace/rustup-home:/opt/rustwide/rustup-home:ro,Z" "-e" "SOURCE_DIR=/opt/rustwide/workdir" "-e" "CARGO_TARGET_DIR=/opt/rustwide/target" "-e" "CARGO_INCREMENTAL=0" "-e" "RUST_BACKTRACE=full" "-e" "RUSTFLAGS=--cap-lints=forbid -Zrandomize-layout" "-e" "RUSTDOCFLAGS=--cap-lints=forbid" "-e" "CARGO_HOME=/opt/rustwide/cargo-home" "-e" "RUSTUP_HOME=/opt/rustwide/rustup-home" "-w" "/opt/rustwide/workdir" "-m" "1610612736" "--user" "0:0" "--network" "none" "ghcr.io/rust-lang/crates-build-env/linux@sha256:819108c5571ea2e421544af4d832f968d213c87fbe3707a016657f43d2f853bc" "/opt/rustwide/cargo-home/bin/cargo" "+nightly-2025-01-18" "build" "--frozen" "--message-format=json", kill_on_drop: false }`
[INFO] [stdout] bbe9745124aa775326bb930687db5bfa21b7074abfe6645977c8b8f26a688d79
[INFO] running `Command { std: "docker" "start" "-a" "bbe9745124aa775326bb930687db5bfa21b7074abfe6645977c8b8f26a688d79", kill_on_drop: false }`
[INFO] [stderr]    Compiling advent-ocr v0.1.3 (/opt/rustwide/workdir)
[INFO] [stderr]     Finished `dev` profile [unoptimized + debuginfo] target(s) in 0.34s
[INFO] running `Command { std: "docker" "inspect" "bbe9745124aa775326bb930687db5bfa21b7074abfe6645977c8b8f26a688d79", kill_on_drop: false }`
[INFO] running `Command { std: "docker" "rm" "-f" "bbe9745124aa775326bb930687db5bfa21b7074abfe6645977c8b8f26a688d79", kill_on_drop: false }`
[INFO] [stdout] bbe9745124aa775326bb930687db5bfa21b7074abfe6645977c8b8f26a688d79
[INFO] running `Command { std: "docker" "create" "-v" "/var/lib/crater-agent-workspace/builds/worker-3-tc2/target:/opt/rustwide/target:rw,Z" "-v" "/var/lib/crater-agent-workspace/builds/worker-3-tc2/source:/opt/rustwide/workdir:ro,Z" "-v" "/var/lib/crater-agent-workspace/cargo-home:/opt/rustwide/cargo-home:ro,Z" "-v" "/var/lib/crater-agent-workspace/rustup-home:/opt/rustwide/rustup-home:ro,Z" "-e" "SOURCE_DIR=/opt/rustwide/workdir" "-e" "CARGO_TARGET_DIR=/opt/rustwide/target" "-e" "CARGO_INCREMENTAL=0" "-e" "RUST_BACKTRACE=full" "-e" "RUSTFLAGS=--cap-lints=forbid -Zrandomize-layout" "-e" "RUSTDOCFLAGS=--cap-lints=forbid" "-e" "CARGO_HOME=/opt/rustwide/cargo-home" "-e" "RUSTUP_HOME=/opt/rustwide/rustup-home" "-w" "/opt/rustwide/workdir" "-m" "1610612736" "--user" "0:0" "--network" "none" "ghcr.io/rust-lang/crates-build-env/linux@sha256:819108c5571ea2e421544af4d832f968d213c87fbe3707a016657f43d2f853bc" "/opt/rustwide/cargo-home/bin/cargo" "+nightly-2025-01-18" "test" "--frozen" "--no-run" "--message-format=json", kill_on_drop: false }`
[INFO] [stdout] cd67cafa091531da9ff6bef61748f3a5715a80de18ea94dc22367abc8cd0fe2d
[INFO] running `Command { std: "docker" "start" "-a" "cd67cafa091531da9ff6bef61748f3a5715a80de18ea94dc22367abc8cd0fe2d", kill_on_drop: false }`
[INFO] [stderr]    Compiling advent-ocr v0.1.3 (/opt/rustwide/workdir)
[INFO] [stderr]     Finished `test` profile [unoptimized + debuginfo] target(s) in 0.64s
[INFO] running `Command { std: "docker" "inspect" "cd67cafa091531da9ff6bef61748f3a5715a80de18ea94dc22367abc8cd0fe2d", kill_on_drop: false }`
[INFO] running `Command { std: "docker" "rm" "-f" "cd67cafa091531da9ff6bef61748f3a5715a80de18ea94dc22367abc8cd0fe2d", kill_on_drop: false }`
[INFO] [stdout] cd67cafa091531da9ff6bef61748f3a5715a80de18ea94dc22367abc8cd0fe2d
[INFO] running `Command { std: "docker" "create" "-v" "/var/lib/crater-agent-workspace/builds/worker-3-tc2/target:/opt/rustwide/target:rw,Z" "-v" "/var/lib/crater-agent-workspace/builds/worker-3-tc2/source:/opt/rustwide/workdir:ro,Z" "-v" "/var/lib/crater-agent-workspace/cargo-home:/opt/rustwide/cargo-home:ro,Z" "-v" "/var/lib/crater-agent-workspace/rustup-home:/opt/rustwide/rustup-home:ro,Z" "-e" "SOURCE_DIR=/opt/rustwide/workdir" "-e" "CARGO_TARGET_DIR=/opt/rustwide/target" "-e" "CARGO_INCREMENTAL=0" "-e" "RUST_BACKTRACE=full" "-e" "RUSTFLAGS=--cap-lints=forbid -Zrandomize-layout" "-e" "RUSTDOCFLAGS=--cap-lints=forbid" "-e" "CARGO_HOME=/opt/rustwide/cargo-home" "-e" "RUSTUP_HOME=/opt/rustwide/rustup-home" "-w" "/opt/rustwide/workdir" "-m" "1610612736" "--user" "0:0" "--network" "none" "ghcr.io/rust-lang/crates-build-env/linux@sha256:819108c5571ea2e421544af4d832f968d213c87fbe3707a016657f43d2f853bc" "/opt/rustwide/cargo-home/bin/cargo" "+nightly-2025-01-18" "test" "--frozen", kill_on_drop: false }`
[INFO] [stdout] e9900a31ec682eac2e237d45b61b45efd63fb205a9543fd1d33e6779a00dd27e
[INFO] running `Command { std: "docker" "start" "-a" "e9900a31ec682eac2e237d45b61b45efd63fb205a9543fd1d33e6779a00dd27e", kill_on_drop: false }`
[INFO] [stderr]     Finished `test` profile [unoptimized + debuginfo] target(s) in 0.01s
[INFO] [stderr]      Running unittests src/lib.rs (/opt/rustwide/target/debug/deps/advent_ocr-a29211616c7909f0)
[INFO] [stdout] 
[INFO] [stdout] running 10 tests
[INFO] [stdout] test tests::last_line_not_square_should_fail ... ok
[INFO] [stdout] test tests::bool_vec ... ok
[INFO] [stdout] test tests::size10 ... ok
[INFO] [stdout] test tests::size5_should_fail ... ok
[INFO] [stdout] test tests::y_bug ... ok
[INFO] [stdout] test tests::vec_vec_bool ... ok
[INFO] [stdout] test tests::vec_vec_char ... ok
[INFO] [stdout] test tests::not_square_should_fail ... ok
[INFO] [stdout] test tests::char_vec ... ok
[INFO] [stdout] test tests::size6 ... ok
[INFO] [stdout] 
[INFO] [stdout] test result: ok. 10 passed; 0 failed; 0 ignored; 0 measured; 0 filtered out; finished in 0.01s
[INFO] [stdout] 
[INFO] [stderr]    Doc-tests advent_ocr
[INFO] [stdout] 
[INFO] [stdout] running 2 tests
[INFO] [stdout] test src/scannable.rs - scannable::Scannable::normalize (line 11) ... FAILED
[INFO] [stdout] test src/lib.rs - ocr (line 28) ... FAILED
[INFO] [stdout] 
[INFO] [stdout] failures:
[INFO] [stdout] 
[INFO] [stdout] ---- src/scannable.rs - scannable::Scannable::normalize (line 11) stdout ----
[INFO] [stdout] error: expected expression, found `.`
[INFO] [stdout]  --> src/scannable.rs:12:1
[INFO] [stdout]   |
[INFO] [stdout] 3 | .##..###...##.
[INFO] [stdout]   | ^ expected expression
[INFO] [stdout] 
[INFO] [stdout] error: aborting due to 1 previous error
[INFO] [stdout] 
[INFO] [stdout] Couldn't compile the test.
[INFO] [stdout] ---- src/lib.rs - ocr (line 28) stdout ----
[INFO] [stdout] error[E0425]: cannot find function `ocr` in this scope
[INFO] [stdout]   --> src/lib.rs:38:9
[INFO] [stdout]    |
[INFO] [stdout] 12 | let s = ocr(image);
[INFO] [stdout]    |         ^^^ not found in this scope
[INFO] [stdout]    |
[INFO] [stdout] help: consider importing this function
[INFO] [stdout]    |
[INFO] [stdout] 2  + use advent_ocr::ocr;
[INFO] [stdout]    |
[INFO] [stdout] 
[INFO] [stdout] error: aborting due to 1 previous error
[INFO] [stdout] 
[INFO] [stdout] For more information about this error, try `rustc --explain E0425`.
[INFO] [stdout] Couldn't compile the test.
[INFO] [stdout] 
[INFO] [stdout] failures:
[INFO] [stdout]     src/lib.rs - ocr (line 28)
[INFO] [stdout]     src/scannable.rs - scannable::Scannable::normalize (line 11)
[INFO] [stdout] 
[INFO] [stdout] test result: FAILED. 0 passed; 2 failed; 0 ignored; 0 measured; 0 filtered out; finished in 0.15s
[INFO] [stdout] 
[INFO] [stderr] error: doctest failed, to rerun pass `--doc`
[INFO] running `Command { std: "docker" "inspect" "e9900a31ec682eac2e237d45b61b45efd63fb205a9543fd1d33e6779a00dd27e", kill_on_drop: false }`
[INFO] running `Command { std: "docker" "rm" "-f" "e9900a31ec682eac2e237d45b61b45efd63fb205a9543fd1d33e6779a00dd27e", kill_on_drop: false }`
[INFO] [stdout] e9900a31ec682eac2e237d45b61b45efd63fb205a9543fd1d33e6779a00dd27e
