[INFO] cloning repository https://github.com/n5bur/amlog
[INFO] running `Command { std: "git" "-c" "credential.helper=" "-c" "credential.helper=/workspace/cargo-home/bin/git-credential-null" "clone" "--bare" "https://github.com/n5bur/amlog" "/workspace/cache/git-repos/https%3A%2F%2Fgithub.com%2Fn5bur%2Famlog", kill_on_drop: false }`
[INFO] [stderr] Cloning into bare repository '/workspace/cache/git-repos/https%3A%2F%2Fgithub.com%2Fn5bur%2Famlog'...
[INFO] running `Command { std: "git" "rev-parse" "HEAD", kill_on_drop: false }`
[INFO] [stdout] a6248ad2e8ebf3b88abd5fa88fde36ffe5ca48aa
[INFO] testing n5bur/amlog against nightly-2025-01-18 for randomize-layout-2
[INFO] running `Command { std: "git" "clone" "/workspace/cache/git-repos/https%3A%2F%2Fgithub.com%2Fn5bur%2Famlog" "/workspace/builds/worker-3-tc1/source", kill_on_drop: false }`
[INFO] [stderr] Cloning into '/workspace/builds/worker-3-tc1/source'...
[INFO] [stderr] done.
[INFO] validating manifest of git repo https://github.com/n5bur/amlog on toolchain nightly-2025-01-18
[INFO] running `Command { std: CARGO_HOME="/workspace/cargo-home" RUSTUP_HOME="/workspace/rustup-home" "/workspace/cargo-home/bin/cargo" "+nightly-2025-01-18" "metadata" "--manifest-path" "Cargo.toml" "--no-deps", kill_on_drop: false }`
[INFO] started tweaking git repo https://github.com/n5bur/amlog
[INFO] finished tweaking git repo https://github.com/n5bur/amlog
[INFO] tweaked toml for git repo https://github.com/n5bur/amlog written to /workspace/builds/worker-3-tc1/source/Cargo.toml
[INFO] crate git repo https://github.com/n5bur/amlog already has a lockfile, it will not be regenerated
[INFO] running `Command { std: CARGO_HOME="/workspace/cargo-home" RUSTUP_HOME="/workspace/rustup-home" "/workspace/cargo-home/bin/cargo" "+nightly-2025-01-18" "fetch" "--manifest-path" "Cargo.toml", kill_on_drop: false }`
[INFO] [stderr]     Updating crates.io index
[INFO] [stderr]  Downloading crates ...
[INFO] [stderr]   Downloaded indoc v2.0.5
[INFO] [stderr]   Downloaded instability v0.3.3
[INFO] [stderr]   Downloaded unicode-truncate v1.1.0
[INFO] [stderr]   Downloaded compact_str v0.8.0
[INFO] [stderr]   Downloaded pretty_assertions v1.4.1
[INFO] [stderr]   Downloaded ratatui v0.29.0
[INFO] running `Command { std: "docker" "create" "-v" "/var/lib/crater-agent-workspace/builds/worker-3-tc1/target:/opt/rustwide/target:rw,Z" "-v" "/var/lib/crater-agent-workspace/builds/worker-3-tc1/source:/opt/rustwide/workdir:ro,Z" "-v" "/var/lib/crater-agent-workspace/cargo-home:/opt/rustwide/cargo-home:ro,Z" "-v" "/var/lib/crater-agent-workspace/rustup-home:/opt/rustwide/rustup-home:ro,Z" "-e" "SOURCE_DIR=/opt/rustwide/workdir" "-e" "CARGO_TARGET_DIR=/opt/rustwide/target" "-e" "CARGO_HOME=/opt/rustwide/cargo-home" "-e" "RUSTUP_HOME=/opt/rustwide/rustup-home" "-w" "/opt/rustwide/workdir" "-m" "1610612736" "--user" "0:0" "--network" "none" "ghcr.io/rust-lang/crates-build-env/linux@sha256:819108c5571ea2e421544af4d832f968d213c87fbe3707a016657f43d2f853bc" "/opt/rustwide/cargo-home/bin/cargo" "+nightly-2025-01-18" "metadata" "--no-deps" "--format-version=1", kill_on_drop: false }`
[INFO] [stdout] 125b3e3cca688533d4af717f4c562064dde63fa2aebea11ae788113c2137f8bc
[INFO] running `Command { std: "docker" "start" "-a" "125b3e3cca688533d4af717f4c562064dde63fa2aebea11ae788113c2137f8bc", kill_on_drop: false }`
[INFO] running `Command { std: "docker" "inspect" "125b3e3cca688533d4af717f4c562064dde63fa2aebea11ae788113c2137f8bc", kill_on_drop: false }`
[INFO] running `Command { std: "docker" "rm" "-f" "125b3e3cca688533d4af717f4c562064dde63fa2aebea11ae788113c2137f8bc", kill_on_drop: false }`
[INFO] [stdout] 125b3e3cca688533d4af717f4c562064dde63fa2aebea11ae788113c2137f8bc
[INFO] running `Command { std: "docker" "create" "-v" "/var/lib/crater-agent-workspace/builds/worker-3-tc1/target:/opt/rustwide/target:rw,Z" "-v" "/var/lib/crater-agent-workspace/builds/worker-3-tc1/source:/opt/rustwide/workdir:ro,Z" "-v" "/var/lib/crater-agent-workspace/cargo-home:/opt/rustwide/cargo-home:ro,Z" "-v" "/var/lib/crater-agent-workspace/rustup-home:/opt/rustwide/rustup-home:ro,Z" "-e" "SOURCE_DIR=/opt/rustwide/workdir" "-e" "CARGO_TARGET_DIR=/opt/rustwide/target" "-e" "CARGO_INCREMENTAL=0" "-e" "RUST_BACKTRACE=full" "-e" "RUSTFLAGS=--cap-lints=forbid" "-e" "RUSTDOCFLAGS=--cap-lints=forbid" "-e" "CARGO_HOME=/opt/rustwide/cargo-home" "-e" "RUSTUP_HOME=/opt/rustwide/rustup-home" "-w" "/opt/rustwide/workdir" "-m" "1610612736" "--user" "0:0" "--network" "none" "ghcr.io/rust-lang/crates-build-env/linux@sha256:819108c5571ea2e421544af4d832f968d213c87fbe3707a016657f43d2f853bc" "/opt/rustwide/cargo-home/bin/cargo" "+nightly-2025-01-18" "build" "--frozen" "--message-format=json", kill_on_drop: false }`
[INFO] [stdout] 2260aeddf9b66a4c128e856586db8bcd184734ca665b13b2b558827694e14187
[INFO] running `Command { std: "docker" "start" "-a" "2260aeddf9b66a4c128e856586db8bcd184734ca665b13b2b558827694e14187", kill_on_drop: false }`
[INFO] [stderr]    Compiling proc-macro2 v1.0.92
[INFO] [stderr]    Compiling unicode-ident v1.0.14
[INFO] [stderr]    Compiling libc v0.2.166
[INFO] [stderr]    Compiling litemap v0.7.4
[INFO] [stderr]    Compiling cc v1.2.1
[INFO] [stderr]    Compiling num-traits v0.2.19
[INFO] [stderr]    Compiling ahash v0.8.11
[INFO] [stderr]    Compiling itoa v1.0.14
[INFO] [stderr]    Compiling futures-sink v0.3.31
[INFO] [stderr]    Compiling spin v0.9.8
[INFO] [stderr]    Compiling rustls-pki-types v1.10.0
[INFO] [stderr]    Compiling zerocopy v0.7.35
[INFO] [stderr]    Compiling form_urlencoded v1.2.1
[INFO] [stderr]    Compiling bitflags v2.6.0
[INFO] [stderr]    Compiling iana-time-zone v0.1.61
[INFO] [stderr]    Compiling cpufeatures v0.2.16
[INFO] [stderr]    Compiling rustls v0.23.19
[INFO] [stderr]    Compiling serde_json v1.0.133
[INFO] [stderr]    Compiling linux-raw-sys v0.4.14
[INFO] [stderr]    Compiling futures-util v0.3.31
[INFO] [stderr]    Compiling concurrent-queue v2.5.0
[INFO] [stderr]    Compiling tracing-core v0.1.33
[INFO] [stderr]    Compiling vcpkg v0.2.15
[INFO] [stderr]    Compiling pkg-config v0.3.31
[INFO] [stderr]    Compiling parking v2.2.1
[INFO] [stderr]    Compiling zeroize v1.8.1
[INFO] [stderr]    Compiling rustls-pemfile v2.2.0
[INFO] [stderr]    Compiling webpki-roots v0.26.7
[INFO] [stderr]    Compiling event-listener v5.3.1
[INFO] [stderr]    Compiling hashbrown v0.14.5
[INFO] [stderr]    Compiling futures-channel v0.3.31
[INFO] [stderr]    Compiling foldhash v0.1.3
[INFO] [stderr]    Compiling rustversion v1.0.18
[INFO] [stderr]    Compiling digest v0.10.7
[INFO] [stderr]    Compiling hashbrown v0.15.2
[INFO] [stderr]    Compiling heck v0.5.0
[INFO] [stderr]    Compiling rustix v0.38.41
[INFO] [stderr]    Compiling flume v0.11.1
[INFO] [stderr]    Compiling quote v1.0.37
[INFO] [stderr]    Compiling hashlink v0.9.1
[INFO] [stderr]    Compiling syn v2.0.89
[INFO] [stderr]    Compiling atoi v2.0.0
[INFO] [stderr]    Compiling chrono v0.4.38
[INFO] [stderr]    Compiling sha2 v0.10.8
[INFO] [stderr]    Compiling strsim v0.11.1
[INFO] [stderr]    Compiling parking_lot_core v0.9.10
[INFO] [stderr]    Compiling socket2 v0.5.7
[INFO] [stderr]    Compiling getrandom v0.2.15
[INFO] [stderr]    Compiling signal-hook-registry v1.4.2
[INFO] [stderr]    Compiling mio v1.0.2
[INFO] [stderr]    Compiling indexmap v2.6.0
[INFO] [stderr]    Compiling uuid v1.11.0
[INFO] [stderr]    Compiling fnv v1.0.7
[INFO] [stderr]    Compiling ident_case v1.0.1
[INFO] [stderr]    Compiling parking_lot v0.12.3
[INFO] [stderr]    Compiling fastrand v2.2.0
[INFO] [stderr]    Compiling signal-hook v0.3.17
[INFO] [stderr]    Compiling futures-intrusive v0.5.0
[INFO] [stderr]    Compiling dotenvy v0.15.7
[INFO] [stderr]    Compiling tokio v1.41.1
[INFO] [stderr]    Compiling ring v0.17.8
[INFO] [stderr]    Compiling libsqlite3-sys v0.30.1
[INFO] [stderr]    Compiling yansi v1.0.1
[INFO] [stderr]    Compiling diff v0.1.13
[INFO] [stderr]    Compiling signal-hook-mio v0.2.4
[INFO] [stderr]    Compiling castaway v0.2.3
[INFO] [stderr]    Compiling futures-executor v0.3.31
[INFO] [stderr]    Compiling aho-corasick v1.1.3
[INFO] [stderr]    Compiling regex-syntax v0.8.5
[INFO] [stderr]    Compiling static_assertions v1.1.0
[INFO] [stderr]    Compiling indoc v2.0.5
[INFO] [stderr]    Compiling pretty_assertions v1.4.1
[INFO] [stderr]    Compiling unicode-width v0.1.14
[INFO] [stderr]    Compiling thiserror v2.0.3
[INFO] [stderr]    Compiling option-ext v0.2.0
[INFO] [stderr]    Compiling unicode-segmentation v1.12.0
[INFO] [stderr]    Compiling dirs-sys v0.4.1
[INFO] [stderr]    Compiling compact_str v0.8.0
[INFO] [stderr]    Compiling lru v0.12.5
[INFO] [stderr]    Compiling unicode-width v0.2.0
[INFO] [stderr]    Compiling cassowary v0.3.0
[INFO] [stderr]    Compiling dirs v5.0.1
[INFO] [stderr]    Compiling tempfile v3.14.0
[INFO] [stderr]    Compiling crossterm v0.28.1
[INFO] [stderr]    Compiling regex-automata v0.4.9
[INFO] [stderr]    Compiling synstructure v0.13.1
[INFO] [stderr]    Compiling darling_core v0.20.10
[INFO] [stderr]    Compiling zerovec-derive v0.10.3
[INFO] [stderr]    Compiling displaydoc v0.2.5
[INFO] [stderr]    Compiling serde_derive v1.0.215
[INFO] [stderr]    Compiling icu_provider_macros v1.5.0
[INFO] [stderr]    Compiling tracing-attributes v0.1.28
[INFO] [stderr]    Compiling thiserror-impl v1.0.69
[INFO] [stderr]    Compiling tokio-macros v2.4.0
[INFO] [stderr]    Compiling strum_macros v0.26.4
[INFO] [stderr]    Compiling thiserror-impl v2.0.3
[INFO] [stderr]    Compiling async-trait v0.1.83
[INFO] [stderr]    Compiling zerofrom-derive v0.1.5
[INFO] [stderr]    Compiling yoke-derive v0.7.5
[INFO] [stderr]    Compiling tokio-stream v0.1.16
[INFO] [stderr]    Compiling regex v1.11.1
[INFO] [stderr]    Compiling rustls-webpki v0.102.8
[INFO] [stderr]    Compiling thiserror v1.0.69
[INFO] [stderr]    Compiling tracing v0.1.41
[INFO] [stderr]    Compiling zerofrom v0.1.5
[INFO] [stderr]    Compiling strum v0.26.3
[INFO] [stderr]    Compiling yoke v0.7.5
[INFO] [stderr]    Compiling darling_macro v0.20.10
[INFO] [stderr]    Compiling zerovec v0.10.4
[INFO] [stderr]    Compiling darling v0.20.10
[INFO] [stderr]    Compiling instability v0.3.3
[INFO] [stderr]    Compiling serde v1.0.215
[INFO] [stderr]    Compiling tinystr v0.7.6
[INFO] [stderr]    Compiling icu_collections v1.5.0
[INFO] [stderr]    Compiling icu_locid v1.5.0
[INFO] [stderr]    Compiling icu_provider v1.5.0
[INFO] [stderr]    Compiling icu_locid_transform v1.5.0
[INFO] [stderr]    Compiling icu_properties v1.5.1
[INFO] [stderr]    Compiling either v1.13.0
[INFO] [stderr]    Compiling serde_urlencoded v0.7.1
[INFO] [stderr]    Compiling itertools v0.13.0
[INFO] [stderr]    Compiling icu_normalizer v1.5.0
[INFO] [stderr]    Compiling idna_adapter v1.2.0
[INFO] [stderr]    Compiling idna v1.0.3
[INFO] [stderr]    Compiling unicode-truncate v1.1.0
[INFO] [stderr]    Compiling ratatui v0.29.0
[INFO] [stderr]    Compiling url v2.5.4
[INFO] [stderr]    Compiling sqlx-core v0.8.2
[INFO] [stderr]    Compiling sqlx-sqlite v0.8.2
[INFO] [stderr]    Compiling sqlx-macros-core v0.8.2
[INFO] [stderr]    Compiling sqlx-macros v0.8.2
[INFO] [stderr]    Compiling sqlx v0.8.2
[INFO] [stderr]    Compiling amlog v0.1.0 (/opt/rustwide/workdir)
[INFO] [stdout] warning: unused import: `DateTime`
[INFO] [stdout]  --> src/app/mod.rs:7:19
[INFO] [stdout]   |
[INFO] [stdout] 7 | use chrono::{Utc, DateTime};
[INFO] [stdout]   |                   ^^^^^^^^
[INFO] [stdout]   |
[INFO] [stdout]   = note: `#[warn(unused_imports)]` on by default
[INFO] [stdout] 
[INFO] [stdout] 
[INFO] [stdout] warning: unused import: `std::env`
[INFO] [stdout]   --> src/app/mod.rs:11:5
[INFO] [stdout]    |
[INFO] [stdout] 11 | use std::env;
[INFO] [stdout]    |     ^^^^^^^^
[INFO] [stdout] 
[INFO] [stdout] 
[INFO] [stdout] warning: unused import: `std::collections::HashMap`
[INFO] [stdout]   --> src/app/mod.rs:17:5
[INFO] [stdout]    |
[INFO] [stdout] 17 | use std::collections::HashMap;
[INFO] [stdout]    |     ^^^^^^^^^^^^^^^^^^^^^^^^^
[INFO] [stdout] 
[INFO] [stdout] 
[INFO] [stdout] warning: unused import: `sqlx::Sqlite`
[INFO] [stdout]  --> src/storage/manager.rs:2:5
[INFO] [stdout]   |
[INFO] [stdout] 2 | use sqlx::Sqlite;
[INFO] [stdout]   |     ^^^^^^^^^^^^
[INFO] [stdout] 
[INFO] [stdout] 
[INFO] [stdout] warning: unused import: `ConnectOptions`
[INFO] [stdout]  --> src/storage/formats/sqlite.rs:5:12
[INFO] [stdout]   |
[INFO] [stdout] 5 | use sqlx::{ConnectOptions, Row};
[INFO] [stdout]   |            ^^^^^^^^^^^^^^
[INFO] [stdout] 
[INFO] [stdout] 
[INFO] [stdout] warning: unused import: `chrono::Timelike`
[INFO] [stdout]  --> src/ui/views/detail_view.rs:8:5
[INFO] [stdout]   |
[INFO] [stdout] 8 | use chrono::Timelike;
[INFO] [stdout]   |     ^^^^^^^^^^^^^^^^
[INFO] [stdout] 
[INFO] [stdout] 
[INFO] [stdout] warning: unused import: `detail_view::draw_detail`
[INFO] [stdout]   --> src/ui/views/mod.rs:13:16
[INFO] [stdout]    |
[INFO] [stdout] 13 | pub(crate) use detail_view::draw_detail;
[INFO] [stdout]    |                ^^^^^^^^^^^^^^^^^^^^^^^^
[INFO] [stdout] 
[INFO] [stdout] 
[INFO] [stdout] warning: unused import: `stats_view::draw_stats`
[INFO] [stdout]   --> src/ui/views/mod.rs:14:16
[INFO] [stdout]    |
[INFO] [stdout] 14 | pub(crate) use stats_view::draw_stats;
[INFO] [stdout]    |                ^^^^^^^^^^^^^^^^^^^^^^
[INFO] [stdout] 
[INFO] [stdout] 
[INFO] [stdout] warning: unused import: `help_view::draw_help`
[INFO] [stdout]   --> src/ui/views/mod.rs:15:16
[INFO] [stdout]    |
[INFO] [stdout] 15 | pub(crate) use help_view::draw_help;
[INFO] [stdout]    |                ^^^^^^^^^^^^^^^^^^^^
[INFO] [stdout] 
[INFO] [stdout] 
[INFO] [stdout] warning: unused import: `search_view::draw_search`
[INFO] [stdout]   --> src/ui/views/mod.rs:16:16
[INFO] [stdout]    |
[INFO] [stdout] 16 | pub(crate) use search_view::draw_search;
[INFO] [stdout]    |                ^^^^^^^^^^^^^^^^^^^^^^^^
[INFO] [stdout] 
[INFO] [stdout] 
[INFO] [stdout] warning: unused imports: `Clear` and `Rect`
[INFO] [stdout]  --> src/ui/mod.rs:6:45
[INFO] [stdout]   |
[INFO] [stdout] 6 |     layout::{Layout, Direction, Constraint, Rect},
[INFO] [stdout]   |                                             ^^^^
[INFO] [stdout] ...
[INFO] [stdout] 9 |     widgets::{Block, Borders, Paragraph, Clear},
[INFO] [stdout]   |                                          ^^^^^
[INFO] [stdout] 
[INFO] [stdout] 
[INFO] [stdout] warning: use of deprecated method `ratatui::Frame::<'_>::set_cursor`: the method set_cursor_position indicates more clearly what about the cursor to set
[INFO] [stdout]   --> src/ui/views/form_view.rs:47:11
[INFO] [stdout]    |
[INFO] [stdout] 47 |         f.set_cursor(form_area.x + x, form_area.y + y);
[INFO] [stdout]    |           ^^^^^^^^^^
[INFO] [stdout]    |
[INFO] [stdout]    = note: `#[warn(deprecated)]` on by default
[INFO] [stdout] 
[INFO] [stdout] 
[INFO] [stdout] warning: use of deprecated method `ratatui::Frame::<'_>::size`: use .area() as it's the more correct name
[INFO] [stdout]   --> src/ui/mod.rs:24:18
[INFO] [stdout]    |
[INFO] [stdout] 24 |         .split(f.size());
[INFO] [stdout]    |                  ^^^^
[INFO] [stdout] 
[INFO] [stdout] 
[INFO] [stdout] warning: unused variable: `entry`
[INFO] [stdout]   --> src/storage/formats/json.rs:75:35
[INFO] [stdout]    |
[INFO] [stdout] 75 |     async fn add_entry(&mut self, entry: LogEntry) -> Result<(), StorageError> {
[INFO] [stdout]    |                                   ^^^^^ help: if this is intentional, prefix it with an underscore: `_entry`
[INFO] [stdout]    |
[INFO] [stdout]    = note: `#[warn(unused_variables)]` on by default
[INFO] [stdout] 
[INFO] [stdout] 
[INFO] [stdout] warning: unused variable: `entry`
[INFO] [stdout]    --> src/storage/formats/adif.rs:257:35
[INFO] [stdout]     |
[INFO] [stdout] 257 |     async fn add_entry(&mut self, entry: LogEntry) -> Result<(), StorageError> {
[INFO] [stdout]     |                                   ^^^^^ help: if this is intentional, prefix it with an underscore: `_entry`
[INFO] [stdout] 
[INFO] [stdout] 
[INFO] [stdout] warning: unused variable: `app`
[INFO] [stdout]   --> src/ui/views/search_view.rs:10:35
[INFO] [stdout]    |
[INFO] [stdout] 10 | pub fn draw_search(f: &mut Frame, app: &App, search_text: &str, results: &[LogEntry], area: Rect) {
[INFO] [stdout]    |                                   ^^^ help: if this is intentional, prefix it with an underscore: `_app`
[INFO] [stdout] 
[INFO] [stdout] 
[INFO] [stdout] warning: constant `DEFAULT_BUFFER_SIZE` is never used
[INFO] [stdout]   --> src/storage/mod.rs:18:18
[INFO] [stdout]    |
[INFO] [stdout] 18 | pub(crate) const DEFAULT_BUFFER_SIZE: usize = 1024;
[INFO] [stdout]    |                  ^^^^^^^^^^^^^^^^^^^
[INFO] [stdout]    |
[INFO] [stdout]    = note: `#[warn(dead_code)]` on by default
[INFO] [stdout] 
[INFO] [stdout] 
[INFO] [stdout] warning: trait `StorageValidator` is never used
[INFO] [stdout]   --> src/storage/types.rs:44:11
[INFO] [stdout]    |
[INFO] [stdout] 44 | pub trait StorageValidator {
[INFO] [stdout]    |           ^^^^^^^^^^^^^^^^
[INFO] [stdout] 
[INFO] [stdout] 
[INFO] [stdout] warning: function `draw_detail` is never used
[INFO] [stdout]   --> src/ui/views/detail_view.rs:11:8
[INFO] [stdout]    |
[INFO] [stdout] 11 | pub fn draw_detail(f: &mut Frame, entry: &LogEntry, area: Rect) {
[INFO] [stdout]    |        ^^^^^^^^^^^
[INFO] [stdout] 
[INFO] [stdout] 
[INFO] [stdout] warning: function `draw_stats` is never used
[INFO] [stdout]   --> src/ui/views/stats_view.rs:11:8
[INFO] [stdout]    |
[INFO] [stdout] 11 | pub fn draw_stats(f: &mut Frame, entries: &[LogEntry], area: Rect) {
[INFO] [stdout]    |        ^^^^^^^^^^
[INFO] [stdout] 
[INFO] [stdout] 
[INFO] [stdout] warning: function `draw_summary_stats` is never used
[INFO] [stdout]   --> src/ui/views/stats_view.rs:31:4
[INFO] [stdout]    |
[INFO] [stdout] 31 | fn draw_summary_stats(f: &mut Frame, entries: &[LogEntry], area: Rect) {
[INFO] [stdout]    |    ^^^^^^^^^^^^^^^^^^
[INFO] [stdout] 
[INFO] [stdout] 
[INFO] [stdout] warning: function `draw_mode_chart` is never used
[INFO] [stdout]   --> src/ui/views/stats_view.rs:50:4
[INFO] [stdout]    |
[INFO] [stdout] 50 | fn draw_mode_chart(f: &mut Frame, entries: &[LogEntry], area: Rect) {
[INFO] [stdout]    |    ^^^^^^^^^^^^^^^
[INFO] [stdout] 
[INFO] [stdout] 
[INFO] [stdout] warning: function `draw_band_chart` is never used
[INFO] [stdout]   --> src/ui/views/stats_view.rs:73:4
[INFO] [stdout]    |
[INFO] [stdout] 73 | fn draw_band_chart(f: &mut Frame, entries: &[LogEntry], area: Rect) {
[INFO] [stdout]    |    ^^^^^^^^^^^^^^^
[INFO] [stdout] 
[INFO] [stdout] 
[INFO] [stdout] warning: function `draw_help` is never used
[INFO] [stdout]   --> src/ui/views/help_view.rs:10:8
[INFO] [stdout]    |
[INFO] [stdout] 10 | pub fn draw_help(f: &mut Frame, _app: &App, area: Rect) {
[INFO] [stdout]    |        ^^^^^^^^^
[INFO] [stdout] 
[INFO] [stdout] 
[INFO] [stdout] warning: function `draw_search` is never used
[INFO] [stdout]   --> src/ui/views/search_view.rs:10:8
[INFO] [stdout]    |
[INFO] [stdout] 10 | pub fn draw_search(f: &mut Frame, app: &App, search_text: &str, results: &[LogEntry], area: Rect) {
[INFO] [stdout]    |        ^^^^^^^^^^^
[INFO] [stdout] 
[INFO] [stdout] 
[INFO] [stdout] warning: unused `Result` that must be used
[INFO] [stdout]   --> src/main.rs:45:33
[INFO] [stdout]    |
[INFO] [stdout] 45 | ...                   app.delete_current_entry();
[INFO] [stdout]    |                       ^^^^^^^^^^^^^^^^^^^^^^^^^^
[INFO] [stdout]    |
[INFO] [stdout]    = note: this `Result` may be an `Err` variant, which should be handled
[INFO] [stdout]    = note: `#[warn(unused_must_use)]` on by default
[INFO] [stdout] help: use `let _ = ...` to ignore the resulting value
[INFO] [stdout]    |
[INFO] [stdout] 45 |                                 let _ = app.delete_current_entry();
[INFO] [stdout]    |                                 +++++++
[INFO] [stdout] 
[INFO] [stdout] 
[INFO] [stdout] warning: unused `Result` that must be used
[INFO] [stdout]   --> src/main.rs:48:33
[INFO] [stdout]    |
[INFO] [stdout] 48 | ...                   app.undo_delete();
[INFO] [stdout]    |                       ^^^^^^^^^^^^^^^^^
[INFO] [stdout]    |
[INFO] [stdout]    = note: this `Result` may be an `Err` variant, which should be handled
[INFO] [stdout] help: use `let _ = ...` to ignore the resulting value
[INFO] [stdout]    |
[INFO] [stdout] 48 |                                 let _ = app.undo_delete();
[INFO] [stdout]    |                                 +++++++
[INFO] [stdout] 
[INFO] [stdout] 
[INFO] [stderr]     Finished `dev` profile [unoptimized + debuginfo] target(s) in 49.19s
[INFO] running `Command { std: "docker" "inspect" "2260aeddf9b66a4c128e856586db8bcd184734ca665b13b2b558827694e14187", kill_on_drop: false }`
[INFO] running `Command { std: "docker" "rm" "-f" "2260aeddf9b66a4c128e856586db8bcd184734ca665b13b2b558827694e14187", kill_on_drop: false }`
[INFO] [stdout] 2260aeddf9b66a4c128e856586db8bcd184734ca665b13b2b558827694e14187
[INFO] running `Command { std: "docker" "create" "-v" "/var/lib/crater-agent-workspace/builds/worker-3-tc1/target:/opt/rustwide/target:rw,Z" "-v" "/var/lib/crater-agent-workspace/builds/worker-3-tc1/source:/opt/rustwide/workdir:ro,Z" "-v" "/var/lib/crater-agent-workspace/cargo-home:/opt/rustwide/cargo-home:ro,Z" "-v" "/var/lib/crater-agent-workspace/rustup-home:/opt/rustwide/rustup-home:ro,Z" "-e" "SOURCE_DIR=/opt/rustwide/workdir" "-e" "CARGO_TARGET_DIR=/opt/rustwide/target" "-e" "CARGO_INCREMENTAL=0" "-e" "RUST_BACKTRACE=full" "-e" "RUSTFLAGS=--cap-lints=forbid" "-e" "RUSTDOCFLAGS=--cap-lints=forbid" "-e" "CARGO_HOME=/opt/rustwide/cargo-home" "-e" "RUSTUP_HOME=/opt/rustwide/rustup-home" "-w" "/opt/rustwide/workdir" "-m" "1610612736" "--user" "0:0" "--network" "none" "ghcr.io/rust-lang/crates-build-env/linux@sha256:819108c5571ea2e421544af4d832f968d213c87fbe3707a016657f43d2f853bc" "/opt/rustwide/cargo-home/bin/cargo" "+nightly-2025-01-18" "test" "--frozen" "--no-run" "--message-format=json", kill_on_drop: false }`
[INFO] [stdout] 5f2fc6fce858edc5219ddea3cdbdc749a5ce46d40082ad9d3b12cab15a22bafb
[INFO] running `Command { std: "docker" "start" "-a" "5f2fc6fce858edc5219ddea3cdbdc749a5ce46d40082ad9d3b12cab15a22bafb", kill_on_drop: false }`
[INFO] [stdout] warning: unused import: `DateTime`
[INFO] [stdout]  --> src/app/mod.rs:7:19
[INFO] [stdout]   |
[INFO] [stdout] 7 | use chrono::{Utc, DateTime};
[INFO] [stdout]   |                   ^^^^^^^^
[INFO] [stdout]   |
[INFO] [stdout]   = note: `#[warn(unused_imports)]` on by default
[INFO] [stdout] 
[INFO] [stdout] 
[INFO] [stdout] warning: unused import: `std::env`
[INFO] [stdout]   --> src/app/mod.rs:11:5
[INFO] [stdout]    |
[INFO] [stdout] 11 | use std::env;
[INFO] [stdout]    |     ^^^^^^^^
[INFO] [stdout] 
[INFO] [stdout] 
[INFO] [stdout] warning: unused import: `std::collections::HashMap`
[INFO] [stdout]   --> src/app/mod.rs:17:5
[INFO] [stdout]    |
[INFO] [stdout] 17 | use std::collections::HashMap;
[INFO] [stdout]    |     ^^^^^^^^^^^^^^^^^^^^^^^^^
[INFO] [stdout] 
[INFO] [stdout] 
[INFO] [stdout] warning: unused import: `sqlx::Sqlite`
[INFO] [stdout]  --> src/storage/manager.rs:2:5
[INFO] [stdout]   |
[INFO] [stdout] 2 | use sqlx::Sqlite;
[INFO] [stdout]   |     ^^^^^^^^^^^^
[INFO] [stdout] 
[INFO] [stdout] 
[INFO] [stdout] warning: unused import: `ConnectOptions`
[INFO] [stdout]  --> src/storage/formats/sqlite.rs:5:12
[INFO] [stdout]   |
[INFO] [stdout] 5 | use sqlx::{ConnectOptions, Row};
[INFO] [stdout]   |            ^^^^^^^^^^^^^^
[INFO] [stdout] 
[INFO] [stdout] 
[INFO] [stdout] warning: unused import: `chrono::Timelike`
[INFO] [stdout]  --> src/ui/views/detail_view.rs:8:5
[INFO] [stdout]   |
[INFO] [stdout] 8 | use chrono::Timelike;
[INFO] [stdout]   |     ^^^^^^^^^^^^^^^^
[INFO] [stdout] 
[INFO] [stdout] 
[INFO] [stdout] warning: unused import: `detail_view::draw_detail`
[INFO] [stdout]   --> src/ui/views/mod.rs:13:16
[INFO] [stdout]    |
[INFO] [stdout] 13 | pub(crate) use detail_view::draw_detail;
[INFO] [stdout]    |                ^^^^^^^^^^^^^^^^^^^^^^^^
[INFO] [stdout] 
[INFO] [stdout] 
[INFO] [stdout] warning: unused import: `stats_view::draw_stats`
[INFO] [stdout]   --> src/ui/views/mod.rs:14:16
[INFO] [stdout]    |
[INFO] [stdout] 14 | pub(crate) use stats_view::draw_stats;
[INFO] [stdout]    |                ^^^^^^^^^^^^^^^^^^^^^^
[INFO] [stdout] 
[INFO] [stdout] 
[INFO] [stdout] warning: unused import: `help_view::draw_help`
[INFO] [stdout]   --> src/ui/views/mod.rs:15:16
[INFO] [stdout]    |
[INFO] [stdout] 15 | pub(crate) use help_view::draw_help;
[INFO] [stdout]    |                ^^^^^^^^^^^^^^^^^^^^
[INFO] [stdout] 
[INFO] [stdout] 
[INFO] [stdout] warning: unused import: `search_view::draw_search`
[INFO] [stdout]   --> src/ui/views/mod.rs:16:16
[INFO] [stdout]    |
[INFO] [stdout] 16 | pub(crate) use search_view::draw_search;
[INFO] [stdout]    |                ^^^^^^^^^^^^^^^^^^^^^^^^
[INFO] [stdout] 
[INFO] [stdout] 
[INFO] [stdout] warning: unused imports: `Clear` and `Rect`
[INFO] [stdout]  --> src/ui/mod.rs:6:45
[INFO] [stdout]   |
[INFO] [stdout] 6 |     layout::{Layout, Direction, Constraint, Rect},
[INFO] [stdout]   |                                             ^^^^
[INFO] [stdout] ...
[INFO] [stdout] 9 |     widgets::{Block, Borders, Paragraph, Clear},
[INFO] [stdout]   |                                          ^^^^^
[INFO] [stdout] 
[INFO] [stdout] 
[INFO] [stdout] warning: use of deprecated method `ratatui::Frame::<'_>::set_cursor`: the method set_cursor_position indicates more clearly what about the cursor to set
[INFO] [stdout]   --> src/ui/views/form_view.rs:47:11
[INFO] [stdout]    |
[INFO] [stdout] 47 |         f.set_cursor(form_area.x + x, form_area.y + y);
[INFO] [stdout]    |           ^^^^^^^^^^
[INFO] [stdout]    |
[INFO] [stdout]    = note: `#[warn(deprecated)]` on by default
[INFO] [stdout] 
[INFO] [stdout] 
[INFO] [stdout] warning: use of deprecated method `ratatui::Frame::<'_>::size`: use .area() as it's the more correct name
[INFO] [stdout]   --> src/ui/mod.rs:24:18
[INFO] [stdout]    |
[INFO] [stdout] 24 |         .split(f.size());
[INFO] [stdout]    |                  ^^^^
[INFO] [stdout] 
[INFO] [stdout] 
[INFO] [stdout] warning: unused variable: `entry`
[INFO] [stdout]   --> src/storage/formats/json.rs:75:35
[INFO] [stdout]    |
[INFO] [stdout] 75 |     async fn add_entry(&mut self, entry: LogEntry) -> Result<(), StorageError> {
[INFO] [stdout]    |                                   ^^^^^ help: if this is intentional, prefix it with an underscore: `_entry`
[INFO] [stdout]    |
[INFO] [stdout]    = note: `#[warn(unused_variables)]` on by default
[INFO] [stdout] 
[INFO] [stdout] 
[INFO] [stdout] warning: unused variable: `entry`
[INFO] [stdout]    --> src/storage/formats/adif.rs:257:35
[INFO] [stdout]     |
[INFO] [stdout] 257 |     async fn add_entry(&mut self, entry: LogEntry) -> Result<(), StorageError> {
[INFO] [stdout]     |                                   ^^^^^ help: if this is intentional, prefix it with an underscore: `_entry`
[INFO] [stdout] 
[INFO] [stdout] 
[INFO] [stdout] warning: unused variable: `app`
[INFO] [stdout]   --> src/ui/views/search_view.rs:10:35
[INFO] [stdout]    |
[INFO] [stdout] 10 | pub fn draw_search(f: &mut Frame, app: &App, search_text: &str, results: &[LogEntry], area: Rect) {
[INFO] [stdout]    |                                   ^^^ help: if this is intentional, prefix it with an underscore: `_app`
[INFO] [stdout] 
[INFO] [stdout] 
[INFO] [stdout] warning: constant `DEFAULT_BUFFER_SIZE` is never used
[INFO] [stdout]   --> src/storage/mod.rs:18:18
[INFO] [stdout]    |
[INFO] [stdout] 18 | pub(crate) const DEFAULT_BUFFER_SIZE: usize = 1024;
[INFO] [stdout]    |                  ^^^^^^^^^^^^^^^^^^^
[INFO] [stdout]    |
[INFO] [stdout]    = note: `#[warn(dead_code)]` on by default
[INFO] [stdout] 
[INFO] [stdout] 
[INFO] [stdout] warning: trait `StorageValidator` is never used
[INFO] [stdout]   --> src/storage/types.rs:44:11
[INFO] [stdout]    |
[INFO] [stdout] 44 | pub trait StorageValidator {
[INFO] [stdout]    |           ^^^^^^^^^^^^^^^^
[INFO] [stdout] 
[INFO] [stdout] 
[INFO] [stdout] warning: function `draw_detail` is never used
[INFO] [stdout]   --> src/ui/views/detail_view.rs:11:8
[INFO] [stdout]    |
[INFO] [stdout] 11 | pub fn draw_detail(f: &mut Frame, entry: &LogEntry, area: Rect) {
[INFO] [stdout]    |        ^^^^^^^^^^^
[INFO] [stdout] 
[INFO] [stdout] 
[INFO] [stdout] warning: function `draw_stats` is never used
[INFO] [stdout]   --> src/ui/views/stats_view.rs:11:8
[INFO] [stdout]    |
[INFO] [stdout] 11 | pub fn draw_stats(f: &mut Frame, entries: &[LogEntry], area: Rect) {
[INFO] [stdout]    |        ^^^^^^^^^^
[INFO] [stdout] 
[INFO] [stdout] 
[INFO] [stdout] warning: function `draw_summary_stats` is never used
[INFO] [stdout]   --> src/ui/views/stats_view.rs:31:4
[INFO] [stdout]    |
[INFO] [stdout] 31 | fn draw_summary_stats(f: &mut Frame, entries: &[LogEntry], area: Rect) {
[INFO] [stdout]    |    ^^^^^^^^^^^^^^^^^^
[INFO] [stdout] 
[INFO] [stdout] 
[INFO] [stderr]    Compiling amlog v0.1.0 (/opt/rustwide/workdir)
[INFO] [stdout] warning: function `draw_mode_chart` is never used
[INFO] [stdout]   --> src/ui/views/stats_view.rs:50:4
[INFO] [stdout]    |
[INFO] [stdout] 50 | fn draw_mode_chart(f: &mut Frame, entries: &[LogEntry], area: Rect) {
[INFO] [stdout]    |    ^^^^^^^^^^^^^^^
[INFO] [stdout] 
[INFO] [stdout] 
[INFO] [stdout] warning: function `draw_band_chart` is never used
[INFO] [stdout]   --> src/ui/views/stats_view.rs:73:4
[INFO] [stdout]    |
[INFO] [stdout] 73 | fn draw_band_chart(f: &mut Frame, entries: &[LogEntry], area: Rect) {
[INFO] [stdout]    |    ^^^^^^^^^^^^^^^
[INFO] [stdout] 
[INFO] [stdout] 
[INFO] [stdout] warning: function `draw_help` is never used
[INFO] [stdout]   --> src/ui/views/help_view.rs:10:8
[INFO] [stdout]    |
[INFO] [stdout] 10 | pub fn draw_help(f: &mut Frame, _app: &App, area: Rect) {
[INFO] [stdout]    |        ^^^^^^^^^
[INFO] [stdout] 
[INFO] [stdout] 
[INFO] [stdout] warning: function `draw_search` is never used
[INFO] [stdout]   --> src/ui/views/search_view.rs:10:8
[INFO] [stdout]    |
[INFO] [stdout] 10 | pub fn draw_search(f: &mut Frame, app: &App, search_text: &str, results: &[LogEntry], area: Rect) {
[INFO] [stdout]    |        ^^^^^^^^^^^
[INFO] [stdout] 
[INFO] [stdout] 
[INFO] [stdout] warning: unused `Result` that must be used
[INFO] [stdout]   --> src/main.rs:45:33
[INFO] [stdout]    |
[INFO] [stdout] 45 | ...                   app.delete_current_entry();
[INFO] [stdout]    |                       ^^^^^^^^^^^^^^^^^^^^^^^^^^
[INFO] [stdout]    |
[INFO] [stdout]    = note: this `Result` may be an `Err` variant, which should be handled
[INFO] [stdout]    = note: `#[warn(unused_must_use)]` on by default
[INFO] [stdout] help: use `let _ = ...` to ignore the resulting value
[INFO] [stdout]    |
[INFO] [stdout] 45 |                                 let _ = app.delete_current_entry();
[INFO] [stdout]    |                                 +++++++
[INFO] [stdout] 
[INFO] [stdout] 
[INFO] [stdout] warning: unused `Result` that must be used
[INFO] [stdout]   --> src/main.rs:48:33
[INFO] [stdout]    |
[INFO] [stdout] 48 | ...                   app.undo_delete();
[INFO] [stdout]    |                       ^^^^^^^^^^^^^^^^^
[INFO] [stdout]    |
[INFO] [stdout]    = note: this `Result` may be an `Err` variant, which should be handled
[INFO] [stdout] help: use `let _ = ...` to ignore the resulting value
[INFO] [stdout]    |
[INFO] [stdout] 48 |                                 let _ = app.undo_delete();
[INFO] [stdout]    |                                 +++++++
[INFO] [stdout] 
[INFO] [stdout] 
[INFO] [stdout] warning: unused import: `DateTime`
[INFO] [stdout]  --> src/app/mod.rs:7:19
[INFO] [stdout]   |
[INFO] [stdout] 7 | use chrono::{Utc, DateTime};
[INFO] [stdout]   |                   ^^^^^^^^
[INFO] [stdout]   |
[INFO] [stdout]   = note: `#[warn(unused_imports)]` on by default
[INFO] [stdout] 
[INFO] [stdout] 
[INFO] [stdout] warning: unused import: `std::env`
[INFO] [stdout]   --> src/app/mod.rs:11:5
[INFO] [stdout]    |
[INFO] [stdout] 11 | use std::env;
[INFO] [stdout]    |     ^^^^^^^^
[INFO] [stdout] 
[INFO] [stdout] 
[INFO] [stdout] warning: unused import: `std::collections::HashMap`
[INFO] [stdout]   --> src/app/mod.rs:17:5
[INFO] [stdout]    |
[INFO] [stdout] 17 | use std::collections::HashMap;
[INFO] [stdout]    |     ^^^^^^^^^^^^^^^^^^^^^^^^^
[INFO] [stdout] 
[INFO] [stdout] 
[INFO] [stdout] warning: unused import: `sqlx::Sqlite`
[INFO] [stdout]  --> src/storage/manager.rs:2:5
[INFO] [stdout]   |
[INFO] [stdout] 2 | use sqlx::Sqlite;
[INFO] [stdout]   |     ^^^^^^^^^^^^
[INFO] [stdout] 
[INFO] [stdout] 
[INFO] [stdout] warning: unused import: `ConnectOptions`
[INFO] [stdout]  --> src/storage/formats/sqlite.rs:5:12
[INFO] [stdout]   |
[INFO] [stdout] 5 | use sqlx::{ConnectOptions, Row};
[INFO] [stdout]   |            ^^^^^^^^^^^^^^
[INFO] [stdout] 
[INFO] [stdout] 
[INFO] [stdout] warning: unused import: `chrono::Timelike`
[INFO] [stdout]  --> src/ui/views/detail_view.rs:8:5
[INFO] [stdout]   |
[INFO] [stdout] 8 | use chrono::Timelike;
[INFO] [stdout]   |     ^^^^^^^^^^^^^^^^
[INFO] [stdout] 
[INFO] [stdout] 
[INFO] [stdout] warning: unused import: `detail_view::draw_detail`
[INFO] [stdout]   --> src/ui/views/mod.rs:13:16
[INFO] [stdout]    |
[INFO] [stdout] 13 | pub(crate) use detail_view::draw_detail;
[INFO] [stdout]    |                ^^^^^^^^^^^^^^^^^^^^^^^^
[INFO] [stdout] 
[INFO] [stdout] 
[INFO] [stdout] warning: unused import: `stats_view::draw_stats`
[INFO] [stdout]   --> src/ui/views/mod.rs:14:16
[INFO] [stdout]    |
[INFO] [stdout] 14 | pub(crate) use stats_view::draw_stats;
[INFO] [stdout]    |                ^^^^^^^^^^^^^^^^^^^^^^
[INFO] [stdout] 
[INFO] [stdout] 
[INFO] [stdout] warning: unused import: `help_view::draw_help`
[INFO] [stdout]   --> src/ui/views/mod.rs:15:16
[INFO] [stdout]    |
[INFO] [stdout] 15 | pub(crate) use help_view::draw_help;
[INFO] [stdout]    |                ^^^^^^^^^^^^^^^^^^^^
[INFO] [stdout] 
[INFO] [stdout] 
[INFO] [stdout] warning: unused import: `search_view::draw_search`
[INFO] [stdout]   --> src/ui/views/mod.rs:16:16
[INFO] [stdout]    |
[INFO] [stdout] 16 | pub(crate) use search_view::draw_search;
[INFO] [stdout]    |                ^^^^^^^^^^^^^^^^^^^^^^^^
[INFO] [stdout] 
[INFO] [stdout] 
[INFO] [stdout] warning: unused imports: `Clear` and `Rect`
[INFO] [stdout]  --> src/ui/mod.rs:6:45
[INFO] [stdout]   |
[INFO] [stdout] 6 |     layout::{Layout, Direction, Constraint, Rect},
[INFO] [stdout]   |                                             ^^^^
[INFO] [stdout] ...
[INFO] [stdout] 9 |     widgets::{Block, Borders, Paragraph, Clear},
[INFO] [stdout]   |                                          ^^^^^
[INFO] [stdout] 
[INFO] [stdout] 
[INFO] [stdout] warning: use of deprecated method `ratatui::Frame::<'_>::set_cursor`: the method set_cursor_position indicates more clearly what about the cursor to set
[INFO] [stdout]   --> src/ui/views/form_view.rs:47:11
[INFO] [stdout]    |
[INFO] [stdout] 47 |         f.set_cursor(form_area.x + x, form_area.y + y);
[INFO] [stdout]    |           ^^^^^^^^^^
[INFO] [stdout]    |
[INFO] [stdout]    = note: `#[warn(deprecated)]` on by default
[INFO] [stdout] 
[INFO] [stdout] 
[INFO] [stdout] warning: use of deprecated method `ratatui::Frame::<'_>::size`: use .area() as it's the more correct name
[INFO] [stdout]   --> src/ui/mod.rs:24:18
[INFO] [stdout]    |
[INFO] [stdout] 24 |         .split(f.size());
[INFO] [stdout]    |                  ^^^^
[INFO] [stdout] 
[INFO] [stdout] 
[INFO] [stdout] warning: unused variable: `entry`
[INFO] [stdout]   --> src/storage/formats/json.rs:75:35
[INFO] [stdout]    |
[INFO] [stdout] 75 |     async fn add_entry(&mut self, entry: LogEntry) -> Result<(), StorageError> {
[INFO] [stdout]    |                                   ^^^^^ help: if this is intentional, prefix it with an underscore: `_entry`
[INFO] [stdout]    |
[INFO] [stdout]    = note: `#[warn(unused_variables)]` on by default
[INFO] [stdout] 
[INFO] [stdout] 
[INFO] [stdout] warning: unused variable: `entry`
[INFO] [stdout]    --> src/storage/formats/adif.rs:257:35
[INFO] [stdout]     |
[INFO] [stdout] 257 |     async fn add_entry(&mut self, entry: LogEntry) -> Result<(), StorageError> {
[INFO] [stdout]     |                                   ^^^^^ help: if this is intentional, prefix it with an underscore: `_entry`
[INFO] [stdout] 
[INFO] [stdout] 
[INFO] [stdout] warning: unused variable: `app`
[INFO] [stdout]   --> src/ui/views/search_view.rs:10:35
[INFO] [stdout]    |
[INFO] [stdout] 10 | pub fn draw_search(f: &mut Frame, app: &App, search_text: &str, results: &[LogEntry], area: Rect) {
[INFO] [stdout]    |                                   ^^^ help: if this is intentional, prefix it with an underscore: `_app`
[INFO] [stdout] 
[INFO] [stdout] 
[INFO] [stdout] warning: constant `DEFAULT_BUFFER_SIZE` is never used
[INFO] [stdout]   --> src/storage/mod.rs:18:18
[INFO] [stdout]    |
[INFO] [stdout] 18 | pub(crate) const DEFAULT_BUFFER_SIZE: usize = 1024;
[INFO] [stdout]    |                  ^^^^^^^^^^^^^^^^^^^
[INFO] [stdout]    |
[INFO] [stdout]    = note: `#[warn(dead_code)]` on by default
[INFO] [stdout] 
[INFO] [stdout] 
[INFO] [stdout] warning: trait `StorageValidator` is never used
[INFO] [stdout]   --> src/storage/types.rs:44:11
[INFO] [stdout]    |
[INFO] [stdout] 44 | pub trait StorageValidator {
[INFO] [stdout]    |           ^^^^^^^^^^^^^^^^
[INFO] [stdout] 
[INFO] [stdout] 
[INFO] [stdout] warning: function `draw_detail` is never used
[INFO] [stdout]   --> src/ui/views/detail_view.rs:11:8
[INFO] [stdout]    |
[INFO] [stdout] 11 | pub fn draw_detail(f: &mut Frame, entry: &LogEntry, area: Rect) {
[INFO] [stdout]    |        ^^^^^^^^^^^
[INFO] [stdout] 
[INFO] [stdout] 
[INFO] [stdout] warning: function `draw_stats` is never used
[INFO] [stdout]   --> src/ui/views/stats_view.rs:11:8
[INFO] [stdout]    |
[INFO] [stdout] 11 | pub fn draw_stats(f: &mut Frame, entries: &[LogEntry], area: Rect) {
[INFO] [stdout]    |        ^^^^^^^^^^
[INFO] [stdout] 
[INFO] [stdout] 
[INFO] [stdout] warning: function `draw_summary_stats` is never used
[INFO] [stdout]   --> src/ui/views/stats_view.rs:31:4
[INFO] [stdout]    |
[INFO] [stdout] 31 | fn draw_summary_stats(f: &mut Frame, entries: &[LogEntry], area: Rect) {
[INFO] [stdout]    |    ^^^^^^^^^^^^^^^^^^
[INFO] [stdout] 
[INFO] [stdout] 
[INFO] [stdout] warning: function `draw_mode_chart` is never used
[INFO] [stdout]   --> src/ui/views/stats_view.rs:50:4
[INFO] [stdout]    |
[INFO] [stdout] 50 | fn draw_mode_chart(f: &mut Frame, entries: &[LogEntry], area: Rect) {
[INFO] [stdout]    |    ^^^^^^^^^^^^^^^
[INFO] [stdout] 
[INFO] [stdout] 
[INFO] [stdout] warning: function `draw_band_chart` is never used
[INFO] [stdout]   --> src/ui/views/stats_view.rs:73:4
[INFO] [stdout]    |
[INFO] [stdout] 73 | fn draw_band_chart(f: &mut Frame, entries: &[LogEntry], area: Rect) {
[INFO] [stdout]    |    ^^^^^^^^^^^^^^^
[INFO] [stdout] 
[INFO] [stdout] 
[INFO] [stdout] warning: function `draw_help` is never used
[INFO] [stdout]   --> src/ui/views/help_view.rs:10:8
[INFO] [stdout]    |
[INFO] [stdout] 10 | pub fn draw_help(f: &mut Frame, _app: &App, area: Rect) {
[INFO] [stdout]    |        ^^^^^^^^^
[INFO] [stdout] 
[INFO] [stdout] 
[INFO] [stdout] warning: function `draw_search` is never used
[INFO] [stdout]   --> src/ui/views/search_view.rs:10:8
[INFO] [stdout]    |
[INFO] [stdout] 10 | pub fn draw_search(f: &mut Frame, app: &App, search_text: &str, results: &[LogEntry], area: Rect) {
[INFO] [stdout]    |        ^^^^^^^^^^^
[INFO] [stdout] 
[INFO] [stdout] 
[INFO] [stderr]     Finished `test` profile [unoptimized + debuginfo] target(s) in 2.92s
[INFO] running `Command { std: "docker" "inspect" "5f2fc6fce858edc5219ddea3cdbdc749a5ce46d40082ad9d3b12cab15a22bafb", kill_on_drop: false }`
[INFO] running `Command { std: "docker" "rm" "-f" "5f2fc6fce858edc5219ddea3cdbdc749a5ce46d40082ad9d3b12cab15a22bafb", kill_on_drop: false }`
[INFO] [stdout] 5f2fc6fce858edc5219ddea3cdbdc749a5ce46d40082ad9d3b12cab15a22bafb
[INFO] running `Command { std: "docker" "create" "-v" "/var/lib/crater-agent-workspace/builds/worker-3-tc1/target:/opt/rustwide/target:rw,Z" "-v" "/var/lib/crater-agent-workspace/builds/worker-3-tc1/source:/opt/rustwide/workdir:ro,Z" "-v" "/var/lib/crater-agent-workspace/cargo-home:/opt/rustwide/cargo-home:ro,Z" "-v" "/var/lib/crater-agent-workspace/rustup-home:/opt/rustwide/rustup-home:ro,Z" "-e" "SOURCE_DIR=/opt/rustwide/workdir" "-e" "CARGO_TARGET_DIR=/opt/rustwide/target" "-e" "CARGO_INCREMENTAL=0" "-e" "RUST_BACKTRACE=full" "-e" "RUSTFLAGS=--cap-lints=forbid" "-e" "RUSTDOCFLAGS=--cap-lints=forbid" "-e" "CARGO_HOME=/opt/rustwide/cargo-home" "-e" "RUSTUP_HOME=/opt/rustwide/rustup-home" "-w" "/opt/rustwide/workdir" "-m" "1610612736" "--user" "0:0" "--network" "none" "ghcr.io/rust-lang/crates-build-env/linux@sha256:819108c5571ea2e421544af4d832f968d213c87fbe3707a016657f43d2f853bc" "/opt/rustwide/cargo-home/bin/cargo" "+nightly-2025-01-18" "test" "--frozen", kill_on_drop: false }`
[INFO] [stdout] a1b02ac261a5a824a194b88e19ba22caa1eb37ea962545df0b444af5f5aeaf9d
[INFO] running `Command { std: "docker" "start" "-a" "a1b02ac261a5a824a194b88e19ba22caa1eb37ea962545df0b444af5f5aeaf9d", kill_on_drop: false }`
[INFO] [stderr] warning: unused import: `DateTime`
[INFO] [stderr]  --> src/app/mod.rs:7:19
[INFO] [stderr]   |
[INFO] [stderr] 7 | use chrono::{Utc, DateTime};
[INFO] [stderr]   |                   ^^^^^^^^
[INFO] [stderr]   |
[INFO] [stderr]   = note: `#[warn(unused_imports)]` on by default
[INFO] [stderr] 
[INFO] [stderr] warning: unused import: `std::env`
[INFO] [stderr]   --> src/app/mod.rs:11:5
[INFO] [stderr]    |
[INFO] [stderr] 11 | use std::env;
[INFO] [stderr]    |     ^^^^^^^^
[INFO] [stderr] 
[INFO] [stderr] warning: unused import: `std::collections::HashMap`
[INFO] [stderr]   --> src/app/mod.rs:17:5
[INFO] [stderr]    |
[INFO] [stderr] 17 | use std::collections::HashMap;
[INFO] [stderr]    |     ^^^^^^^^^^^^^^^^^^^^^^^^^
[INFO] [stderr] 
[INFO] [stderr] warning: unused import: `sqlx::Sqlite`
[INFO] [stderr]  --> src/storage/manager.rs:2:5
[INFO] [stderr]   |
[INFO] [stderr] 2 | use sqlx::Sqlite;
[INFO] [stderr]   |     ^^^^^^^^^^^^
[INFO] [stderr] 
[INFO] [stderr] warning: unused import: `ConnectOptions`
[INFO] [stderr]  --> src/storage/formats/sqlite.rs:5:12
[INFO] [stderr]   |
[INFO] [stderr] 5 | use sqlx::{ConnectOptions, Row};
[INFO] [stderr]   |            ^^^^^^^^^^^^^^
[INFO] [stderr] 
[INFO] [stderr] warning: unused import: `chrono::Timelike`
[INFO] [stderr]  --> src/ui/views/detail_view.rs:8:5
[INFO] [stderr]   |
[INFO] [stderr] 8 | use chrono::Timelike;
[INFO] [stderr]   |     ^^^^^^^^^^^^^^^^
[INFO] [stderr] 
[INFO] [stderr] warning: unused import: `detail_view::draw_detail`
[INFO] [stderr]   --> src/ui/views/mod.rs:13:16
[INFO] [stderr]    |
[INFO] [stderr] 13 | pub(crate) use detail_view::draw_detail;
[INFO] [stderr]    |                ^^^^^^^^^^^^^^^^^^^^^^^^
[INFO] [stderr] 
[INFO] [stderr] warning: unused import: `stats_view::draw_stats`
[INFO] [stderr]   --> src/ui/views/mod.rs:14:16
[INFO] [stderr]    |
[INFO] [stderr] 14 | pub(crate) use stats_view::draw_stats;
[INFO] [stderr]    |                ^^^^^^^^^^^^^^^^^^^^^^
[INFO] [stderr] 
[INFO] [stderr] warning: unused import: `help_view::draw_help`
[INFO] [stderr]   --> src/ui/views/mod.rs:15:16
[INFO] [stderr]    |
[INFO] [stderr] 15 | pub(crate) use help_view::draw_help;
[INFO] [stderr]    |                ^^^^^^^^^^^^^^^^^^^^
[INFO] [stderr] 
[INFO] [stderr] warning: unused import: `search_view::draw_search`
[INFO] [stderr]   --> src/ui/views/mod.rs:16:16
[INFO] [stderr]    |
[INFO] [stderr] 16 | pub(crate) use search_view::draw_search;
[INFO] [stderr]    |                ^^^^^^^^^^^^^^^^^^^^^^^^
[INFO] [stderr] 
[INFO] [stderr] warning: unused imports: `Clear` and `Rect`
[INFO] [stderr]  --> src/ui/mod.rs:6:45
[INFO] [stderr]   |
[INFO] [stderr] 6 |     layout::{Layout, Direction, Constraint, Rect},
[INFO] [stderr]   |                                             ^^^^
[INFO] [stderr] ...
[INFO] [stderr] 9 |     widgets::{Block, Borders, Paragraph, Clear},
[INFO] [stderr]   |                                          ^^^^^
[INFO] [stderr] 
[INFO] [stderr] warning: use of deprecated method `ratatui::Frame::<'_>::set_cursor`: the method set_cursor_position indicates more clearly what about the cursor to set
[INFO] [stderr]   --> src/ui/views/form_view.rs:47:11
[INFO] [stderr]    |
[INFO] [stderr] 47 |         f.set_cursor(form_area.x + x, form_area.y + y);
[INFO] [stderr]    |           ^^^^^^^^^^
[INFO] [stderr]    |
[INFO] [stderr]    = note: `#[warn(deprecated)]` on by default
[INFO] [stderr] 
[INFO] [stderr] warning: use of deprecated method `ratatui::Frame::<'_>::size`: use .area() as it's the more correct name
[INFO] [stderr]   --> src/ui/mod.rs:24:18
[INFO] [stderr]    |
[INFO] [stderr] 24 |         .split(f.size());
[INFO] [stderr]    |                  ^^^^
[INFO] [stderr] 
[INFO] [stderr] warning: unused variable: `entry`
[INFO] [stderr]   --> src/storage/formats/json.rs:75:35
[INFO] [stderr]    |
[INFO] [stderr] 75 |     async fn add_entry(&mut self, entry: LogEntry) -> Result<(), StorageError> {
[INFO] [stderr]    |                                   ^^^^^ help: if this is intentional, prefix it with an underscore: `_entry`
[INFO] [stderr]    |
[INFO] [stderr]    = note: `#[warn(unused_variables)]` on by default
[INFO] [stderr] 
[INFO] [stderr] warning: unused variable: `entry`
[INFO] [stderr]    --> src/storage/formats/adif.rs:257:35
[INFO] [stderr]     |
[INFO] [stderr] 257 |     async fn add_entry(&mut self, entry: LogEntry) -> Result<(), StorageError> {
[INFO] [stderr]     |                                   ^^^^^ help: if this is intentional, prefix it with an underscore: `_entry`
[INFO] [stderr] 
[INFO] [stderr] warning: unused variable: `app`
[INFO] [stderr]   --> src/ui/views/search_view.rs:10:35
[INFO] [stderr]    |
[INFO] [stderr] 10 | pub fn draw_search(f: &mut Frame, app: &App, search_text: &str, results: &[LogEntry], area: Rect) {
[INFO] [stderr]    |                                   ^^^ help: if this is intentional, prefix it with an underscore: `_app`
[INFO] [stderr] 
[INFO] [stderr] warning: constant `DEFAULT_BUFFER_SIZE` is never used
[INFO] [stderr]   --> src/storage/mod.rs:18:18
[INFO] [stderr]    |
[INFO] [stderr] 18 | pub(crate) const DEFAULT_BUFFER_SIZE: usize = 1024;
[INFO] [stderr]    |                  ^^^^^^^^^^^^^^^^^^^
[INFO] [stderr]    |
[INFO] [stderr]    = note: `#[warn(dead_code)]` on by default
[INFO] [stderr] 
[INFO] [stderr] warning: trait `StorageValidator` is never used
[INFO] [stderr]   --> src/storage/types.rs:44:11
[INFO] [stderr]    |
[INFO] [stderr] 44 | pub trait StorageValidator {
[INFO] [stderr]    |           ^^^^^^^^^^^^^^^^
[INFO] [stderr] 
[INFO] [stderr] warning: function `draw_detail` is never used
[INFO] [stderr]   --> src/ui/views/detail_view.rs:11:8
[INFO] [stderr]    |
[INFO] [stderr] 11 | pub fn draw_detail(f: &mut Frame, entry: &LogEntry, area: Rect) {
[INFO] [stderr]    |        ^^^^^^^^^^^
[INFO] [stderr] 
[INFO] [stderr] warning: function `draw_stats` is never used
[INFO] [stderr]   --> src/ui/views/stats_view.rs:11:8
[INFO] [stderr]    |
[INFO] [stderr] 11 | pub fn draw_stats(f: &mut Frame, entries: &[LogEntry], area: Rect) {
[INFO] [stderr]    |        ^^^^^^^^^^
[INFO] [stderr] 
[INFO] [stderr] warning: function `draw_summary_stats` is never used
[INFO] [stderr]   --> src/ui/views/stats_view.rs:31:4
[INFO] [stderr]    |
[INFO] [stderr] 31 | fn draw_summary_stats(f: &mut Frame, entries: &[LogEntry], area: Rect) {
[INFO] [stderr]    |    ^^^^^^^^^^^^^^^^^^
[INFO] [stderr] 
[INFO] [stderr] warning: function `draw_mode_chart` is never used
[INFO] [stderr]   --> src/ui/views/stats_view.rs:50:4
[INFO] [stderr]    |
[INFO] [stderr] 50 | fn draw_mode_chart(f: &mut Frame, entries: &[LogEntry], area: Rect) {
[INFO] [stderr]    |    ^^^^^^^^^^^^^^^
[INFO] [stderr] 
[INFO] [stderr] warning: function `draw_band_chart` is never used
[INFO] [stderr]   --> src/ui/views/stats_view.rs:73:4
[INFO] [stderr]    |
[INFO] [stderr] 73 | fn draw_band_chart(f: &mut Frame, entries: &[LogEntry], area: Rect) {
[INFO] [stderr]    |    ^^^^^^^^^^^^^^^
[INFO] [stderr] 
[INFO] [stderr] warning: function `draw_help` is never used
[INFO] [stderr]   --> src/ui/views/help_view.rs:10:8
[INFO] [stderr]    |
[INFO] [stderr] 10 | pub fn draw_help(f: &mut Frame, _app: &App, area: Rect) {
[INFO] [stderr]    |        ^^^^^^^^^
[INFO] [stderr] 
[INFO] [stderr] warning: function `draw_search` is never used
[INFO] [stderr]   --> src/ui/views/search_view.rs:10:8
[INFO] [stderr]    |
[INFO] [stderr] 10 | pub fn draw_search(f: &mut Frame, app: &App, search_text: &str, results: &[LogEntry], area: Rect) {
[INFO] [stderr]    |        ^^^^^^^^^^^
[INFO] [stderr] 
[INFO] [stderr] warning: `amlog` (lib) generated 25 warnings (run `cargo fix --lib -p amlog` to apply 11 suggestions)
[INFO] [stderr] warning: `amlog` (lib test) generated 25 warnings (25 duplicates)
[INFO] [stderr] warning: unused `Result` that must be used
[INFO] [stderr]   --> src/main.rs:45:33
[INFO] [stderr]    |
[INFO] [stderr] 45 | ...                   app.delete_current_entry();
[INFO] [stderr]    |                       ^^^^^^^^^^^^^^^^^^^^^^^^^^
[INFO] [stderr]    |
[INFO] [stderr]    = note: this `Result` may be an `Err` variant, which should be handled
[INFO] [stderr]    = note: `#[warn(unused_must_use)]` on by default
[INFO] [stderr] help: use `let _ = ...` to ignore the resulting value
[INFO] [stderr]    |
[INFO] [stderr] 45 |                                 let _ = app.delete_current_entry();
[INFO] [stderr]    |                                 +++++++
[INFO] [stderr] 
[INFO] [stderr] warning: unused `Result` that must be used
[INFO] [stderr]   --> src/main.rs:48:33
[INFO] [stderr]    |
[INFO] [stderr] 48 | ...                   app.undo_delete();
[INFO] [stderr]    |                       ^^^^^^^^^^^^^^^^^
[INFO] [stderr]    |
[INFO] [stderr]    = note: this `Result` may be an `Err` variant, which should be handled
[INFO] [stderr] help: use `let _ = ...` to ignore the resulting value
[INFO] [stderr]    |
[INFO] [stderr] 48 |                                 let _ = app.undo_delete();
[INFO] [stderr]    |                                 +++++++
[INFO] [stderr] 
[INFO] [stderr] warning: `amlog` (bin "amlog" test) generated 2 warnings
[INFO] [stderr]     Finished `test` profile [unoptimized + debuginfo] target(s) in 0.24s
[INFO] [stderr]      Running unittests src/lib.rs (/opt/rustwide/target/debug/deps/amlog-f92b105226f30530)
[INFO] [stdout] 
[INFO] [stdout] running 5 tests
[INFO] [stdout] test app::form::tests::test_form_validation ... ok
[INFO] [stdout] test storage::formats::adif::tests::test_adif_export ... ok
[INFO] [stdout] test storage::formats::json::tests::test_json_storage_crud ... ok
[INFO] [stdout] test ui::layout::tests::test_centered_rect ... ok
[INFO] [stdout] test storage::formats::adif::tests::test_adif_import ... FAILED
[INFO] [stdout] 
[INFO] [stdout] failures:
[INFO] [stdout] 
[INFO] [stdout] ---- storage::formats::adif::tests::test_adif_import stdout ----
[INFO] [stdout] 
[INFO] [stdout] thread 'storage::formats::adif::tests::test_adif_import' panicked at src/storage/formats/adif.rs:318:9:
[INFO] [stdout] assertion `left == right` failed
[INFO] [stdout]   left: 0
[INFO] [stdout]  right: 1
[INFO] [stdout] stack backtrace:
[INFO] [stdout]    0:     0x5d109dc265ea - std::backtrace_rs::backtrace::libunwind::trace::hb059275cfc8d6126
[INFO] [stdout]                                at /rustc/6067b36314ab5eb2eb47cecc464545ba58e1ad24/library/std/src/../../backtrace/src/backtrace/libunwind.rs:116:5
[INFO] [stdout]    1:     0x5d109dc265ea - std::backtrace_rs::backtrace::trace_unsynchronized::h2da071e4327ce3ee
[INFO] [stdout]                                at /rustc/6067b36314ab5eb2eb47cecc464545ba58e1ad24/library/std/src/../../backtrace/src/backtrace/mod.rs:66:5
[INFO] [stdout]    2:     0x5d109dc265ea - std::sys::backtrace::_print_fmt::h842a1474e6f8d23f
[INFO] [stdout]                                at /rustc/6067b36314ab5eb2eb47cecc464545ba58e1ad24/library/std/src/sys/backtrace.rs:66:9
[INFO] [stdout]    3:     0x5d109dc265ea - <std::sys::backtrace::BacktraceLock::print::DisplayBacktrace as core::fmt::Display>::fmt::h71a62eb3b9696b12
[INFO] [stdout]                                at /rustc/6067b36314ab5eb2eb47cecc464545ba58e1ad24/library/std/src/sys/backtrace.rs:39:26
[INFO] [stdout]    4:     0x5d109dc516d3 - core::fmt::rt::Argument::fmt::hdb6b616786b41dc1
[INFO] [stdout]                                at /rustc/6067b36314ab5eb2eb47cecc464545ba58e1ad24/library/core/src/fmt/rt.rs:177:76
[INFO] [stdout]    5:     0x5d109dc516d3 - core::fmt::write::h2cc1698af7e2d686
[INFO] [stdout]                                at /rustc/6067b36314ab5eb2eb47cecc464545ba58e1ad24/library/core/src/fmt/mod.rs:1440:21
[INFO] [stdout]    6:     0x5d109dc22a93 - std::io::Write::write_fmt::hab1b4cd059a79022
[INFO] [stdout]                                at /rustc/6067b36314ab5eb2eb47cecc464545ba58e1ad24/library/std/src/io/mod.rs:1887:15
[INFO] [stdout]    7:     0x5d109dc26432 - std::sys::backtrace::BacktraceLock::print::h147fe35b4ea13b08
[INFO] [stdout]                                at /rustc/6067b36314ab5eb2eb47cecc464545ba58e1ad24/library/std/src/sys/backtrace.rs:42:9
[INFO] [stdout]    8:     0x5d109dc27a0f - std::panicking::default_hook::{{closure}}::hbd44223dbdc0d208
[INFO] [stdout]                                at /rustc/6067b36314ab5eb2eb47cecc464545ba58e1ad24/library/std/src/panicking.rs:298:22
[INFO] [stdout]    9:     0x5d109dc27828 - std::panicking::default_hook::h20f81eb0576efcec
[INFO] [stdout]                                at /rustc/6067b36314ab5eb2eb47cecc464545ba58e1ad24/library/std/src/panicking.rs:322:9
[INFO] [stdout]   10:     0x5d109d8475d3 - <alloc::boxed::Box<F,A> as core::ops::function::Fn<Args>>::call::hdb53814c496a4d34
[INFO] [stdout]                                at /rustc/6067b36314ab5eb2eb47cecc464545ba58e1ad24/library/alloc/src/boxed.rs:2027:9
[INFO] [stdout]   11:     0x5d109d8475d3 - test::test_main::{{closure}}::hc0a4963c59427c24
[INFO] [stdout]                                at /rustc/6067b36314ab5eb2eb47cecc464545ba58e1ad24/library/test/src/lib.rs:134:21
[INFO] [stdout]   12:     0x5d109dc28503 - <alloc::boxed::Box<F,A> as core::ops::function::Fn<Args>>::call::h591b2225413a77e9
[INFO] [stdout]                                at /rustc/6067b36314ab5eb2eb47cecc464545ba58e1ad24/library/alloc/src/boxed.rs:2027:9
[INFO] [stdout]   13:     0x5d109dc28503 - std::panicking::rust_panic_with_hook::h625eea43051b2edc
[INFO] [stdout]                                at /rustc/6067b36314ab5eb2eb47cecc464545ba58e1ad24/library/std/src/panicking.rs:839:13
[INFO] [stdout]   14:     0x5d109dc281ba - std::panicking::begin_panic_handler::{{closure}}::h4f9159cfbc3f6bd3
[INFO] [stdout]                                at /rustc/6067b36314ab5eb2eb47cecc464545ba58e1ad24/library/std/src/panicking.rs:704:13
[INFO] [stdout]   15:     0x5d109dc26ae9 - std::sys::backtrace::__rust_end_short_backtrace::h0390abce48353151
[INFO] [stdout]                                at /rustc/6067b36314ab5eb2eb47cecc464545ba58e1ad24/library/std/src/sys/backtrace.rs:168:18
[INFO] [stdout]   16:     0x5d109dc27e4d - rust_begin_unwind
[INFO] [stdout]                                at /rustc/6067b36314ab5eb2eb47cecc464545ba58e1ad24/library/std/src/panicking.rs:695:5
[INFO] [stdout]   17:     0x5d109dc4f950 - core::panicking::panic_fmt::h9e7c637e9e5f29c9
[INFO] [stdout]                                at /rustc/6067b36314ab5eb2eb47cecc464545ba58e1ad24/library/core/src/panicking.rs:75:14
[INFO] [stdout]   18:     0x5d109dc4fda3 - core::panicking::assert_failed_inner::h538bec7c1374cd9c
[INFO] [stdout]   19:     0x5d109dc4fc5a - core::panicking::assert_failed::h7fe8c93d80615b71
[INFO] [stdout]                                at /rustc/6067b36314ab5eb2eb47cecc464545ba58e1ad24/library/core/src/panicking.rs:364:5
[INFO] [stdout]   20:     0x5d109d7ef905 - amlog::storage::formats::adif::tests::test_adif_import::{{closure}}::he287dc2f0cd1edc1
[INFO] [stdout]                                at /opt/rustwide/workdir/src/storage/formats/adif.rs:318:9
[INFO] [stdout]   21:     0x5d109d7fa022 - <core::pin::Pin<P> as core::future::future::Future>::poll::h62d3af1f7d250bfc
[INFO] [stdout]                                at /rustc/6067b36314ab5eb2eb47cecc464545ba58e1ad24/library/core/src/future/future.rs:124:9
[INFO] [stdout]   22:     0x5d109d7fa15d - <core::pin::Pin<P> as core::future::future::Future>::poll::hd9ae727009c3938a
[INFO] [stdout]                                at /rustc/6067b36314ab5eb2eb47cecc464545ba58e1ad24/library/core/src/future/future.rs:124:9
[INFO] [stdout]   23:     0x5d109d806a8f - tokio::runtime::scheduler::current_thread::CoreGuard::block_on::{{closure}}::{{closure}}::{{closure}}::h10e73a6d1779b42d
[INFO] [stdout]                                at /opt/rustwide/cargo-home/registry/src/index.crates.io-1949cf8c6b5b557f/tokio-1.41.1/src/runtime/scheduler/current_thread/mod.rs:729:57
[INFO] [stdout]   24:     0x5d109d806455 - tokio::runtime::coop::with_budget::he08662062416d714
[INFO] [stdout]                                at /opt/rustwide/cargo-home/registry/src/index.crates.io-1949cf8c6b5b557f/tokio-1.41.1/src/runtime/coop.rs:107:5
[INFO] [stdout]   25:     0x5d109d806455 - tokio::runtime::coop::budget::h5a4664ee4aa7cfac
[INFO] [stdout]                                at /opt/rustwide/cargo-home/registry/src/index.crates.io-1949cf8c6b5b557f/tokio-1.41.1/src/runtime/coop.rs:73:5
[INFO] [stdout]   26:     0x5d109d806455 - tokio::runtime::scheduler::current_thread::CoreGuard::block_on::{{closure}}::{{closure}}::h31328b15792be6bc
[INFO] [stdout]                                at /opt/rustwide/cargo-home/registry/src/index.crates.io-1949cf8c6b5b557f/tokio-1.41.1/src/runtime/scheduler/current_thread/mod.rs:729:25
[INFO] [stdout]   27:     0x5d109d8016b0 - tokio::runtime::scheduler::current_thread::Context::enter::hb8535e8a2871fcb8
[INFO] [stdout]                                at /opt/rustwide/cargo-home/registry/src/index.crates.io-1949cf8c6b5b557f/tokio-1.41.1/src/runtime/scheduler/current_thread/mod.rs:428:19
[INFO] [stdout]   28:     0x5d109d804ace - tokio::runtime::scheduler::current_thread::CoreGuard::block_on::{{closure}}::h2065e56230203297
[INFO] [stdout]                                at /opt/rustwide/cargo-home/registry/src/index.crates.io-1949cf8c6b5b557f/tokio-1.41.1/src/runtime/scheduler/current_thread/mod.rs:728:36
[INFO] [stdout]   29:     0x5d109d803cd4 - tokio::runtime::scheduler::current_thread::CoreGuard::enter::{{closure}}::h0c16f70c84065874
[INFO] [stdout]                                at /opt/rustwide/cargo-home/registry/src/index.crates.io-1949cf8c6b5b557f/tokio-1.41.1/src/runtime/scheduler/current_thread/mod.rs:807:68
[INFO] [stdout]   30:     0x5d109d7e5dfb - tokio::runtime::context::scoped::Scoped<T>::set::h197920f13eeff030
[INFO] [stdout]                                at /opt/rustwide/cargo-home/registry/src/index.crates.io-1949cf8c6b5b557f/tokio-1.41.1/src/runtime/context/scoped.rs:40:9
[INFO] [stdout]   31:     0x5d109d7e0379 - tokio::runtime::context::set_scheduler::{{closure}}::h855cb9f9da0244b4
[INFO] [stdout]                                at /opt/rustwide/cargo-home/registry/src/index.crates.io-1949cf8c6b5b557f/tokio-1.41.1/src/runtime/context.rs:180:26
[INFO] [stdout]   32:     0x5d109d7c68a2 - std::thread::local::LocalKey<T>::try_with::hc8bc8d80ddd205e2
[INFO] [stdout]                                at /rustc/6067b36314ab5eb2eb47cecc464545ba58e1ad24/library/std/src/thread/local.rs:308:12
[INFO] [stdout]   33:     0x5d109d7c49fa - std::thread::local::LocalKey<T>::with::hb1a822a529c260a9
[INFO] [stdout]                                at /rustc/6067b36314ab5eb2eb47cecc464545ba58e1ad24/library/std/src/thread/local.rs:272:9
[INFO] [stdout]   34:     0x5d109d7e02cd - tokio::runtime::context::set_scheduler::h62c8bc9ab0fc98d4
[INFO] [stdout]                                at /opt/rustwide/cargo-home/registry/src/index.crates.io-1949cf8c6b5b557f/tokio-1.41.1/src/runtime/context.rs:180:9
[INFO] [stdout]   35:     0x5d109d803a80 - tokio::runtime::scheduler::current_thread::CoreGuard::enter::hfe660462f76d4795
[INFO] [stdout]                                at /opt/rustwide/cargo-home/registry/src/index.crates.io-1949cf8c6b5b557f/tokio-1.41.1/src/runtime/scheduler/current_thread/mod.rs:807:27
[INFO] [stdout]   36:     0x5d109d803dd3 - tokio::runtime::scheduler::current_thread::CoreGuard::block_on::h468a9ddb69c020f1
[INFO] [stdout]                                at /opt/rustwide/cargo-home/registry/src/index.crates.io-1949cf8c6b5b557f/tokio-1.41.1/src/runtime/scheduler/current_thread/mod.rs:716:19
[INFO] [stdout]   37:     0x5d109d7ff33a - tokio::runtime::scheduler::current_thread::CurrentThread::block_on::{{closure}}::h57c10ea7f8fbe2f6
[INFO] [stdout]                                at /opt/rustwide/cargo-home/registry/src/index.crates.io-1949cf8c6b5b557f/tokio-1.41.1/src/runtime/scheduler/current_thread/mod.rs:196:28
[INFO] [stdout]   38:     0x5d109d7e1446 - tokio::runtime::context::runtime::enter_runtime::h81f53aff02847f2f
[INFO] [stdout]                                at /opt/rustwide/cargo-home/registry/src/index.crates.io-1949cf8c6b5b557f/tokio-1.41.1/src/runtime/context/runtime.rs:65:16
[INFO] [stdout]   39:     0x5d109d7fef81 - tokio::runtime::scheduler::current_thread::CurrentThread::block_on::h71ecf8669735f8b7
[INFO] [stdout]                                at /opt/rustwide/cargo-home/registry/src/index.crates.io-1949cf8c6b5b557f/tokio-1.41.1/src/runtime/scheduler/current_thread/mod.rs:184:9
[INFO] [stdout]   40:     0x5d109d7f9073 - tokio::runtime::runtime::Runtime::block_on_inner::ha7fbf76e89979e30
[INFO] [stdout]                                at /opt/rustwide/cargo-home/registry/src/index.crates.io-1949cf8c6b5b557f/tokio-1.41.1/src/runtime/runtime.rs:368:47
[INFO] [stdout]   41:     0x5d109d7f93b7 - tokio::runtime::runtime::Runtime::block_on::h58e1cd405a84153e
[INFO] [stdout]                                at /opt/rustwide/cargo-home/registry/src/index.crates.io-1949cf8c6b5b557f/tokio-1.41.1/src/runtime/runtime.rs:342:13
[INFO] [stdout]   42:     0x5d109d7ef629 - amlog::storage::formats::adif::tests::test_adif_import::h2963ccdeff60f662
[INFO] [stdout]                                at /opt/rustwide/workdir/src/storage/formats/adif.rs:324:9
[INFO] [stdout]   43:     0x5d109d7ef4f7 - amlog::storage::formats::adif::tests::test_adif_import::{{closure}}::h1865eee59be3cc70
[INFO] [stdout]                                at /opt/rustwide/workdir/src/storage/formats/adif.rs:310:32
[INFO] [stdout]   44:     0x5d109d7f1a26 - core::ops::function::FnOnce::call_once::hf6b0a57b2fad77f0
[INFO] [stdout]                                at /rustc/6067b36314ab5eb2eb47cecc464545ba58e1ad24/library/core/src/ops/function.rs:250:5
[INFO] [stdout]   45:     0x5d109d84cd2b - core::ops::function::FnOnce::call_once::he27718dfdd183f43
[INFO] [stdout]                                at /rustc/6067b36314ab5eb2eb47cecc464545ba58e1ad24/library/core/src/ops/function.rs:250:5
[INFO] [stdout]   46:     0x5d109d84cd2b - test::__rust_begin_short_backtrace::h4e84902998457a5d
[INFO] [stdout]                                at /rustc/6067b36314ab5eb2eb47cecc464545ba58e1ad24/library/test/src/lib.rs:632:18
[INFO] [stdout]   47:     0x5d109d84bc63 - test::run_test_in_process::{{closure}}::h7176fd18fc1feca0
[INFO] [stdout]                                at /rustc/6067b36314ab5eb2eb47cecc464545ba58e1ad24/library/test/src/lib.rs:655:60
[INFO] [stdout]   48:     0x5d109d84bc63 - <core::panic::unwind_safe::AssertUnwindSafe<F> as core::ops::function::FnOnce<()>>::call_once::hf79cff2a624d8cf7
[INFO] [stdout]                                at /rustc/6067b36314ab5eb2eb47cecc464545ba58e1ad24/library/core/src/panic/unwind_safe.rs:272:9
[INFO] [stdout]   49:     0x5d109d84bc63 - std::panicking::try::do_call::h3da0561d9ab99c25
[INFO] [stderr] error: test failed, to rerun pass `--lib`
[INFO] [stdout]                                at /rustc/6067b36314ab5eb2eb47cecc464545ba58e1ad24/library/std/src/panicking.rs:587:40
[INFO] [stdout]   50:     0x5d109d84bc63 - std::panicking::try::h41c9fa508bc61df6
[INFO] [stdout]                                at /rustc/6067b36314ab5eb2eb47cecc464545ba58e1ad24/library/std/src/panicking.rs:550:19
[INFO] [stdout]   51:     0x5d109d84bc63 - std::panic::catch_unwind::h6b3ff07bb5afad93
[INFO] [stdout]                                at /rustc/6067b36314ab5eb2eb47cecc464545ba58e1ad24/library/std/src/panic.rs:358:14
[INFO] [stdout]   52:     0x5d109d84bc63 - test::run_test_in_process::hc7253dd11b39b9f4
[INFO] [stdout]                                at /rustc/6067b36314ab5eb2eb47cecc464545ba58e1ad24/library/test/src/lib.rs:655:27
[INFO] [stdout]   53:     0x5d109d84bc63 - test::run_test::{{closure}}::hfb2007f8649c30bb
[INFO] [stdout]                                at /rustc/6067b36314ab5eb2eb47cecc464545ba58e1ad24/library/test/src/lib.rs:576:43
[INFO] [stdout]   54:     0x5d109d80ed45 - test::run_test::{{closure}}::h56a17aa7a282a9f4
[INFO] [stdout]                                at /rustc/6067b36314ab5eb2eb47cecc464545ba58e1ad24/library/test/src/lib.rs:606:41
[INFO] [stdout]   55:     0x5d109d80ed45 - std::sys::backtrace::__rust_begin_short_backtrace::hd2d2d2fb8e8c6aac
[INFO] [stdout]                                at /rustc/6067b36314ab5eb2eb47cecc464545ba58e1ad24/library/std/src/sys/backtrace.rs:152:18
[INFO] [stdout]   56:     0x5d109d81262a - std::thread::Builder::spawn_unchecked_::{{closure}}::{{closure}}::h4faa3f9db6133423
[INFO] [stdout]                                at /rustc/6067b36314ab5eb2eb47cecc464545ba58e1ad24/library/std/src/thread/mod.rs:559:17
[INFO] [stdout]   57:     0x5d109d81262a - <core::panic::unwind_safe::AssertUnwindSafe<F> as core::ops::function::FnOnce<()>>::call_once::hf2e855a36a4ea846
[INFO] [stdout]                                at /rustc/6067b36314ab5eb2eb47cecc464545ba58e1ad24/library/core/src/panic/unwind_safe.rs:272:9
[INFO] [stdout]   58:     0x5d109d81262a - std::panicking::try::do_call::h2f73af3616c35465
[INFO] [stdout]                                at /rustc/6067b36314ab5eb2eb47cecc464545ba58e1ad24/library/std/src/panicking.rs:587:40
[INFO] [stdout]   59:     0x5d109d81262a - std::panicking::try::hd1660ce9efadef5a
[INFO] [stdout]                                at /rustc/6067b36314ab5eb2eb47cecc464545ba58e1ad24/library/std/src/panicking.rs:550:19
[INFO] [stdout]   60:     0x5d109d81262a - std::panic::catch_unwind::h5ee8d7823b8ca744
[INFO] [stdout]                                at /rustc/6067b36314ab5eb2eb47cecc464545ba58e1ad24/library/std/src/panic.rs:358:14
[INFO] [stdout]   61:     0x5d109d81262a - std::thread::Builder::spawn_unchecked_::{{closure}}::h53c3a1894dce8407
[INFO] [stdout]                                at /rustc/6067b36314ab5eb2eb47cecc464545ba58e1ad24/library/std/src/thread/mod.rs:557:30
[INFO] [stdout]   62:     0x5d109d81262a - core::ops::function::FnOnce::call_once{{vtable.shim}}::h048ce291ad4f62bf
[INFO] [stdout]                                at /rustc/6067b36314ab5eb2eb47cecc464545ba58e1ad24/library/core/src/ops/function.rs:250:5
[INFO] [stdout]   63:     0x5d109dc2d2fb - <alloc::boxed::Box<F,A> as core::ops::function::FnOnce<Args>>::call_once::ha52bedf99a3b4981
[INFO] [stdout]                                at /rustc/6067b36314ab5eb2eb47cecc464545ba58e1ad24/library/alloc/src/boxed.rs:2013:9
[INFO] [stdout]   64:     0x5d109dc2d2fb - <alloc::boxed::Box<F,A> as core::ops::function::FnOnce<Args>>::call_once::h567748934d80ccf8
[INFO] [stdout]                                at /rustc/6067b36314ab5eb2eb47cecc464545ba58e1ad24/library/alloc/src/boxed.rs:2013:9
[INFO] [stdout]   65:     0x5d109dc2d2fb - std::sys::pal::unix::thread::Thread::new::thread_start::h2d970728ae887adc
[INFO] [stdout]                                at /rustc/6067b36314ab5eb2eb47cecc464545ba58e1ad24/library/std/src/sys/pal/unix/thread.rs:106:17
[INFO] [stdout]   66:     0x74a5ef3dfac3 - <unknown>
[INFO] [stdout]   67:     0x74a5ef470a04 - clone
[INFO] [stdout]   68:                0x0 - <unknown>
[INFO] [stdout] 
[INFO] [stdout] 
[INFO] [stdout] failures:
[INFO] [stdout]     storage::formats::adif::tests::test_adif_import
[INFO] [stdout] 
[INFO] [stdout] test result: FAILED. 4 passed; 1 failed; 0 ignored; 0 measured; 0 filtered out; finished in 0.12s
[INFO] [stdout] 
[INFO] running `Command { std: "docker" "inspect" "a1b02ac261a5a824a194b88e19ba22caa1eb37ea962545df0b444af5f5aeaf9d", kill_on_drop: false }`
[INFO] running `Command { std: "docker" "rm" "-f" "a1b02ac261a5a824a194b88e19ba22caa1eb37ea962545df0b444af5f5aeaf9d", kill_on_drop: false }`
[INFO] [stdout] a1b02ac261a5a824a194b88e19ba22caa1eb37ea962545df0b444af5f5aeaf9d
