[INFO] cloning repository https://github.com/mziter/rust-kvs
[INFO] running `Command { std: "git" "-c" "credential.helper=" "-c" "credential.helper=/workspace/cargo-home/bin/git-credential-null" "clone" "--bare" "https://github.com/mziter/rust-kvs" "/workspace/cache/git-repos/https%3A%2F%2Fgithub.com%2Fmziter%2Frust-kvs", kill_on_drop: false }`
[INFO] [stderr] Cloning into bare repository '/workspace/cache/git-repos/https%3A%2F%2Fgithub.com%2Fmziter%2Frust-kvs'...
[INFO] running `Command { std: "git" "rev-parse" "HEAD", kill_on_drop: false }`
[INFO] [stdout] 011a5f43f0d7caf06089951fddd4c966932c50f8
[INFO] testing mziter/rust-kvs against nightly-2025-01-18 for randomize-layout-2
[INFO] running `Command { std: "git" "clone" "/workspace/cache/git-repos/https%3A%2F%2Fgithub.com%2Fmziter%2Frust-kvs" "/workspace/builds/worker-1-tc1/source", kill_on_drop: false }`
[INFO] [stderr] Cloning into '/workspace/builds/worker-1-tc1/source'...
[INFO] [stderr] done.
[INFO] validating manifest of git repo https://github.com/mziter/rust-kvs on toolchain nightly-2025-01-18
[INFO] running `Command { std: CARGO_HOME="/workspace/cargo-home" RUSTUP_HOME="/workspace/rustup-home" "/workspace/cargo-home/bin/cargo" "+nightly-2025-01-18" "metadata" "--manifest-path" "Cargo.toml" "--no-deps", kill_on_drop: false }`
[INFO] started tweaking git repo https://github.com/mziter/rust-kvs
[INFO] finished tweaking git repo https://github.com/mziter/rust-kvs
[INFO] tweaked toml for git repo https://github.com/mziter/rust-kvs written to /workspace/builds/worker-1-tc1/source/Cargo.toml
[INFO] crate git repo https://github.com/mziter/rust-kvs already has a lockfile, it will not be regenerated
[INFO] running `Command { std: CARGO_HOME="/workspace/cargo-home" RUSTUP_HOME="/workspace/rustup-home" "/workspace/cargo-home/bin/cargo" "+nightly-2025-01-18" "fetch" "--manifest-path" "Cargo.toml", kill_on_drop: false }`
[INFO] [stderr]     Updating crates.io index
[INFO] [stderr]      Locking 43 packages to latest compatible versions
[INFO] [stderr]       Adding addr2line v0.24.2
[INFO] [stderr]       Adding adler2 v2.0.0
[INFO] [stderr]       Adding backtrace v0.3.74
[INFO] [stderr]       Adding bitflags v2.8.0
[INFO] [stderr]       Adding cfg-if v1.0.0
[INFO] [stderr]       Adding errno v0.3.10
[INFO] [stderr]       Adding failure v0.1.8
[INFO] [stderr]       Adding failure_derive v0.1.8
[INFO] [stderr]       Adding fastrand v2.3.0
[INFO] [stderr]       Adding getrandom v0.2.15
[INFO] [stderr]       Adding gimli v0.31.1
[INFO] [stderr]     Updating libc v0.2.60 -> v0.2.169
[INFO] [stderr]       Adding linux-raw-sys v0.4.15
[INFO] [stderr]     Updating memchr v2.2.1 -> v2.7.4
[INFO] [stderr]       Adding miniz_oxide v0.8.3
[INFO] [stderr]       Adding object v0.36.7
[INFO] [stderr]       Adding once_cell v1.20.2
[INFO] [stderr]       Adding proc-macro2 v1.0.93
[INFO] [stderr]       Adding quote v1.0.38
[INFO] [stderr]       Adding rustc-demangle v0.1.24
[INFO] [stderr]       Adding rustix v0.38.43
[INFO] [stderr]       Adding same-file v1.0.6
[INFO] [stderr]     Updating serde v1.0.97 -> v1.0.217
[INFO] [stderr]     Updating serde_derive v1.0.97 -> v1.0.217
[INFO] [stderr]       Adding syn v1.0.109
[INFO] [stderr]       Adding syn v2.0.96
[INFO] [stderr]       Adding synstructure v0.12.6
[INFO] [stderr]       Adding tempfile v3.15.0
[INFO] [stderr]       Adding unicode-ident v1.0.14
[INFO] [stderr]       Adding unicode-xid v0.2.6
[INFO] [stderr]       Adding walkdir v2.5.0
[INFO] [stderr]       Adding wasi v0.11.0+wasi-snapshot-preview1
[INFO] [stderr]       Adding winapi-util v0.1.9
[INFO] [stderr]       Adding windows-sys v0.59.0
[INFO] [stderr]       Adding windows-targets v0.52.6
[INFO] [stderr]       Adding windows_aarch64_gnullvm v0.52.6
[INFO] [stderr]       Adding windows_aarch64_msvc v0.52.6
[INFO] [stderr]       Adding windows_i686_gnu v0.52.6
[INFO] [stderr]       Adding windows_i686_gnullvm v0.52.6
[INFO] [stderr]       Adding windows_i686_msvc v0.52.6
[INFO] [stderr]       Adding windows_x86_64_gnu v0.52.6
[INFO] [stderr]       Adding windows_x86_64_gnullvm v0.52.6
[INFO] [stderr]       Adding windows_x86_64_msvc v0.52.6
[INFO] [stderr]  Downloading crates ...
[INFO] [stderr]   Downloaded predicates v1.0.1
[INFO] [stderr]   Downloaded ucd-util v0.1.5
[INFO] [stderr]   Downloaded aho-corasick v0.7.4
[INFO] [stderr]   Downloaded normalize-line-endings v0.2.2
[INFO] [stderr]   Downloaded serde_json v1.0.40
[INFO] [stderr]   Downloaded float-cmp v0.4.0
[INFO] [stderr]   Downloaded predicates-core v1.0.0
[INFO] [stderr]   Downloaded unicode-segmentation v1.3.0
[INFO] [stderr]   Downloaded syn v0.15.42
[INFO] [stderr]   Downloaded regex-syntax v0.6.10
[INFO] [stderr]   Downloaded regex v1.2.0
[INFO] [stderr]   Downloaded predicates-tree v1.0.0
[INFO] running `Command { std: "docker" "create" "-v" "/var/lib/crater-agent-workspace/builds/worker-1-tc1/target:/opt/rustwide/target:rw,Z" "-v" "/var/lib/crater-agent-workspace/builds/worker-1-tc1/source:/opt/rustwide/workdir:ro,Z" "-v" "/var/lib/crater-agent-workspace/cargo-home:/opt/rustwide/cargo-home:ro,Z" "-v" "/var/lib/crater-agent-workspace/rustup-home:/opt/rustwide/rustup-home:ro,Z" "-e" "SOURCE_DIR=/opt/rustwide/workdir" "-e" "CARGO_TARGET_DIR=/opt/rustwide/target" "-e" "CARGO_HOME=/opt/rustwide/cargo-home" "-e" "RUSTUP_HOME=/opt/rustwide/rustup-home" "-w" "/opt/rustwide/workdir" "-m" "1610612736" "--user" "0:0" "--network" "none" "ghcr.io/rust-lang/crates-build-env/linux@sha256:819108c5571ea2e421544af4d832f968d213c87fbe3707a016657f43d2f853bc" "/opt/rustwide/cargo-home/bin/cargo" "+nightly-2025-01-18" "metadata" "--no-deps" "--format-version=1", kill_on_drop: false }`
[INFO] [stdout] b4c85b989d4ec0ecbea848d6d0aad292458c76015d156c87dd7e4cc058324677
[INFO] running `Command { std: "docker" "start" "-a" "b4c85b989d4ec0ecbea848d6d0aad292458c76015d156c87dd7e4cc058324677", kill_on_drop: false }`
[INFO] running `Command { std: "docker" "inspect" "b4c85b989d4ec0ecbea848d6d0aad292458c76015d156c87dd7e4cc058324677", kill_on_drop: false }`
[INFO] running `Command { std: "docker" "rm" "-f" "b4c85b989d4ec0ecbea848d6d0aad292458c76015d156c87dd7e4cc058324677", kill_on_drop: false }`
[INFO] [stdout] b4c85b989d4ec0ecbea848d6d0aad292458c76015d156c87dd7e4cc058324677
[INFO] running `Command { std: "docker" "create" "-v" "/var/lib/crater-agent-workspace/builds/worker-1-tc1/target:/opt/rustwide/target:rw,Z" "-v" "/var/lib/crater-agent-workspace/builds/worker-1-tc1/source:/opt/rustwide/workdir:ro,Z" "-v" "/var/lib/crater-agent-workspace/cargo-home:/opt/rustwide/cargo-home:ro,Z" "-v" "/var/lib/crater-agent-workspace/rustup-home:/opt/rustwide/rustup-home:ro,Z" "-e" "SOURCE_DIR=/opt/rustwide/workdir" "-e" "CARGO_TARGET_DIR=/opt/rustwide/target" "-e" "CARGO_INCREMENTAL=0" "-e" "RUST_BACKTRACE=full" "-e" "RUSTFLAGS=--cap-lints=forbid" "-e" "RUSTDOCFLAGS=--cap-lints=forbid" "-e" "CARGO_HOME=/opt/rustwide/cargo-home" "-e" "RUSTUP_HOME=/opt/rustwide/rustup-home" "-w" "/opt/rustwide/workdir" "-m" "1610612736" "--user" "0:0" "--network" "none" "ghcr.io/rust-lang/crates-build-env/linux@sha256:819108c5571ea2e421544af4d832f968d213c87fbe3707a016657f43d2f853bc" "/opt/rustwide/cargo-home/bin/cargo" "+nightly-2025-01-18" "build" "--frozen" "--message-format=json", kill_on_drop: false }`
[INFO] [stdout] 0daf1984377be538b5ee7101ef49cefeee8bc8965fc39c04e448656a8402b660
[INFO] running `Command { std: "docker" "start" "-a" "0daf1984377be538b5ee7101ef49cefeee8bc8965fc39c04e448656a8402b660", kill_on_drop: false }`
[INFO] [stderr]    Compiling proc-macro2 v1.0.93
[INFO] [stderr]    Compiling unicode-ident v1.0.14
[INFO] [stderr]    Compiling libc v0.2.169
[INFO] [stderr]    Compiling proc-macro2 v0.4.30
[INFO] [stderr]    Compiling unicode-xid v0.1.0
[INFO] [stderr]    Compiling syn v1.0.109
[INFO] [stderr]    Compiling syn v0.15.42
[INFO] [stderr]    Compiling object v0.36.7
[INFO] [stderr]    Compiling failure_derive v0.1.8
[INFO] [stderr]    Compiling adler2 v2.0.0
[INFO] [stderr]    Compiling unicode-xid v0.2.6
[INFO] [stderr]    Compiling gimli v0.31.1
[INFO] [stderr]    Compiling serde v1.0.217
[INFO] [stderr]    Compiling unicode-width v0.1.5
[INFO] [stderr]    Compiling memchr v2.7.4
[INFO] [stderr]    Compiling unicode-segmentation v1.3.0
[INFO] [stderr]    Compiling textwrap v0.11.0
[INFO] [stderr]    Compiling strsim v0.8.0
[INFO] [stderr]    Compiling ansi_term v0.11.0
[INFO] [stderr]    Compiling miniz_oxide v0.8.3
[INFO] [stderr]    Compiling rustc-demangle v0.1.24
[INFO] [stderr]    Compiling cfg-if v1.0.0
[INFO] [stderr]    Compiling vec_map v0.8.1
[INFO] [stderr]    Compiling heck v0.3.1
[INFO] [stderr]    Compiling quote v0.6.13
[INFO] [stderr]    Compiling quote v1.0.38
[INFO] [stderr]    Compiling syn v2.0.96
[INFO] [stderr]    Compiling atty v0.2.13
[INFO] [stderr]    Compiling clap v2.33.0
[INFO] [stderr]    Compiling addr2line v0.24.2
[INFO] [stderr]    Compiling structopt-derive v0.2.18
[INFO] [stderr]    Compiling serde_derive v1.0.217
[INFO] [stderr]    Compiling synstructure v0.12.6
[INFO] [stderr]    Compiling backtrace v0.3.74
[INFO] [stderr]    Compiling failure v0.1.8
[INFO] [stderr]    Compiling structopt v0.2.18
[INFO] [stderr]    Compiling serde_json v1.0.40
[INFO] [stderr]    Compiling kvs v0.1.0 (/opt/rustwide/workdir)
[INFO] [stdout] warning: unused imports: `SeekFrom` and `Seek`
[INFO] [stdout]  --> src/kv.rs:6:26
[INFO] [stdout]   |
[INFO] [stdout] 6 | use std::io::{BufReader, Seek, SeekFrom};
[INFO] [stdout]   |                          ^^^^  ^^^^^^^^
[INFO] [stdout]   |
[INFO] [stdout]   = note: `#[warn(unused_imports)]` on by default
[INFO] [stdout] 
[INFO] [stdout] 
[INFO] [stdout] warning: non-local `impl` definition, `impl` blocks should be written at the same level as their item
[INFO] [stdout]  --> src/error.rs:6:10
[INFO] [stdout]   |
[INFO] [stdout] 6 | #[derive(Fail, Debug)]
[INFO] [stdout]   |          ^---
[INFO] [stdout]   |          |
[INFO] [stdout]   |          `Fail` is not local
[INFO] [stdout]   |          move the `impl` block outside of this constant `_DERIVE_failure_Fail_FOR_KvsError`
[INFO] [stdout] 7 | pub enum KvsError {
[INFO] [stdout]   |          -------- `KvsError` is not local
[INFO] [stdout]   |
[INFO] [stdout]   = note: the derive macro `Fail` defines the non-local `impl`, and may need to be changed
[INFO] [stdout]   = note: the derive macro `Fail` may come from an old version of the `failure_derive` crate, try updating your dependency with `cargo update -p failure_derive`
[INFO] [stdout]   = note: an `impl` is never scoped, even when it is nested inside an item, as it may impact type checking outside of that item, which can be the case if neither the trait or the self type are at the same nesting level as the `impl`
[INFO] [stdout]   = note: items in an anonymous const item (`const _: () = { ... }`) are treated as in the same scope as the anonymous const's declaration for the purpose of this lint
[INFO] [stdout]   = note: `#[warn(non_local_definitions)]` on by default
[INFO] [stdout]   = note: this warning originates in the derive macro `Fail` (in Nightly builds, run with -Z macro-backtrace for more info)
[INFO] [stdout] 
[INFO] [stdout] 
[INFO] [stdout] warning: non-local `impl` definition, `impl` blocks should be written at the same level as their item
[INFO] [stdout]  --> src/error.rs:6:10
[INFO] [stdout]   |
[INFO] [stdout] 6 | #[derive(Fail, Debug)]
[INFO] [stdout]   |          ^---
[INFO] [stdout]   |          |
[INFO] [stdout]   |          `Display` is not local
[INFO] [stdout]   |          move the `impl` block outside of this constant `_DERIVE_failure_core_fmt_Display_FOR_KvsError`
[INFO] [stdout] 7 | pub enum KvsError {
[INFO] [stdout]   |          -------- `KvsError` is not local
[INFO] [stdout]   |
[INFO] [stdout]   = note: the derive macro `Fail` defines the non-local `impl`, and may need to be changed
[INFO] [stdout]   = note: the derive macro `Fail` may come from an old version of the `failure_derive` crate, try updating your dependency with `cargo update -p failure_derive`
[INFO] [stdout]   = note: an `impl` is never scoped, even when it is nested inside an item, as it may impact type checking outside of that item, which can be the case if neither the trait or the self type are at the same nesting level as the `impl`
[INFO] [stdout]   = note: items in an anonymous const item (`const _: () = { ... }`) are treated as in the same scope as the anonymous const's declaration for the purpose of this lint
[INFO] [stdout]   = note: this warning originates in the derive macro `Fail` (in Nightly builds, run with -Z macro-backtrace for more info)
[INFO] [stdout] 
[INFO] [stdout] 
[INFO] [stderr]     Finished `dev` profile [unoptimized + debuginfo] target(s) in 19.95s
[INFO] running `Command { std: "docker" "inspect" "0daf1984377be538b5ee7101ef49cefeee8bc8965fc39c04e448656a8402b660", kill_on_drop: false }`
[INFO] running `Command { std: "docker" "rm" "-f" "0daf1984377be538b5ee7101ef49cefeee8bc8965fc39c04e448656a8402b660", kill_on_drop: false }`
[INFO] [stdout] 0daf1984377be538b5ee7101ef49cefeee8bc8965fc39c04e448656a8402b660
[INFO] running `Command { std: "docker" "create" "-v" "/var/lib/crater-agent-workspace/builds/worker-1-tc1/target:/opt/rustwide/target:rw,Z" "-v" "/var/lib/crater-agent-workspace/builds/worker-1-tc1/source:/opt/rustwide/workdir:ro,Z" "-v" "/var/lib/crater-agent-workspace/cargo-home:/opt/rustwide/cargo-home:ro,Z" "-v" "/var/lib/crater-agent-workspace/rustup-home:/opt/rustwide/rustup-home:ro,Z" "-e" "SOURCE_DIR=/opt/rustwide/workdir" "-e" "CARGO_TARGET_DIR=/opt/rustwide/target" "-e" "CARGO_INCREMENTAL=0" "-e" "RUST_BACKTRACE=full" "-e" "RUSTFLAGS=--cap-lints=forbid" "-e" "RUSTDOCFLAGS=--cap-lints=forbid" "-e" "CARGO_HOME=/opt/rustwide/cargo-home" "-e" "RUSTUP_HOME=/opt/rustwide/rustup-home" "-w" "/opt/rustwide/workdir" "-m" "1610612736" "--user" "0:0" "--network" "none" "ghcr.io/rust-lang/crates-build-env/linux@sha256:819108c5571ea2e421544af4d832f968d213c87fbe3707a016657f43d2f853bc" "/opt/rustwide/cargo-home/bin/cargo" "+nightly-2025-01-18" "test" "--frozen" "--no-run" "--message-format=json", kill_on_drop: false }`
[INFO] [stdout] ca3493299a14e92cf3bdb0bd1af983226fed933764827f9b00d6f6ebb4c99e53
[INFO] running `Command { std: "docker" "start" "-a" "ca3493299a14e92cf3bdb0bd1af983226fed933764827f9b00d6f6ebb4c99e53", kill_on_drop: false }`
[INFO] [stderr]    Compiling num-traits v0.2.8
[INFO] [stderr]    Compiling log v0.4.7
[INFO] [stderr]    Compiling ucd-util v0.1.5
[INFO] [stderr]    Compiling thread_local v0.3.6
[INFO] [stderr]    Compiling aho-corasick v0.7.4
[INFO] [stderr]    Compiling utf8-ranges v1.0.3
[INFO] [stderr]    Compiling rustix v0.38.43
[INFO] [stderr]    Compiling predicates-core v1.0.0
[INFO] [stderr]    Compiling escargot v0.4.0
[INFO] [stderr]    Compiling treeline v0.1.0
[INFO] [stderr]    Compiling linux-raw-sys v0.4.15
[INFO] [stderr]    Compiling bitflags v2.8.0
[INFO] [stderr]    Compiling normalize-line-endings v0.2.2
[INFO] [stderr]    Compiling difference v2.0.0
[INFO] [stderr]    Compiling getrandom v0.2.15
[INFO] [stderr]    Compiling fastrand v2.3.0
[INFO] [stderr]    Compiling regex-syntax v0.6.10
[INFO] [stderr]    Compiling once_cell v1.20.2
[INFO] [stderr]    Compiling same-file v1.0.6
[INFO] [stderr]    Compiling predicates-tree v1.0.0
[INFO] [stdout] warning: unused imports: `SeekFrom` and `Seek`
[INFO] [stdout]  --> src/kv.rs:6:26
[INFO] [stdout]   |
[INFO] [stdout] 6 | use std::io::{BufReader, Seek, SeekFrom};
[INFO] [stdout]   |                          ^^^^  ^^^^^^^^
[INFO] [stdout]   |
[INFO] [stdout]   = note: `#[warn(unused_imports)]` on by default
[INFO] [stdout] 
[INFO] [stdout] 
[INFO] [stdout] warning: non-local `impl` definition, `impl` blocks should be written at the same level as their item
[INFO] [stdout]  --> src/error.rs:6:10
[INFO] [stdout]   |
[INFO] [stdout] 6 | #[derive(Fail, Debug)]
[INFO] [stdout]   |          ^---
[INFO] [stdout]   |          |
[INFO] [stdout]   |          `Fail` is not local
[INFO] [stdout]   |          move the `impl` block outside of this constant `_DERIVE_failure_Fail_FOR_KvsError`
[INFO] [stdout] 7 | pub enum KvsError {
[INFO] [stdout]   |          -------- `KvsError` is not local
[INFO] [stdout]   |
[INFO] [stdout]   = note: the derive macro `Fail` defines the non-local `impl`, and may need to be changed
[INFO] [stdout]   = note: the derive macro `Fail` may come from an old version of the `failure_derive` crate, try updating your dependency with `cargo update -p failure_derive`
[INFO] [stdout]   = note: an `impl` is never scoped, even when it is nested inside an item, as it may impact type checking outside of that item, which can be the case if neither the trait or the self type are at the same nesting level as the `impl`
[INFO] [stdout]   = note: items in an anonymous const item (`const _: () = { ... }`) are treated as in the same scope as the anonymous const's declaration for the purpose of this lint
[INFO] [stdout]   = note: `#[warn(non_local_definitions)]` on by default
[INFO] [stdout]   = note: this warning originates in the derive macro `Fail` (in Nightly builds, run with -Z macro-backtrace for more info)
[INFO] [stdout] 
[INFO] [stdout] 
[INFO] [stdout] warning: non-local `impl` definition, `impl` blocks should be written at the same level as their item
[INFO] [stdout]  --> src/error.rs:6:10
[INFO] [stdout]   |
[INFO] [stdout] 6 | #[derive(Fail, Debug)]
[INFO] [stdout]   |          ^---
[INFO] [stdout]   |          |
[INFO] [stdout]   |          `Display` is not local
[INFO] [stdout]   |          move the `impl` block outside of this constant `_DERIVE_failure_core_fmt_Display_FOR_KvsError`
[INFO] [stdout] 7 | pub enum KvsError {
[INFO] [stdout]   |          -------- `KvsError` is not local
[INFO] [stdout]   |
[INFO] [stdout]   = note: the derive macro `Fail` defines the non-local `impl`, and may need to be changed
[INFO] [stdout]   = note: the derive macro `Fail` may come from an old version of the `failure_derive` crate, try updating your dependency with `cargo update -p failure_derive`
[INFO] [stdout]   = note: an `impl` is never scoped, even when it is nested inside an item, as it may impact type checking outside of that item, which can be the case if neither the trait or the self type are at the same nesting level as the `impl`
[INFO] [stdout]   = note: items in an anonymous const item (`const _: () = { ... }`) are treated as in the same scope as the anonymous const's declaration for the purpose of this lint
[INFO] [stdout]   = note: this warning originates in the derive macro `Fail` (in Nightly builds, run with -Z macro-backtrace for more info)
[INFO] [stdout] 
[INFO] [stdout] 
[INFO] [stderr]    Compiling walkdir v2.5.0
[INFO] [stderr]    Compiling float-cmp v0.4.0
[INFO] [stderr]    Compiling regex v1.2.0
[INFO] [stderr]    Compiling tempfile v3.15.0
[INFO] [stderr]    Compiling predicates v1.0.1
[INFO] [stderr]    Compiling assert_cmd v0.11.1
[INFO] [stderr]    Compiling kvs v0.1.0 (/opt/rustwide/workdir)
[INFO] [stdout] warning: unused imports: `SeekFrom` and `Seek`
[INFO] [stdout]  --> src/kv.rs:6:26
[INFO] [stdout]   |
[INFO] [stdout] 6 | use std::io::{BufReader, Seek, SeekFrom};
[INFO] [stdout]   |                          ^^^^  ^^^^^^^^
[INFO] [stdout]   |
[INFO] [stdout]   = note: `#[warn(unused_imports)]` on by default
[INFO] [stdout] 
[INFO] [stdout] 
[INFO] [stdout] warning: non-local `impl` definition, `impl` blocks should be written at the same level as their item
[INFO] [stdout]  --> src/error.rs:6:10
[INFO] [stdout]   |
[INFO] [stdout] 6 | #[derive(Fail, Debug)]
[INFO] [stdout]   |          ^---
[INFO] [stdout]   |          |
[INFO] [stdout]   |          `Fail` is not local
[INFO] [stdout]   |          move the `impl` block outside of this constant `_DERIVE_failure_Fail_FOR_KvsError`
[INFO] [stdout] 7 | pub enum KvsError {
[INFO] [stdout]   |          -------- `KvsError` is not local
[INFO] [stdout]   |
[INFO] [stdout]   = note: the derive macro `Fail` defines the non-local `impl`, and may need to be changed
[INFO] [stdout]   = note: the derive macro `Fail` may come from an old version of the `failure_derive` crate, try updating your dependency with `cargo update -p failure_derive`
[INFO] [stdout]   = note: an `impl` is never scoped, even when it is nested inside an item, as it may impact type checking outside of that item, which can be the case if neither the trait or the self type are at the same nesting level as the `impl`
[INFO] [stdout]   = note: items in an anonymous const item (`const _: () = { ... }`) are treated as in the same scope as the anonymous const's declaration for the purpose of this lint
[INFO] [stdout]   = note: `#[warn(non_local_definitions)]` on by default
[INFO] [stdout]   = note: this warning originates in the derive macro `Fail` (in Nightly builds, run with -Z macro-backtrace for more info)
[INFO] [stdout] 
[INFO] [stdout] 
[INFO] [stdout] warning: non-local `impl` definition, `impl` blocks should be written at the same level as their item
[INFO] [stdout]  --> src/error.rs:6:10
[INFO] [stdout]   |
[INFO] [stdout] 6 | #[derive(Fail, Debug)]
[INFO] [stdout]   |          ^---
[INFO] [stdout]   |          |
[INFO] [stdout]   |          `Display` is not local
[INFO] [stdout]   |          move the `impl` block outside of this constant `_DERIVE_failure_core_fmt_Display_FOR_KvsError`
[INFO] [stdout] 7 | pub enum KvsError {
[INFO] [stdout]   |          -------- `KvsError` is not local
[INFO] [stdout]   |
[INFO] [stdout]   = note: the derive macro `Fail` defines the non-local `impl`, and may need to be changed
[INFO] [stdout]   = note: the derive macro `Fail` may come from an old version of the `failure_derive` crate, try updating your dependency with `cargo update -p failure_derive`
[INFO] [stdout]   = note: an `impl` is never scoped, even when it is nested inside an item, as it may impact type checking outside of that item, which can be the case if neither the trait or the self type are at the same nesting level as the `impl`
[INFO] [stdout]   = note: items in an anonymous const item (`const _: () = { ... }`) are treated as in the same scope as the anonymous const's declaration for the purpose of this lint
[INFO] [stdout]   = note: this warning originates in the derive macro `Fail` (in Nightly builds, run with -Z macro-backtrace for more info)
[INFO] [stdout] 
[INFO] [stdout] 
[INFO] [stderr]     Finished `test` profile [unoptimized + debuginfo] target(s) in 6.85s
[INFO] running `Command { std: "docker" "inspect" "ca3493299a14e92cf3bdb0bd1af983226fed933764827f9b00d6f6ebb4c99e53", kill_on_drop: false }`
[INFO] running `Command { std: "docker" "rm" "-f" "ca3493299a14e92cf3bdb0bd1af983226fed933764827f9b00d6f6ebb4c99e53", kill_on_drop: false }`
[INFO] [stdout] ca3493299a14e92cf3bdb0bd1af983226fed933764827f9b00d6f6ebb4c99e53
[INFO] running `Command { std: "docker" "create" "-v" "/var/lib/crater-agent-workspace/builds/worker-1-tc1/target:/opt/rustwide/target:rw,Z" "-v" "/var/lib/crater-agent-workspace/builds/worker-1-tc1/source:/opt/rustwide/workdir:ro,Z" "-v" "/var/lib/crater-agent-workspace/cargo-home:/opt/rustwide/cargo-home:ro,Z" "-v" "/var/lib/crater-agent-workspace/rustup-home:/opt/rustwide/rustup-home:ro,Z" "-e" "SOURCE_DIR=/opt/rustwide/workdir" "-e" "CARGO_TARGET_DIR=/opt/rustwide/target" "-e" "CARGO_INCREMENTAL=0" "-e" "RUST_BACKTRACE=full" "-e" "RUSTFLAGS=--cap-lints=forbid" "-e" "RUSTDOCFLAGS=--cap-lints=forbid" "-e" "CARGO_HOME=/opt/rustwide/cargo-home" "-e" "RUSTUP_HOME=/opt/rustwide/rustup-home" "-w" "/opt/rustwide/workdir" "-m" "1610612736" "--user" "0:0" "--network" "none" "ghcr.io/rust-lang/crates-build-env/linux@sha256:819108c5571ea2e421544af4d832f968d213c87fbe3707a016657f43d2f853bc" "/opt/rustwide/cargo-home/bin/cargo" "+nightly-2025-01-18" "test" "--frozen", kill_on_drop: false }`
[INFO] [stdout] fc1fe3bc60f648bfe4b82378dd5e2cc0be677d1437873300cd292850ec916234
[INFO] running `Command { std: "docker" "start" "-a" "fc1fe3bc60f648bfe4b82378dd5e2cc0be677d1437873300cd292850ec916234", kill_on_drop: false }`
[INFO] [stderr] warning: unused imports: `SeekFrom` and `Seek`
[INFO] [stderr]  --> src/kv.rs:6:26
[INFO] [stderr]   |
[INFO] [stderr] 6 | use std::io::{BufReader, Seek, SeekFrom};
[INFO] [stderr]   |                          ^^^^  ^^^^^^^^
[INFO] [stderr]   |
[INFO] [stderr]   = note: `#[warn(unused_imports)]` on by default
[INFO] [stderr] 
[INFO] [stderr] warning: non-local `impl` definition, `impl` blocks should be written at the same level as their item
[INFO] [stderr]  --> src/error.rs:6:10
[INFO] [stderr]   |
[INFO] [stderr] 6 | #[derive(Fail, Debug)]
[INFO] [stderr]   |          ^---
[INFO] [stderr]   |          |
[INFO] [stderr]   |          `Fail` is not local
[INFO] [stderr]   |          move the `impl` block outside of this constant `_DERIVE_failure_Fail_FOR_KvsError`
[INFO] [stderr] 7 | pub enum KvsError {
[INFO] [stderr]   |          -------- `KvsError` is not local
[INFO] [stderr]   |
[INFO] [stderr]   = note: the derive macro `Fail` defines the non-local `impl`, and may need to be changed
[INFO] [stderr]   = note: the derive macro `Fail` may come from an old version of the `failure_derive` crate, try updating your dependency with `cargo update -p failure_derive`
[INFO] [stderr]   = note: an `impl` is never scoped, even when it is nested inside an item, as it may impact type checking outside of that item, which can be the case if neither the trait or the self type are at the same nesting level as the `impl`
[INFO] [stderr]   = note: items in an anonymous const item (`const _: () = { ... }`) are treated as in the same scope as the anonymous const's declaration for the purpose of this lint
[INFO] [stderr]   = note: `#[warn(non_local_definitions)]` on by default
[INFO] [stderr]   = note: this warning originates in the derive macro `Fail` (in Nightly builds, run with -Z macro-backtrace for more info)
[INFO] [stderr] 
[INFO] [stderr] warning: non-local `impl` definition, `impl` blocks should be written at the same level as their item
[INFO] [stderr]  --> src/error.rs:6:10
[INFO] [stderr]   |
[INFO] [stderr] 6 | #[derive(Fail, Debug)]
[INFO] [stderr]   |          ^---
[INFO] [stderr]   |          |
[INFO] [stderr]   |          `Display` is not local
[INFO] [stderr]   |          move the `impl` block outside of this constant `_DERIVE_failure_core_fmt_Display_FOR_KvsError`
[INFO] [stderr] 7 | pub enum KvsError {
[INFO] [stderr]   |          -------- `KvsError` is not local
[INFO] [stderr]   |
[INFO] [stderr]   = note: the derive macro `Fail` defines the non-local `impl`, and may need to be changed
[INFO] [stderr]   = note: the derive macro `Fail` may come from an old version of the `failure_derive` crate, try updating your dependency with `cargo update -p failure_derive`
[INFO] [stderr]   = note: an `impl` is never scoped, even when it is nested inside an item, as it may impact type checking outside of that item, which can be the case if neither the trait or the self type are at the same nesting level as the `impl`
[INFO] [stderr]   = note: items in an anonymous const item (`const _: () = { ... }`) are treated as in the same scope as the anonymous const's declaration for the purpose of this lint
[INFO] [stderr]   = note: this warning originates in the derive macro `Fail` (in Nightly builds, run with -Z macro-backtrace for more info)
[INFO] [stderr] 
[INFO] [stderr] warning: `kvs` (lib) generated 3 warnings (run `cargo fix --lib -p kvs` to apply 1 suggestion)
[INFO] [stderr] warning: `kvs` (lib test) generated 3 warnings (3 duplicates)
[INFO] [stderr]     Finished `test` profile [unoptimized + debuginfo] target(s) in 0.10s
[INFO] [stderr]      Running unittests src/lib.rs (/opt/rustwide/target/debug/deps/kvs-ab9a2c2192768533)
[INFO] [stdout] 
[INFO] [stdout] running 0 tests
[INFO] [stdout] 
[INFO] [stderr]      Running unittests src/bin/kvs.rs (/opt/rustwide/target/debug/deps/kvs-d0044c9efbc26ddf)
[INFO] [stdout] test result: ok. 0 passed; 0 failed; 0 ignored; 0 measured; 0 filtered out; finished in 0.00s
[INFO] [stderr]      Running tests/tests.rs (/opt/rustwide/target/debug/deps/tests-0b569dabd2dfc453)
[INFO] [stdout] 
[INFO] [stdout] 
[INFO] [stdout] running 0 tests
[INFO] [stdout] 
[INFO] [stdout] test result: ok. 0 passed; 0 failed; 0 ignored; 0 measured; 0 filtered out; finished in 0.00s
[INFO] [stdout] 
[INFO] [stdout] 
[INFO] [stdout] running 17 tests
[INFO] [stdout] test get_stored_value ... ok
[INFO] [stdout] test remove_key ... ok
[INFO] [stdout] test cli_invalid_get ... ok
[INFO] [stdout] test get_non_existent_value ... ok
[INFO] [stdout] test remove_non_existent_key ... ok
[INFO] [stdout] test overwrite_value ... ok
[INFO] [stdout] test cli_rm_non_existent_key ... ok
[INFO] [stdout] test cli_no_args ... ok
[INFO] [stdout] test cli_get_non_existent_key ... ok
[INFO] [stdout] test cli_invalid_rm ... ok
[INFO] [stdout] test cli_get_stored ... ok
[INFO] [stdout] test cli_invalid_subcommand ... ok
[INFO] [stdout] test cli_invalid_set ... ok
[INFO] [stdout] test cli_set ... ok
[INFO] [stdout] test cli_rm_stored ... ok
[INFO] [stdout] test cli_version ... FAILED
[INFO] [stdout] test compaction has been running for over 60 seconds
[INFO] [stdout] test compaction ... FAILED
[INFO] [stdout] 
[INFO] [stdout] failures:
[INFO] [stdout] 
[INFO] [stdout] ---- cli_version stdout ----
[INFO] [stdout] 
[INFO] [stdout] thread 'cli_version' panicked at /opt/rustwide/cargo-home/registry/src/index.crates.io-1949cf8c6b5b557f/assert_cmd-0.11.1/src/assert.rs:353:17:
[INFO] [stdout] Unexpected stdout, failed var.contains("0.1.0")
[INFO] [stdout] └── var as str: 
[INFO] [stdout] 
[INFO] [stdout] command=`"/opt/rustwide/target/debug/kvs" "-V"`
[INFO] [stdout] code=1
[INFO] [stdout] stdout=``````
[INFO] [stdout] stderr=```Error: Io(Os { code: 30, kind: ReadOnlyFilesystem, message: "Read-only file system" })
[INFO] [stdout] ```
[INFO] [stdout] 
[INFO] [stdout] stack backtrace:
[INFO] [stdout]    0:     0x60d785c1034a - std::backtrace_rs::backtrace::libunwind::trace::hb059275cfc8d6126
[INFO] [stdout]                                at /rustc/6067b36314ab5eb2eb47cecc464545ba58e1ad24/library/std/src/../../backtrace/src/backtrace/libunwind.rs:116:5
[INFO] [stdout]    1:     0x60d785c1034a - std::backtrace_rs::backtrace::trace_unsynchronized::h2da071e4327ce3ee
[INFO] [stdout]                                at /rustc/6067b36314ab5eb2eb47cecc464545ba58e1ad24/library/std/src/../../backtrace/src/backtrace/mod.rs:66:5
[INFO] [stdout]    2:     0x60d785c1034a - std::sys::backtrace::_print_fmt::h842a1474e6f8d23f
[INFO] [stdout]                                at /rustc/6067b36314ab5eb2eb47cecc464545ba58e1ad24/library/std/src/sys/backtrace.rs:66:9
[INFO] [stdout]    3:     0x60d785c1034a - <std::sys::backtrace::BacktraceLock::print::DisplayBacktrace as core::fmt::Display>::fmt::h71a62eb3b9696b12
[INFO] [stdout]                                at /rustc/6067b36314ab5eb2eb47cecc464545ba58e1ad24/library/std/src/sys/backtrace.rs:39:26
[INFO] [stdout]    4:     0x60d785c397e3 - core::fmt::rt::Argument::fmt::hdb6b616786b41dc1
[INFO] [stdout]                                at /rustc/6067b36314ab5eb2eb47cecc464545ba58e1ad24/library/core/src/fmt/rt.rs:177:76
[INFO] [stdout]    5:     0x60d785c397e3 - core::fmt::write::h2cc1698af7e2d686
[INFO] [stdout]                                at /rustc/6067b36314ab5eb2eb47cecc464545ba58e1ad24/library/core/src/fmt/mod.rs:1440:21
[INFO] [stdout]    6:     0x60d785c0c983 - std::io::Write::write_fmt::hab1b4cd059a79022
[INFO] [stdout]                                at /rustc/6067b36314ab5eb2eb47cecc464545ba58e1ad24/library/std/src/io/mod.rs:1887:15
[INFO] [stdout]    7:     0x60d785c10192 - std::sys::backtrace::BacktraceLock::print::h147fe35b4ea13b08
[INFO] [stdout]                                at /rustc/6067b36314ab5eb2eb47cecc464545ba58e1ad24/library/std/src/sys/backtrace.rs:42:9
[INFO] [stdout]    8:     0x60d785c117ef - std::panicking::default_hook::{{closure}}::hbd44223dbdc0d208
[INFO] [stdout]                                at /rustc/6067b36314ab5eb2eb47cecc464545ba58e1ad24/library/std/src/panicking.rs:298:22
[INFO] [stdout]    9:     0x60d785c11608 - std::panicking::default_hook::h20f81eb0576efcec
[INFO] [stdout]                                at /rustc/6067b36314ab5eb2eb47cecc464545ba58e1ad24/library/std/src/panicking.rs:322:9
[INFO] [stdout]   10:     0x60d785b7c5a3 - <alloc::boxed::Box<F,A> as core::ops::function::Fn<Args>>::call::hdb53814c496a4d34
[INFO] [stdout]                                at /rustc/6067b36314ab5eb2eb47cecc464545ba58e1ad24/library/alloc/src/boxed.rs:2027:9
[INFO] [stdout]   11:     0x60d785b7c5a3 - test::test_main::{{closure}}::hc0a4963c59427c24
[INFO] [stdout]                                at /rustc/6067b36314ab5eb2eb47cecc464545ba58e1ad24/library/test/src/lib.rs:134:21
[INFO] [stdout]   12:     0x60d785c122e3 - <alloc::boxed::Box<F,A> as core::ops::function::Fn<Args>>::call::h591b2225413a77e9
[INFO] [stdout]                                at /rustc/6067b36314ab5eb2eb47cecc464545ba58e1ad24/library/alloc/src/boxed.rs:2027:9
[INFO] [stdout]   13:     0x60d785c122e3 - std::panicking::rust_panic_with_hook::h625eea43051b2edc
[INFO] [stdout]                                at /rustc/6067b36314ab5eb2eb47cecc464545ba58e1ad24/library/std/src/panicking.rs:839:13
[INFO] [stdout]   14:     0x60d785c11f9a - std::panicking::begin_panic_handler::{{closure}}::h4f9159cfbc3f6bd3
[INFO] [stdout]                                at /rustc/6067b36314ab5eb2eb47cecc464545ba58e1ad24/library/std/src/panicking.rs:704:13
[INFO] [stdout]   15:     0x60d785c10849 - std::sys::backtrace::__rust_end_short_backtrace::h0390abce48353151
[INFO] [stdout]                                at /rustc/6067b36314ab5eb2eb47cecc464545ba58e1ad24/library/std/src/sys/backtrace.rs:168:18
[INFO] [stdout]   16:     0x60d785c11c2d - rust_begin_unwind
[INFO] [stdout]                                at /rustc/6067b36314ab5eb2eb47cecc464545ba58e1ad24/library/std/src/panicking.rs:695:5
[INFO] [stdout]   17:     0x60d785c37ee0 - core::panicking::panic_fmt::h9e7c637e9e5f29c9
[INFO] [stdout]                                at /rustc/6067b36314ab5eb2eb47cecc464545ba58e1ad24/library/core/src/panicking.rs:75:14
[INFO] [stdout]   18:     0x60d785bbeeaf - assert_cmd::assert::Assert::stdout_impl::hd0b338015dc433f1
[INFO] [stdout]                                at /opt/rustwide/cargo-home/registry/src/index.crates.io-1949cf8c6b5b557f/assert_cmd-0.11.1/src/assert.rs:353:17
[INFO] [stdout]   19:     0x60d785b3515b - assert_cmd::assert::Assert::stdout::h60cd98c9b02256ba
[INFO] [stdout]                                at /opt/rustwide/cargo-home/registry/src/index.crates.io-1949cf8c6b5b557f/assert_cmd-0.11.1/src/assert.rs:346:9
[INFO] [stdout]   20:     0x60d785b3ad0a - tests::cli_version::h7cd912c0a4b55c41
[INFO] [stdout]                                at /opt/rustwide/workdir/tests/tests.rs:18:5
[INFO] [stdout]   21:     0x60d785b3ab37 - tests::cli_version::{{closure}}::ha4379cd9ca733d7b
[INFO] [stdout]                                at /opt/rustwide/workdir/tests/tests.rs:17:17
[INFO] [stdout]   22:     0x60d785b378f6 - core::ops::function::FnOnce::call_once::h74701da88f56c7c0
[INFO] [stdout]                                at /rustc/6067b36314ab5eb2eb47cecc464545ba58e1ad24/library/core/src/ops/function.rs:250:5
[INFO] [stdout]   23:     0x60d785b81cfb - core::ops::function::FnOnce::call_once::he27718dfdd183f43
[INFO] [stdout]                                at /rustc/6067b36314ab5eb2eb47cecc464545ba58e1ad24/library/core/src/ops/function.rs:250:5
[INFO] [stdout]   24:     0x60d785b81cfb - test::__rust_begin_short_backtrace::h4e84902998457a5d
[INFO] [stdout]                                at /rustc/6067b36314ab5eb2eb47cecc464545ba58e1ad24/library/test/src/lib.rs:632:18
[INFO] [stdout]   25:     0x60d785b80c33 - test::run_test_in_process::{{closure}}::h7176fd18fc1feca0
[INFO] [stdout]                                at /rustc/6067b36314ab5eb2eb47cecc464545ba58e1ad24/library/test/src/lib.rs:655:60
[INFO] [stdout]   26:     0x60d785b80c33 - <core::panic::unwind_safe::AssertUnwindSafe<F> as core::ops::function::FnOnce<()>>::call_once::hf79cff2a624d8cf7
[INFO] [stdout]                                at /rustc/6067b36314ab5eb2eb47cecc464545ba58e1ad24/library/core/src/panic/unwind_safe.rs:272:9
[INFO] [stdout]   27:     0x60d785b80c33 - std::panicking::try::do_call::h3da0561d9ab99c25
[INFO] [stdout]                                at /rustc/6067b36314ab5eb2eb47cecc464545ba58e1ad24/library/std/src/panicking.rs:587:40
[INFO] [stdout]   28:     0x60d785b80c33 - std::panicking::try::h41c9fa508bc61df6
[INFO] [stdout]                                at /rustc/6067b36314ab5eb2eb47cecc464545ba58e1ad24/library/std/src/panicking.rs:550:19
[INFO] [stdout]   29:     0x60d785b80c33 - std::panic::catch_unwind::h6b3ff07bb5afad93
[INFO] [stdout]                                at /rustc/6067b36314ab5eb2eb47cecc464545ba58e1ad24/library/std/src/panic.rs:358:14
[INFO] [stdout]   30:     0x60d785b80c33 - test::run_test_in_process::hc7253dd11b39b9f4
[INFO] [stdout]                                at /rustc/6067b36314ab5eb2eb47cecc464545ba58e1ad24/library/test/src/lib.rs:655:27
[INFO] [stdout]   31:     0x60d785b80c33 - test::run_test::{{closure}}::hfb2007f8649c30bb
[INFO] [stdout]                                at /rustc/6067b36314ab5eb2eb47cecc464545ba58e1ad24/library/test/src/lib.rs:576:43
[INFO] [stdout]   32:     0x60d785b43d15 - test::run_test::{{closure}}::h56a17aa7a282a9f4
[INFO] [stdout]                                at /rustc/6067b36314ab5eb2eb47cecc464545ba58e1ad24/library/test/src/lib.rs:606:41
[INFO] [stdout]   33:     0x60d785b43d15 - std::sys::backtrace::__rust_begin_short_backtrace::hd2d2d2fb8e8c6aac
[INFO] [stdout]                                at /rustc/6067b36314ab5eb2eb47cecc464545ba58e1ad24/library/std/src/sys/backtrace.rs:152:18
[INFO] [stdout]   34:     0x60d785b475fa - std::thread::Builder::spawn_unchecked_::{{closure}}::{{closure}}::h4faa3f9db6133423
[INFO] [stdout]                                at /rustc/6067b36314ab5eb2eb47cecc464545ba58e1ad24/library/std/src/thread/mod.rs:559:17
[INFO] [stdout]   35:     0x60d785b475fa - <core::panic::unwind_safe::AssertUnwindSafe<F> as core::ops::function::FnOnce<()>>::call_once::hf2e855a36a4ea846
[INFO] [stdout]                                at /rustc/6067b36314ab5eb2eb47cecc464545ba58e1ad24/library/core/src/panic/unwind_safe.rs:272:9
[INFO] [stdout]   36:     0x60d785b475fa - std::panicking::try::do_call::h2f73af3616c35465
[INFO] [stdout]                                at /rustc/6067b36314ab5eb2eb47cecc464545ba58e1ad24/library/std/src/panicking.rs:587:40
[INFO] [stdout]   37:     0x60d785b475fa - std::panicking::try::hd1660ce9efadef5a
[INFO] [stdout]                                at /rustc/6067b36314ab5eb2eb47cecc464545ba58e1ad24/library/std/src/panicking.rs:550:19
[INFO] [stdout]   38:     0x60d785b475fa - std::panic::catch_unwind::h5ee8d7823b8ca744
[INFO] [stdout]                                at /rustc/6067b36314ab5eb2eb47cecc464545ba58e1ad24/library/std/src/panic.rs:358:14
[INFO] [stdout]   39:     0x60d785b475fa - std::thread::Builder::spawn_unchecked_::{{closure}}::h53c3a1894dce8407
[INFO] [stdout]                                at /rustc/6067b36314ab5eb2eb47cecc464545ba58e1ad24/library/std/src/thread/mod.rs:557:30
[INFO] [stdout]   40:     0x60d785b475fa - core::ops::function::FnOnce::call_once{{vtable.shim}}::h048ce291ad4f62bf
[INFO] [stdout]                                at /rustc/6067b36314ab5eb2eb47cecc464545ba58e1ad24/library/core/src/ops/function.rs:250:5
[INFO] [stdout]   41:     0x60d785c17abb - <alloc::boxed::Box<F,A> as core::ops::function::FnOnce<Args>>::call_once::ha52bedf99a3b4981
[INFO] [stdout]                                at /rustc/6067b36314ab5eb2eb47cecc464545ba58e1ad24/library/alloc/src/boxed.rs:2013:9
[INFO] [stdout]   42:     0x60d785c17abb - <alloc::boxed::Box<F,A> as core::ops::function::FnOnce<Args>>::call_once::h567748934d80ccf8
[INFO] [stdout]                                at /rustc/6067b36314ab5eb2eb47cecc464545ba58e1ad24/library/alloc/src/boxed.rs:2013:9
[INFO] [stdout]   43:     0x60d785c17abb - std::sys::pal::unix::thread::Thread::new::thread_start::h2d970728ae887adc
[INFO] [stdout]                                at /rustc/6067b36314ab5eb2eb47cecc464545ba58e1ad24/library/std/src/sys/pal/unix/thread.rs:106:17
[INFO] [stdout]   44:     0x72d8c7056ac3 - <unknown>
[INFO] [stdout]   45:     0x72d8c70e7a04 - clone
[INFO] [stdout]   46:                0x0 - <unknown>
[INFO] [stdout] 
[INFO] [stdout] ---- compaction stdout ----
[INFO] [stdout] 
[INFO] [stdout] thread 'compaction' panicked at tests/tests.rs:300:5:
[INFO] [stdout] No compaction detected
[INFO] [stdout] stack backtrace:
[INFO] [stdout]    0:     0x60d785c1034a - std::backtrace_rs::backtrace::libunwind::trace::hb059275cfc8d6126
[INFO] [stdout]                                at /rustc/6067b36314ab5eb2eb47cecc464545ba58e1ad24/library/std/src/../../backtrace/src/backtrace/libunwind.rs:116:5
[INFO] [stdout]    1:     0x60d785c1034a - std::backtrace_rs::backtrace::trace_unsynchronized::h2da071e4327ce3ee
[INFO] [stdout]                                at /rustc/6067b36314ab5eb2eb47cecc464545ba58e1ad24/library/std/src/../../backtrace/src/backtrace/mod.rs:66:5
[INFO] [stdout]    2:     0x60d785c1034a - std::sys::backtrace::_print_fmt::h842a1474e6f8d23f
[INFO] [stdout]                                at /rustc/6067b36314ab5eb2eb47cecc464545ba58e1ad24/library/std/src/sys/backtrace.rs:66:9
[INFO] [stdout]    3:     0x60d785c1034a - <std::sys::backtrace::BacktraceLock::print::DisplayBacktrace as core::fmt::Display>::fmt::h71a62eb3b9696b12
[INFO] [stdout]                                at /rustc/6067b36314ab5eb2eb47cecc464545ba58e1ad24/library/std/src/sys/backtrace.rs:39:26
[INFO] [stdout]    4:     0x60d785c397e3 - core::fmt::rt::Argument::fmt::hdb6b616786b41dc1
[INFO] [stdout]                                at /rustc/6067b36314ab5eb2eb47cecc464545ba58e1ad24/library/core/src/fmt/rt.rs:177:76
[INFO] [stdout]    5:     0x60d785c397e3 - core::fmt::write::h2cc1698af7e2d686
[INFO] [stdout]                                at /rustc/6067b36314ab5eb2eb47cecc464545ba58e1ad24/library/core/src/fmt/mod.rs:1440:21
[INFO] [stdout]    6:     0x60d785c0c983 - std::io::Write::write_fmt::hab1b4cd059a79022
[INFO] [stdout]                                at /rustc/6067b36314ab5eb2eb47cecc464545ba58e1ad24/library/std/src/io/mod.rs:1887:15
[INFO] [stdout]    7:     0x60d785c10192 - std::sys::backtrace::BacktraceLock::print::h147fe35b4ea13b08
[INFO] [stdout]                                at /rustc/6067b36314ab5eb2eb47cecc464545ba58e1ad24/library/std/src/sys/backtrace.rs:42:9
[INFO] [stdout]    8:     0x60d785c117ef - std::panicking::default_hook::{{closure}}::hbd44223dbdc0d208
[INFO] [stdout]                                at /rustc/6067b36314ab5eb2eb47cecc464545ba58e1ad24/library/std/src/panicking.rs:298:22
[INFO] [stdout]    9:     0x60d785c11608 - std::panicking::default_hook::h20f81eb0576efcec
[INFO] [stdout]                                at /rustc/6067b36314ab5eb2eb47cecc464545ba58e1ad24/library/std/src/panicking.rs:322:9
[INFO] [stdout]   10:     0x60d785b7c5a3 - <alloc::boxed::Box<F,A> as core::ops::function::Fn<Args>>::call::hdb53814c496a4d34
[INFO] [stdout]                                at /rustc/6067b36314ab5eb2eb47cecc464545ba58e1ad24/library/alloc/src/boxed.rs:2027:9
[INFO] [stdout]   11:     0x60d785b7c5a3 - test::test_main::{{closure}}::hc0a4963c59427c24
[INFO] [stdout]                                at /rustc/6067b36314ab5eb2eb47cecc464545ba58e1ad24/library/test/src/lib.rs:134:21
[INFO] [stdout]   12:     0x60d785c122e3 - <alloc::boxed::Box<F,A> as core::ops::function::Fn<Args>>::call::h591b2225413a77e9
[INFO] [stdout]                                at /rustc/6067b36314ab5eb2eb47cecc464545ba58e1ad24/library/alloc/src/boxed.rs:2027:9
[INFO] [stdout]   13:     0x60d785c122e3 - std::panicking::rust_panic_with_hook::h625eea43051b2edc
[INFO] [stdout]                                at /rustc/6067b36314ab5eb2eb47cecc464545ba58e1ad24/library/std/src/panicking.rs:839:13
[INFO] [stdout]   14:     0x60d785c120ec - std::panicking::begin_panic::{{closure}}::hb6f83f64bbc6469c
[INFO] [stdout]                                at /rustc/6067b36314ab5eb2eb47cecc464545ba58e1ad24/library/std/src/panicking.rs:768:9
[INFO] [stdout]   15:     0x60d785c10859 - std::sys::backtrace::__rust_end_short_backtrace::h892ae3ae8be3daf3
[INFO] [stdout]                                at /rustc/6067b36314ab5eb2eb47cecc464545ba58e1ad24/library/std/src/sys/backtrace.rs:168:18
[INFO] [stdout]   16:     0x60d785c11ff2 - std::panicking::begin_panic::h855074417e0a5787
[INFO] [stdout]                                at /rustc/6067b36314ab5eb2eb47cecc464545ba58e1ad24/library/std/src/panicking.rs:767:5
[INFO] [stdout]   17:     0x60d785b418e9 - tests::compaction::hbc929952a95e2af7
[INFO] [stdout]                                at /opt/rustwide/workdir/tests/tests.rs:300:5
[INFO] [stdout]   18:     0x60d785b41597 - tests::compaction::{{closure}}::hf2ad98d150a578d3
[INFO] [stdout]                                at /opt/rustwide/workdir/tests/tests.rs:260:20
[INFO] [stdout]   19:     0x60d785b37ab6 - core::ops::function::FnOnce::call_once::he8d9b5585b284bd4
[INFO] [stdout]                                at /rustc/6067b36314ab5eb2eb47cecc464545ba58e1ad24/library/core/src/ops/function.rs:250:5
[INFO] [stdout]   20:     0x60d785b81cfb - core::ops::function::FnOnce::call_once::he27718dfdd183f43
[INFO] [stdout]                                at /rustc/6067b36314ab5eb2eb47cecc464545ba58e1ad24/library/core/src/ops/function.rs:250:5
[INFO] [stdout]   21:     0x60d785b81cfb - test::__rust_begin_short_backtrace::h4e84902998457a5d
[INFO] [stdout]                                at /rustc/6067b36314ab5eb2eb47cecc464545ba58e1ad24/library/test/src/lib.rs:632:18
[INFO] [stdout]   22:     0x60d785b80c33 - test::run_test_in_process::{{closure}}::h7176fd18fc1feca0
[INFO] [stdout]                                at /rustc/6067b36314ab5eb2eb47cecc464545ba58e1ad24/library/test/src/lib.rs:655:60
[INFO] [stdout]   23:     0x60d785b80c33 - <core::panic::unwind_safe::AssertUnwindSafe<F> as core::ops::function::FnOnce<()>>::call_once::hf79cff2a624d8cf7
[INFO] [stdout]                                at /rustc/6067b36314ab5eb2eb47cecc464545ba58e1ad24/library/core/src/panic/unwind_safe.rs:272:9
[INFO] [stdout]   24:     0x60d785b80c33 - std::panicking::try::do_call::h3da0561d9ab99c25
[INFO] [stdout]                                at /rustc/6067b36314ab5eb2eb47cecc464545ba58e1ad24/library/std/src/panicking.rs:587:40
[INFO] [stdout]   25:     0x60d785b80c33 - std::panicking::try::h41c9fa508bc61df6
[INFO] [stdout]                                at /rustc/6067b36314ab5eb2eb47cecc464545ba58e1ad24/library/std/src/panicking.rs:550:19
[INFO] [stdout]   26:     0x60d785b80c33 - std::panic::catch_unwind::h6b3ff07bb5afad93
[INFO] [stdout]                                at /rustc/6067b36314ab5eb2eb47cecc464545ba58e1ad24/library/std/src/panic.rs:358:14
[INFO] [stdout]   27:     0x60d785b80c33 - test::run_test_in_process::hc7253dd11b39b9f4
[INFO] [stdout]                                at /rustc/6067b36314ab5eb2eb47cecc464545ba58e1ad24/library/test/src/lib.rs:655:27
[INFO] [stdout]   28:     0x60d785b80c33 - test::run_test::{{closure}}::hfb2007f8649c30bb
[INFO] [stdout]                                at /rustc/6067b36314ab5eb2eb47cecc464545ba58e1ad24/library/test/src/lib.rs:576:43
[INFO] [stdout]   29:     0x60d785b43d15 - test::run_test::{{closure}}::h56a17aa7a282a9f4
[INFO] [stdout]                                at /rustc/6067b36314ab5eb2eb47cecc464545ba58e1ad24/library/test/src/lib.rs:606:41
[INFO] [stdout]   30:     0x60d785b43d15 - std::sys::backtrace::__rust_begin_short_backtrace::hd2d2d2fb8e8c6aac
[INFO] [stdout]                                at /rustc/6067b36314ab5eb2eb47cecc464545ba58e1ad24/library/std/src/sys/backtrace.rs:152:18
[INFO] [stdout]   31:     0x60d785b475fa - std::thread::Builder::spawn_unchecked_::{{closure}}::{{closure}}::h4faa3f9db6133423
[INFO] [stdout]                                at /rustc/6067b36314ab5eb2eb47cecc464545ba58e1ad24/library/std/src/thread/mod.rs:559:17
[INFO] [stdout]   32:     0x60d785b475fa - <core::panic::unwind_safe::AssertUnwindSafe<F> as core::ops::function::FnOnce<()>>::call_once::hf2e855a36a4ea846
[INFO] [stdout]                                at /rustc/6067b36314ab5eb2eb47cecc464545ba58e1ad24/library/core/src/panic/unwind_safe.rs:272:9
[INFO] [stdout]   33:     0x60d785b475fa - std::panicking::try::do_call::h2f73af3616c35465
[INFO] [stdout]                                at /rustc/6067b36314ab5eb2eb47cecc464545ba58e1ad24/library/std/src/panicking.rs:587:40
[INFO] [stdout]   34:     0x60d785b475fa - std::panicking::try::hd1660ce9efadef5a
[INFO] [stdout]                                at /rustc/6067b36314ab5eb2eb47cecc464545ba58e1ad24/library/std/src/panicking.rs:550:19
[INFO] [stdout]   35:     0x60d785b475fa - std::panic::catch_unwind::h5ee8d7823b8ca744
[INFO] [stdout]                                at /rustc/6067b36314ab5eb2eb47cecc464545ba58e1ad24/library/std/src/panic.rs:358:14
[INFO] [stdout]   36:     0x60d785b475fa - std::thread::Builder::spawn_unchecked_::{{closure}}::h53c3a1894dce8407
[INFO] [stdout]                                at /rustc/6067b36314ab5eb2eb47cecc464545ba58e1ad24/library/std/src/thread/mod.rs:557:30
[INFO] [stdout]   37:     0x60d785b475fa - core::ops::function::FnOnce::call_once{{vtable.shim}}::h048ce291ad4f62bf
[INFO] [stdout]                                at /rustc/6067b36314ab5eb2eb47cecc464545ba58e1ad24/library/core/src/ops/function.rs:250:5
[INFO] [stdout]   38:     0x60d785c17abb - <alloc::boxed::Box<F,A> as core::ops::function::FnOnce<Args>>::call_once::ha52bedf99a3b4981
[INFO] [stdout]                                at /rustc/6067b36314ab5eb2eb47cecc464545ba58e1ad24/library/alloc/src/boxed.rs:2013:9
[INFO] [stdout]   39:     0x60d785c17abb - <alloc::boxed::Box<F,A> as core::ops::function::FnOnce<Args>>::call_once::h567748934d80ccf8
[INFO] [stdout]                                at /rustc/6067b36314ab5eb2eb47cecc464545ba58e1ad24/library/alloc/src/boxed.rs:2013:9
[INFO] [stdout]   40:     0x60d785c17abb - std::sys::pal::unix::thread::Thread::new::thread_start::h2d970728ae887adc
[INFO] [stdout]                                at /rustc/6067b36314ab5eb2eb47cecc464545ba58e1ad24/library/std/src/sys/pal/unix/thread.rs:106:17
[INFO] [stdout]   41:     0x72d8c7056ac3 - <unknown>
[INFO] [stdout]   42:     0x72d8c70e7a04 - clone
[INFO] [stdout]   43:                0x0 - <unknown>
[INFO] [stdout] 
[INFO] [stdout] 
[INFO] [stdout] failures:
[INFO] [stdout]     cli_version
[INFO] [stdout]     compaction
[INFO] [stdout] 
[INFO] [stdout] test result: FAILED. 15 passed; 2 failed; 0 ignored; 0 measured; 0 filtered out; finished in 62.94s
[INFO] [stdout] 
[INFO] [stderr] error: test failed, to rerun pass `--test tests`
[INFO] running `Command { std: "docker" "inspect" "fc1fe3bc60f648bfe4b82378dd5e2cc0be677d1437873300cd292850ec916234", kill_on_drop: false }`
[INFO] running `Command { std: "docker" "rm" "-f" "fc1fe3bc60f648bfe4b82378dd5e2cc0be677d1437873300cd292850ec916234", kill_on_drop: false }`
[INFO] [stdout] fc1fe3bc60f648bfe4b82378dd5e2cc0be677d1437873300cd292850ec916234
