[INFO] cloning repository https://github.com/mverleg/tilde
[INFO] running `Command { std: "git" "-c" "credential.helper=" "-c" "credential.helper=/workspace/cargo-home/bin/git-credential-null" "clone" "--bare" "https://github.com/mverleg/tilde" "/workspace/cache/git-repos/https%3A%2F%2Fgithub.com%2Fmverleg%2Ftilde", kill_on_drop: false }`
[INFO] [stderr] Cloning into bare repository '/workspace/cache/git-repos/https%3A%2F%2Fgithub.com%2Fmverleg%2Ftilde'...
[INFO] running `Command { std: "git" "rev-parse" "HEAD", kill_on_drop: false }`
[INFO] [stdout] c0ffee03844fb3aa018dc13b5370b9f76990742a
[INFO] testing mverleg/tilde against nightly-2025-01-18 for randomize-layout-2
[INFO] running `Command { std: "git" "clone" "/workspace/cache/git-repos/https%3A%2F%2Fgithub.com%2Fmverleg%2Ftilde" "/workspace/builds/worker-1-tc1/source", kill_on_drop: false }`
[INFO] [stderr] Cloning into '/workspace/builds/worker-1-tc1/source'...
[INFO] [stderr] done.
[INFO] validating manifest of git repo https://github.com/mverleg/tilde on toolchain nightly-2025-01-18
[INFO] running `Command { std: CARGO_HOME="/workspace/cargo-home" RUSTUP_HOME="/workspace/rustup-home" "/workspace/cargo-home/bin/cargo" "+nightly-2025-01-18" "metadata" "--manifest-path" "Cargo.toml" "--no-deps", kill_on_drop: false }`
[INFO] started tweaking git repo https://github.com/mverleg/tilde
[INFO] finished tweaking git repo https://github.com/mverleg/tilde
[INFO] tweaked toml for git repo https://github.com/mverleg/tilde written to /workspace/builds/worker-1-tc1/source/Cargo.toml
[INFO] crate git repo https://github.com/mverleg/tilde already has a lockfile, it will not be regenerated
[INFO] running `Command { std: CARGO_HOME="/workspace/cargo-home" RUSTUP_HOME="/workspace/rustup-home" "/workspace/cargo-home/bin/cargo" "+nightly-2025-01-18" "fetch" "--manifest-path" "Cargo.toml", kill_on_drop: false }`
[INFO] [stderr]     Blocking waiting for file lock on package cache
[INFO] [stderr]     Updating crates.io index
[INFO] [stderr]     Blocking waiting for file lock on package cache
[INFO] [stderr]  Downloading crates ...
[INFO] [stderr]   Downloaded tinyvec_string v0.3.2
[INFO] running `Command { std: "docker" "create" "-v" "/var/lib/crater-agent-workspace/builds/worker-1-tc1/target:/opt/rustwide/target:rw,Z" "-v" "/var/lib/crater-agent-workspace/builds/worker-1-tc1/source:/opt/rustwide/workdir:ro,Z" "-v" "/var/lib/crater-agent-workspace/cargo-home:/opt/rustwide/cargo-home:ro,Z" "-v" "/var/lib/crater-agent-workspace/rustup-home:/opt/rustwide/rustup-home:ro,Z" "-e" "SOURCE_DIR=/opt/rustwide/workdir" "-e" "CARGO_TARGET_DIR=/opt/rustwide/target" "-e" "CARGO_HOME=/opt/rustwide/cargo-home" "-e" "RUSTUP_HOME=/opt/rustwide/rustup-home" "-w" "/opt/rustwide/workdir" "-m" "1610612736" "--user" "0:0" "--network" "none" "ghcr.io/rust-lang/crates-build-env/linux@sha256:819108c5571ea2e421544af4d832f968d213c87fbe3707a016657f43d2f853bc" "/opt/rustwide/cargo-home/bin/cargo" "+nightly-2025-01-18" "metadata" "--no-deps" "--format-version=1", kill_on_drop: false }`
[INFO] [stdout] 4cde0aa586ffb6ca7955d26e5c4cb354598c660c247969866e888c88f717377d
[INFO] running `Command { std: "docker" "start" "-a" "4cde0aa586ffb6ca7955d26e5c4cb354598c660c247969866e888c88f717377d", kill_on_drop: false }`
[INFO] running `Command { std: "docker" "inspect" "4cde0aa586ffb6ca7955d26e5c4cb354598c660c247969866e888c88f717377d", kill_on_drop: false }`
[INFO] running `Command { std: "docker" "rm" "-f" "4cde0aa586ffb6ca7955d26e5c4cb354598c660c247969866e888c88f717377d", kill_on_drop: false }`
[INFO] [stdout] 4cde0aa586ffb6ca7955d26e5c4cb354598c660c247969866e888c88f717377d
[INFO] running `Command { std: "docker" "create" "-v" "/var/lib/crater-agent-workspace/builds/worker-1-tc1/target:/opt/rustwide/target:rw,Z" "-v" "/var/lib/crater-agent-workspace/builds/worker-1-tc1/source:/opt/rustwide/workdir:ro,Z" "-v" "/var/lib/crater-agent-workspace/cargo-home:/opt/rustwide/cargo-home:ro,Z" "-v" "/var/lib/crater-agent-workspace/rustup-home:/opt/rustwide/rustup-home:ro,Z" "-e" "SOURCE_DIR=/opt/rustwide/workdir" "-e" "CARGO_TARGET_DIR=/opt/rustwide/target" "-e" "CARGO_INCREMENTAL=0" "-e" "RUST_BACKTRACE=full" "-e" "RUSTFLAGS=--cap-lints=forbid" "-e" "RUSTDOCFLAGS=--cap-lints=forbid" "-e" "CARGO_HOME=/opt/rustwide/cargo-home" "-e" "RUSTUP_HOME=/opt/rustwide/rustup-home" "-w" "/opt/rustwide/workdir" "-m" "1610612736" "--user" "0:0" "--network" "none" "ghcr.io/rust-lang/crates-build-env/linux@sha256:819108c5571ea2e421544af4d832f968d213c87fbe3707a016657f43d2f853bc" "/opt/rustwide/cargo-home/bin/cargo" "+nightly-2025-01-18" "build" "--frozen" "--message-format=json", kill_on_drop: false }`
[INFO] [stdout] 6b88b98c49b27b2ab3fd4019ab86fa69e2d8ea69a7b074b7f80b5649188fbf28
[INFO] running `Command { std: "docker" "start" "-a" "6b88b98c49b27b2ab3fd4019ab86fa69e2d8ea69a7b074b7f80b5649188fbf28", kill_on_drop: false }`
[INFO] [stderr]    Compiling tinyvec v1.6.0
[INFO] [stderr]    Compiling tinyvec_macros v0.1.1
[INFO] [stderr]    Compiling regex-syntax v0.6.28
[INFO] [stderr]    Compiling fnv v1.0.7
[INFO] [stderr]    Compiling base64 v0.21.0
[INFO] [stderr]    Compiling tinyvec_string v0.3.2
[INFO] [stderr]    Compiling tilde v0.1.0 (/opt/rustwide/workdir)
[INFO] [stderr]    Compiling regex v1.7.1
[INFO] [stdout] warning: the feature `fmt_internals` is internal to the compiler or standard library
[INFO] [stdout]  --> src/lib.rs:1:12
[INFO] [stdout]   |
[INFO] [stdout] 1 | #![feature(fmt_internals)]
[INFO] [stdout]   |            ^^^^^^^^^^^^^
[INFO] [stdout]   |
[INFO] [stdout]   = note: using it is strongly discouraged
[INFO] [stdout]   = note: `#[warn(internal_features)]` on by default
[INFO] [stdout] 
[INFO] [stdout] 
[INFO] [stdout] warning: unused import: `self::base64::b64_decode`
[INFO] [stdout]  --> src/common/mod.rs:1:9
[INFO] [stdout]   |
[INFO] [stdout] 1 | pub use self::base64::b64_decode;
[INFO] [stdout]   |         ^^^^^^^^^^^^^^^^^^^^^^^^
[INFO] [stdout]   |
[INFO] [stdout]   = note: `#[warn(unused_imports)]` on by default
[INFO] [stdout] 
[INFO] [stdout] 
[INFO] [stdout] warning: unused import: `self::text_trans::OpIndices`
[INFO] [stdout]  --> src/common/mod.rs:6:9
[INFO] [stdout]   |
[INFO] [stdout] 6 | pub use self::text_trans::OpIndices;
[INFO] [stdout]   |         ^^^^^^^^^^^^^^^^^^^^^^^^^^^
[INFO] [stdout] 
[INFO] [stdout] 
[INFO] [stdout] warning: unused import: `self::text_literal::Closer`
[INFO] [stdout]  --> src/compile/mod.rs:6:9
[INFO] [stdout]   |
[INFO] [stdout] 6 | pub use self::text_literal::Closer;
[INFO] [stdout]   |         ^^^^^^^^^^^^^^^^^^^^^^^^^^
[INFO] [stdout] 
[INFO] [stdout] 
[INFO] [stdout] warning: unused import: `self::text_literal::encode_uint_vec`
[INFO] [stdout]  --> src/compile/mod.rs:8:9
[INFO] [stdout]   |
[INFO] [stdout] 8 | pub use self::text_literal::encode_uint_vec;
[INFO] [stdout]   |         ^^^^^^^^^^^^^^^^^^^^^^^^^^^^^^^^^^^
[INFO] [stdout] 
[INFO] [stdout] 
[INFO] [stdout] warning: unused import: `self::typ::Typ`
[INFO] [stdout]  --> src/compile/mod.rs:9:9
[INFO] [stdout]   |
[INFO] [stdout] 9 | pub use self::typ::Typ;
[INFO] [stdout]   |         ^^^^^^^^^^^^^^
[INFO] [stdout] 
[INFO] [stdout] 
[INFO] [stdout] warning: unused import: `self::var_uint::encode_snippet_len_estimate`
[INFO] [stdout]   --> src/compile/mod.rs:10:9
[INFO] [stdout]    |
[INFO] [stdout] 10 | pub use self::var_uint::encode_snippet_len_estimate;
[INFO] [stdout]    |         ^^^^^^^^^^^^^^^^^^^^^^^^^^^^^^^^^^^^^^^^^^^
[INFO] [stdout] 
[INFO] [stdout] 
[INFO] [stdout] warning: unused import: `::std::slice`
[INFO] [stdout]  --> src/compile/prog.rs:3:9
[INFO] [stdout]   |
[INFO] [stdout] 3 | pub use ::std::slice;
[INFO] [stdout]   |         ^^^^^^^^^^^^
[INFO] [stdout] 
[INFO] [stdout] 
[INFO] [stdout] warning: unused import: `values`
[INFO] [stdout]    --> src/data/value.rs:123:9
[INFO] [stdout]     |
[INFO] [stdout] 123 | pub use values;
[INFO] [stdout]     |         ^^^^^^
[INFO] [stdout] 
[INFO] [stdout] 
[INFO] [stdout] warning: elided lifetime has a name
[INFO] [stdout]   --> src/dict/trie_data.rs:72:83
[INFO] [stdout]    |
[INFO] [stdout] 72 |     fn lookup<'a>(&'a self, text: &str, nodes: &'a [TrieNode<Word>]) -> TrieLookup<Word> {
[INFO] [stdout]    |               -- lifetime `'a` declared here                                      ^ this elided lifetime gets resolved as `'a`
[INFO] [stdout]    |
[INFO] [stdout]    = note: `#[warn(elided_named_lifetimes)]` on by default
[INFO] [stdout] 
[INFO] [stdout] 
[INFO] [stdout] warning: the feature `once_cell` has been stable since 1.70.0 and no longer requires an attribute to enable
[INFO] [stdout]  --> src/lib.rs:3:12
[INFO] [stdout]   |
[INFO] [stdout] 3 | #![feature(once_cell)]
[INFO] [stdout]   |            ^^^^^^^^^
[INFO] [stdout]   |
[INFO] [stdout]   = note: `#[warn(stable_features)]` on by default
[INFO] [stdout] 
[INFO] [stdout] 
[INFO] [stdout] warning: the feature `fmt_internals` is internal to the compiler or standard library
[INFO] [stdout]  --> src/main.rs:1:12
[INFO] [stdout]   |
[INFO] [stdout] 1 | #![feature(fmt_internals)]
[INFO] [stdout]   |            ^^^^^^^^^^^^^
[INFO] [stdout]   |
[INFO] [stdout]   = note: using it is strongly discouraged
[INFO] [stdout]   = note: `#[warn(internal_features)]` on by default
[INFO] [stdout] 
[INFO] [stdout] 
[INFO] [stderr]     Finished `dev` profile [unoptimized + debuginfo] target(s) in 9.00s
[INFO] running `Command { std: "docker" "inspect" "6b88b98c49b27b2ab3fd4019ab86fa69e2d8ea69a7b074b7f80b5649188fbf28", kill_on_drop: false }`
[INFO] running `Command { std: "docker" "rm" "-f" "6b88b98c49b27b2ab3fd4019ab86fa69e2d8ea69a7b074b7f80b5649188fbf28", kill_on_drop: false }`
[INFO] [stdout] 6b88b98c49b27b2ab3fd4019ab86fa69e2d8ea69a7b074b7f80b5649188fbf28
[INFO] running `Command { std: "docker" "create" "-v" "/var/lib/crater-agent-workspace/builds/worker-1-tc1/target:/opt/rustwide/target:rw,Z" "-v" "/var/lib/crater-agent-workspace/builds/worker-1-tc1/source:/opt/rustwide/workdir:ro,Z" "-v" "/var/lib/crater-agent-workspace/cargo-home:/opt/rustwide/cargo-home:ro,Z" "-v" "/var/lib/crater-agent-workspace/rustup-home:/opt/rustwide/rustup-home:ro,Z" "-e" "SOURCE_DIR=/opt/rustwide/workdir" "-e" "CARGO_TARGET_DIR=/opt/rustwide/target" "-e" "CARGO_INCREMENTAL=0" "-e" "RUST_BACKTRACE=full" "-e" "RUSTFLAGS=--cap-lints=forbid" "-e" "RUSTDOCFLAGS=--cap-lints=forbid" "-e" "CARGO_HOME=/opt/rustwide/cargo-home" "-e" "RUSTUP_HOME=/opt/rustwide/rustup-home" "-w" "/opt/rustwide/workdir" "-m" "1610612736" "--user" "0:0" "--network" "none" "ghcr.io/rust-lang/crates-build-env/linux@sha256:819108c5571ea2e421544af4d832f968d213c87fbe3707a016657f43d2f853bc" "/opt/rustwide/cargo-home/bin/cargo" "+nightly-2025-01-18" "test" "--frozen" "--no-run" "--message-format=json", kill_on_drop: false }`
[INFO] [stdout] 1e68d918c7f11630edcbff50d4ac071d9968bb5279092805f8f314ce7eb978e2
[INFO] running `Command { std: "docker" "start" "-a" "1e68d918c7f11630edcbff50d4ac071d9968bb5279092805f8f314ce7eb978e2", kill_on_drop: false }`
[INFO] [stdout] warning: the feature `fmt_internals` is internal to the compiler or standard library
[INFO] [stdout]  --> src/lib.rs:1:12
[INFO] [stdout]   |
[INFO] [stdout] 1 | #![feature(fmt_internals)]
[INFO] [stdout]   |            ^^^^^^^^^^^^^
[INFO] [stdout]   |
[INFO] [stdout]   = note: using it is strongly discouraged
[INFO] [stdout]   = note: `#[warn(internal_features)]` on by default
[INFO] [stdout] 
[INFO] [stdout] 
[INFO] [stdout] warning: unused import: `self::base64::b64_decode`
[INFO] [stdout]  --> src/common/mod.rs:1:9
[INFO] [stdout]   |
[INFO] [stdout] 1 | pub use self::base64::b64_decode;
[INFO] [stdout]   |         ^^^^^^^^^^^^^^^^^^^^^^^^
[INFO] [stdout]   |
[INFO] [stdout]   = note: `#[warn(unused_imports)]` on by default
[INFO] [stdout] 
[INFO] [stdout] 
[INFO] [stdout] warning: unused import: `self::text_trans::OpIndices`
[INFO] [stdout]  --> src/common/mod.rs:6:9
[INFO] [stdout]   |
[INFO] [stdout] 6 | pub use self::text_trans::OpIndices;
[INFO] [stdout]   |         ^^^^^^^^^^^^^^^^^^^^^^^^^^^
[INFO] [stdout] 
[INFO] [stdout] 
[INFO] [stdout] warning: unused import: `self::text_literal::Closer`
[INFO] [stdout]  --> src/compile/mod.rs:6:9
[INFO] [stdout]   |
[INFO] [stdout] 6 | pub use self::text_literal::Closer;
[INFO] [stdout]   |         ^^^^^^^^^^^^^^^^^^^^^^^^^^
[INFO] [stdout] 
[INFO] [stdout] 
[INFO] [stdout] warning: unused import: `self::text_literal::encode_uint_vec`
[INFO] [stdout]  --> src/compile/mod.rs:8:9
[INFO] [stdout]   |
[INFO] [stdout] 8 | pub use self::text_literal::encode_uint_vec;
[INFO] [stdout]   |         ^^^^^^^^^^^^^^^^^^^^^^^^^^^^^^^^^^^
[INFO] [stdout] 
[INFO] [stdout] 
[INFO] [stdout] warning: unused import: `self::typ::Typ`
[INFO] [stdout]  --> src/compile/mod.rs:9:9
[INFO] [stdout]   |
[INFO] [stdout] 9 | pub use self::typ::Typ;
[INFO] [stdout]   |         ^^^^^^^^^^^^^^
[INFO] [stdout] 
[INFO] [stdout] 
[INFO] [stdout] warning: unused import: `self::var_uint::encode_snippet_len_estimate`
[INFO] [stdout]   --> src/compile/mod.rs:10:9
[INFO] [stdout]    |
[INFO] [stdout] 10 | pub use self::var_uint::encode_snippet_len_estimate;
[INFO] [stdout]    |         ^^^^^^^^^^^^^^^^^^^^^^^^^^^^^^^^^^^^^^^^^^^
[INFO] [stdout] 
[INFO] [stdout] 
[INFO] [stdout] warning: unused import: `::std::slice`
[INFO] [stdout]  --> src/compile/prog.rs:3:9
[INFO] [stdout]   |
[INFO] [stdout] 3 | pub use ::std::slice;
[INFO] [stdout]   |         ^^^^^^^^^^^^
[INFO] [stdout] 
[INFO] [stdout] 
[INFO] [stdout] warning: unused import: `values`
[INFO] [stdout]    --> src/data/value.rs:123:9
[INFO] [stdout]     |
[INFO] [stdout] 123 | pub use values;
[INFO] [stdout]     |         ^^^^^^
[INFO] [stdout] 
[INFO] [stdout] 
[INFO] [stdout] warning: elided lifetime has a name
[INFO] [stdout]   --> src/dict/trie_data.rs:72:83
[INFO] [stdout]    |
[INFO] [stdout] 72 |     fn lookup<'a>(&'a self, text: &str, nodes: &'a [TrieNode<Word>]) -> TrieLookup<Word> {
[INFO] [stdout]    |               -- lifetime `'a` declared here                                      ^ this elided lifetime gets resolved as `'a`
[INFO] [stdout]    |
[INFO] [stdout]    = note: `#[warn(elided_named_lifetimes)]` on by default
[INFO] [stdout] 
[INFO] [stdout] 
[INFO] [stdout] warning: the feature `once_cell` has been stable since 1.70.0 and no longer requires an attribute to enable
[INFO] [stdout]  --> src/lib.rs:3:12
[INFO] [stdout]   |
[INFO] [stdout] 3 | #![feature(once_cell)]
[INFO] [stdout]   |            ^^^^^^^^^
[INFO] [stdout]   |
[INFO] [stdout]   = note: `#[warn(stable_features)]` on by default
[INFO] [stdout] 
[INFO] [stdout] 
[INFO] [stderr]    Compiling tilde v0.1.0 (/opt/rustwide/workdir)
[INFO] [stdout] warning: the feature `fmt_internals` is internal to the compiler or standard library
[INFO] [stdout]  --> src/main.rs:1:12
[INFO] [stdout]   |
[INFO] [stdout] 1 | #![feature(fmt_internals)]
[INFO] [stdout]   |            ^^^^^^^^^^^^^
[INFO] [stdout]   |
[INFO] [stdout]   = note: using it is strongly discouraged
[INFO] [stdout]   = note: `#[warn(internal_features)]` on by default
[INFO] [stdout] 
[INFO] [stdout] 
[INFO] [stdout] warning: the feature `fmt_internals` is internal to the compiler or standard library
[INFO] [stdout]  --> src/lib.rs:1:12
[INFO] [stdout]   |
[INFO] [stdout] 1 | #![feature(fmt_internals)]
[INFO] [stdout]   |            ^^^^^^^^^^^^^
[INFO] [stdout]   |
[INFO] [stdout]   = note: using it is strongly discouraged
[INFO] [stdout]   = note: `#[warn(internal_features)]` on by default
[INFO] [stdout] 
[INFO] [stdout] 
[INFO] [stdout] warning: unused import: `self::base64::b64_decode`
[INFO] [stdout]  --> src/common/mod.rs:1:9
[INFO] [stdout]   |
[INFO] [stdout] 1 | pub use self::base64::b64_decode;
[INFO] [stdout]   |         ^^^^^^^^^^^^^^^^^^^^^^^^
[INFO] [stdout]   |
[INFO] [stdout]   = note: `#[warn(unused_imports)]` on by default
[INFO] [stdout] 
[INFO] [stdout] 
[INFO] [stdout] warning: unused import: `self::text_trans::OpIndices`
[INFO] [stdout]  --> src/common/mod.rs:6:9
[INFO] [stdout]   |
[INFO] [stdout] 6 | pub use self::text_trans::OpIndices;
[INFO] [stdout]   |         ^^^^^^^^^^^^^^^^^^^^^^^^^^^
[INFO] [stdout] 
[INFO] [stdout] 
[INFO] [stdout] warning: unused import: `self::typ::Typ`
[INFO] [stdout]  --> src/compile/mod.rs:9:9
[INFO] [stdout]   |
[INFO] [stdout] 9 | pub use self::typ::Typ;
[INFO] [stdout]   |         ^^^^^^^^^^^^^^
[INFO] [stdout] 
[INFO] [stdout] 
[INFO] [stdout] warning: unused import: `::std::slice`
[INFO] [stdout]  --> src/compile/prog.rs:3:9
[INFO] [stdout]   |
[INFO] [stdout] 3 | pub use ::std::slice;
[INFO] [stdout]   |         ^^^^^^^^^^^^
[INFO] [stdout] 
[INFO] [stdout] 
[INFO] [stdout] warning: elided lifetime has a name
[INFO] [stdout]   --> src/dict/trie_data.rs:72:83
[INFO] [stdout]    |
[INFO] [stdout] 72 |     fn lookup<'a>(&'a self, text: &str, nodes: &'a [TrieNode<Word>]) -> TrieLookup<Word> {
[INFO] [stdout]    |               -- lifetime `'a` declared here                                      ^ this elided lifetime gets resolved as `'a`
[INFO] [stdout]    |
[INFO] [stdout]    = note: `#[warn(elided_named_lifetimes)]` on by default
[INFO] [stdout] 
[INFO] [stdout] 
[INFO] [stdout] warning: the feature `once_cell` has been stable since 1.70.0 and no longer requires an attribute to enable
[INFO] [stdout]  --> src/lib.rs:3:12
[INFO] [stdout]   |
[INFO] [stdout] 3 | #![feature(once_cell)]
[INFO] [stdout]   |            ^^^^^^^^^
[INFO] [stdout]   |
[INFO] [stdout]   = note: `#[warn(stable_features)]` on by default
[INFO] [stdout] 
[INFO] [stdout] 
[INFO] [stderr]     Finished `test` profile [unoptimized + debuginfo] target(s) in 9.84s
[INFO] running `Command { std: "docker" "inspect" "1e68d918c7f11630edcbff50d4ac071d9968bb5279092805f8f314ce7eb978e2", kill_on_drop: false }`
[INFO] running `Command { std: "docker" "rm" "-f" "1e68d918c7f11630edcbff50d4ac071d9968bb5279092805f8f314ce7eb978e2", kill_on_drop: false }`
[INFO] [stdout] 1e68d918c7f11630edcbff50d4ac071d9968bb5279092805f8f314ce7eb978e2
[INFO] running `Command { std: "docker" "create" "-v" "/var/lib/crater-agent-workspace/builds/worker-1-tc1/target:/opt/rustwide/target:rw,Z" "-v" "/var/lib/crater-agent-workspace/builds/worker-1-tc1/source:/opt/rustwide/workdir:ro,Z" "-v" "/var/lib/crater-agent-workspace/cargo-home:/opt/rustwide/cargo-home:ro,Z" "-v" "/var/lib/crater-agent-workspace/rustup-home:/opt/rustwide/rustup-home:ro,Z" "-e" "SOURCE_DIR=/opt/rustwide/workdir" "-e" "CARGO_TARGET_DIR=/opt/rustwide/target" "-e" "CARGO_INCREMENTAL=0" "-e" "RUST_BACKTRACE=full" "-e" "RUSTFLAGS=--cap-lints=forbid" "-e" "RUSTDOCFLAGS=--cap-lints=forbid" "-e" "CARGO_HOME=/opt/rustwide/cargo-home" "-e" "RUSTUP_HOME=/opt/rustwide/rustup-home" "-w" "/opt/rustwide/workdir" "-m" "1610612736" "--user" "0:0" "--network" "none" "ghcr.io/rust-lang/crates-build-env/linux@sha256:819108c5571ea2e421544af4d832f968d213c87fbe3707a016657f43d2f853bc" "/opt/rustwide/cargo-home/bin/cargo" "+nightly-2025-01-18" "test" "--frozen", kill_on_drop: false }`
[INFO] [stdout] 0e68ef9fb99d65faaa2495d59741d9bdf6496b7ad567f9af3adea3abb33be574
[INFO] running `Command { std: "docker" "start" "-a" "0e68ef9fb99d65faaa2495d59741d9bdf6496b7ad567f9af3adea3abb33be574", kill_on_drop: false }`
[INFO] [stderr] warning: the feature `fmt_internals` is internal to the compiler or standard library
[INFO] [stderr]  --> src/lib.rs:1:12
[INFO] [stderr]   |
[INFO] [stderr] 1 | #![feature(fmt_internals)]
[INFO] [stderr]   |            ^^^^^^^^^^^^^
[INFO] [stderr]   |
[INFO] [stderr]   = note: using it is strongly discouraged
[INFO] [stderr]   = note: `#[warn(internal_features)]` on by default
[INFO] [stderr] 
[INFO] [stderr] warning: unused import: `self::base64::b64_decode`
[INFO] [stderr]  --> src/common/mod.rs:1:9
[INFO] [stderr]   |
[INFO] [stderr] 1 | pub use self::base64::b64_decode;
[INFO] [stderr]   |         ^^^^^^^^^^^^^^^^^^^^^^^^
[INFO] [stderr]   |
[INFO] [stderr]   = note: `#[warn(unused_imports)]` on by default
[INFO] [stderr] 
[INFO] [stderr] warning: unused import: `self::text_trans::OpIndices`
[INFO] [stderr]  --> src/common/mod.rs:6:9
[INFO] [stderr]   |
[INFO] [stderr] 6 | pub use self::text_trans::OpIndices;
[INFO] [stderr]   |         ^^^^^^^^^^^^^^^^^^^^^^^^^^^
[INFO] [stderr] 
[INFO] [stderr] warning: unused import: `self::text_literal::Closer`
[INFO] [stderr]  --> src/compile/mod.rs:6:9
[INFO] [stderr]   |
[INFO] [stderr] 6 | pub use self::text_literal::Closer;
[INFO] [stderr]   |         ^^^^^^^^^^^^^^^^^^^^^^^^^^
[INFO] [stderr] 
[INFO] [stderr] warning: unused import: `self::text_literal::encode_uint_vec`
[INFO] [stderr]  --> src/compile/mod.rs:8:9
[INFO] [stderr]   |
[INFO] [stderr] 8 | pub use self::text_literal::encode_uint_vec;
[INFO] [stderr]   |         ^^^^^^^^^^^^^^^^^^^^^^^^^^^^^^^^^^^
[INFO] [stderr] 
[INFO] [stderr] warning: unused import: `self::typ::Typ`
[INFO] [stderr]  --> src/compile/mod.rs:9:9
[INFO] [stderr]   |
[INFO] [stderr] 9 | pub use self::typ::Typ;
[INFO] [stderr]   |         ^^^^^^^^^^^^^^
[INFO] [stderr] 
[INFO] [stderr] warning: unused import: `self::var_uint::encode_snippet_len_estimate`
[INFO] [stderr]   --> src/compile/mod.rs:10:9
[INFO] [stderr]    |
[INFO] [stderr] 10 | pub use self::var_uint::encode_snippet_len_estimate;
[INFO] [stderr]    |         ^^^^^^^^^^^^^^^^^^^^^^^^^^^^^^^^^^^^^^^^^^^
[INFO] [stderr] 
[INFO] [stderr] warning: unused import: `::std::slice`
[INFO] [stderr]  --> src/compile/prog.rs:3:9
[INFO] [stderr]   |
[INFO] [stderr] 3 | pub use ::std::slice;
[INFO] [stderr]   |         ^^^^^^^^^^^^
[INFO] [stderr] 
[INFO] [stderr] warning: unused import: `values`
[INFO] [stderr]    --> src/data/value.rs:123:9
[INFO] [stderr]     |
[INFO] [stderr] 123 | pub use values;
[INFO] [stderr]     |         ^^^^^^
[INFO] [stderr] 
[INFO] [stderr] warning: elided lifetime has a name
[INFO] [stderr]   --> src/dict/trie_data.rs:72:83
[INFO] [stderr]    |
[INFO] [stderr] 72 |     fn lookup<'a>(&'a self, text: &str, nodes: &'a [TrieNode<Word>]) -> TrieLookup<Word> {
[INFO] [stderr]    |               -- lifetime `'a` declared here                                      ^ this elided lifetime gets resolved as `'a`
[INFO] [stderr]    |
[INFO] [stderr]    = note: `#[warn(elided_named_lifetimes)]` on by default
[INFO] [stderr] 
[INFO] [stderr] warning: the feature `once_cell` has been stable since 1.70.0 and no longer requires an attribute to enable
[INFO] [stderr]  --> src/lib.rs:3:12
[INFO] [stderr]   |
[INFO] [stderr] 3 | #![feature(once_cell)]
[INFO] [stderr]   |            ^^^^^^^^^
[INFO] [stderr]   |
[INFO] [stderr]   = note: `#[warn(stable_features)]` on by default
[INFO] [stderr] 
[INFO] [stderr] warning: `tilde` (lib) generated 11 warnings (run `cargo fix --lib -p tilde` to apply 8 suggestions)
[INFO] [stderr] warning: `tilde` (lib test) generated 7 warnings (7 duplicates)
[INFO] [stderr] warning: the feature `fmt_internals` is internal to the compiler or standard library
[INFO] [stderr]  --> src/main.rs:1:12
[INFO] [stderr]   |
[INFO] [stderr] 1 | #![feature(fmt_internals)]
[INFO] [stderr]   |            ^^^^^^^^^^^^^
[INFO] [stderr]   |
[INFO] [stderr]   = note: using it is strongly discouraged
[INFO] [stderr]   = note: `#[warn(internal_features)]` on by default
[INFO] [stderr] 
[INFO] [stderr] warning: `tilde` (bin "tilde" test) generated 1 warning
[INFO] [stderr]     Finished `test` profile [unoptimized + debuginfo] target(s) in 0.01s
[INFO] [stderr]      Running unittests src/lib.rs (/opt/rustwide/target/debug/deps/tilde-dd5cf23364ec49bf)
[INFO] [stdout] 
[INFO] [stdout] running 165 tests
[INFO] [stdout] test common::base64::tests::encoding_unchanged ... ok
[INFO] [stdout] test common::base64::tests::encode_decode ... ok
[INFO] [stdout] test common::escape_str::tests::already_safe ... ok
[INFO] [stdout] test common::escape_str::tests::empty ... ok
[INFO] [stdout] test common::escape_str::tests::escaped_quote ... ok
[INFO] [stdout] test common::escape_str::tests::just_double_quote ... ok
[INFO] [stdout] test common::escape_str::tests::just_newline ... ok
[INFO] [stdout] test common::escape_str::tests::leading_backslash ... ok
[INFO] [stdout] test common::escape_str::tests::mixed_backslashes ... ok
[INFO] [stdout] test common::escape_str::tests::nightmare ... ok
[INFO] [stdout] test common::escape_str::tests::quoted_newline ... ok
[INFO] [stdout] test common::escape_str::tests::quoted_string ... ok
[INFO] [stdout] test common::escape_str::tests::single_quote ... ok
[INFO] [stdout] test common::escape_str::tests::trailing_backslash ... ok
[INFO] [stdout] test common::log::tests::do_log ... ok
[INFO] [stdout] test common::text_trans::capitalisation::no_case ... ok
[INFO] [stdout] test common::text_trans::capitalisation::to_lower ... ok
[INFO] [stdout] test common::text_trans::capitalisation::to_upper ... ok
[INFO] [stdout] test common::text_trans::cost::compressed_length_matches_cost ... ok
[INFO] [stdout] test common::text_trans::cost::operation_cost_in_sync_with_transform_cost ... ok
[INFO] [stdout] test common::text_trans::transform::pop_all ... ok
[INFO] [stdout] test common::text_trans::transform::pop_partial ... ok
[INFO] [stdout] test common::text_trans::transform::capitalize_pop ... ok
[INFO] [stdout] test common::text_trans::transform::reverse_pop ... ok
[INFO] [stdout] test common::tiny_map::tiny_map_test::duplicate ... ok
[INFO] [stdout] test common::text_trans::transform::capitalize_first_and_all ... ok
[INFO] [stdout] test common::text_trans::transform::capitalize_all_reverse ... ok
[INFO] [stdout] test compile::letter::tests::from_nr_and_to_nr_sync ... ok
[INFO] [stdout] test compile::letter::tests::letter_iter_is_complete ... ok
[INFO] [stdout] test common::tiny_map::tiny_map_test::unique ... ok
[INFO] [stdout] test compile::letter::tests::letter_kind_iter_is_complete ... ok
[INFO] [stdout] test compile::letter::tests::letters_fit_in_half_byte ... ok
[INFO] [stdout] test compile::letter::tests::modifier_method ... ok
[INFO] [stdout] test compile::letter::tests::from_symbol_and_to_symbol_sync ... ok
[INFO] [stdout] test compile::letter::tests::nr_follows_listing_order ... ok
[INFO] [stdout] test compile::letter::tests::unique_nr ... ok
[INFO] [stdout] test compile::letter::tests::unique_symbol ... ok
[INFO] [stdout] test compile::op_lookup::tests::all_golf_ops_parseable ... ok
[INFO] [stdout] test compile::op_lookup::tests::all_long_ops_parseable ... ok
[INFO] [stdout] test compile::golf_word::id_tests::non_literal ... ok
[INFO] [stdout] test compile::parse::tests::allow_newlines ... ok
[INFO] [stdout] test compile::letter::tests::all_kinds_present ... ok
[INFO] [stdout] test compile::parse::tests::long_float ... ok
[INFO] [stdout] test compile::golf_word::id_tests::literal ... ok
[INFO] [stdout] test compile::parse::tests::golfed_string_multiple ... ok
[INFO] [stdout] test compile::parse::tests::golfed_string_explicit_close ... ok
[INFO] [stdout] test compile::parse::tests::golfed_string_implicit_close ... ok
[INFO] [stdout] test compile::parse::tests::long_invalid_number ... ok
[INFO] [stdout] test compile::parse::tests::long_string_implicit_close ... ok
[INFO] [stdout] test compile::parse::tests::long_string_explicit_close ... ok
[INFO] [stdout] test compile::parse::tests::operator_by_name ... ok
[INFO] [stdout] test compile::parse::tests::split_on_whitespace ... ok
[INFO] [stdout] test compile::parse::tests::unknown_operator_by_name ... ok
[INFO] [stdout] test compile::parse::tests::long_integer ... ok
[INFO] [stdout] test compile::text_literal::decoding::decode_complex ... ok
[INFO] [stdout] test compile::text_literal::decoding::decode_examples_nr ... ok
[INFO] [stdout] test compile::text_literal::decoding::decode_empty_txt ... ok
[INFO] [stdout] test compile::text_literal::decoding::decode_examples_txt ... ok
[INFO] [stdout] test compile::text_literal::decoding::decode_empty_nr ... ok
[INFO] [stdout] test compile::text_literal::decoding::decode_no_end_token ... ok
[INFO] [stdout] test compile::text_literal::decoding::decode_empty_noend ... ok
[INFO] [stdout] test compile::text_literal::decoding::decode_short ... ok
[INFO] [stdout] test compile::text_literal::encoding::encode_empty_txt ... ok
[INFO] [stdout] test compile::text_literal::decoding::decode_single_nr ... ok
[INFO] [stdout] test compile::text_literal::encoding::encode_examples_nr ... ok
[INFO] [stdout] test compile::text_literal::encoding::encode_examples_txt ... ok
[INFO] [stdout] test compile::text_literal::encoding::encode_single_nr ... ok
[INFO] [stdout] test compile::text_literal::encoding::encode_single_txt ... ok
[INFO] [stdout] test compile::var_uint::constants_in_sync::followers ... ok
[INFO] [stdout] test compile::var_uint::constants_in_sync::openers_nomod ... ok
[INFO] [stdout] test compile::var_uint::constants_in_sync::openers_withmod ... ok
[INFO] [stdout] test compile::var_uint::constants_in_sync::reverse_followers ... ok
[INFO] [stdout] test compile::var_uint::constants_in_sync::reverse_openers_nomod ... ok
[INFO] [stdout] test compile::text_literal::decoding::decode_single_txt ... ok
[INFO] [stdout] test compile::text_literal::encoding::encode_empty_nr ... ok
[INFO] [stdout] test compile::var_uint::constants_in_sync::reverse_openers_withmod ... ok
[INFO] [stdout] test compile::var_uint::dynamic_width_common_allow_modifiers::decode_end_index ... ok
[INFO] [stdout] test compile::var_uint::dynamic_width_common_allow_modifiers::positive_int_decode_with_text_opener ... ok
[INFO] [stdout] test compile::var_uint::dynamic_width_common_allow_modifiers::positive_int_non_terminated_number ... ok
[INFO] [stdout] test compile::var_uint::dynamic_width_common_allow_modifiers::decoding_examples ... ok
[INFO] [stdout] test compile::var_uint::dynamic_width_common_allow_modifiers::encoding_examples ... ok
[INFO] [stdout] test compile::var_uint::dynamic_width_common_allow_modifiers::positive_int_avoid_modifiers_empty_input ... ok
[INFO] [stdout] test compile::var_uint::dynamic_width_common_allow_modifiers::positive_int_decode_with_unused_letter ... ok
[INFO] [stdout] test compile::var_uint::dynamic_width_common_allow_modifiers::encode_and_decode_samples ... ok
[INFO] [stdout] test compile::var_uint::dynamic_width_common_without_modifiers::decoding_examples ... ok
[INFO] [stdout] test compile::var_uint::dynamic_width_common_without_modifiers::positive_int_decode_with_text_opener ... ok
[INFO] [stdout] test compile::var_uint::dynamic_width_common_without_modifiers::encode_and_decode_samples ... ok
[INFO] [stdout] test compile::var_uint::dynamic_width_common_without_modifiers::encoding_examples ... ok
[INFO] [stdout] test compile::var_uint::dynamic_width_common_allow_modifiers::positive_int_overflow_in_decode ... ok
[INFO] [stdout] test compile::var_uint::dynamic_width_common_without_modifiers::decode_end_index ... ok
[INFO] [stdout] test compile::var_uint::dynamic_width_common_without_modifiers::positive_int_decode_with_unused_letter ... ok
[INFO] [stdout] test compile::var_uint::dynamic_width_common_without_modifiers::positive_int_non_terminated_number ... ok
[INFO] [stdout] test compile::var_uint::dynamic_width_common_without_modifiers::positive_int_overflow_in_decode ... ok
[INFO] [stdout] test compile::var_uint::dynamic_width_common_without_modifiers::positive_int_starting_with_modifiers ... ok
[INFO] [stdout] test compile::var_uint::dynamic_width_common_allow_modifiers::positive_int_starting_with_modifiers ... ok
[INFO] [stdout] test compile::var_uint::dynamic_width_common_without_modifiers::positive_int_avoid_modifiers_empty_input ... ok
[INFO] [stdout] test data::array::tests::fmt_array_multi ... ok
[INFO] [stdout] test data::array::tests::debug_array_single ... ok
[INFO] [stdout] test data::value::tests::values_macro ... ok
[INFO] [stdout] test dict::compress::compression::bench ... ignored
[INFO] [stdout] test data::array::tests::debug_array_multi ... ok
[INFO] [stdout] test data::array::tests::fmt_array_single ... ok
[INFO] [stdout] test dict::compress::compression::cost_size ... ok
[INFO] [stdout] test dict::derive::tests::check_maximum_length ... ok
[INFO] [stdout] test dict::derive::tests::generate_transformations_operation_indices_length ... ok
[INFO] [stdout] test dict::entries::dict_properties::all_specials_encountered ... ok
[INFO] [stdout] test dict::entries::dict_properties::first_is_whitespace ... ok
[INFO] [stdout] test dict::entries::dict_properties::letter_iter_is_complete ... ok
[INFO] [stdout] test compile::parse::tests::operator_by_gold ... FAILED
[INFO] [stdout] test common::text_trans::indices_in_sync_with_dict::case_first ... ok
[INFO] [stdout] test dict::entries::cost::cost_matches_dict_position ... ok
[INFO] [stdout] test dict::lookup::tests::dict_index_width ... ok
[INFO] [stdout] test compile::var_uint::size_estimate::size_estimate_equal_actual_withmodi ... ok
[INFO] [stdout] test common::text_trans::indices_in_sync_with_dict::unicode_lookup ... ok
[INFO] [stdout] test dict::entries::dict_properties::no_leftover_specials ... ok
[INFO] [stdout] test dict::entries::dict_properties::trailing_whitespace ... ok
[INFO] [stdout] test dict::lookup::tests::longest_dict_entry_const ... ok
[INFO] [stdout] test dict::prefix_data::tests::empty ... ok
[INFO] [stdout] test dict::prefix_data::tests::index_size ... ok
[INFO] [stdout] test dict::lookup::tests::lookup_with_magic ... ok
[INFO] [stdout] test dict::lookup::tests::lookup_unicode ... ok
[INFO] [stdout] test dict::prefix_data::tests::longest_prefix_out_of_input_while_at_word ... ok
[INFO] [stdout] test dict::prefix_data::tests::longest_prefix_out_of_input_while_not_at_word ... ok
[INFO] [stdout] test dict::prefix_data::tests::longest_prefix_out_of_matches_while_deepest_is_not_word ... ok
[INFO] [stdout] test dict::prefix_data::tests::longest_prefix_out_of_matches_while_deepest_is_word ... ok
[INFO] [stdout] test dict::prefix_data::tests::test_all_prefixes_of_exact_match ... ok
[INFO] [stdout] test dict::prefix_data::tests::build ... ok
[INFO] [stdout] test dict::prefix_data::tests::test_all_prefixes_of_sub_matches ... ok
[INFO] [stdout] test common::text_trans::indices_in_sync_with_dict::reverse ... ok
[INFO] [stdout] test dict::lookup::tests::lookup_simple ... ok
[INFO] [stdout] test dict::prefix_data::tests::longest_prefix_unknown_prefix ... ok
[INFO] [stdout] test dict::trie_data::tests::build ... ok
[INFO] [stdout] test dict::prefix_data::tests::test_all_prefixes_of_no_match ... ok
[INFO] [stdout] test dict::trie_data::tests::empty ... ok
[INFO] [stdout] test dict::trie_data::tests::index_size ... ok
[INFO] [stdout] test dict::trie_data::tests::longest_prefix_out_of_input_while_at_word ... ok
[INFO] [stdout] test dict::trie_data::tests::longest_prefix_out_of_input_while_not_at_word ... ok
[INFO] [stdout] test dict::trie_data::tests::longest_prefix_out_of_matches_while_deepest_is_not_word ... ok
[INFO] [stdout] test dict::trie_data::tests::longest_prefix_unknown_prefix ... ok
[INFO] [stdout] test dict::trie_data::tests::test_all_prefixes_of_sub_matches ... ok
[INFO] [stdout] test dict::trie_data::tests::test_all_prefixes_of_no_match ... ok
[INFO] [stdout] test dict::trie_data::tests::longest_prefix_out_of_matches_while_deepest_is_word ... ok
[INFO] [stdout] test dict::trie_original::tests::empty ... ok
[INFO] [stdout] test dict::trie_original::tests::build ... ok
[INFO] [stdout] test dict::trie_original::tests::longest_prefix_out_of_input_while_at_word ... ok
[INFO] [stdout] test dict::trie_original::tests::longest_prefix_out_of_input_while_not_at_word ... ok
[INFO] [stdout] test dict::trie_original::tests::longest_prefix_out_of_matches_while_deepest_is_not_word ... ok
[INFO] [stdout] test dict::trie_data::tests::test_all_prefixes_of_exact_match ... ok
[INFO] [stdout] test dict::trie_original::tests::longest_prefix_out_of_matches_while_deepest_is_word ... ok
[INFO] [stdout] test dict::trie_original::tests::prefix_iter_deep ... ok
[INFO] [stdout] test op::op_properties::long_identifiers_valid ... ok
[INFO] [stdout] test dict::trie_original::tests::prefix_iter_shallow ... ok
[INFO] [stdout] test op::op_properties::short_long_unique ... FAILED
[INFO] [stdout] test dict::trie_original::tests::longest_prefix_with_buffer ... ok
[INFO] [stdout] test common::text_trans::indices_in_sync_with_dict::pop_end ... ok
[INFO] [stdout] test common::text_trans::indices_in_sync_with_dict::pop_start ... ok
[INFO] [stdout] test dict::trie_original::tests::longest_prefix_unknown_prefix ... ok
[INFO] [stdout] test common::text_trans::indices_in_sync_with_dict::case_all ... ok
[INFO] [stdout] test dict::entries::dict_properties::no_duplicates ... ok
[INFO] [stdout] test compile::var_uint::dynamic_width_common_allow_modifiers::all_encodings_unique ... ok
[INFO] [stdout] test compile::var_uint::dynamic_width_common_without_modifiers::all_encodings_unique ... ok
[INFO] [stdout] test dict::compress::compression::simple_text_compression ... ok
[INFO] [stdout] test dict::compress::compress_decode::compress_special ... ok
[INFO] [stdout] test dict::compress::compress_decode::compress_poem ... ok
[INFO] [stdout] test dict::compress::compress_decode::decode_random_nrs ... ok
[INFO] [stdout] 
[INFO] [stdout] failures:
[INFO] [stdout] 
[INFO] [stdout] ---- compile::parse::tests::operator_by_gold stdout ----
[INFO] [stdout] 
[INFO] [stdout] thread 'compile::parse::tests::operator_by_gold' panicked at src/compile/parse.rs:228:9:
[INFO] [stdout] assertion `left == right` failed
[INFO] [stdout]   left: Prog { ops: [Swap] }
[INFO] [stdout]  right: Prog { ops: [Duplicate] }
[INFO] [stdout] stack backtrace:
[INFO] [stdout]    0:     0x614aea17a98a - std::backtrace_rs::backtrace::libunwind::trace::hb059275cfc8d6126
[INFO] [stdout]                                at /rustc/6067b36314ab5eb2eb47cecc464545ba58e1ad24/library/std/src/../../backtrace/src/backtrace/libunwind.rs:116:5
[INFO] [stdout]    1:     0x614aea17a98a - std::backtrace_rs::backtrace::trace_unsynchronized::h2da071e4327ce3ee
[INFO] [stdout]                                at /rustc/6067b36314ab5eb2eb47cecc464545ba58e1ad24/library/std/src/../../backtrace/src/backtrace/mod.rs:66:5
[INFO] [stdout]    2:     0x614aea17a98a - std::sys::backtrace::_print_fmt::h842a1474e6f8d23f
[INFO] [stdout]                                at /rustc/6067b36314ab5eb2eb47cecc464545ba58e1ad24/library/std/src/sys/backtrace.rs:66:9
[INFO] [stdout]    3:     0x614aea17a98a - <std::sys::backtrace::BacktraceLock::print::DisplayBacktrace as core::fmt::Display>::fmt::h71a62eb3b9696b12
[INFO] [stdout]                                at /rustc/6067b36314ab5eb2eb47cecc464545ba58e1ad24/library/std/src/sys/backtrace.rs:39:26
[INFO] [stdout]    4:     0x614aea1a4373 - core::fmt::rt::Argument::fmt::hdb6b616786b41dc1
[INFO] [stdout]                                at /rustc/6067b36314ab5eb2eb47cecc464545ba58e1ad24/library/core/src/fmt/rt.rs:177:76
[INFO] [stdout]    5:     0x614aea1a4373 - core::fmt::write::h2cc1698af7e2d686
[INFO] [stdout]                                at /rustc/6067b36314ab5eb2eb47cecc464545ba58e1ad24/library/core/src/fmt/mod.rs:1440:21
[INFO] [stdout]    6:     0x614aea1774e3 - std::io::Write::write_fmt::hab1b4cd059a79022
[INFO] [stdout]                                at /rustc/6067b36314ab5eb2eb47cecc464545ba58e1ad24/library/std/src/io/mod.rs:1887:15
[INFO] [stdout]    7:     0x614aea17a7d2 - std::sys::backtrace::BacktraceLock::print::h147fe35b4ea13b08
[INFO] [stdout]                                at /rustc/6067b36314ab5eb2eb47cecc464545ba58e1ad24/library/std/src/sys/backtrace.rs:42:9
[INFO] [stdout]    8:     0x614aea17bdaf - std::panicking::default_hook::{{closure}}::hbd44223dbdc0d208
[INFO] [stdout]                                at /rustc/6067b36314ab5eb2eb47cecc464545ba58e1ad24/library/std/src/panicking.rs:298:22
[INFO] [stdout]    9:     0x614aea17bbc8 - std::panicking::default_hook::h20f81eb0576efcec
[INFO] [stdout]                                at /rustc/6067b36314ab5eb2eb47cecc464545ba58e1ad24/library/std/src/panicking.rs:322:9
[INFO] [stdout]   10:     0x614aea13adf3 - <alloc::boxed::Box<F,A> as core::ops::function::Fn<Args>>::call::hdb53814c496a4d34
[INFO] [stdout]                                at /rustc/6067b36314ab5eb2eb47cecc464545ba58e1ad24/library/alloc/src/boxed.rs:2027:9
[INFO] [stdout]   11:     0x614aea13adf3 - test::test_main::{{closure}}::hc0a4963c59427c24
[INFO] [stdout]                                at /rustc/6067b36314ab5eb2eb47cecc464545ba58e1ad24/library/test/src/lib.rs:134:21
[INFO] [stdout]   12:     0x614aea17c8a3 - <alloc::boxed::Box<F,A> as core::ops::function::Fn<Args>>::call::h591b2225413a77e9
[INFO] [stdout]                                at /rustc/6067b36314ab5eb2eb47cecc464545ba58e1ad24/library/alloc/src/boxed.rs:2027:9
[INFO] [stdout]   13:     0x614aea17c8a3 - std::panicking::rust_panic_with_hook::h625eea43051b2edc
[INFO] [stdout]                                at /rustc/6067b36314ab5eb2eb47cecc464545ba58e1ad24/library/std/src/panicking.rs:839:13
[INFO] [stdout]   14:     0x614aea17c55a - std::panicking::begin_panic_handler::{{closure}}::h4f9159cfbc3f6bd3
[INFO] [stdout]                                at /rustc/6067b36314ab5eb2eb47cecc464545ba58e1ad24/library/std/src/panicking.rs:704:13
[INFO] [stdout]   15:     0x614aea17ae89 - std::sys::backtrace::__rust_end_short_backtrace::h0390abce48353151
[INFO] [stdout]                                at /rustc/6067b36314ab5eb2eb47cecc464545ba58e1ad24/library/std/src/sys/backtrace.rs:168:18
[INFO] [stdout]   16:     0x614aea17c1ed - rust_begin_unwind
[INFO] [stdout]                                at /rustc/6067b36314ab5eb2eb47cecc464545ba58e1ad24/library/std/src/panicking.rs:695:5
[INFO] [stdout]   17:     0x614aea1a27d0 - core::panicking::panic_fmt::h9e7c637e9e5f29c9
[INFO] [stdout]                                at /rustc/6067b36314ab5eb2eb47cecc464545ba58e1ad24/library/core/src/panicking.rs:75:14
[INFO] [stdout]   18:     0x614aea1a2bc2 - core::panicking::assert_failed_inner::h538bec7c1374cd9c
[INFO] [stdout]   19:     0x614aea0cdc6c - core::panicking::assert_failed::ha14e120c0b66425d
[INFO] [stdout]                                at /rustc/6067b36314ab5eb2eb47cecc464545ba58e1ad24/library/core/src/panicking.rs:364:5
[INFO] [stdout]   20:     0x614aea0c60e7 - tilde::compile::parse::tests::operator_by_gold::h0d356a51e0dd4a10
[INFO] [stdout]                                at /opt/rustwide/workdir/src/compile/parse.rs:228:9
[INFO] [stdout]   21:     0x614aea0c5ec7 - tilde::compile::parse::tests::operator_by_gold::{{closure}}::h08e7222c53308150
[INFO] [stdout]                                at /opt/rustwide/workdir/src/compile/parse.rs:226:26
[INFO] [stdout]   22:     0x614aea0794e6 - core::ops::function::FnOnce::call_once::hde5613b5dae0b2ce
[INFO] [stdout]                                at /rustc/6067b36314ab5eb2eb47cecc464545ba58e1ad24/library/core/src/ops/function.rs:250:5
[INFO] [stdout]   23:     0x614aea14054b - core::ops::function::FnOnce::call_once::he27718dfdd183f43
[INFO] [stdout]                                at /rustc/6067b36314ab5eb2eb47cecc464545ba58e1ad24/library/core/src/ops/function.rs:250:5
[INFO] [stdout]   24:     0x614aea14054b - test::__rust_begin_short_backtrace::h4e84902998457a5d
[INFO] [stdout]                                at /rustc/6067b36314ab5eb2eb47cecc464545ba58e1ad24/library/test/src/lib.rs:632:18
[INFO] [stdout]   25:     0x614aea13f483 - test::run_test_in_process::{{closure}}::h7176fd18fc1feca0
[INFO] [stdout]                                at /rustc/6067b36314ab5eb2eb47cecc464545ba58e1ad24/library/test/src/lib.rs:655:60
[INFO] [stdout]   26:     0x614aea13f483 - <core::panic::unwind_safe::AssertUnwindSafe<F> as core::ops::function::FnOnce<()>>::call_once::hf79cff2a624d8cf7
[INFO] [stdout]                                at /rustc/6067b36314ab5eb2eb47cecc464545ba58e1ad24/library/core/src/panic/unwind_safe.rs:272:9
[INFO] [stdout]   27:     0x614aea13f483 - std::panicking::try::do_call::h3da0561d9ab99c25
[INFO] [stdout]                                at /rustc/6067b36314ab5eb2eb47cecc464545ba58e1ad24/library/std/src/panicking.rs:587:40
[INFO] [stdout]   28:     0x614aea13f483 - std::panicking::try::h41c9fa508bc61df6
[INFO] [stdout]                                at /rustc/6067b36314ab5eb2eb47cecc464545ba58e1ad24/library/std/src/panicking.rs:550:19
[INFO] [stdout]   29:     0x614aea13f483 - std::panic::catch_unwind::h6b3ff07bb5afad93
[INFO] [stdout]                                at /rustc/6067b36314ab5eb2eb47cecc464545ba58e1ad24/library/std/src/panic.rs:358:14
[INFO] [stdout]   30:     0x614aea13f483 - test::run_test_in_process::hc7253dd11b39b9f4
[INFO] [stdout]                                at /rustc/6067b36314ab5eb2eb47cecc464545ba58e1ad24/library/test/src/lib.rs:655:27
[INFO] [stdout]   31:     0x614aea13f483 - test::run_test::{{closure}}::hfb2007f8649c30bb
[INFO] [stdout]                                at /rustc/6067b36314ab5eb2eb47cecc464545ba58e1ad24/library/test/src/lib.rs:576:43
[INFO] [stdout]   32:     0x614aea102565 - test::run_test::{{closure}}::h56a17aa7a282a9f4
[INFO] [stdout]                                at /rustc/6067b36314ab5eb2eb47cecc464545ba58e1ad24/library/test/src/lib.rs:606:41
[INFO] [stdout]   33:     0x614aea102565 - std::sys::backtrace::__rust_begin_short_backtrace::hd2d2d2fb8e8c6aac
[INFO] [stdout]                                at /rustc/6067b36314ab5eb2eb47cecc464545ba58e1ad24/library/std/src/sys/backtrace.rs:152:18
[INFO] [stdout]   34:     0x614aea105e4a - std::thread::Builder::spawn_unchecked_::{{closure}}::{{closure}}::h4faa3f9db6133423
[INFO] [stdout]                                at /rustc/6067b36314ab5eb2eb47cecc464545ba58e1ad24/library/std/src/thread/mod.rs:559:17
[INFO] [stdout]   35:     0x614aea105e4a - <core::panic::unwind_safe::AssertUnwindSafe<F> as core::ops::function::FnOnce<()>>::call_once::hf2e855a36a4ea846
[INFO] [stdout]                                at /rustc/6067b36314ab5eb2eb47cecc464545ba58e1ad24/library/core/src/panic/unwind_safe.rs:272:9
[INFO] [stdout]   36:     0x614aea105e4a - std::panicking::try::do_call::h2f73af3616c35465
[INFO] [stdout]                                at /rustc/6067b36314ab5eb2eb47cecc464545ba58e1ad24/library/std/src/panicking.rs:587:40
[INFO] [stdout]   37:     0x614aea105e4a - std::panicking::try::hd1660ce9efadef5a
[INFO] [stdout]                                at /rustc/6067b36314ab5eb2eb47cecc464545ba58e1ad24/library/std/src/panicking.rs:550:19
[INFO] [stdout]   38:     0x614aea105e4a - std::panic::catch_unwind::h5ee8d7823b8ca744
[INFO] [stdout]                                at /rustc/6067b36314ab5eb2eb47cecc464545ba58e1ad24/library/std/src/panic.rs:358:14
[INFO] [stdout]   39:     0x614aea105e4a - std::thread::Builder::spawn_unchecked_::{{closure}}::h53c3a1894dce8407
[INFO] [stdout]                                at /rustc/6067b36314ab5eb2eb47cecc464545ba58e1ad24/library/std/src/thread/mod.rs:557:30
[INFO] [stdout]   40:     0x614aea105e4a - core::ops::function::FnOnce::call_once{{vtable.shim}}::h048ce291ad4f62bf
[INFO] [stdout]                                at /rustc/6067b36314ab5eb2eb47cecc464545ba58e1ad24/library/core/src/ops/function.rs:250:5
[INFO] [stdout]   41:     0x614aea1807db - <alloc::boxed::Box<F,A> as core::ops::function::FnOnce<Args>>::call_once::ha52bedf99a3b4981
[INFO] [stdout]                                at /rustc/6067b36314ab5eb2eb47cecc464545ba58e1ad24/library/alloc/src/boxed.rs:2013:9
[INFO] [stdout]   42:     0x614aea1807db - <alloc::boxed::Box<F,A> as core::ops::function::FnOnce<Args>>::call_once::h567748934d80ccf8
[INFO] [stdout]                                at /rustc/6067b36314ab5eb2eb47cecc464545ba58e1ad24/library/alloc/src/boxed.rs:2013:9
[INFO] [stdout]   43:     0x614aea1807db - std::sys::pal::unix::thread::Thread::new::thread_start::h2d970728ae887adc
[INFO] [stdout]                                at /rustc/6067b36314ab5eb2eb47cecc464545ba58e1ad24/library/std/src/sys/pal/unix/thread.rs:106:17
[INFO] [stdout]   44:     0x70053431cac3 - <unknown>
[INFO] [stdout]   45:     0x7005343ada04 - clone
[INFO] [stdout]   46:                0x0 - <unknown>
[INFO] [stdout] 
[INFO] [stdout] ---- op::op_properties::short_long_unique stdout ----
[INFO] [stdout] names1 = {}
[INFO] [stdout] names1 = {"plus"}
[INFO] [stdout] names1 = {"minus", "plus"}
[INFO] [stdout] names1 = {"mul", "minus", "plus"}
[INFO] [stdout] names1 = {"mul", "minus", "div", "plus"}
[INFO] [stdout] names1 = {"mul", "sqrt", "minus", "div", "plus"}
[INFO] [stdout] names1 = {"mul", "sqrt", "minus", "div", "plus", "int-div"}
[INFO] [stdout] names2 = {"mul", "sqrt", "drop", "minus", "div", "plus", "int-div"}
[INFO] [stdout] names1 = {"/", "mul", "sqrt", "drop", "minus", "div", "plus", "int-div"}
[INFO] [stdout] names2 = {"/", "mul", "sqrt", "drop", "minus", "div", "plus", "int-div", "dup"}
[INFO] [stdout] names1 = {"/", "mul", "sqrt", "drop", "minus", "div", "+", "plus", "int-div", "dup"}
[INFO] [stdout] names1 = {"/", "last", "mul", "sqrt", "drop", "minus", "div", "+", "plus", "int-div", "dup"}
[INFO] [stdout] names1 = {"/", "last", "mul", "sqrt", "drop", "minus", "div", "+", "plus", "int-div", "dup", "lookup"}
[INFO] [stdout] names1 = {"/", "last", "mul", "sqrt", "drop", "minus", "div", "+", "plus", "int-div", "split", "dup", "lookup"}
[INFO] [stdout] names1 = {"/", "last", "mul", "sqrt", "drop", "minus", "base-words", "div", "+", "plus", "int-div", "split", "dup", "lookup"}
[INFO] [stdout] names1 = {"/", "last", "mul", "sqrt", "drop", "minus", "base-words", "div", "unique", "+", "plus", "int-div", "split", "dup", "lookup"}
[INFO] [stdout] names1 = {"/", "last", "mul", "sqrt", "drop", "minus", "base-words", "div", "unique", "count", "+", "plus", "int-div", "split", "dup", "lookup"}
[INFO] [stdout] names1 = {"/", "last", "mul", "sqrt", "drop", "minus", "base-words", "div", "unique", "count", "+", "arg", "plus", "int-div", "split", "dup", "lookup"}
[INFO] [stdout] names1 = {"/", "last", "mul", "sqrt", "drop", "minus", "base-words", "div", "apply", "unique", "count", "+", "arg", "plus", "int-div", "split", "dup", "lookup"}
[INFO] [stdout] names1 = {"/", "last", "mul", "sqrt", "drop", "minus", "base-words", "div", "apply", "unique", "concat", "count", "+", "arg", "plus", "int-div", "split", "dup", "lookup"}
[INFO] [stdout] names1 = {"/", "last", "mul", "sqrt", "drop", "minus", "base-words", "div", "apply", "unique", "concat", "sum", "count", "+", "arg", "plus", "int-div", "split", "dup", "lookup"}
[INFO] [stdout] names2 = {"/", "swap", "last", "mul", "sqrt", "drop", "minus", "base-words", "div", "apply", "unique", "concat", "sum", "count", "+", "arg", "plus", "int-div", "split", "dup", "lookup"}
[INFO] [stdout] 
[INFO] [stdout] thread 'op::op_properties::short_long_unique' panicked at src/op/mod.rs:98:17:
[INFO] [stdout] duplicate Op identifier (short): +
[INFO] [stdout] stack backtrace:
[INFO] [stdout]    0:     0x614aea17a98a - std::backtrace_rs::backtrace::libunwind::trace::hb059275cfc8d6126
[INFO] [stdout]                                at /rustc/6067b36314ab5eb2eb47cecc464545ba58e1ad24/library/std/src/../../backtrace/src/backtrace/libunwind.rs:116:5
[INFO] [stdout]    1:     0x614aea17a98a - std::backtrace_rs::backtrace::trace_unsynchronized::h2da071e4327ce3ee
[INFO] [stdout]                                at /rustc/6067b36314ab5eb2eb47cecc464545ba58e1ad24/library/std/src/../../backtrace/src/backtrace/mod.rs:66:5
[INFO] [stdout]    2:     0x614aea17a98a - std::sys::backtrace::_print_fmt::h842a1474e6f8d23f
[INFO] [stdout]                                at /rustc/6067b36314ab5eb2eb47cecc464545ba58e1ad24/library/std/src/sys/backtrace.rs:66:9
[INFO] [stdout]    3:     0x614aea17a98a - <std::sys::backtrace::BacktraceLock::print::DisplayBacktrace as core::fmt::Display>::fmt::h71a62eb3b9696b12
[INFO] [stdout]                                at /rustc/6067b36314ab5eb2eb47cecc464545ba58e1ad24/library/std/src/sys/backtrace.rs:39:26
[INFO] [stdout]    4:     0x614aea1a4373 - core::fmt::rt::Argument::fmt::hdb6b616786b41dc1
[INFO] [stdout]                                at /rustc/6067b36314ab5eb2eb47cecc464545ba58e1ad24/library/core/src/fmt/rt.rs:177:76
[INFO] [stdout]    5:     0x614aea1a4373 - core::fmt::write::h2cc1698af7e2d686
[INFO] [stdout]                                at /rustc/6067b36314ab5eb2eb47cecc464545ba58e1ad24/library/core/src/fmt/mod.rs:1440:21
[INFO] [stdout]    6:     0x614aea1774e3 - std::io::Write::write_fmt::hab1b4cd059a79022
[INFO] [stdout]                                at /rustc/6067b36314ab5eb2eb47cecc464545ba58e1ad24/library/std/src/io/mod.rs:1887:15
[INFO] [stdout]    7:     0x614aea17a7d2 - std::sys::backtrace::BacktraceLock::print::h147fe35b4ea13b08
[INFO] [stdout]                                at /rustc/6067b36314ab5eb2eb47cecc464545ba58e1ad24/library/std/src/sys/backtrace.rs:42:9
[INFO] [stdout]    8:     0x614aea17bdaf - std::panicking::default_hook::{{closure}}::hbd44223dbdc0d208
[INFO] [stdout]                                at /rustc/6067b36314ab5eb2eb47cecc464545ba58e1ad24/library/std/src/panicking.rs:298:22
[INFO] [stdout]    9:     0x614aea17bbc8 - std::panicking::default_hook::h20f81eb0576efcec
[INFO] [stdout]                                at /rustc/6067b36314ab5eb2eb47cecc464545ba58e1ad24/library/std/src/panicking.rs:322:9
[INFO] [stdout]   10:     0x614aea13adf3 - <alloc::boxed::Box<F,A> as core::ops::function::Fn<Args>>::call::hdb53814c496a4d34
[INFO] [stdout]                                at /rustc/6067b36314ab5eb2eb47cecc464545ba58e1ad24/library/alloc/src/boxed.rs:2027:9
[INFO] [stdout]   11:     0x614aea13adf3 - test::test_main::{{closure}}::hc0a4963c59427c24
[INFO] [stdout]                                at /rustc/6067b36314ab5eb2eb47cecc464545ba58e1ad24/library/test/src/lib.rs:134:21
[INFO] [stdout]   12:     0x614aea17c8a3 - <alloc::boxed::Box<F,A> as core::ops::function::Fn<Args>>::call::h591b2225413a77e9
[INFO] [stdout]                                at /rustc/6067b36314ab5eb2eb47cecc464545ba58e1ad24/library/alloc/src/boxed.rs:2027:9
[INFO] [stdout]   13:     0x614aea17c8a3 - std::panicking::rust_panic_with_hook::h625eea43051b2edc
[INFO] [stdout]                                at /rustc/6067b36314ab5eb2eb47cecc464545ba58e1ad24/library/std/src/panicking.rs:839:13
[INFO] [stdout]   14:     0x614aea17c55a - std::panicking::begin_panic_handler::{{closure}}::h4f9159cfbc3f6bd3
[INFO] [stdout]                                at /rustc/6067b36314ab5eb2eb47cecc464545ba58e1ad24/library/std/src/panicking.rs:704:13
[INFO] [stdout]   15:     0x614aea17ae89 - std::sys::backtrace::__rust_end_short_backtrace::h0390abce48353151
[INFO] [stdout]                                at /rustc/6067b36314ab5eb2eb47cecc464545ba58e1ad24/library/std/src/sys/backtrace.rs:168:18
[INFO] [stdout]   16:     0x614aea17c1ed - rust_begin_unwind
[INFO] [stdout]                                at /rustc/6067b36314ab5eb2eb47cecc464545ba58e1ad24/library/std/src/panicking.rs:695:5
[INFO] [stdout]   17:     0x614aea1a27d0 - core::panicking::panic_fmt::h9e7c637e9e5f29c9
[INFO] [stdout]                                at /rustc/6067b36314ab5eb2eb47cecc464545ba58e1ad24/library/core/src/panicking.rs:75:14
[INFO] [stdout]   18:     0x614aea072b8c - tilde::op::op_properties::short_long_unique::h6d4b8ba0822c6c75
[INFO] [stdout]                                at /opt/rustwide/workdir/src/op/mod.rs:98:17
[INFO] [stdout]   19:     0x614aea0723d7 - tilde::op::op_properties::short_long_unique::{{closure}}::h052baf6d58f48b78
[INFO] [stdout]                                at /opt/rustwide/workdir/src/op/mod.rs:84:27
[INFO] [stdout]   20:     0x614aea078fc6 - core::ops::function::FnOnce::call_once::hcc4b4e9d6d17d1af
[INFO] [stdout]                                at /rustc/6067b36314ab5eb2eb47cecc464545ba58e1ad24/library/core/src/ops/function.rs:250:5
[INFO] [stdout]   21:     0x614aea14054b - core::ops::function::FnOnce::call_once::he27718dfdd183f43
[INFO] [stdout]                                at /rustc/6067b36314ab5eb2eb47cecc464545ba58e1ad24/library/core/src/ops/function.rs:250:5
[INFO] [stdout]   22:     0x614aea14054b - test::__rust_begin_short_backtrace::h4e84902998457a5d
[INFO] [stdout]                                at /rustc/6067b36314ab5eb2eb47cecc464545ba58e1ad24/library/test/src/lib.rs:632:18
[INFO] [stdout]   23:     0x614aea13f483 - test::run_test_in_process::{{closure}}::h7176fd18fc1feca0
[INFO] [stdout]                                at /rustc/6067b36314ab5eb2eb47cecc464545ba58e1ad24/library/test/src/lib.rs:655:60
[INFO] [stdout]   24:     0x614aea13f483 - <core::panic::unwind_safe::AssertUnwindSafe<F> as core::ops::function::FnOnce<()>>::call_once::hf79cff2a624d8cf7
[INFO] [stdout]                                at /rustc/6067b36314ab5eb2eb47cecc464545ba58e1ad24/library/core/src/panic/unwind_safe.rs:272:9
[INFO] [stdout]   25:     0x614aea13f483 - std::panicking::try::do_call::h3da0561d9ab99c25
[INFO] [stdout]                                at /rustc/6067b36314ab5eb2eb47cecc464545ba58e1ad24/library/std/src/panicking.rs:587:40
[INFO] [stdout]   26:     0x614aea13f483 - std::panicking::try::h41c9fa508bc61df6
[INFO] [stdout]                                at /rustc/6067b36314ab5eb2eb47cecc464545ba58e1ad24/library/std/src/panicking.rs:550:19
[INFO] [stdout]   27:     0x614aea13f483 - std::panic::catch_unwind::h6b3ff07bb5afad93
[INFO] [stdout]                                at /rustc/6067b36314ab5eb2eb47cecc464545ba58e1ad24/library/std/src/panic.rs:358:14
[INFO] [stdout]   28:     0x614aea13f483 - test::run_test_in_process::hc7253dd11b39b9f4
[INFO] [stdout]                                at /rustc/6067b36314ab5eb2eb47cecc464545ba58e1ad24/library/test/src/lib.rs:655:27
[INFO] [stdout]   29:     0x614aea13f483 - test::run_test::{{closure}}::hfb2007f8649c30bb
[INFO] [stdout]                                at /rustc/6067b36314ab5eb2eb47cecc464545ba58e1ad24/library/test/src/lib.rs:576:43
[INFO] [stdout]   30:     0x614aea102565 - test::run_test::{{closure}}::h56a17aa7a282a9f4
[INFO] [stdout]                                at /rustc/6067b36314ab5eb2eb47cecc464545ba58e1ad24/library/test/src/lib.rs:606:41
[INFO] [stdout]   31:     0x614aea102565 - std::sys::backtrace::__rust_begin_short_backtrace::hd2d2d2fb8e8c6aac
[INFO] [stdout]                                at /rustc/6067b36314ab5eb2eb47cecc464545ba58e1ad24/library/std/src/sys/backtrace.rs:152:18
[INFO] [stdout]   32:     0x614aea105e4a - std::thread::Builder::spawn_unchecked_::{{closure}}::{{closure}}::h4faa3f9db6133423
[INFO] [stdout]                                at /rustc/6067b36314ab5eb2eb47cecc464545ba58e1ad24/library/std/src/thread/mod.rs:559:17
[INFO] [stdout]   33:     0x614aea105e4a - <core::panic::unwind_safe::AssertUnwindSafe<F> as core::ops::function::FnOnce<()>>::call_once::hf2e855a36a4ea846
[INFO] [stdout]                                at /rustc/6067b36314ab5eb2eb47cecc464545ba58e1ad24/library/core/src/panic/unwind_safe.rs:272:9
[INFO] [stdout]   34:     0x614aea105e4a - std::panicking::try::do_call::h2f73af3616c35465
[INFO] [stdout]                                at /rustc/6067b36314ab5eb2eb47cecc464545ba58e1ad24/library/std/src/panicking.rs:587:40
[INFO] [stdout]   35:     0x614aea105e4a - std::panicking::try::hd1660ce9efadef5a
[INFO] [stdout]                                at /rustc/6067b36314ab5eb2eb47cecc464545ba58e1ad24/library/std/src/panicking.rs:550:19
[INFO] [stdout]   36:     0x614aea105e4a - std::panic::catch_unwind::h5ee8d7823b8ca744
[INFO] [stdout]                                at /rustc/6067b36314ab5eb2eb47cecc464545ba58e1ad24/library/std/src/panic.rs:358:14
[INFO] [stdout]   37:     0x614aea105e4a - std::thread::Builder::spawn_unchecked_::{{closure}}::h53c3a1894dce8407
[INFO] [stdout]                                at /rustc/6067b36314ab5eb2eb47cecc464545ba58e1ad24/library/std/src/thread/mod.rs:557:30
[INFO] [stdout]   38:     0x614aea105e4a - core::ops::function::FnOnce::call_once{{vtable.shim}}::h048ce291ad4f62bf
[INFO] [stdout]                                at /rustc/6067b36314ab5eb2eb47cecc464545ba58e1ad24/library/core/src/ops/function.rs:250:5
[INFO] [stdout]   39:     0x614aea1807db - <alloc::boxed::Box<F,A> as core::ops::function::FnOnce<Args>>::call_once::ha52bedf99a3b4981
[INFO] [stdout]                                at /rustc/6067b36314ab5eb2eb47cecc464545ba58e1ad24/library/alloc/src/boxed.rs:2013:9
[INFO] [stdout]   40:     0x614aea1807db - <alloc::boxed::Box<F,A> as core::ops::function::FnOnce<Args>>::call_once::h567748934d80ccf8
[INFO] [stdout]                                at /rustc/6067b36314ab5eb2eb47cecc464545ba58e1ad24/library/alloc/src/boxed.rs:2013:9
[INFO] [stdout]   41:     0x614aea1807db - std::sys::pal::unix::thread::Thread::new::thread_start::h2d970728ae887adc
[INFO] [stdout]                                at /rustc/6067b36314ab5eb2eb47cecc464545ba58e1ad24/library/std/src/sys/pal/unix/thread.rs:106:17
[INFO] [stdout]   42:     0x70053431cac3 - <unknown>
[INFO] [stdout]   43:     0x7005343ada04 - clone
[INFO] [stdout]   44:                0x0 - <unknown>
[INFO] [stdout] 
[INFO] [stdout] 
[INFO] [stdout] failures:
[INFO] [stdout]     compile::parse::tests::operator_by_gold
[INFO] [stdout]     op::op_properties::short_long_unique
[INFO] [stdout] 
[INFO] [stdout] test result: FAILED. 162 passed; 2 failed; 1 ignored; 0 measured; 0 filtered out; finished in 3.00s
[INFO] [stdout] 
[INFO] [stderr] error: test failed, to rerun pass `--lib`
[INFO] running `Command { std: "docker" "inspect" "0e68ef9fb99d65faaa2495d59741d9bdf6496b7ad567f9af3adea3abb33be574", kill_on_drop: false }`
[INFO] running `Command { std: "docker" "rm" "-f" "0e68ef9fb99d65faaa2495d59741d9bdf6496b7ad567f9af3adea3abb33be574", kill_on_drop: false }`
[INFO] [stdout] 0e68ef9fb99d65faaa2495d59741d9bdf6496b7ad567f9af3adea3abb33be574
