[INFO] cloning repository https://github.com/muhamadtarek/ara_yaaaay
[INFO] running `Command { std: "git" "-c" "credential.helper=" "-c" "credential.helper=/workspace/cargo-home/bin/git-credential-null" "clone" "--bare" "https://github.com/muhamadtarek/ara_yaaaay" "/workspace/cache/git-repos/https%3A%2F%2Fgithub.com%2Fmuhamadtarek%2Fara_yaaaay", kill_on_drop: false }`
[INFO] [stderr] Cloning into bare repository '/workspace/cache/git-repos/https%3A%2F%2Fgithub.com%2Fmuhamadtarek%2Fara_yaaaay'...
[INFO] running `Command { std: "git" "rev-parse" "HEAD", kill_on_drop: false }`
[INFO] [stdout] 0d17cf97a33a625383ebdc9b9fa2a114221c7f06
[INFO] testing muhamadtarek/ara_yaaaay against nightly-2025-01-18 for randomize-layout-2
[INFO] running `Command { std: "git" "clone" "/workspace/cache/git-repos/https%3A%2F%2Fgithub.com%2Fmuhamadtarek%2Fara_yaaaay" "/workspace/builds/worker-5-tc1/source", kill_on_drop: false }`
[INFO] [stderr] Cloning into '/workspace/builds/worker-5-tc1/source'...
[INFO] [stderr] done.
[INFO] [stderr] Updating files:  62% (927/1476)
Updating files:  63% (930/1476)
Updating files:  64% (945/1476)
Updating files:  65% (960/1476)
Updating files:  66% (975/1476)
Updating files:  67% (989/1476)
Updating files:  68% (1004/1476)
Updating files:  69% (1019/1476)
Updating files:  70% (1034/1476)
Updating files:  71% (1048/1476)
Updating files:  72% (1063/1476)
Updating files:  73% (1078/1476)
Updating files:  74% (1093/1476)
Updating files:  75% (1107/1476)
Updating files:  75% (1116/1476)
Updating files:  76% (1122/1476)
Updating files:  77% (1137/1476)
Updating files:  78% (1152/1476)
Updating files:  79% (1167/1476)
Updating files:  80% (1181/1476)
Updating files:  81% (1196/1476)
Updating files:  82% (1211/1476)
Updating files:  83% (1226/1476)
Updating files:  84% (1240/1476)
Updating files:  85% (1255/1476)
Updating files:  86% (1270/1476)
Updating files:  87% (1285/1476)
Updating files:  88% (1299/1476)
Updating files:  89% (1314/1476)
Updating files:  90% (1329/1476)
Updating files:  91% (1344/1476)
Updating files:  92% (1358/1476)
Updating files:  93% (1373/1476)
Updating files:  94% (1388/1476)
Updating files:  95% (1403/1476)
Updating files:  96% (1417/1476)
Updating files:  97% (1432/1476)
Updating files:  98% (1447/1476)
Updating files:  99% (1462/1476)
Updating files: 100% (1476/1476)
Updating files: 100% (1476/1476), done.
[INFO] validating manifest of git repo https://github.com/muhamadtarek/ara_yaaaay on toolchain nightly-2025-01-18
[INFO] running `Command { std: CARGO_HOME="/workspace/cargo-home" RUSTUP_HOME="/workspace/rustup-home" "/workspace/cargo-home/bin/cargo" "+nightly-2025-01-18" "metadata" "--manifest-path" "Cargo.toml" "--no-deps", kill_on_drop: false }`
[INFO] started tweaking git repo https://github.com/muhamadtarek/ara_yaaaay
[INFO] finished tweaking git repo https://github.com/muhamadtarek/ara_yaaaay
[INFO] tweaked toml for git repo https://github.com/muhamadtarek/ara_yaaaay written to /workspace/builds/worker-5-tc1/source/Cargo.toml
[INFO] crate git repo https://github.com/muhamadtarek/ara_yaaaay already has a lockfile, it will not be regenerated
[INFO] running `Command { std: CARGO_HOME="/workspace/cargo-home" RUSTUP_HOME="/workspace/rustup-home" "/workspace/cargo-home/bin/cargo" "+nightly-2025-01-18" "fetch" "--manifest-path" "Cargo.toml", kill_on_drop: false }`
[INFO] [stderr]  Downloading crates ...
[INFO] [stderr]   Downloaded adobe-cmap-parser v0.4.1
[INFO] running `Command { std: "docker" "create" "-v" "/var/lib/crater-agent-workspace/builds/worker-5-tc1/target:/opt/rustwide/target:rw,Z" "-v" "/var/lib/crater-agent-workspace/builds/worker-5-tc1/source:/opt/rustwide/workdir:ro,Z" "-v" "/var/lib/crater-agent-workspace/cargo-home:/opt/rustwide/cargo-home:ro,Z" "-v" "/var/lib/crater-agent-workspace/rustup-home:/opt/rustwide/rustup-home:ro,Z" "-e" "SOURCE_DIR=/opt/rustwide/workdir" "-e" "CARGO_TARGET_DIR=/opt/rustwide/target" "-e" "CARGO_HOME=/opt/rustwide/cargo-home" "-e" "RUSTUP_HOME=/opt/rustwide/rustup-home" "-w" "/opt/rustwide/workdir" "-m" "1610612736" "--user" "0:0" "--network" "none" "ghcr.io/rust-lang/crates-build-env/linux@sha256:819108c5571ea2e421544af4d832f968d213c87fbe3707a016657f43d2f853bc" "/opt/rustwide/cargo-home/bin/cargo" "+nightly-2025-01-18" "metadata" "--no-deps" "--format-version=1", kill_on_drop: false }`
[INFO] [stdout] d2752c3239b4dd6a324396ad5e7e7e37d6ab7c673e209eccd71e362334e9c478
[INFO] running `Command { std: "docker" "start" "-a" "d2752c3239b4dd6a324396ad5e7e7e37d6ab7c673e209eccd71e362334e9c478", kill_on_drop: false }`
[INFO] running `Command { std: "docker" "inspect" "d2752c3239b4dd6a324396ad5e7e7e37d6ab7c673e209eccd71e362334e9c478", kill_on_drop: false }`
[INFO] running `Command { std: "docker" "rm" "-f" "d2752c3239b4dd6a324396ad5e7e7e37d6ab7c673e209eccd71e362334e9c478", kill_on_drop: false }`
[INFO] [stdout] d2752c3239b4dd6a324396ad5e7e7e37d6ab7c673e209eccd71e362334e9c478
[INFO] running `Command { std: "docker" "create" "-v" "/var/lib/crater-agent-workspace/builds/worker-5-tc1/target:/opt/rustwide/target:rw,Z" "-v" "/var/lib/crater-agent-workspace/builds/worker-5-tc1/source:/opt/rustwide/workdir:ro,Z" "-v" "/var/lib/crater-agent-workspace/cargo-home:/opt/rustwide/cargo-home:ro,Z" "-v" "/var/lib/crater-agent-workspace/rustup-home:/opt/rustwide/rustup-home:ro,Z" "-e" "SOURCE_DIR=/opt/rustwide/workdir" "-e" "CARGO_TARGET_DIR=/opt/rustwide/target" "-e" "CARGO_INCREMENTAL=0" "-e" "RUST_BACKTRACE=full" "-e" "RUSTFLAGS=--cap-lints=forbid" "-e" "RUSTDOCFLAGS=--cap-lints=forbid" "-e" "CARGO_HOME=/opt/rustwide/cargo-home" "-e" "RUSTUP_HOME=/opt/rustwide/rustup-home" "-w" "/opt/rustwide/workdir" "-m" "1610612736" "--user" "0:0" "--network" "none" "ghcr.io/rust-lang/crates-build-env/linux@sha256:819108c5571ea2e421544af4d832f968d213c87fbe3707a016657f43d2f853bc" "/opt/rustwide/cargo-home/bin/cargo" "+nightly-2025-01-18" "build" "--frozen" "--message-format=json", kill_on_drop: false }`
[INFO] [stdout] 08aeb30d907e5c6ad95a2be82bf1188ee47b2dd61048139bfb566d65445d2862
[INFO] running `Command { std: "docker" "start" "-a" "08aeb30d907e5c6ad95a2be82bf1188ee47b2dd61048139bfb566d65445d2862", kill_on_drop: false }`
[INFO] [stderr]    Compiling cfg-if v1.0.0
[INFO] [stderr]    Compiling autocfg v1.4.0
[INFO] [stderr]    Compiling powerfmt v0.2.0
[INFO] [stderr]    Compiling adler2 v2.0.0
[INFO] [stderr]    Compiling tinyvec_macros v0.1.1
[INFO] [stderr]    Compiling time-core v0.1.2
[INFO] [stderr]    Compiling num-conv v0.1.0
[INFO] [stderr]    Compiling minimal-lexical v0.2.1
[INFO] [stderr]    Compiling crc32fast v1.4.2
[INFO] [stderr]    Compiling itoa v1.0.14
[INFO] [stderr]    Compiling miniz_oxide v0.8.2
[INFO] [stderr]    Compiling memchr v2.7.4
[INFO] [stderr]    Compiling pom v1.1.0
[INFO] [stderr]    Compiling deranged v0.3.11
[INFO] [stderr]    Compiling tinyvec v1.8.1
[INFO] [stderr]    Compiling encoding_rs v0.8.35
[INFO] [stderr]    Compiling log v0.4.22
[INFO] [stderr]    Compiling num-traits v0.2.19
[INFO] [stderr]    Compiling md5 v0.7.0
[INFO] [stderr]    Compiling weezl v0.1.8
[INFO] [stderr]    Compiling flate2 v1.0.35
[INFO] [stderr]    Compiling time v0.3.37
[INFO] [stderr]    Compiling nom v7.1.3
[INFO] [stderr]    Compiling linked-hash-map v0.5.6
[INFO] [stderr]    Compiling unicode-normalization v0.1.24
[INFO] [stderr]    Compiling type1-encoding-parser v0.1.0
[INFO] [stderr]    Compiling adobe-cmap-parser v0.4.1
[INFO] [stderr]    Compiling postscript v0.14.1
[INFO] [stderr]    Compiling euclid v0.20.14
[INFO] [stderr]    Compiling lopdf v0.32.0
[INFO] [stderr]    Compiling ara_yaaaay v0.1.0 (/opt/rustwide/workdir)
[INFO] [stdout] warning: unused import: `encoding_rs::UTF_16BE`
[INFO] [stdout]  --> src/lib.rs:4:5
[INFO] [stdout]   |
[INFO] [stdout] 4 | use encoding_rs::UTF_16BE;
[INFO] [stdout]   |     ^^^^^^^^^^^^^^^^^^^^^
[INFO] [stdout]   |
[INFO] [stdout]   = note: `#[warn(unused_imports)]` on by default
[INFO] [stdout] 
[INFO] [stdout] 
[INFO] [stdout] warning: unused import: `lopdf::content::Content`
[INFO] [stdout]  --> src/lib.rs:7:5
[INFO] [stdout]   |
[INFO] [stdout] 7 | use lopdf::content::Content;
[INFO] [stdout]   |     ^^^^^^^^^^^^^^^^^^^^^^^
[INFO] [stdout] 
[INFO] [stdout] 
[INFO] [stdout] warning: unused imports: `PDFDocEncoding` and `to_utf8`
[INFO] [stdout]   --> src/lib.rs:14:54
[INFO] [stdout]    |
[INFO] [stdout] 14 | use utils::{maybe_deref, maybe_get_obj, pdf_to_utf8, to_utf8, PDFDocEncoding};
[INFO] [stdout]    |                                                      ^^^^^^^  ^^^^^^^^^^^^^^
[INFO] [stdout] 
[INFO] [stdout] 
[INFO] [stdout] warning: unused import: `std::collections::hash_map::Entry`
[INFO] [stdout]   --> src/lib.rs:21:5
[INFO] [stdout]    |
[INFO] [stdout] 21 | use std::collections::hash_map::Entry;
[INFO] [stdout]    |     ^^^^^^^^^^^^^^^^^^^^^^^^^^^^^^^^^
[INFO] [stdout] 
[INFO] [stdout] 
[INFO] [stdout] warning: unused import: `std::collections::HashMap`
[INFO] [stdout]   --> src/lib.rs:22:5
[INFO] [stdout]    |
[INFO] [stdout] 22 | use std::collections::HashMap;
[INFO] [stdout]    |     ^^^^^^^^^^^^^^^^^^^^^^^^^
[INFO] [stdout] 
[INFO] [stdout] 
[INFO] [stdout] warning: unused import: `std::fmt`
[INFO] [stdout]   --> src/lib.rs:23:5
[INFO] [stdout]    |
[INFO] [stdout] 23 | use std::fmt;
[INFO] [stdout]    |     ^^^^^^^^
[INFO] [stdout] 
[INFO] [stdout] 
[INFO] [stdout] warning: unused import: `std::fs::File`
[INFO] [stdout]   --> src/lib.rs:24:5
[INFO] [stdout]    |
[INFO] [stdout] 24 | use std::fs::File;
[INFO] [stdout]    |     ^^^^^^^^^^^^^
[INFO] [stdout] 
[INFO] [stdout] 
[INFO] [stdout] warning: unused import: `std::marker::PhantomData`
[INFO] [stdout]   --> src/lib.rs:25:5
[INFO] [stdout]    |
[INFO] [stdout] 25 | use std::marker::PhantomData;
[INFO] [stdout]    |     ^^^^^^^^^^^^^^^^^^^^^^^^
[INFO] [stdout] 
[INFO] [stdout] 
[INFO] [stdout] warning: private item shadows public glob re-export
[INFO] [stdout]   --> src/lib.rs:27:5
[INFO] [stdout]    |
[INFO] [stdout] 27 | use std::result::Result;
[INFO] [stdout]    |     ^^^^^^^^^^^^^^^^^^^
[INFO] [stdout]    |
[INFO] [stdout] note: the name `Result` in the type namespace is supposed to be publicly re-exported here
[INFO] [stdout]   --> src/lib.rs:9:9
[INFO] [stdout]    |
[INFO] [stdout] 9  | pub use lopdf::*;
[INFO] [stdout]    |         ^^^^^^^^
[INFO] [stdout] note: but the private item here shadows it
[INFO] [stdout]   --> src/lib.rs:27:5
[INFO] [stdout]    |
[INFO] [stdout] 27 | use std::result::Result;
[INFO] [stdout]    |     ^^^^^^^^^^^^^^^^^^^
[INFO] [stdout]    = note: `#[warn(hidden_glob_reexports)]` on by default
[INFO] [stdout] 
[INFO] [stdout] 
[INFO] [stdout] warning: unused import: `std::slice::Iter`
[INFO] [stdout]   --> src/lib.rs:28:5
[INFO] [stdout]    |
[INFO] [stdout] 28 | use std::slice::Iter;
[INFO] [stdout]    |     ^^^^^^^^^^^^^^^^
[INFO] [stdout] 
[INFO] [stdout] 
[INFO] [stdout] warning: unused import: `std::str`
[INFO] [stdout]   --> src/lib.rs:29:5
[INFO] [stdout]    |
[INFO] [stdout] 29 | use std::str;
[INFO] [stdout]    |     ^^^^^^^^
[INFO] [stdout] 
[INFO] [stdout] 
[INFO] [stdout] warning: unused import: `unicode_normalization::UnicodeNormalization`
[INFO] [stdout]   --> src/lib.rs:30:5
[INFO] [stdout]    |
[INFO] [stdout] 30 | use unicode_normalization::UnicodeNormalization;
[INFO] [stdout]    |     ^^^^^^^^^^^^^^^^^^^^^^^^^^^^^^^^^^^^^^^^^^^
[INFO] [stdout] 
[INFO] [stdout] 
[INFO] [stdout] warning: elided lifetime has a name
[INFO] [stdout]    --> src/font.rs:554:53
[INFO] [stdout]     |
[INFO] [stdout] 553 | impl<'a> dyn PdfFont + 'a {
[INFO] [stdout]     |      -- lifetime `'a` declared here
[INFO] [stdout] 554 |     pub fn char_codes(&'a self, chars: &'a [u8]) -> PdfFontIter {
[INFO] [stdout]     |                                                     ^^^^^^^^^^^ this elided lifetime gets resolved as `'a`
[INFO] [stdout]     |
[INFO] [stdout]     = note: `#[warn(elided_named_lifetimes)]` on by default
[INFO] [stdout] 
[INFO] [stdout] 
[INFO] [stdout] warning: unused variable: `e`
[INFO] [stdout]    --> src/font.rs:235:65
[INFO] [stdout]     |
[INFO] [stdout] 235 | ...                   Entry::Occupied(e) => {
[INFO] [stdout]     |                                       ^ help: if this is intentional, prefix it with an underscore: `_e`
[INFO] [stdout]     |
[INFO] [stdout]     = note: `#[warn(unused_variables)]` on by default
[INFO] [stdout] 
[INFO] [stdout] 
[INFO] [stdout] warning: fields `contents`, `size`, `bits_per_sample`, `encode`, and `decode` are never read
[INFO] [stdout]    --> src/lib.rs:243:5
[INFO] [stdout]     |
[INFO] [stdout] 240 | struct Type0Func {
[INFO] [stdout]     |        --------- fields in this struct
[INFO] [stdout] ...
[INFO] [stdout] 243 |     contents: Vec<u8>,
[INFO] [stdout]     |     ^^^^^^^^
[INFO] [stdout] 244 |     size: Vec<i64>,
[INFO] [stdout]     |     ^^^^
[INFO] [stdout] 245 |     bits_per_sample: i64,
[INFO] [stdout]     |     ^^^^^^^^^^^^^^^
[INFO] [stdout] 246 |     encode: Vec<f64>,
[INFO] [stdout]     |     ^^^^^^
[INFO] [stdout] 247 |     decode: Vec<f64>,
[INFO] [stdout]     |     ^^^^^^
[INFO] [stdout]     |
[INFO] [stdout]     = note: `Type0Func` has derived impls for the traits `Debug` and `Clone`, but these are intentionally ignored during dead code analysis
[INFO] [stdout]     = note: `#[warn(dead_code)]` on by default
[INFO] [stdout] 
[INFO] [stdout] 
[INFO] [stdout] warning: fields `c0`, `c1`, and `n` are never read
[INFO] [stdout]    --> src/lib.rs:272:5
[INFO] [stdout]     |
[INFO] [stdout] 271 | struct Type2Func {
[INFO] [stdout]     |        --------- fields in this struct
[INFO] [stdout] 272 |     c0: Option<Vec<f64>>,
[INFO] [stdout]     |     ^^
[INFO] [stdout] 273 |     c1: Option<Vec<f64>>,
[INFO] [stdout]     |     ^^
[INFO] [stdout] 274 |     n: f64,
[INFO] [stdout]     |     ^
[INFO] [stdout]     |
[INFO] [stdout]     = note: `Type2Func` has derived impls for the traits `Debug` and `Clone`, but these are intentionally ignored during dead code analysis
[INFO] [stdout] 
[INFO] [stdout] 
[INFO] [stdout] warning: field `0` is never read
[INFO] [stdout]    --> src/lib.rs:279:11
[INFO] [stdout]     |
[INFO] [stdout] 279 |     Type0(Type0Func),
[INFO] [stdout]     |     ----- ^^^^^^^^^
[INFO] [stdout]     |     |
[INFO] [stdout]     |     field in this variant
[INFO] [stdout]     |
[INFO] [stdout]     = note: `Function` has derived impls for the traits `Debug` and `Clone`, but these are intentionally ignored during dead code analysis
[INFO] [stdout] help: consider changing the field to be of unit type to suppress this warning while preserving the field numbering, or remove the field
[INFO] [stdout]     |
[INFO] [stdout] 279 |     Type0(()),
[INFO] [stdout]     |           ~~
[INFO] [stdout] 
[INFO] [stdout] 
[INFO] [stdout] warning: field `0` is never read
[INFO] [stdout]    --> src/lib.rs:280:11
[INFO] [stdout]     |
[INFO] [stdout] 280 |     Type2(Type2Func),
[INFO] [stdout]     |     ----- ^^^^^^^^^
[INFO] [stdout]     |     |
[INFO] [stdout]     |     field in this variant
[INFO] [stdout]     |
[INFO] [stdout]     = note: `Function` has derived impls for the traits `Debug` and `Clone`, but these are intentionally ignored during dead code analysis
[INFO] [stdout] help: consider changing the field to be of unit type to suppress this warning while preserving the field numbering, or remove the field
[INFO] [stdout]     |
[INFO] [stdout] 280 |     Type2(()),
[INFO] [stdout]     |           ~~
[INFO] [stdout] 
[INFO] [stdout] 
[INFO] [stdout] warning: fields `white_point`, `black_point`, and `gamma` are never read
[INFO] [stdout]    --> src/lib.rs:524:5
[INFO] [stdout]     |
[INFO] [stdout] 523 | pub struct CalGray {
[INFO] [stdout]     |            ------- fields in this struct
[INFO] [stdout] 524 |     white_point: [f64; 3],
[INFO] [stdout]     |     ^^^^^^^^^^^
[INFO] [stdout] 525 |     black_point: Option<[f64; 3]>,
[INFO] [stdout]     |     ^^^^^^^^^^^
[INFO] [stdout] 526 |     gamma: Option<f64>,
[INFO] [stdout]     |     ^^^^^
[INFO] [stdout]     |
[INFO] [stdout]     = note: `CalGray` has derived impls for the traits `Debug` and `Clone`, but these are intentionally ignored during dead code analysis
[INFO] [stdout] 
[INFO] [stdout] 
[INFO] [stdout] warning: fields `white_point`, `black_point`, `gamma`, and `matrix` are never read
[INFO] [stdout]    --> src/lib.rs:531:5
[INFO] [stdout]     |
[INFO] [stdout] 530 | pub struct CalRGB {
[INFO] [stdout]     |            ------ fields in this struct
[INFO] [stdout] 531 |     white_point: [f64; 3],
[INFO] [stdout]     |     ^^^^^^^^^^^
[INFO] [stdout] 532 |     black_point: Option<[f64; 3]>,
[INFO] [stdout]     |     ^^^^^^^^^^^
[INFO] [stdout] 533 |     gamma: Option<[f64; 3]>,
[INFO] [stdout]     |     ^^^^^
[INFO] [stdout] 534 |     matrix: Option<Vec<f64>>,
[INFO] [stdout]     |     ^^^^^^
[INFO] [stdout]     |
[INFO] [stdout]     = note: `CalRGB` has derived impls for the traits `Debug` and `Clone`, but these are intentionally ignored during dead code analysis
[INFO] [stdout] 
[INFO] [stdout] 
[INFO] [stdout] warning: fields `white_point`, `black_point`, and `range` are never read
[INFO] [stdout]    --> src/lib.rs:539:5
[INFO] [stdout]     |
[INFO] [stdout] 538 | pub struct Lab {
[INFO] [stdout]     |            --- fields in this struct
[INFO] [stdout] 539 |     white_point: [f64; 3],
[INFO] [stdout]     |     ^^^^^^^^^^^
[INFO] [stdout] 540 |     black_point: Option<[f64; 3]>,
[INFO] [stdout]     |     ^^^^^^^^^^^
[INFO] [stdout] 541 |     range: Option<[f64; 4]>,
[INFO] [stdout]     |     ^^^^^
[INFO] [stdout]     |
[INFO] [stdout]     = note: `Lab` has derived impls for the traits `Debug` and `Clone`, but these are intentionally ignored during dead code analysis
[INFO] [stdout] 
[INFO] [stdout] 
[INFO] [stdout] warning: fields `name`, `alternate_space`, and `tint_transform` are never read
[INFO] [stdout]    --> src/lib.rs:557:5
[INFO] [stdout]     |
[INFO] [stdout] 556 | pub struct Separation {
[INFO] [stdout]     |            ---------- fields in this struct
[INFO] [stdout] 557 |     name: String,
[INFO] [stdout]     |     ^^^^
[INFO] [stdout] 558 |     alternate_space: AlternateColorSpace,
[INFO] [stdout]     |     ^^^^^^^^^^^^^^^
[INFO] [stdout] 559 |     tint_transform: Box<Function>,
[INFO] [stdout]     |     ^^^^^^^^^^^^^^
[INFO] [stdout]     |
[INFO] [stdout]     = note: `Separation` has a derived impl for the trait `Clone`, but this is intentionally ignored during dead code analysis
[INFO] [stdout] 
[INFO] [stdout] 
[INFO] [stdout] warning: field `doc` is never read
[INFO] [stdout]   --> src/font.rs:38:5
[INFO] [stdout]    |
[INFO] [stdout] 36 | struct PdfType3Font<'a> {
[INFO] [stdout]    |        ------------ field in this struct
[INFO] [stdout] 37 |     font: &'a Dictionary,
[INFO] [stdout] 38 |     doc: &'a Document,
[INFO] [stdout]    |     ^^^
[INFO] [stdout]    |
[INFO] [stdout]    = note: `PdfType3Font` has a derived impl for the trait `Clone`, but this is intentionally ignored during dead code analysis
[INFO] [stdout] 
[INFO] [stdout] 
[INFO] [stderr]     Finished `dev` profile [unoptimized + debuginfo] target(s) in 26.19s
[INFO] running `Command { std: "docker" "inspect" "08aeb30d907e5c6ad95a2be82bf1188ee47b2dd61048139bfb566d65445d2862", kill_on_drop: false }`
[INFO] running `Command { std: "docker" "rm" "-f" "08aeb30d907e5c6ad95a2be82bf1188ee47b2dd61048139bfb566d65445d2862", kill_on_drop: false }`
[INFO] [stdout] 08aeb30d907e5c6ad95a2be82bf1188ee47b2dd61048139bfb566d65445d2862
[INFO] running `Command { std: "docker" "create" "-v" "/var/lib/crater-agent-workspace/builds/worker-5-tc1/target:/opt/rustwide/target:rw,Z" "-v" "/var/lib/crater-agent-workspace/builds/worker-5-tc1/source:/opt/rustwide/workdir:ro,Z" "-v" "/var/lib/crater-agent-workspace/cargo-home:/opt/rustwide/cargo-home:ro,Z" "-v" "/var/lib/crater-agent-workspace/rustup-home:/opt/rustwide/rustup-home:ro,Z" "-e" "SOURCE_DIR=/opt/rustwide/workdir" "-e" "CARGO_TARGET_DIR=/opt/rustwide/target" "-e" "CARGO_INCREMENTAL=0" "-e" "RUST_BACKTRACE=full" "-e" "RUSTFLAGS=--cap-lints=forbid" "-e" "RUSTDOCFLAGS=--cap-lints=forbid" "-e" "CARGO_HOME=/opt/rustwide/cargo-home" "-e" "RUSTUP_HOME=/opt/rustwide/rustup-home" "-w" "/opt/rustwide/workdir" "-m" "1610612736" "--user" "0:0" "--network" "none" "ghcr.io/rust-lang/crates-build-env/linux@sha256:819108c5571ea2e421544af4d832f968d213c87fbe3707a016657f43d2f853bc" "/opt/rustwide/cargo-home/bin/cargo" "+nightly-2025-01-18" "test" "--frozen" "--no-run" "--message-format=json", kill_on_drop: false }`
[INFO] [stdout] 7a7c781081287d28c987ab308f5d813133e093b7f7c06014776c55f35af8c6e7
[INFO] running `Command { std: "docker" "start" "-a" "7a7c781081287d28c987ab308f5d813133e093b7f7c06014776c55f35af8c6e7", kill_on_drop: false }`
[INFO] [stderr]    Compiling proc-macro2 v1.0.92
[INFO] [stderr]    Compiling unicode-ident v1.0.14
[INFO] [stderr]    Compiling stable_deref_trait v1.2.0
[INFO] [stderr]    Compiling writeable v0.5.5
[INFO] [stderr]    Compiling litemap v0.7.4
[INFO] [stderr]    Compiling shlex v1.3.0
[INFO] [stderr]    Compiling icu_locid_transform_data v1.5.0
[INFO] [stderr]    Compiling libc v0.2.169
[INFO] [stderr]    Compiling icu_properties_data v1.5.0
[INFO] [stderr]    Compiling smallvec v1.13.2
[INFO] [stderr]    Compiling write16 v1.0.0
[INFO] [stderr]    Compiling utf8_iter v1.0.4
[INFO] [stderr]    Compiling icu_normalizer_data v1.5.0
[INFO] [stderr]    Compiling cc v1.2.5
[INFO] [stderr]    Compiling utf16_iter v1.0.5
[INFO] [stderr]    Compiling untrusted v0.9.0
[INFO] [stderr]    Compiling rustls-pki-types v1.10.1
[INFO] [stderr]    Compiling spin v0.9.8
[INFO] [stderr]    Compiling percent-encoding v2.3.1
[INFO] [stderr]    Compiling rustls v0.23.20
[INFO] [stderr]    Compiling form_urlencoded v1.2.1
[INFO] [stderr]    Compiling subtle v2.6.1
[INFO] [stderr]    Compiling once_cell v1.20.2
[INFO] [stderr]    Compiling zeroize v1.8.1
[INFO] [stderr]    Compiling base64 v0.22.1
[INFO] [stderr]    Compiling webpki-roots v0.26.7
[INFO] [stdout] warning: unused import: `encoding_rs::UTF_16BE`
[INFO] [stdout]  --> src/lib.rs:4:5
[INFO] [stdout]   |
[INFO] [stdout] 4 | use encoding_rs::UTF_16BE;
[INFO] [stdout]   |     ^^^^^^^^^^^^^^^^^^^^^
[INFO] [stdout]   |
[INFO] [stdout]   = note: `#[warn(unused_imports)]` on by default
[INFO] [stdout] 
[INFO] [stdout] 
[INFO] [stdout] warning: unused import: `lopdf::content::Content`
[INFO] [stdout]  --> src/lib.rs:7:5
[INFO] [stdout]   |
[INFO] [stdout] 7 | use lopdf::content::Content;
[INFO] [stdout]   |     ^^^^^^^^^^^^^^^^^^^^^^^
[INFO] [stdout] 
[INFO] [stdout] 
[INFO] [stdout] warning: unused imports: `PDFDocEncoding` and `to_utf8`
[INFO] [stdout]   --> src/lib.rs:14:54
[INFO] [stdout]    |
[INFO] [stdout] 14 | use utils::{maybe_deref, maybe_get_obj, pdf_to_utf8, to_utf8, PDFDocEncoding};
[INFO] [stdout]    |                                                      ^^^^^^^  ^^^^^^^^^^^^^^
[INFO] [stdout] 
[INFO] [stdout] 
[INFO] [stdout] warning: unused import: `std::collections::hash_map::Entry`
[INFO] [stdout]   --> src/lib.rs:21:5
[INFO] [stdout]    |
[INFO] [stdout] 21 | use std::collections::hash_map::Entry;
[INFO] [stdout]    |     ^^^^^^^^^^^^^^^^^^^^^^^^^^^^^^^^^
[INFO] [stdout] 
[INFO] [stdout] 
[INFO] [stdout] warning: unused import: `std::collections::HashMap`
[INFO] [stdout]   --> src/lib.rs:22:5
[INFO] [stdout]    |
[INFO] [stdout] 22 | use std::collections::HashMap;
[INFO] [stdout]    |     ^^^^^^^^^^^^^^^^^^^^^^^^^
[INFO] [stdout] 
[INFO] [stdout] 
[INFO] [stdout] warning: unused import: `std::fmt`
[INFO] [stdout]   --> src/lib.rs:23:5
[INFO] [stdout]    |
[INFO] [stdout] 23 | use std::fmt;
[INFO] [stdout]    |     ^^^^^^^^
[INFO] [stdout] 
[INFO] [stdout] 
[INFO] [stdout] warning: unused import: `std::fs::File`
[INFO] [stdout]   --> src/lib.rs:24:5
[INFO] [stdout]    |
[INFO] [stdout] 24 | use std::fs::File;
[INFO] [stdout]    |     ^^^^^^^^^^^^^
[INFO] [stdout] 
[INFO] [stdout] 
[INFO] [stdout] warning: unused import: `std::marker::PhantomData`
[INFO] [stdout]   --> src/lib.rs:25:5
[INFO] [stdout]    |
[INFO] [stdout] 25 | use std::marker::PhantomData;
[INFO] [stdout]    |     ^^^^^^^^^^^^^^^^^^^^^^^^
[INFO] [stdout] 
[INFO] [stdout] 
[INFO] [stdout] warning: private item shadows public glob re-export
[INFO] [stdout]   --> src/lib.rs:27:5
[INFO] [stdout]    |
[INFO] [stdout] 27 | use std::result::Result;
[INFO] [stdout]    |     ^^^^^^^^^^^^^^^^^^^
[INFO] [stdout]    |
[INFO] [stdout] note: the name `Result` in the type namespace is supposed to be publicly re-exported here
[INFO] [stdout]   --> src/lib.rs:9:9
[INFO] [stdout]    |
[INFO] [stdout] 9  | pub use lopdf::*;
[INFO] [stdout]    |         ^^^^^^^^
[INFO] [stdout] note: but the private item here shadows it
[INFO] [stdout]   --> src/lib.rs:27:5
[INFO] [stdout]    |
[INFO] [stdout] 27 | use std::result::Result;
[INFO] [stdout]    |     ^^^^^^^^^^^^^^^^^^^
[INFO] [stdout]    = note: `#[warn(hidden_glob_reexports)]` on by default
[INFO] [stdout] 
[INFO] [stdout] 
[INFO] [stdout] warning: unused import: `std::slice::Iter`
[INFO] [stdout]   --> src/lib.rs:28:5
[INFO] [stdout]    |
[INFO] [stdout] 28 | use std::slice::Iter;
[INFO] [stdout]    |     ^^^^^^^^^^^^^^^^
[INFO] [stdout] 
[INFO] [stdout] 
[INFO] [stdout] warning: unused import: `std::str`
[INFO] [stdout]   --> src/lib.rs:29:5
[INFO] [stdout]    |
[INFO] [stdout] 29 | use std::str;
[INFO] [stdout]    |     ^^^^^^^^
[INFO] [stdout] 
[INFO] [stdout] 
[INFO] [stdout] warning: unused import: `unicode_normalization::UnicodeNormalization`
[INFO] [stdout]   --> src/lib.rs:30:5
[INFO] [stdout]    |
[INFO] [stdout] 30 | use unicode_normalization::UnicodeNormalization;
[INFO] [stdout]    |     ^^^^^^^^^^^^^^^^^^^^^^^^^^^^^^^^^^^^^^^^^^^
[INFO] [stdout] 
[INFO] [stdout] 
[INFO] [stdout] warning: elided lifetime has a name
[INFO] [stdout]    --> src/font.rs:554:53
[INFO] [stdout]     |
[INFO] [stdout] 553 | impl<'a> dyn PdfFont + 'a {
[INFO] [stdout]     |      -- lifetime `'a` declared here
[INFO] [stdout] 554 |     pub fn char_codes(&'a self, chars: &'a [u8]) -> PdfFontIter {
[INFO] [stdout]     |                                                     ^^^^^^^^^^^ this elided lifetime gets resolved as `'a`
[INFO] [stdout]     |
[INFO] [stdout]     = note: `#[warn(elided_named_lifetimes)]` on by default
[INFO] [stdout] 
[INFO] [stdout] 
[INFO] [stdout] warning: unused variable: `e`
[INFO] [stdout]    --> src/font.rs:235:65
[INFO] [stdout]     |
[INFO] [stdout] 235 | ...                   Entry::Occupied(e) => {
[INFO] [stdout]     |                                       ^ help: if this is intentional, prefix it with an underscore: `_e`
[INFO] [stdout]     |
[INFO] [stdout]     = note: `#[warn(unused_variables)]` on by default
[INFO] [stdout] 
[INFO] [stdout] 
[INFO] [stdout] warning: fields `contents`, `size`, `bits_per_sample`, `encode`, and `decode` are never read
[INFO] [stdout]    --> src/lib.rs:243:5
[INFO] [stdout]     |
[INFO] [stdout] 240 | struct Type0Func {
[INFO] [stdout]     |        --------- fields in this struct
[INFO] [stdout] ...
[INFO] [stdout] 243 |     contents: Vec<u8>,
[INFO] [stdout]     |     ^^^^^^^^
[INFO] [stdout] 244 |     size: Vec<i64>,
[INFO] [stdout]     |     ^^^^
[INFO] [stdout] 245 |     bits_per_sample: i64,
[INFO] [stdout]     |     ^^^^^^^^^^^^^^^
[INFO] [stdout] 246 |     encode: Vec<f64>,
[INFO] [stdout]     |     ^^^^^^
[INFO] [stdout] 247 |     decode: Vec<f64>,
[INFO] [stdout]     |     ^^^^^^
[INFO] [stdout]     |
[INFO] [stdout]     = note: `Type0Func` has derived impls for the traits `Debug` and `Clone`, but these are intentionally ignored during dead code analysis
[INFO] [stdout]     = note: `#[warn(dead_code)]` on by default
[INFO] [stdout] 
[INFO] [stdout] 
[INFO] [stdout] warning: fields `c0`, `c1`, and `n` are never read
[INFO] [stdout]    --> src/lib.rs:272:5
[INFO] [stdout]     |
[INFO] [stdout] 271 | struct Type2Func {
[INFO] [stdout]     |        --------- fields in this struct
[INFO] [stdout] 272 |     c0: Option<Vec<f64>>,
[INFO] [stdout]     |     ^^
[INFO] [stdout] 273 |     c1: Option<Vec<f64>>,
[INFO] [stdout]     |     ^^
[INFO] [stdout] 274 |     n: f64,
[INFO] [stdout]     |     ^
[INFO] [stdout]     |
[INFO] [stdout]     = note: `Type2Func` has derived impls for the traits `Debug` and `Clone`, but these are intentionally ignored during dead code analysis
[INFO] [stdout] 
[INFO] [stdout] 
[INFO] [stdout] warning: field `0` is never read
[INFO] [stdout]    --> src/lib.rs:279:11
[INFO] [stdout]     |
[INFO] [stdout] 279 |     Type0(Type0Func),
[INFO] [stdout]     |     ----- ^^^^^^^^^
[INFO] [stdout]     |     |
[INFO] [stdout]     |     field in this variant
[INFO] [stdout]     |
[INFO] [stdout]     = note: `Function` has derived impls for the traits `Debug` and `Clone`, but these are intentionally ignored during dead code analysis
[INFO] [stdout] help: consider changing the field to be of unit type to suppress this warning while preserving the field numbering, or remove the field
[INFO] [stdout]     |
[INFO] [stdout] 279 |     Type0(()),
[INFO] [stdout]     |           ~~
[INFO] [stdout] 
[INFO] [stdout] 
[INFO] [stdout] warning: field `0` is never read
[INFO] [stdout]    --> src/lib.rs:280:11
[INFO] [stdout]     |
[INFO] [stdout] 280 |     Type2(Type2Func),
[INFO] [stdout]     |     ----- ^^^^^^^^^
[INFO] [stdout]     |     |
[INFO] [stdout]     |     field in this variant
[INFO] [stdout]     |
[INFO] [stdout]     = note: `Function` has derived impls for the traits `Debug` and `Clone`, but these are intentionally ignored during dead code analysis
[INFO] [stdout] help: consider changing the field to be of unit type to suppress this warning while preserving the field numbering, or remove the field
[INFO] [stdout]     |
[INFO] [stdout] 280 |     Type2(()),
[INFO] [stdout]     |           ~~
[INFO] [stdout] 
[INFO] [stdout] 
[INFO] [stdout] warning: fields `white_point`, `black_point`, and `gamma` are never read
[INFO] [stdout]    --> src/lib.rs:524:5
[INFO] [stdout]     |
[INFO] [stdout] 523 | pub struct CalGray {
[INFO] [stdout]     |            ------- fields in this struct
[INFO] [stdout] 524 |     white_point: [f64; 3],
[INFO] [stdout]     |     ^^^^^^^^^^^
[INFO] [stdout] 525 |     black_point: Option<[f64; 3]>,
[INFO] [stdout]     |     ^^^^^^^^^^^
[INFO] [stdout] 526 |     gamma: Option<f64>,
[INFO] [stdout]     |     ^^^^^
[INFO] [stdout]     |
[INFO] [stdout]     = note: `CalGray` has derived impls for the traits `Debug` and `Clone`, but these are intentionally ignored during dead code analysis
[INFO] [stdout] 
[INFO] [stdout] 
[INFO] [stdout] warning: fields `white_point`, `black_point`, `gamma`, and `matrix` are never read
[INFO] [stdout]    --> src/lib.rs:531:5
[INFO] [stdout]     |
[INFO] [stdout] 530 | pub struct CalRGB {
[INFO] [stdout]     |            ------ fields in this struct
[INFO] [stdout] 531 |     white_point: [f64; 3],
[INFO] [stdout]     |     ^^^^^^^^^^^
[INFO] [stdout] 532 |     black_point: Option<[f64; 3]>,
[INFO] [stdout]     |     ^^^^^^^^^^^
[INFO] [stdout] 533 |     gamma: Option<[f64; 3]>,
[INFO] [stdout]     |     ^^^^^
[INFO] [stdout] 534 |     matrix: Option<Vec<f64>>,
[INFO] [stdout]     |     ^^^^^^
[INFO] [stdout]     |
[INFO] [stdout]     = note: `CalRGB` has derived impls for the traits `Debug` and `Clone`, but these are intentionally ignored during dead code analysis
[INFO] [stdout] 
[INFO] [stdout] 
[INFO] [stdout] warning: fields `white_point`, `black_point`, and `range` are never read
[INFO] [stdout]    --> src/lib.rs:539:5
[INFO] [stdout]     |
[INFO] [stdout] 538 | pub struct Lab {
[INFO] [stdout]     |            --- fields in this struct
[INFO] [stdout] 539 |     white_point: [f64; 3],
[INFO] [stdout]     |     ^^^^^^^^^^^
[INFO] [stdout] 540 |     black_point: Option<[f64; 3]>,
[INFO] [stdout]     |     ^^^^^^^^^^^
[INFO] [stdout] 541 |     range: Option<[f64; 4]>,
[INFO] [stdout]     |     ^^^^^
[INFO] [stdout]     |
[INFO] [stdout]     = note: `Lab` has derived impls for the traits `Debug` and `Clone`, but these are intentionally ignored during dead code analysis
[INFO] [stdout] 
[INFO] [stdout] 
[INFO] [stdout] warning: fields `name`, `alternate_space`, and `tint_transform` are never read
[INFO] [stdout]    --> src/lib.rs:557:5
[INFO] [stdout]     |
[INFO] [stdout] 556 | pub struct Separation {
[INFO] [stdout]     |            ---------- fields in this struct
[INFO] [stdout] 557 |     name: String,
[INFO] [stdout]     |     ^^^^
[INFO] [stdout] 558 |     alternate_space: AlternateColorSpace,
[INFO] [stdout]     |     ^^^^^^^^^^^^^^^
[INFO] [stdout] 559 |     tint_transform: Box<Function>,
[INFO] [stdout]     |     ^^^^^^^^^^^^^^
[INFO] [stdout]     |
[INFO] [stdout]     = note: `Separation` has a derived impl for the trait `Clone`, but this is intentionally ignored during dead code analysis
[INFO] [stdout] 
[INFO] [stdout] 
[INFO] [stdout] warning: field `doc` is never read
[INFO] [stdout]   --> src/font.rs:38:5
[INFO] [stdout]    |
[INFO] [stdout] 36 | struct PdfType3Font<'a> {
[INFO] [stdout]    |        ------------ field in this struct
[INFO] [stdout] 37 |     font: &'a Dictionary,
[INFO] [stdout] 38 |     doc: &'a Document,
[INFO] [stdout]    |     ^^^
[INFO] [stdout]    |
[INFO] [stdout]    = note: `PdfType3Font` has a derived impl for the trait `Clone`, but this is intentionally ignored during dead code analysis
[INFO] [stdout] 
[INFO] [stdout] 
[INFO] [stderr]    Compiling quote v1.0.37
[INFO] [stderr]    Compiling syn v2.0.91
[INFO] [stderr]    Compiling getrandom v0.2.15
[INFO] [stderr]    Compiling ring v0.17.8
[INFO] [stderr]    Compiling synstructure v0.13.1
[INFO] [stderr]    Compiling zerovec-derive v0.10.3
[INFO] [stderr]    Compiling displaydoc v0.2.5
[INFO] [stderr]    Compiling icu_provider_macros v1.5.0
[INFO] [stderr]    Compiling zerofrom-derive v0.1.5
[INFO] [stderr]    Compiling yoke-derive v0.7.5
[INFO] [stderr]    Compiling zerofrom v0.1.5
[INFO] [stderr]    Compiling yoke v0.7.5
[INFO] [stderr]    Compiling zerovec v0.10.4
[INFO] [stderr]    Compiling rustls-webpki v0.102.8
[INFO] [stderr]    Compiling tinystr v0.7.6
[INFO] [stderr]    Compiling icu_collections v1.5.0
[INFO] [stderr]    Compiling icu_locid v1.5.0
[INFO] [stderr]    Compiling icu_provider v1.5.0
[INFO] [stderr]    Compiling icu_locid_transform v1.5.0
[INFO] [stderr]    Compiling icu_properties v1.5.1
[INFO] [stderr]    Compiling icu_normalizer v1.5.0
[INFO] [stderr]    Compiling idna_adapter v1.2.0
[INFO] [stderr]    Compiling idna v1.0.3
[INFO] [stderr]    Compiling url v2.5.4
[INFO] [stderr]    Compiling ureq v2.12.1
[INFO] [stderr]    Compiling ara_yaaaay v0.1.0 (/opt/rustwide/workdir)
[INFO] [stdout] warning: unused `Result` that must be used
[INFO] [stdout]   --> examples/extract.rs:40:5
[INFO] [stdout]    |
[INFO] [stdout] 40 |     output_doc(&doc, output.as_mut());
[INFO] [stdout]    |     ^^^^^^^^^^^^^^^^^^^^^^^^^^^^^^^^^
[INFO] [stdout]    |
[INFO] [stdout]    = note: this `Result` may be an `Err` variant, which should be handled
[INFO] [stdout]    = note: `#[warn(unused_must_use)]` on by default
[INFO] [stdout] help: use `let _ = ...` to ignore the resulting value
[INFO] [stdout]    |
[INFO] [stdout] 40 |     let _ = output_doc(&doc, output.as_mut());
[INFO] [stdout]    |     +++++++
[INFO] [stdout] 
[INFO] [stdout] 
[INFO] [stdout] warning: unused import: `encoding_rs::UTF_16BE`
[INFO] [stdout]  --> src/lib.rs:4:5
[INFO] [stdout]   |
[INFO] [stdout] 4 | use encoding_rs::UTF_16BE;
[INFO] [stdout]   |     ^^^^^^^^^^^^^^^^^^^^^
[INFO] [stdout]   |
[INFO] [stdout]   = note: `#[warn(unused_imports)]` on by default
[INFO] [stdout] 
[INFO] [stdout] 
[INFO] [stdout] warning: unused import: `lopdf::content::Content`
[INFO] [stdout]  --> src/lib.rs:7:5
[INFO] [stdout]   |
[INFO] [stdout] 7 | use lopdf::content::Content;
[INFO] [stdout]   |     ^^^^^^^^^^^^^^^^^^^^^^^
[INFO] [stdout] 
[INFO] [stdout] 
[INFO] [stdout] warning: unused imports: `PDFDocEncoding` and `to_utf8`
[INFO] [stdout]   --> src/lib.rs:14:54
[INFO] [stdout]    |
[INFO] [stdout] 14 | use utils::{maybe_deref, maybe_get_obj, pdf_to_utf8, to_utf8, PDFDocEncoding};
[INFO] [stdout]    |                                                      ^^^^^^^  ^^^^^^^^^^^^^^
[INFO] [stdout] 
[INFO] [stdout] 
[INFO] [stdout] warning: unused import: `std::collections::hash_map::Entry`
[INFO] [stdout]   --> src/lib.rs:21:5
[INFO] [stdout]    |
[INFO] [stdout] 21 | use std::collections::hash_map::Entry;
[INFO] [stdout]    |     ^^^^^^^^^^^^^^^^^^^^^^^^^^^^^^^^^
[INFO] [stdout] 
[INFO] [stdout] 
[INFO] [stdout] warning: unused import: `std::collections::HashMap`
[INFO] [stdout]   --> src/lib.rs:22:5
[INFO] [stdout]    |
[INFO] [stdout] 22 | use std::collections::HashMap;
[INFO] [stdout]    |     ^^^^^^^^^^^^^^^^^^^^^^^^^
[INFO] [stdout] 
[INFO] [stdout] 
[INFO] [stdout] warning: unused import: `std::fmt`
[INFO] [stdout]   --> src/lib.rs:23:5
[INFO] [stdout]    |
[INFO] [stdout] 23 | use std::fmt;
[INFO] [stdout]    |     ^^^^^^^^
[INFO] [stdout] 
[INFO] [stdout] 
[INFO] [stdout] warning: unused import: `std::fs::File`
[INFO] [stdout]   --> src/lib.rs:24:5
[INFO] [stdout]    |
[INFO] [stdout] 24 | use std::fs::File;
[INFO] [stdout]    |     ^^^^^^^^^^^^^
[INFO] [stdout] 
[INFO] [stdout] 
[INFO] [stdout] warning: unused import: `std::marker::PhantomData`
[INFO] [stdout]   --> src/lib.rs:25:5
[INFO] [stdout]    |
[INFO] [stdout] 25 | use std::marker::PhantomData;
[INFO] [stdout]    |     ^^^^^^^^^^^^^^^^^^^^^^^^
[INFO] [stdout] 
[INFO] [stdout] 
[INFO] [stdout] warning: private item shadows public glob re-export
[INFO] [stdout]   --> src/lib.rs:27:5
[INFO] [stdout]    |
[INFO] [stdout] 27 | use std::result::Result;
[INFO] [stdout]    |     ^^^^^^^^^^^^^^^^^^^
[INFO] [stdout]    |
[INFO] [stdout] note: the name `Result` in the type namespace is supposed to be publicly re-exported here
[INFO] [stdout]   --> src/lib.rs:9:9
[INFO] [stdout]    |
[INFO] [stdout] 9  | pub use lopdf::*;
[INFO] [stdout]    |         ^^^^^^^^
[INFO] [stdout] note: but the private item here shadows it
[INFO] [stdout]   --> src/lib.rs:27:5
[INFO] [stdout]    |
[INFO] [stdout] 27 | use std::result::Result;
[INFO] [stdout]    |     ^^^^^^^^^^^^^^^^^^^
[INFO] [stdout]    = note: `#[warn(hidden_glob_reexports)]` on by default
[INFO] [stdout] 
[INFO] [stdout] 
[INFO] [stdout] warning: unused import: `std::slice::Iter`
[INFO] [stdout]   --> src/lib.rs:28:5
[INFO] [stdout]    |
[INFO] [stdout] 28 | use std::slice::Iter;
[INFO] [stdout]    |     ^^^^^^^^^^^^^^^^
[INFO] [stdout] 
[INFO] [stdout] 
[INFO] [stdout] warning: unused import: `std::str`
[INFO] [stdout]   --> src/lib.rs:29:5
[INFO] [stdout]    |
[INFO] [stdout] 29 | use std::str;
[INFO] [stdout]    |     ^^^^^^^^
[INFO] [stdout] 
[INFO] [stdout] 
[INFO] [stdout] warning: unused import: `unicode_normalization::UnicodeNormalization`
[INFO] [stdout]   --> src/lib.rs:30:5
[INFO] [stdout]    |
[INFO] [stdout] 30 | use unicode_normalization::UnicodeNormalization;
[INFO] [stdout]    |     ^^^^^^^^^^^^^^^^^^^^^^^^^^^^^^^^^^^^^^^^^^^
[INFO] [stdout] 
[INFO] [stdout] 
[INFO] [stdout] warning: elided lifetime has a name
[INFO] [stdout]    --> src/font.rs:554:53
[INFO] [stdout]     |
[INFO] [stdout] 553 | impl<'a> dyn PdfFont + 'a {
[INFO] [stdout]     |      -- lifetime `'a` declared here
[INFO] [stdout] 554 |     pub fn char_codes(&'a self, chars: &'a [u8]) -> PdfFontIter {
[INFO] [stdout]     |                                                     ^^^^^^^^^^^ this elided lifetime gets resolved as `'a`
[INFO] [stdout]     |
[INFO] [stdout]     = note: `#[warn(elided_named_lifetimes)]` on by default
[INFO] [stdout] 
[INFO] [stdout] 
[INFO] [stdout] warning: unused variable: `e`
[INFO] [stdout]    --> src/font.rs:235:65
[INFO] [stdout]     |
[INFO] [stdout] 235 | ...                   Entry::Occupied(e) => {
[INFO] [stdout]     |                                       ^ help: if this is intentional, prefix it with an underscore: `_e`
[INFO] [stdout]     |
[INFO] [stdout]     = note: `#[warn(unused_variables)]` on by default
[INFO] [stdout] 
[INFO] [stdout] 
[INFO] [stdout] warning: fields `contents`, `size`, `bits_per_sample`, `encode`, and `decode` are never read
[INFO] [stdout]    --> src/lib.rs:243:5
[INFO] [stdout]     |
[INFO] [stdout] 240 | struct Type0Func {
[INFO] [stdout]     |        --------- fields in this struct
[INFO] [stdout] ...
[INFO] [stdout] 243 |     contents: Vec<u8>,
[INFO] [stdout]     |     ^^^^^^^^
[INFO] [stdout] 244 |     size: Vec<i64>,
[INFO] [stdout]     |     ^^^^
[INFO] [stdout] 245 |     bits_per_sample: i64,
[INFO] [stdout]     |     ^^^^^^^^^^^^^^^
[INFO] [stdout] 246 |     encode: Vec<f64>,
[INFO] [stdout]     |     ^^^^^^
[INFO] [stdout] 247 |     decode: Vec<f64>,
[INFO] [stdout]     |     ^^^^^^
[INFO] [stdout]     |
[INFO] [stdout]     = note: `Type0Func` has derived impls for the traits `Debug` and `Clone`, but these are intentionally ignored during dead code analysis
[INFO] [stdout]     = note: `#[warn(dead_code)]` on by default
[INFO] [stdout] 
[INFO] [stdout] 
[INFO] [stdout] warning: fields `c0`, `c1`, and `n` are never read
[INFO] [stdout]    --> src/lib.rs:272:5
[INFO] [stdout]     |
[INFO] [stdout] 271 | struct Type2Func {
[INFO] [stdout]     |        --------- fields in this struct
[INFO] [stdout] 272 |     c0: Option<Vec<f64>>,
[INFO] [stdout]     |     ^^
[INFO] [stdout] 273 |     c1: Option<Vec<f64>>,
[INFO] [stdout]     |     ^^
[INFO] [stdout] 274 |     n: f64,
[INFO] [stdout]     |     ^
[INFO] [stdout]     |
[INFO] [stdout]     = note: `Type2Func` has derived impls for the traits `Debug` and `Clone`, but these are intentionally ignored during dead code analysis
[INFO] [stdout] 
[INFO] [stdout] 
[INFO] [stdout] warning: field `0` is never read
[INFO] [stdout]    --> src/lib.rs:279:11
[INFO] [stdout]     |
[INFO] [stdout] 279 |     Type0(Type0Func),
[INFO] [stdout]     |     ----- ^^^^^^^^^
[INFO] [stdout]     |     |
[INFO] [stdout]     |     field in this variant
[INFO] [stdout]     |
[INFO] [stdout]     = note: `Function` has derived impls for the traits `Debug` and `Clone`, but these are intentionally ignored during dead code analysis
[INFO] [stdout] help: consider changing the field to be of unit type to suppress this warning while preserving the field numbering, or remove the field
[INFO] [stdout]     |
[INFO] [stdout] 279 |     Type0(()),
[INFO] [stdout]     |           ~~
[INFO] [stdout] 
[INFO] [stdout] 
[INFO] [stdout] warning: field `0` is never read
[INFO] [stdout]    --> src/lib.rs:280:11
[INFO] [stdout]     |
[INFO] [stdout] 280 |     Type2(Type2Func),
[INFO] [stdout]     |     ----- ^^^^^^^^^
[INFO] [stdout]     |     |
[INFO] [stdout]     |     field in this variant
[INFO] [stdout]     |
[INFO] [stdout]     = note: `Function` has derived impls for the traits `Debug` and `Clone`, but these are intentionally ignored during dead code analysis
[INFO] [stdout] help: consider changing the field to be of unit type to suppress this warning while preserving the field numbering, or remove the field
[INFO] [stdout]     |
[INFO] [stdout] 280 |     Type2(()),
[INFO] [stdout]     |           ~~
[INFO] [stdout] 
[INFO] [stdout] 
[INFO] [stdout] warning: fields `white_point`, `black_point`, and `gamma` are never read
[INFO] [stdout]    --> src/lib.rs:524:5
[INFO] [stdout]     |
[INFO] [stdout] 523 | pub struct CalGray {
[INFO] [stdout]     |            ------- fields in this struct
[INFO] [stdout] 524 |     white_point: [f64; 3],
[INFO] [stdout]     |     ^^^^^^^^^^^
[INFO] [stdout] 525 |     black_point: Option<[f64; 3]>,
[INFO] [stdout]     |     ^^^^^^^^^^^
[INFO] [stdout] 526 |     gamma: Option<f64>,
[INFO] [stdout]     |     ^^^^^
[INFO] [stdout]     |
[INFO] [stdout]     = note: `CalGray` has derived impls for the traits `Debug` and `Clone`, but these are intentionally ignored during dead code analysis
[INFO] [stdout] 
[INFO] [stdout] 
[INFO] [stdout] warning: fields `white_point`, `black_point`, `gamma`, and `matrix` are never read
[INFO] [stdout]    --> src/lib.rs:531:5
[INFO] [stdout]     |
[INFO] [stdout] 530 | pub struct CalRGB {
[INFO] [stdout]     |            ------ fields in this struct
[INFO] [stdout] 531 |     white_point: [f64; 3],
[INFO] [stdout]     |     ^^^^^^^^^^^
[INFO] [stdout] 532 |     black_point: Option<[f64; 3]>,
[INFO] [stdout]     |     ^^^^^^^^^^^
[INFO] [stdout] 533 |     gamma: Option<[f64; 3]>,
[INFO] [stdout]     |     ^^^^^
[INFO] [stdout] 534 |     matrix: Option<Vec<f64>>,
[INFO] [stdout]     |     ^^^^^^
[INFO] [stdout]     |
[INFO] [stdout]     = note: `CalRGB` has derived impls for the traits `Debug` and `Clone`, but these are intentionally ignored during dead code analysis
[INFO] [stdout] 
[INFO] [stdout] 
[INFO] [stdout] warning: fields `white_point`, `black_point`, and `range` are never read
[INFO] [stdout]    --> src/lib.rs:539:5
[INFO] [stdout]     |
[INFO] [stdout] 538 | pub struct Lab {
[INFO] [stdout]     |            --- fields in this struct
[INFO] [stdout] 539 |     white_point: [f64; 3],
[INFO] [stdout]     |     ^^^^^^^^^^^
[INFO] [stdout] 540 |     black_point: Option<[f64; 3]>,
[INFO] [stdout]     |     ^^^^^^^^^^^
[INFO] [stdout] 541 |     range: Option<[f64; 4]>,
[INFO] [stdout]     |     ^^^^^
[INFO] [stdout]     |
[INFO] [stdout]     = note: `Lab` has derived impls for the traits `Debug` and `Clone`, but these are intentionally ignored during dead code analysis
[INFO] [stdout] 
[INFO] [stdout] 
[INFO] [stdout] warning: fields `name`, `alternate_space`, and `tint_transform` are never read
[INFO] [stdout]    --> src/lib.rs:557:5
[INFO] [stdout]     |
[INFO] [stdout] 556 | pub struct Separation {
[INFO] [stdout]     |            ---------- fields in this struct
[INFO] [stdout] 557 |     name: String,
[INFO] [stdout]     |     ^^^^
[INFO] [stdout] 558 |     alternate_space: AlternateColorSpace,
[INFO] [stdout]     |     ^^^^^^^^^^^^^^^
[INFO] [stdout] 559 |     tint_transform: Box<Function>,
[INFO] [stdout]     |     ^^^^^^^^^^^^^^
[INFO] [stdout]     |
[INFO] [stdout]     = note: `Separation` has a derived impl for the trait `Clone`, but this is intentionally ignored during dead code analysis
[INFO] [stdout] 
[INFO] [stdout] 
[INFO] [stdout] warning: field `doc` is never read
[INFO] [stdout]   --> src/font.rs:38:5
[INFO] [stdout]    |
[INFO] [stdout] 36 | struct PdfType3Font<'a> {
[INFO] [stdout]    |        ------------ field in this struct
[INFO] [stdout] 37 |     font: &'a Dictionary,
[INFO] [stdout] 38 |     doc: &'a Document,
[INFO] [stdout]    |     ^^^
[INFO] [stdout]    |
[INFO] [stdout]    = note: `PdfType3Font` has a derived impl for the trait `Clone`, but this is intentionally ignored during dead code analysis
[INFO] [stdout] 
[INFO] [stdout] 
[INFO] [stderr]     Finished `test` profile [unoptimized + debuginfo] target(s) in 48.82s
[INFO] running `Command { std: "docker" "inspect" "7a7c781081287d28c987ab308f5d813133e093b7f7c06014776c55f35af8c6e7", kill_on_drop: false }`
[INFO] running `Command { std: "docker" "rm" "-f" "7a7c781081287d28c987ab308f5d813133e093b7f7c06014776c55f35af8c6e7", kill_on_drop: false }`
[INFO] [stdout] 7a7c781081287d28c987ab308f5d813133e093b7f7c06014776c55f35af8c6e7
[INFO] running `Command { std: "docker" "create" "-v" "/var/lib/crater-agent-workspace/builds/worker-5-tc1/target:/opt/rustwide/target:rw,Z" "-v" "/var/lib/crater-agent-workspace/builds/worker-5-tc1/source:/opt/rustwide/workdir:ro,Z" "-v" "/var/lib/crater-agent-workspace/cargo-home:/opt/rustwide/cargo-home:ro,Z" "-v" "/var/lib/crater-agent-workspace/rustup-home:/opt/rustwide/rustup-home:ro,Z" "-e" "SOURCE_DIR=/opt/rustwide/workdir" "-e" "CARGO_TARGET_DIR=/opt/rustwide/target" "-e" "CARGO_INCREMENTAL=0" "-e" "RUST_BACKTRACE=full" "-e" "RUSTFLAGS=--cap-lints=forbid" "-e" "RUSTDOCFLAGS=--cap-lints=forbid" "-e" "CARGO_HOME=/opt/rustwide/cargo-home" "-e" "RUSTUP_HOME=/opt/rustwide/rustup-home" "-w" "/opt/rustwide/workdir" "-m" "1610612736" "--user" "0:0" "--network" "none" "ghcr.io/rust-lang/crates-build-env/linux@sha256:819108c5571ea2e421544af4d832f968d213c87fbe3707a016657f43d2f853bc" "/opt/rustwide/cargo-home/bin/cargo" "+nightly-2025-01-18" "test" "--frozen", kill_on_drop: false }`
[INFO] [stdout] 7f3725ae2dca8cc6117461445842fcea48b314d3156d83712d17166302ae5dc2
[INFO] running `Command { std: "docker" "start" "-a" "7f3725ae2dca8cc6117461445842fcea48b314d3156d83712d17166302ae5dc2", kill_on_drop: false }`
[INFO] [stderr] warning: unused import: `encoding_rs::UTF_16BE`
[INFO] [stderr]  --> src/lib.rs:4:5
[INFO] [stderr]   |
[INFO] [stderr] 4 | use encoding_rs::UTF_16BE;
[INFO] [stderr]   |     ^^^^^^^^^^^^^^^^^^^^^
[INFO] [stderr]   |
[INFO] [stderr]   = note: `#[warn(unused_imports)]` on by default
[INFO] [stderr] 
[INFO] [stderr] warning: unused import: `lopdf::content::Content`
[INFO] [stderr]  --> src/lib.rs:7:5
[INFO] [stderr]   |
[INFO] [stderr] 7 | use lopdf::content::Content;
[INFO] [stderr]   |     ^^^^^^^^^^^^^^^^^^^^^^^
[INFO] [stderr] 
[INFO] [stderr] warning: unused imports: `PDFDocEncoding` and `to_utf8`
[INFO] [stderr]   --> src/lib.rs:14:54
[INFO] [stderr]    |
[INFO] [stderr] 14 | use utils::{maybe_deref, maybe_get_obj, pdf_to_utf8, to_utf8, PDFDocEncoding};
[INFO] [stderr]    |                                                      ^^^^^^^  ^^^^^^^^^^^^^^
[INFO] [stderr] 
[INFO] [stderr] warning: unused import: `std::collections::hash_map::Entry`
[INFO] [stderr]   --> src/lib.rs:21:5
[INFO] [stderr]    |
[INFO] [stderr] 21 | use std::collections::hash_map::Entry;
[INFO] [stderr]    |     ^^^^^^^^^^^^^^^^^^^^^^^^^^^^^^^^^
[INFO] [stderr] 
[INFO] [stderr] warning: unused import: `std::collections::HashMap`
[INFO] [stderr]   --> src/lib.rs:22:5
[INFO] [stderr]    |
[INFO] [stderr] 22 | use std::collections::HashMap;
[INFO] [stderr]    |     ^^^^^^^^^^^^^^^^^^^^^^^^^
[INFO] [stderr] 
[INFO] [stderr] warning: unused import: `std::fmt`
[INFO] [stderr]   --> src/lib.rs:23:5
[INFO] [stderr]    |
[INFO] [stderr] 23 | use std::fmt;
[INFO] [stderr]    |     ^^^^^^^^
[INFO] [stderr] 
[INFO] [stderr] warning: unused import: `std::fs::File`
[INFO] [stderr]   --> src/lib.rs:24:5
[INFO] [stderr]    |
[INFO] [stderr] 24 | use std::fs::File;
[INFO] [stderr]    |     ^^^^^^^^^^^^^
[INFO] [stderr] 
[INFO] [stderr] warning: unused import: `std::marker::PhantomData`
[INFO] [stderr]   --> src/lib.rs:25:5
[INFO] [stderr]    |
[INFO] [stderr] 25 | use std::marker::PhantomData;
[INFO] [stderr]    |     ^^^^^^^^^^^^^^^^^^^^^^^^
[INFO] [stderr] 
[INFO] [stderr] warning: private item shadows public glob re-export
[INFO] [stderr]   --> src/lib.rs:27:5
[INFO] [stderr]    |
[INFO] [stderr] 27 | use std::result::Result;
[INFO] [stderr]    |     ^^^^^^^^^^^^^^^^^^^
[INFO] [stderr]    |
[INFO] [stderr] note: the name `Result` in the type namespace is supposed to be publicly re-exported here
[INFO] [stderr]   --> src/lib.rs:9:9
[INFO] [stderr]    |
[INFO] [stderr] 9  | pub use lopdf::*;
[INFO] [stderr]    |         ^^^^^^^^
[INFO] [stderr] note: but the private item here shadows it
[INFO] [stderr]   --> src/lib.rs:27:5
[INFO] [stderr]    |
[INFO] [stderr] 27 | use std::result::Result;
[INFO] [stderr]    |     ^^^^^^^^^^^^^^^^^^^
[INFO] [stderr]    = note: `#[warn(hidden_glob_reexports)]` on by default
[INFO] [stderr] 
[INFO] [stderr] warning: unused import: `std::slice::Iter`
[INFO] [stderr]   --> src/lib.rs:28:5
[INFO] [stderr]    |
[INFO] [stderr] 28 | use std::slice::Iter;
[INFO] [stderr]    |     ^^^^^^^^^^^^^^^^
[INFO] [stderr] 
[INFO] [stderr] warning: unused import: `std::str`
[INFO] [stderr]   --> src/lib.rs:29:5
[INFO] [stderr]    |
[INFO] [stderr] 29 | use std::str;
[INFO] [stderr]    |     ^^^^^^^^
[INFO] [stderr] 
[INFO] [stderr] warning: unused import: `unicode_normalization::UnicodeNormalization`
[INFO] [stderr]   --> src/lib.rs:30:5
[INFO] [stderr]    |
[INFO] [stderr] 30 | use unicode_normalization::UnicodeNormalization;
[INFO] [stderr]    |     ^^^^^^^^^^^^^^^^^^^^^^^^^^^^^^^^^^^^^^^^^^^
[INFO] [stderr] 
[INFO] [stderr] warning: elided lifetime has a name
[INFO] [stderr]    --> src/font.rs:554:53
[INFO] [stderr]     |
[INFO] [stderr] 553 | impl<'a> dyn PdfFont + 'a {
[INFO] [stderr]     |      -- lifetime `'a` declared here
[INFO] [stderr] 554 |     pub fn char_codes(&'a self, chars: &'a [u8]) -> PdfFontIter {
[INFO] [stderr]     |                                                     ^^^^^^^^^^^ this elided lifetime gets resolved as `'a`
[INFO] [stderr]     |
[INFO] [stderr]     = note: `#[warn(elided_named_lifetimes)]` on by default
[INFO] [stderr] 
[INFO] [stderr] warning: unused variable: `e`
[INFO] [stderr]    --> src/font.rs:235:65
[INFO] [stderr]     |
[INFO] [stderr] 235 | ...                   Entry::Occupied(e) => {
[INFO] [stderr]     |                                       ^ help: if this is intentional, prefix it with an underscore: `_e`
[INFO] [stderr]     |
[INFO] [stderr]     = note: `#[warn(unused_variables)]` on by default
[INFO] [stderr] 
[INFO] [stderr] warning: fields `contents`, `size`, `bits_per_sample`, `encode`, and `decode` are never read
[INFO] [stderr]    --> src/lib.rs:243:5
[INFO] [stderr]     |
[INFO] [stderr] 240 | struct Type0Func {
[INFO] [stderr]     |        --------- fields in this struct
[INFO] [stderr] ...
[INFO] [stderr] 243 |     contents: Vec<u8>,
[INFO] [stderr]     |     ^^^^^^^^
[INFO] [stderr] 244 |     size: Vec<i64>,
[INFO] [stderr]     |     ^^^^
[INFO] [stderr] 245 |     bits_per_sample: i64,
[INFO] [stderr]     |     ^^^^^^^^^^^^^^^
[INFO] [stderr] 246 |     encode: Vec<f64>,
[INFO] [stderr]     |     ^^^^^^
[INFO] [stderr] 247 |     decode: Vec<f64>,
[INFO] [stderr]     |     ^^^^^^
[INFO] [stderr]     |
[INFO] [stderr]     = note: `Type0Func` has derived impls for the traits `Debug` and `Clone`, but these are intentionally ignored during dead code analysis
[INFO] [stderr]     = note: `#[warn(dead_code)]` on by default
[INFO] [stderr] 
[INFO] [stderr] warning: fields `c0`, `c1`, and `n` are never read
[INFO] [stderr]    --> src/lib.rs:272:5
[INFO] [stderr]     |
[INFO] [stderr] 271 | struct Type2Func {
[INFO] [stderr]     |        --------- fields in this struct
[INFO] [stderr] 272 |     c0: Option<Vec<f64>>,
[INFO] [stderr]     |     ^^
[INFO] [stderr] 273 |     c1: Option<Vec<f64>>,
[INFO] [stderr]     |     ^^
[INFO] [stderr] 274 |     n: f64,
[INFO] [stderr]     |     ^
[INFO] [stderr]     |
[INFO] [stderr]     = note: `Type2Func` has derived impls for the traits `Debug` and `Clone`, but these are intentionally ignored during dead code analysis
[INFO] [stderr] 
[INFO] [stderr] warning: field `0` is never read
[INFO] [stderr]    --> src/lib.rs:279:11
[INFO] [stderr]     |
[INFO] [stderr] 279 |     Type0(Type0Func),
[INFO] [stderr]     |     ----- ^^^^^^^^^
[INFO] [stderr]     |     |
[INFO] [stderr]     |     field in this variant
[INFO] [stderr]     |
[INFO] [stderr]     = note: `Function` has derived impls for the traits `Debug` and `Clone`, but these are intentionally ignored during dead code analysis
[INFO] [stderr] help: consider changing the field to be of unit type to suppress this warning while preserving the field numbering, or remove the field
[INFO] [stderr]     |
[INFO] [stderr] 279 |     Type0(()),
[INFO] [stderr]     |           ~~
[INFO] [stderr] 
[INFO] [stderr] warning: field `0` is never read
[INFO] [stderr]    --> src/lib.rs:280:11
[INFO] [stderr]     |
[INFO] [stderr] 280 |     Type2(Type2Func),
[INFO] [stderr]     |     ----- ^^^^^^^^^
[INFO] [stderr]     |     |
[INFO] [stderr]     |     field in this variant
[INFO] [stderr]     |
[INFO] [stderr]     = note: `Function` has derived impls for the traits `Debug` and `Clone`, but these are intentionally ignored during dead code analysis
[INFO] [stderr] help: consider changing the field to be of unit type to suppress this warning while preserving the field numbering, or remove the field
[INFO] [stderr]     |
[INFO] [stderr] 280 |     Type2(()),
[INFO] [stderr]     |           ~~
[INFO] [stderr] 
[INFO] [stderr] warning: fields `white_point`, `black_point`, and `gamma` are never read
[INFO] [stderr]    --> src/lib.rs:524:5
[INFO] [stderr]     |
[INFO] [stderr] 523 | pub struct CalGray {
[INFO] [stderr]     |            ------- fields in this struct
[INFO] [stderr] 524 |     white_point: [f64; 3],
[INFO] [stderr]     |     ^^^^^^^^^^^
[INFO] [stderr] 525 |     black_point: Option<[f64; 3]>,
[INFO] [stderr]     |     ^^^^^^^^^^^
[INFO] [stderr] 526 |     gamma: Option<f64>,
[INFO] [stderr]     |     ^^^^^
[INFO] [stderr]     |
[INFO] [stderr]     = note: `CalGray` has derived impls for the traits `Debug` and `Clone`, but these are intentionally ignored during dead code analysis
[INFO] [stderr] 
[INFO] [stderr] warning: fields `white_point`, `black_point`, `gamma`, and `matrix` are never read
[INFO] [stderr]    --> src/lib.rs:531:5
[INFO] [stderr]     |
[INFO] [stderr] 530 | pub struct CalRGB {
[INFO] [stderr]     |            ------ fields in this struct
[INFO] [stderr] 531 |     white_point: [f64; 3],
[INFO] [stderr]     |     ^^^^^^^^^^^
[INFO] [stderr] 532 |     black_point: Option<[f64; 3]>,
[INFO] [stderr]     |     ^^^^^^^^^^^
[INFO] [stderr] 533 |     gamma: Option<[f64; 3]>,
[INFO] [stderr]     |     ^^^^^
[INFO] [stderr] 534 |     matrix: Option<Vec<f64>>,
[INFO] [stderr]     |     ^^^^^^
[INFO] [stderr]     |
[INFO] [stderr]     = note: `CalRGB` has derived impls for the traits `Debug` and `Clone`, but these are intentionally ignored during dead code analysis
[INFO] [stderr] 
[INFO] [stderr] warning: fields `white_point`, `black_point`, and `range` are never read
[INFO] [stderr]    --> src/lib.rs:539:5
[INFO] [stderr]     |
[INFO] [stderr] 538 | pub struct Lab {
[INFO] [stderr]     |            --- fields in this struct
[INFO] [stderr] 539 |     white_point: [f64; 3],
[INFO] [stderr]     |     ^^^^^^^^^^^
[INFO] [stderr] 540 |     black_point: Option<[f64; 3]>,
[INFO] [stderr]     |     ^^^^^^^^^^^
[INFO] [stderr] 541 |     range: Option<[f64; 4]>,
[INFO] [stderr]     |     ^^^^^
[INFO] [stderr]     |
[INFO] [stderr]     = note: `Lab` has derived impls for the traits `Debug` and `Clone`, but these are intentionally ignored during dead code analysis
[INFO] [stderr] 
[INFO] [stderr] warning: fields `name`, `alternate_space`, and `tint_transform` are never read
[INFO] [stderr]    --> src/lib.rs:557:5
[INFO] [stderr]     |
[INFO] [stderr] 556 | pub struct Separation {
[INFO] [stderr]     |            ---------- fields in this struct
[INFO] [stderr] 557 |     name: String,
[INFO] [stderr]     |     ^^^^
[INFO] [stderr] 558 |     alternate_space: AlternateColorSpace,
[INFO] [stderr]     |     ^^^^^^^^^^^^^^^
[INFO] [stderr] 559 |     tint_transform: Box<Function>,
[INFO] [stderr]     |     ^^^^^^^^^^^^^^
[INFO] [stderr]     |
[INFO] [stderr]     = note: `Separation` has a derived impl for the trait `Clone`, but this is intentionally ignored during dead code analysis
[INFO] [stderr] 
[INFO] [stderr] warning: field `doc` is never read
[INFO] [stderr]   --> src/font.rs:38:5
[INFO] [stderr]    |
[INFO] [stderr] 36 | struct PdfType3Font<'a> {
[INFO] [stderr]    |        ------------ field in this struct
[INFO] [stderr] 37 |     font: &'a Dictionary,
[INFO] [stderr] 38 |     doc: &'a Document,
[INFO] [stderr]    |     ^^^
[INFO] [stderr]    |
[INFO] [stderr]    = note: `PdfType3Font` has a derived impl for the trait `Clone`, but this is intentionally ignored during dead code analysis
[INFO] [stderr] 
[INFO] [stderr] warning: `ara_yaaaay` (lib) generated 23 warnings (run `cargo fix --lib -p ara_yaaaay` to apply 11 suggestions)
[INFO] [stderr] warning: unused `Result` that must be used
[INFO] [stderr]   --> examples/extract.rs:40:5
[INFO] [stderr]    |
[INFO] [stderr] 40 |     output_doc(&doc, output.as_mut());
[INFO] [stderr]    |     ^^^^^^^^^^^^^^^^^^^^^^^^^^^^^^^^^
[INFO] [stderr]    |
[INFO] [stderr]    = note: this `Result` may be an `Err` variant, which should be handled
[INFO] [stderr]    = note: `#[warn(unused_must_use)]` on by default
[INFO] [stderr] help: use `let _ = ...` to ignore the resulting value
[INFO] [stderr]    |
[INFO] [stderr] 40 |     let _ = output_doc(&doc, output.as_mut());
[INFO] [stderr]    |     +++++++
[INFO] [stderr] 
[INFO] [stderr] warning: `ara_yaaaay` (lib test) generated 23 warnings (23 duplicates)
[INFO] [stderr] warning: `ara_yaaaay` (example "extract") generated 1 warning
[INFO] [stderr]     Finished `test` profile [unoptimized + debuginfo] target(s) in 0.11s
[INFO] [stderr]      Running unittests src/lib.rs (/opt/rustwide/target/debug/deps/ara_yaaaay-89d55ddcf1b2ea3c)
[INFO] [stdout] 
[INFO] [stdout] running 0 tests
[INFO] [stdout] 
[INFO] [stderr]      Running tests/tests.rs (/opt/rustwide/target/debug/deps/tests-53f9dfe49f4dbeb3)
[INFO] [stdout] test result: ok. 0 passed; 0 failed; 0 ignored; 0 measured; 0 filtered out; finished in 0.00s
[INFO] [stdout] 
[INFO] [stdout] 
[INFO] [stdout] running 2 tests
[INFO] [stdout] test extract_all_docs ... FAILED
[INFO] [stdout] test extract_expected_text ... FAILED
[INFO] [stdout] 
[INFO] [stdout] failures:
[INFO] [stdout] 
[INFO] [stdout] ---- extract_all_docs stdout ----
[INFO] [stdout] 
[INFO] [stdout] thread 'extract_all_docs' panicked at tests/tests.rs:113:48:
[INFO] [stdout] called `Result::unwrap()` on an `Err` value: Os { code: 2, kind: NotFound, message: "No such file or directory" }
[INFO] [stdout] stack backtrace:
[INFO] [stdout]    0:     0x5f7422efe84a - std::backtrace_rs::backtrace::libunwind::trace::hb059275cfc8d6126
[INFO] [stdout]                                at /rustc/6067b36314ab5eb2eb47cecc464545ba58e1ad24/library/std/src/../../backtrace/src/backtrace/libunwind.rs:116:5
[INFO] [stdout]    1:     0x5f7422efe84a - std::backtrace_rs::backtrace::trace_unsynchronized::h2da071e4327ce3ee
[INFO] [stdout]                                at /rustc/6067b36314ab5eb2eb47cecc464545ba58e1ad24/library/std/src/../../backtrace/src/backtrace/mod.rs:66:5
[INFO] [stdout]    2:     0x5f7422efe84a - std::sys::backtrace::_print_fmt::h842a1474e6f8d23f
[INFO] [stdout]                                at /rustc/6067b36314ab5eb2eb47cecc464545ba58e1ad24/library/std/src/sys/backtrace.rs:66:9
[INFO] [stdout]    3:     0x5f7422efe84a - <std::sys::backtrace::BacktraceLock::print::DisplayBacktrace as core::fmt::Display>::fmt::h71a62eb3b9696b12
[INFO] [stdout]                                at /rustc/6067b36314ab5eb2eb47cecc464545ba58e1ad24/library/std/src/sys/backtrace.rs:39:26
[INFO] [stdout]    4:     0x5f7422f28b43 - core::fmt::rt::Argument::fmt::hdb6b616786b41dc1
[INFO] [stdout]                                at /rustc/6067b36314ab5eb2eb47cecc464545ba58e1ad24/library/core/src/fmt/rt.rs:177:76
[INFO] [stdout]    5:     0x5f7422f28b43 - core::fmt::write::h2cc1698af7e2d686
[INFO] [stdout]                                at /rustc/6067b36314ab5eb2eb47cecc464545ba58e1ad24/library/core/src/fmt/mod.rs:1440:21
[INFO] [stdout]    6:     0x5f7422efb053 - std::io::Write::write_fmt::hab1b4cd059a79022
[INFO] [stdout]                                at /rustc/6067b36314ab5eb2eb47cecc464545ba58e1ad24/library/std/src/io/mod.rs:1887:15
[INFO] [stdout]    7:     0x5f7422efe692 - std::sys::backtrace::BacktraceLock::print::h147fe35b4ea13b08
[INFO] [stdout]                                at /rustc/6067b36314ab5eb2eb47cecc464545ba58e1ad24/library/std/src/sys/backtrace.rs:42:9
[INFO] [stdout]    8:     0x5f7422effc6f - std::panicking::default_hook::{{closure}}::hbd44223dbdc0d208
[INFO] [stdout]                                at /rustc/6067b36314ab5eb2eb47cecc464545ba58e1ad24/library/std/src/panicking.rs:298:22
[INFO] [stdout]    9:     0x5f7422effa88 - std::panicking::default_hook::h20f81eb0576efcec
[INFO] [stdout]                                at /rustc/6067b36314ab5eb2eb47cecc464545ba58e1ad24/library/std/src/panicking.rs:322:9
[INFO] [stdout]   10:     0x5f7422cce713 - <alloc::boxed::Box<F,A> as core::ops::function::Fn<Args>>::call::hdb53814c496a4d34
[INFO] [stdout]                                at /rustc/6067b36314ab5eb2eb47cecc464545ba58e1ad24/library/alloc/src/boxed.rs:2027:9
[INFO] [stdout]   11:     0x5f7422cce713 - test::test_main::{{closure}}::hc0a4963c59427c24
[INFO] [stdout]                                at /rustc/6067b36314ab5eb2eb47cecc464545ba58e1ad24/library/test/src/lib.rs:134:21
[INFO] [stdout]   12:     0x5f7422f00763 - <alloc::boxed::Box<F,A> as core::ops::function::Fn<Args>>::call::h591b2225413a77e9
[INFO] [stdout]                                at /rustc/6067b36314ab5eb2eb47cecc464545ba58e1ad24/library/alloc/src/boxed.rs:2027:9
[INFO] [stdout]   13:     0x5f7422f00763 - std::panicking::rust_panic_with_hook::h625eea43051b2edc
[INFO] [stdout]                                at /rustc/6067b36314ab5eb2eb47cecc464545ba58e1ad24/library/std/src/panicking.rs:839:13
[INFO] [stdout]   14:     0x5f7422f0041a - std::panicking::begin_panic_handler::{{closure}}::h4f9159cfbc3f6bd3
[INFO] [stdout]                                at /rustc/6067b36314ab5eb2eb47cecc464545ba58e1ad24/library/std/src/panicking.rs:704:13
[INFO] [stdout]   15:     0x5f7422efed49 - std::sys::backtrace::__rust_end_short_backtrace::h0390abce48353151
[INFO] [stdout]                                at /rustc/6067b36314ab5eb2eb47cecc464545ba58e1ad24/library/std/src/sys/backtrace.rs:168:18
[INFO] [stdout]   16:     0x5f7422f000ad - rust_begin_unwind
[INFO] [stdout]                                at /rustc/6067b36314ab5eb2eb47cecc464545ba58e1ad24/library/std/src/panicking.rs:695:5
[INFO] [stdout]   17:     0x5f7422f26740 - core::panicking::panic_fmt::h9e7c637e9e5f29c9
[INFO] [stdout]                                at /rustc/6067b36314ab5eb2eb47cecc464545ba58e1ad24/library/core/src/panicking.rs:75:14
[INFO] [stdout]   18:     0x5f7422f26c16 - core::result::unwrap_failed::h7979f09313fe1849
[INFO] [stdout]                                at /rustc/6067b36314ab5eb2eb47cecc464545ba58e1ad24/library/core/src/result.rs:1704:5
[INFO] [stdout]   19:     0x5f7422c94148 - core::result::Result<T,E>::unwrap::he2dec0ad31a5b6b6
[INFO] [stdout]                                at /rustc/6067b36314ab5eb2eb47cecc464545ba58e1ad24/library/core/src/result.rs:1109:23
[INFO] [stdout]   20:     0x5f7422c94148 - tests::extract_all_docs::hbff5d5306d3e0fee
[INFO] [stdout]                                at /opt/rustwide/workdir/tests/tests.rs:113:16
[INFO] [stdout]   21:     0x5f7422c940b7 - tests::extract_all_docs::{{closure}}::h859c2c6488d075c3
[INFO] [stdout]                                at /opt/rustwide/workdir/tests/tests.rs:112:22
[INFO] [stdout]   22:     0x5f7422c92336 - core::ops::function::FnOnce::call_once::h6a41b5136164ee39
[INFO] [stdout]                                at /rustc/6067b36314ab5eb2eb47cecc464545ba58e1ad24/library/core/src/ops/function.rs:250:5
[INFO] [stdout]   23:     0x5f7422cd3e6b - core::ops::function::FnOnce::call_once::he27718dfdd183f43
[INFO] [stdout]                                at /rustc/6067b36314ab5eb2eb47cecc464545ba58e1ad24/library/core/src/ops/function.rs:250:5
[INFO] [stdout]   24:     0x5f7422cd3e6b - test::__rust_begin_short_backtrace::h4e84902998457a5d
[INFO] [stdout]                                at /rustc/6067b36314ab5eb2eb47cecc464545ba58e1ad24/library/test/src/lib.rs:632:18
[INFO] [stdout]   25:     0x5f7422cd2da3 - test::run_test_in_process::{{closure}}::h7176fd18fc1feca0
[INFO] [stdout]                                at /rustc/6067b36314ab5eb2eb47cecc464545ba58e1ad24/library/test/src/lib.rs:655:60
[INFO] [stdout]   26:     0x5f7422cd2da3 - <core::panic::unwind_safe::AssertUnwindSafe<F> as core::ops::function::FnOnce<()>>::call_once::hf79cff2a624d8cf7
[INFO] [stdout]                                at /rustc/6067b36314ab5eb2eb47cecc464545ba58e1ad24/library/core/src/panic/unwind_safe.rs:272:9
[INFO] [stdout]   27:     0x5f7422cd2da3 - std::panicking::try::do_call::h3da0561d9ab99c25
[INFO] [stdout]                                at /rustc/6067b36314ab5eb2eb47cecc464545ba58e1ad24/library/std/src/panicking.rs:587:40
[INFO] [stdout]   28:     0x5f7422cd2da3 - std::panicking::try::h41c9fa508bc61df6
[INFO] [stdout]                                at /rustc/6067b36314ab5eb2eb47cecc464545ba58e1ad24/library/std/src/panicking.rs:550:19
[INFO] [stdout]   29:     0x5f7422cd2da3 - std::panic::catch_unwind::h6b3ff07bb5afad93
[INFO] [stdout]                                at /rustc/6067b36314ab5eb2eb47cecc464545ba58e1ad24/library/std/src/panic.rs:358:14
[INFO] [stdout]   30:     0x5f7422cd2da3 - test::run_test_in_process::hc7253dd11b39b9f4
[INFO] [stdout]                                at /rustc/6067b36314ab5eb2eb47cecc464545ba58e1ad24/library/test/src/lib.rs:655:27
[INFO] [stdout]   31:     0x5f7422cd2da3 - test::run_test::{{closure}}::hfb2007f8649c30bb
[INFO] [stdout]                                at /rustc/6067b36314ab5eb2eb47cecc464545ba58e1ad24/library/test/src/lib.rs:576:43
[INFO] [stdout]   32:     0x5f7422c95e85 - test::run_test::{{closure}}::h56a17aa7a282a9f4
[INFO] [stdout]                                at /rustc/6067b36314ab5eb2eb47cecc464545ba58e1ad24/library/test/src/lib.rs:606:41
[INFO] [stdout]   33:     0x5f7422c95e85 - std::sys::backtrace::__rust_begin_short_backtrace::hd2d2d2fb8e8c6aac
[INFO] [stdout]                                at /rustc/6067b36314ab5eb2eb47cecc464545ba58e1ad24/library/std/src/sys/backtrace.rs:152:18
[INFO] [stdout]   34:     0x5f7422c9976a - std::thread::Builder::spawn_unchecked_::{{closure}}::{{closure}}::h4faa3f9db6133423
[INFO] [stdout]                                at /rustc/6067b36314ab5eb2eb47cecc464545ba58e1ad24/library/std/src/thread/mod.rs:559:17
[INFO] [stdout]   35:     0x5f7422c9976a - <core::panic::unwind_safe::AssertUnwindSafe<F> as core::ops::function::FnOnce<()>>::call_once::hf2e855a36a4ea846
[INFO] [stdout]                                at /rustc/6067b36314ab5eb2eb47cecc464545ba58e1ad24/library/core/src/panic/unwind_safe.rs:272:9
[INFO] [stdout]   36:     0x5f7422c9976a - std::panicking::try::do_call::h2f73af3616c35465
[INFO] [stdout]                                at /rustc/6067b36314ab5eb2eb47cecc464545ba58e1ad24/library/std/src/panicking.rs:587:40
[INFO] [stdout]   37:     0x5f7422c9976a - std::panicking::try::hd1660ce9efadef5a
[INFO] [stdout]                                at /rustc/6067b36314ab5eb2eb47cecc464545ba58e1ad24/library/std/src/panicking.rs:550:19
[INFO] [stdout]   38:     0x5f7422c9976a - std::panic::catch_unwind::h5ee8d7823b8ca744
[INFO] [stdout]                                at /rustc/6067b36314ab5eb2eb47cecc464545ba58e1ad24/library/std/src/panic.rs:358:14
[INFO] [stdout]   39:     0x5f7422c9976a - std::thread::Builder::spawn_unchecked_::{{closure}}::h53c3a1894dce8407
[INFO] [stdout]                                at /rustc/6067b36314ab5eb2eb47cecc464545ba58e1ad24/library/std/src/thread/mod.rs:557:30
[INFO] [stdout]   40:     0x5f7422c9976a - core::ops::function::FnOnce::call_once{{vtable.shim}}::h048ce291ad4f62bf
[INFO] [stdout]                                at /rustc/6067b36314ab5eb2eb47cecc464545ba58e1ad24/library/core/src/ops/function.rs:250:5
[INFO] [stdout]   41:     0x5f7422f04afb - <alloc::boxed::Box<F,A> as core::ops::function::FnOnce<Args>>::call_once::ha52bedf99a3b4981
[INFO] [stdout]                                at /rustc/6067b36314ab5eb2eb47cecc464545ba58e1ad24/library/alloc/src/boxed.rs:2013:9
[INFO] [stdout]   42:     0x5f7422f04afb - <alloc::boxed::Box<F,A> as core::ops::function::FnOnce<Args>>::call_once::h567748934d80ccf8
[INFO] [stdout]                                at /rustc/6067b36314ab5eb2eb47cecc464545ba58e1ad24/library/alloc/src/boxed.rs:2013:9
[INFO] [stdout]   43:     0x5f7422f04afb - std::sys::pal::unix::thread::Thread::new::thread_start::h2d970728ae887adc
[INFO] [stdout]                                at /rustc/6067b36314ab5eb2eb47cecc464545ba58e1ad24/library/std/src/sys/pal/unix/thread.rs:106:17
[INFO] [stdout]   44:     0x738fe854fac3 - <unknown>
[INFO] [stdout]   45:     0x738fe85e0a04 - clone
[INFO] [stdout]   46:                0x0 - <unknown>
[INFO] [stdout] 
[INFO] [stdout] ---- extract_expected_text stdout ----
[INFO] [stdout] 
[INFO] [stdout] thread 'extract_expected_text' panicked at tests/tests.rs:139:33:
[INFO] [stdout] Failed to extract text from Interview questions (1).pdf, PDF error: No such file or directory (os error 2)
[INFO] [stdout] stack backtrace:
[INFO] [stdout]    0:     0x5f7422efe84a - std::backtrace_rs::backtrace::libunwind::trace::hb059275cfc8d6126
[INFO] [stdout]                                at /rustc/6067b36314ab5eb2eb47cecc464545ba58e1ad24/library/std/src/../../backtrace/src/backtrace/libunwind.rs:116:5
[INFO] [stdout]    1:     0x5f7422efe84a - std::backtrace_rs::backtrace::trace_unsynchronized::h2da071e4327ce3ee
[INFO] [stdout]                                at /rustc/6067b36314ab5eb2eb47cecc464545ba58e1ad24/library/std/src/../../backtrace/src/backtrace/mod.rs:66:5
[INFO] [stdout]    2:     0x5f7422efe84a - std::sys::backtrace::_print_fmt::h842a1474e6f8d23f
[INFO] [stdout]                                at /rustc/6067b36314ab5eb2eb47cecc464545ba58e1ad24/library/std/src/sys/backtrace.rs:66:9
[INFO] [stdout]    3:     0x5f7422efe84a - <std::sys::backtrace::BacktraceLock::print::DisplayBacktrace as core::fmt::Display>::fmt::h71a62eb3b9696b12
[INFO] [stdout]                                at /rustc/6067b36314ab5eb2eb47cecc464545ba58e1ad24/library/std/src/sys/backtrace.rs:39:26
[INFO] [stdout]    4:     0x5f7422f28b43 - core::fmt::rt::Argument::fmt::hdb6b616786b41dc1
[INFO] [stdout]                                at /rustc/6067b36314ab5eb2eb47cecc464545ba58e1ad24/library/core/src/fmt/rt.rs:177:76
[INFO] [stdout]    5:     0x5f7422f28b43 - core::fmt::write::h2cc1698af7e2d686
[INFO] [stdout]                                at /rustc/6067b36314ab5eb2eb47cecc464545ba58e1ad24/library/core/src/fmt/mod.rs:1440:21
[INFO] [stdout]    6:     0x5f7422efb053 - std::io::Write::write_fmt::hab1b4cd059a79022
[INFO] [stdout]                                at /rustc/6067b36314ab5eb2eb47cecc464545ba58e1ad24/library/std/src/io/mod.rs:1887:15
[INFO] [stdout]    7:     0x5f7422efe692 - std::sys::backtrace::BacktraceLock::print::h147fe35b4ea13b08
[INFO] [stdout]                                at /rustc/6067b36314ab5eb2eb47cecc464545ba58e1ad24/library/std/src/sys/backtrace.rs:42:9
[INFO] [stdout]    8:     0x5f7422effc6f - std::panicking::default_hook::{{closure}}::hbd44223dbdc0d208
[INFO] [stdout]                                at /rustc/6067b36314ab5eb2eb47cecc464545ba58e1ad24/library/std/src/panicking.rs:298:22
[INFO] [stdout]    9:     0x5f7422effa88 - std::panicking::default_hook::h20f81eb0576efcec
[INFO] [stdout]                                at /rustc/6067b36314ab5eb2eb47cecc464545ba58e1ad24/library/std/src/panicking.rs:322:9
[INFO] [stdout]   10:     0x5f7422cce713 - <alloc::boxed::Box<F,A> as core::ops::function::Fn<Args>>::call::hdb53814c496a4d34
[INFO] [stdout]                                at /rustc/6067b36314ab5eb2eb47cecc464545ba58e1ad24/library/alloc/src/boxed.rs:2027:9
[INFO] [stdout]   11:     0x5f7422cce713 - test::test_main::{{closure}}::hc0a4963c59427c24
[INFO] [stdout]                                at /rustc/6067b36314ab5eb2eb47cecc464545ba58e1ad24/library/test/src/lib.rs:134:21
[INFO] [stdout]   12:     0x5f7422f00763 - <alloc::boxed::Box<F,A> as core::ops::function::Fn<Args>>::call::h591b2225413a77e9
[INFO] [stdout]                                at /rustc/6067b36314ab5eb2eb47cecc464545ba58e1ad24/library/alloc/src/boxed.rs:2027:9
[INFO] [stdout]   13:     0x5f7422f00763 - std::panicking::rust_panic_with_hook::h625eea43051b2edc
[INFO] [stdout]                                at /rustc/6067b36314ab5eb2eb47cecc464545ba58e1ad24/library/std/src/panicking.rs:839:13
[INFO] [stdout]   14:     0x5f7422f0041a - std::panicking::begin_panic_handler::{{closure}}::h4f9159cfbc3f6bd3
[INFO] [stdout]                                at /rustc/6067b36314ab5eb2eb47cecc464545ba58e1ad24/library/std/src/panicking.rs:704:13
[INFO] [stdout]   15:     0x5f7422efed49 - std::sys::backtrace::__rust_end_short_backtrace::h0390abce48353151
[INFO] [stdout]                                at /rustc/6067b36314ab5eb2eb47cecc464545ba58e1ad24/library/std/src/sys/backtrace.rs:168:18
[INFO] [stdout]   16:     0x5f7422f000ad - rust_begin_unwind
[INFO] [stdout]                                at /rustc/6067b36314ab5eb2eb47cecc464545ba58e1ad24/library/std/src/panicking.rs:695:5
[INFO] [stdout]   17:     0x5f7422f26740 - core::panicking::panic_fmt::h9e7c637e9e5f29c9
[INFO] [stdout]                                at /rustc/6067b36314ab5eb2eb47cecc464545ba58e1ad24/library/core/src/panicking.rs:75:14
[INFO] [stdout]   18:     0x5f7422c93e5f - tests::ExpectedText::test::{{closure}}::hcb1648d6448ae458
[INFO] [stdout]                                at /opt/rustwide/workdir/tests/tests.rs:139:33
[INFO] [stdout]   19:     0x5f7422c92c0c - core::result::Result<T,E>::unwrap_or_else::h7b1eb918aedacb53
[INFO] [stdout]                                at /rustc/6067b36314ab5eb2eb47cecc464545ba58e1ad24/library/core/src/result.rs:1463:23
[INFO] [stdout]   20:     0x5f7422c93c2a - tests::ExpectedText::test::h52465842b0cb5939
[INFO] [stdout]                                at /opt/rustwide/workdir/tests/tests.rs:138:19
[INFO] [stdout]   21:     0x5f7422c94082 - tests::extract_expected_text::h4a0f1e7d5b603895
[INFO] [stdout]                                at /opt/rustwide/workdir/tests/tests.rs:106:9
[INFO] [stdout]   22:     0x5f7422c93e97 - tests::extract_expected_text::{{closure}}::hee571fe3a034ff31
[INFO] [stdout]                                at /opt/rustwide/workdir/tests/tests.rs:100:27
[INFO] [stdout]   23:     0x5f7422c923a6 - core::ops::function::FnOnce::call_once::hf256f74117b1613d
[INFO] [stdout]                                at /rustc/6067b36314ab5eb2eb47cecc464545ba58e1ad24/library/core/src/ops/function.rs:250:5
[INFO] [stdout]   24:     0x5f7422cd3e6b - core::ops::function::FnOnce::call_once::he27718dfdd183f43
[INFO] [stdout]                                at /rustc/6067b36314ab5eb2eb47cecc464545ba58e1ad24/library/core/src/ops/function.rs:250:5
[INFO] [stdout]   25:     0x5f7422cd3e6b - test::__rust_begin_short_backtrace::h4e84902998457a5d
[INFO] [stdout]                                at /rustc/6067b36314ab5eb2eb47cecc464545ba58e1ad24/library/test/src/lib.rs:632:18
[INFO] [stdout]   26:     0x5f7422cd2da3 - test::run_test_in_process::{{closure}}::h7176fd18fc1feca0
[INFO] [stdout]                                at /rustc/6067b36314ab5eb2eb47cecc464545ba58e1ad24/library/test/src/lib.rs:655:60
[INFO] [stdout]   27:     0x5f7422cd2da3 - <core::panic::unwind_safe::AssertUnwindSafe<F> as core::ops::function::FnOnce<()>>::call_once::hf79cff2a624d8cf7
[INFO] [stdout]                                at /rustc/6067b36314ab5eb2eb47cecc464545ba58e1ad24/library/core/src/panic/unwind_safe.rs:272:9
[INFO] [stdout]   28:     0x5f7422cd2da3 - std::panicking::try::do_call::h3da0561d9ab99c25
[INFO] [stdout]                                at /rustc/6067b36314ab5eb2eb47cecc464545ba58e1ad24/library/std/src/panicking.rs:587:40
[INFO] [stdout]   29:     0x5f7422cd2da3 - std::panicking::try::h41c9fa508bc61df6
[INFO] [stdout]                                at /rustc/6067b36314ab5eb2eb47cecc464545ba58e1ad24/library/std/src/panicking.rs:550:19
[INFO] [stdout]   30:     0x5f7422cd2da3 - std::panic::catch_unwind::h6b3ff07bb5afad93
[INFO] [stdout]                                at /rustc/6067b36314ab5eb2eb47cecc464545ba58e1ad24/library/std/src/panic.rs:358:14
[INFO] [stdout]   31:     0x5f7422cd2da3 - test::run_test_in_process::hc7253dd11b39b9f4
[INFO] [stdout]                                at /rustc/6067b36314ab5eb2eb47cecc464545ba58e1ad24/library/test/src/lib.rs:655:27
[INFO] [stdout]   32:     0x5f7422cd2da3 - test::run_test::{{closure}}::hfb2007f8649c30bb
[INFO] [stdout]                                at /rustc/6067b36314ab5eb2eb47cecc464545ba58e1ad24/library/test/src/lib.rs:576:43
[INFO] [stdout]   33:     0x5f7422c95e85 - test::run_test::{{closure}}::h56a17aa7a282a9f4
[INFO] [stdout]                                at /rustc/6067b36314ab5eb2eb47cecc464545ba58e1ad24/library/test/src/lib.rs:606:41
[INFO] [stdout]   34:     0x5f7422c95e85 - std::sys::backtrace::__rust_begin_short_backtrace::hd2d2d2fb8e8c6aac
[INFO] [stdout]                                at /rustc/6067b36314ab5eb2eb47cecc464545ba58e1ad24/library/std/src/sys/backtrace.rs:152:18
[INFO] [stdout]   35:     0x5f7422c9976a - std::thread::Builder::spawn_unchecked_::{{closure}}::{{closure}}::h4faa3f9db6133423
[INFO] [stdout]                                at /rustc/6067b36314ab5eb2eb47cecc464545ba58e1ad24/library/std/src/thread/mod.rs:559:17
[INFO] [stdout]   36:     0x5f7422c9976a - <core::panic::unwind_safe::AssertUnwindSafe<F> as core::ops::function::FnOnce<()>>::call_once::hf2e855a36a4ea846
[INFO] [stdout]                                at /rustc/6067b36314ab5eb2eb47cecc464545ba58e1ad24/library/core/src/panic/unwind_safe.rs:272:9
[INFO] [stdout]   37:     0x5f7422c9976a - std::panicking::try::do_call::h2f73af3616c35465
[INFO] [stdout]                                at /rustc/6067b36314ab5eb2eb47cecc464545ba58e1ad24/library/std/src/panicking.rs:587:40
[INFO] [stdout]   38:     0x5f7422c9976a - std::panicking::try::hd1660ce9efadef5a
[INFO] [stdout]                                at /rustc/6067b36314ab5eb2eb47cecc464545ba58e1ad24/library/std/src/panicking.rs:550:19
[INFO] [stdout]   39:     0x5f7422c9976a - std::panic::catch_unwind::h5ee8d7823b8ca744
[INFO] [stdout]                                at /rustc/6067b36314ab5eb2eb47cecc464545ba58e1ad24/library/std/src/panic.rs:358:14
[INFO] [stdout]   40:     0x5f7422c9976a - std::thread::Builder::spawn_unchecked_::{{closure}}::h53c3a1894dce8407
[INFO] [stdout]                                at /rustc/6067b36314ab5eb2eb47cecc464545ba58e1ad24/library/std/src/thread/mod.rs:557:30
[INFO] [stdout]   41:     0x5f7422c9976a - core::ops::function::FnOnce::call_once{{vtable.shim}}::h048ce291ad4f62bf
[INFO] [stdout]                                at /rustc/6067b36314ab5eb2eb47cecc464545ba58e1ad24/library/core/src/ops/function.rs:250:5
[INFO] [stdout]   42:     0x5f7422f04afb - <alloc::boxed::Box<F,A> as core::ops::function::FnOnce<Args>>::call_once::ha52bedf99a3b4981
[INFO] [stdout]                                at /rustc/6067b36314ab5eb2eb47cecc464545ba58e1ad24/library/alloc/src/boxed.rs:2013:9
[INFO] [stdout]   43:     0x5f7422f04afb - <alloc::boxed::Box<F,A> as core::ops::function::FnOnce<Args>>::call_once::h567748934d80ccf8
[INFO] [stdout]                                at /rustc/6067b36314ab5eb2eb47cecc464545ba58e1ad24/library/alloc/src/boxed.rs:2013:9
[INFO] [stdout]   44:     0x5f7422f04afb - std::sys::pal::unix::thread::Thread::new::thread_start::h2d970728ae887adc
[INFO] [stdout]                                at /rustc/6067b36314ab5eb2eb47cecc464545ba58e1ad24/library/std/src/sys/pal/unix/thread.rs:106:17
[INFO] [stdout]   45:     0x738fe854fac3 - <unknown>
[INFO] [stdout]   46:     0x738fe85e0a04 - clone
[INFO] [stdout]   47:                0x0 - <unknown>
[INFO] [stdout] 
[INFO] [stdout] 
[INFO] [stdout] failures:
[INFO] [stdout]     extract_all_docs
[INFO] [stdout]     extract_expected_text
[INFO] [stdout] 
[INFO] [stdout] test result: FAILED. 0 passed; 2 failed; 0 ignored; 0 measured; 0 filtered out; finished in 0.06s
[INFO] [stdout] 
[INFO] [stderr] error: test failed, to rerun pass `--test tests`
[INFO] running `Command { std: "docker" "inspect" "7f3725ae2dca8cc6117461445842fcea48b314d3156d83712d17166302ae5dc2", kill_on_drop: false }`
[INFO] running `Command { std: "docker" "rm" "-f" "7f3725ae2dca8cc6117461445842fcea48b314d3156d83712d17166302ae5dc2", kill_on_drop: false }`
[INFO] [stdout] 7f3725ae2dca8cc6117461445842fcea48b314d3156d83712d17166302ae5dc2
