[INFO] cloning repository https://github.com/mrvillage/casus
[INFO] running `Command { std: "git" "-c" "credential.helper=" "-c" "credential.helper=/workspace/cargo-home/bin/git-credential-null" "clone" "--bare" "https://github.com/mrvillage/casus" "/workspace/cache/git-repos/https%3A%2F%2Fgithub.com%2Fmrvillage%2Fcasus", kill_on_drop: false }`
[INFO] [stderr] Cloning into bare repository '/workspace/cache/git-repos/https%3A%2F%2Fgithub.com%2Fmrvillage%2Fcasus'...
[INFO] running `Command { std: "git" "rev-parse" "HEAD", kill_on_drop: false }`
[INFO] [stdout] 6d35da7c26e955573f56296b794c011d1c5f6923
[INFO] testing mrvillage/casus against nightly-2025-01-18 for randomize-layout-2
[INFO] running `Command { std: "git" "clone" "/workspace/cache/git-repos/https%3A%2F%2Fgithub.com%2Fmrvillage%2Fcasus" "/workspace/builds/worker-1-tc1/source", kill_on_drop: false }`
[INFO] [stderr] Cloning into '/workspace/builds/worker-1-tc1/source'...
[INFO] [stderr] done.
[INFO] validating manifest of git repo https://github.com/mrvillage/casus on toolchain nightly-2025-01-18
[INFO] running `Command { std: CARGO_HOME="/workspace/cargo-home" RUSTUP_HOME="/workspace/rustup-home" "/workspace/cargo-home/bin/cargo" "+nightly-2025-01-18" "metadata" "--manifest-path" "Cargo.toml" "--no-deps", kill_on_drop: false }`
[INFO] started tweaking git repo https://github.com/mrvillage/casus
[INFO] finished tweaking git repo https://github.com/mrvillage/casus
[INFO] tweaked toml for git repo https://github.com/mrvillage/casus written to /workspace/builds/worker-1-tc1/source/Cargo.toml
[INFO] crate git repo https://github.com/mrvillage/casus already has a lockfile, it will not be regenerated
[INFO] running `Command { std: CARGO_HOME="/workspace/cargo-home" RUSTUP_HOME="/workspace/rustup-home" "/workspace/cargo-home/bin/cargo" "+nightly-2025-01-18" "fetch" "--manifest-path" "Cargo.toml", kill_on_drop: false }`
[INFO] [stderr]     Blocking waiting for file lock on package cache
[INFO] running `Command { std: "docker" "create" "-v" "/var/lib/crater-agent-workspace/builds/worker-1-tc1/target:/opt/rustwide/target:rw,Z" "-v" "/var/lib/crater-agent-workspace/builds/worker-1-tc1/source:/opt/rustwide/workdir:ro,Z" "-v" "/var/lib/crater-agent-workspace/cargo-home:/opt/rustwide/cargo-home:ro,Z" "-v" "/var/lib/crater-agent-workspace/rustup-home:/opt/rustwide/rustup-home:ro,Z" "-e" "SOURCE_DIR=/opt/rustwide/workdir" "-e" "CARGO_TARGET_DIR=/opt/rustwide/target" "-e" "CARGO_HOME=/opt/rustwide/cargo-home" "-e" "RUSTUP_HOME=/opt/rustwide/rustup-home" "-w" "/opt/rustwide/workdir" "-m" "1610612736" "--user" "0:0" "--network" "none" "ghcr.io/rust-lang/crates-build-env/linux@sha256:819108c5571ea2e421544af4d832f968d213c87fbe3707a016657f43d2f853bc" "/opt/rustwide/cargo-home/bin/cargo" "+nightly-2025-01-18" "metadata" "--no-deps" "--format-version=1", kill_on_drop: false }`
[INFO] [stdout] 1c9a3f7cfc61694d69e1f17ed12c56e5a61bcbe4814c5b6e98472e89ea1f5d68
[INFO] running `Command { std: "docker" "start" "-a" "1c9a3f7cfc61694d69e1f17ed12c56e5a61bcbe4814c5b6e98472e89ea1f5d68", kill_on_drop: false }`
[INFO] running `Command { std: "docker" "inspect" "1c9a3f7cfc61694d69e1f17ed12c56e5a61bcbe4814c5b6e98472e89ea1f5d68", kill_on_drop: false }`
[INFO] running `Command { std: "docker" "rm" "-f" "1c9a3f7cfc61694d69e1f17ed12c56e5a61bcbe4814c5b6e98472e89ea1f5d68", kill_on_drop: false }`
[INFO] [stdout] 1c9a3f7cfc61694d69e1f17ed12c56e5a61bcbe4814c5b6e98472e89ea1f5d68
[INFO] running `Command { std: "docker" "create" "-v" "/var/lib/crater-agent-workspace/builds/worker-1-tc1/target:/opt/rustwide/target:rw,Z" "-v" "/var/lib/crater-agent-workspace/builds/worker-1-tc1/source:/opt/rustwide/workdir:ro,Z" "-v" "/var/lib/crater-agent-workspace/cargo-home:/opt/rustwide/cargo-home:ro,Z" "-v" "/var/lib/crater-agent-workspace/rustup-home:/opt/rustwide/rustup-home:ro,Z" "-e" "SOURCE_DIR=/opt/rustwide/workdir" "-e" "CARGO_TARGET_DIR=/opt/rustwide/target" "-e" "CARGO_INCREMENTAL=0" "-e" "RUST_BACKTRACE=full" "-e" "RUSTFLAGS=--cap-lints=forbid" "-e" "RUSTDOCFLAGS=--cap-lints=forbid" "-e" "CARGO_HOME=/opt/rustwide/cargo-home" "-e" "RUSTUP_HOME=/opt/rustwide/rustup-home" "-w" "/opt/rustwide/workdir" "-m" "1610612736" "--user" "0:0" "--network" "none" "ghcr.io/rust-lang/crates-build-env/linux@sha256:819108c5571ea2e421544af4d832f968d213c87fbe3707a016657f43d2f853bc" "/opt/rustwide/cargo-home/bin/cargo" "+nightly-2025-01-18" "build" "--frozen" "--message-format=json", kill_on_drop: false }`
[INFO] [stdout] a89adbd50b67cff22902aaafe00adbc7d2054b423dc9dc18612360657f643878
[INFO] running `Command { std: "docker" "start" "-a" "a89adbd50b67cff22902aaafe00adbc7d2054b423dc9dc18612360657f643878", kill_on_drop: false }`
[INFO] [stderr]    Compiling casus v0.1.1 (/opt/rustwide/workdir)
[INFO] [stderr]     Finished `dev` profile [unoptimized + debuginfo] target(s) in 0.13s
[INFO] running `Command { std: "docker" "inspect" "a89adbd50b67cff22902aaafe00adbc7d2054b423dc9dc18612360657f643878", kill_on_drop: false }`
[INFO] running `Command { std: "docker" "rm" "-f" "a89adbd50b67cff22902aaafe00adbc7d2054b423dc9dc18612360657f643878", kill_on_drop: false }`
[INFO] [stdout] a89adbd50b67cff22902aaafe00adbc7d2054b423dc9dc18612360657f643878
[INFO] running `Command { std: "docker" "create" "-v" "/var/lib/crater-agent-workspace/builds/worker-1-tc1/target:/opt/rustwide/target:rw,Z" "-v" "/var/lib/crater-agent-workspace/builds/worker-1-tc1/source:/opt/rustwide/workdir:ro,Z" "-v" "/var/lib/crater-agent-workspace/cargo-home:/opt/rustwide/cargo-home:ro,Z" "-v" "/var/lib/crater-agent-workspace/rustup-home:/opt/rustwide/rustup-home:ro,Z" "-e" "SOURCE_DIR=/opt/rustwide/workdir" "-e" "CARGO_TARGET_DIR=/opt/rustwide/target" "-e" "CARGO_INCREMENTAL=0" "-e" "RUST_BACKTRACE=full" "-e" "RUSTFLAGS=--cap-lints=forbid" "-e" "RUSTDOCFLAGS=--cap-lints=forbid" "-e" "CARGO_HOME=/opt/rustwide/cargo-home" "-e" "RUSTUP_HOME=/opt/rustwide/rustup-home" "-w" "/opt/rustwide/workdir" "-m" "1610612736" "--user" "0:0" "--network" "none" "ghcr.io/rust-lang/crates-build-env/linux@sha256:819108c5571ea2e421544af4d832f968d213c87fbe3707a016657f43d2f853bc" "/opt/rustwide/cargo-home/bin/cargo" "+nightly-2025-01-18" "test" "--frozen" "--no-run" "--message-format=json", kill_on_drop: false }`
[INFO] [stdout] 08edf66fac131b922f57db8a0bab0dd269f1a2898702b62d436bad521a03bee0
[INFO] running `Command { std: "docker" "start" "-a" "08edf66fac131b922f57db8a0bab0dd269f1a2898702b62d436bad521a03bee0", kill_on_drop: false }`
[INFO] [stderr]    Compiling casus v0.1.1 (/opt/rustwide/workdir)
[INFO] [stderr]     Finished `test` profile [unoptimized + debuginfo] target(s) in 0.12s
[INFO] running `Command { std: "docker" "inspect" "08edf66fac131b922f57db8a0bab0dd269f1a2898702b62d436bad521a03bee0", kill_on_drop: false }`
[INFO] running `Command { std: "docker" "rm" "-f" "08edf66fac131b922f57db8a0bab0dd269f1a2898702b62d436bad521a03bee0", kill_on_drop: false }`
[INFO] [stdout] 08edf66fac131b922f57db8a0bab0dd269f1a2898702b62d436bad521a03bee0
[INFO] running `Command { std: "docker" "create" "-v" "/var/lib/crater-agent-workspace/builds/worker-1-tc1/target:/opt/rustwide/target:rw,Z" "-v" "/var/lib/crater-agent-workspace/builds/worker-1-tc1/source:/opt/rustwide/workdir:ro,Z" "-v" "/var/lib/crater-agent-workspace/cargo-home:/opt/rustwide/cargo-home:ro,Z" "-v" "/var/lib/crater-agent-workspace/rustup-home:/opt/rustwide/rustup-home:ro,Z" "-e" "SOURCE_DIR=/opt/rustwide/workdir" "-e" "CARGO_TARGET_DIR=/opt/rustwide/target" "-e" "CARGO_INCREMENTAL=0" "-e" "RUST_BACKTRACE=full" "-e" "RUSTFLAGS=--cap-lints=forbid" "-e" "RUSTDOCFLAGS=--cap-lints=forbid" "-e" "CARGO_HOME=/opt/rustwide/cargo-home" "-e" "RUSTUP_HOME=/opt/rustwide/rustup-home" "-w" "/opt/rustwide/workdir" "-m" "1610612736" "--user" "0:0" "--network" "none" "ghcr.io/rust-lang/crates-build-env/linux@sha256:819108c5571ea2e421544af4d832f968d213c87fbe3707a016657f43d2f853bc" "/opt/rustwide/cargo-home/bin/cargo" "+nightly-2025-01-18" "test" "--frozen", kill_on_drop: false }`
[INFO] [stdout] 36897225676dfec0422d7137b6b20256b8f9cb70b4207d866681d9b764dd6734
[INFO] running `Command { std: "docker" "start" "-a" "36897225676dfec0422d7137b6b20256b8f9cb70b4207d866681d9b764dd6734", kill_on_drop: false }`
[INFO] [stderr]     Finished `test` profile [unoptimized + debuginfo] target(s) in 0.01s
[INFO] [stderr]      Running unittests src/lib.rs (/opt/rustwide/target/debug/deps/casus-0936e3d5fd690676)
[INFO] [stdout] 
[INFO] [stdout] running 0 tests
[INFO] [stdout] 
[INFO] [stdout] test result: ok. 0 passed; 0 failed; 0 ignored; 0 measured; 0 filtered out; finished in 0.00s
[INFO] [stdout] 
[INFO] [stderr]    Doc-tests casus
[INFO] [stdout] 
[INFO] [stdout] running 1 test
[INFO] [stdout] test src/lib.rs - Waiter<T>::wake (line 166) ... FAILED
[INFO] [stdout] 
[INFO] [stdout] failures:
[INFO] [stdout] 
[INFO] [stdout] ---- src/lib.rs - Waiter<T>::wake (line 166) stdout ----
[INFO] [stdout] error[E0425]: cannot find value `waiter` in this scope
[INFO] [stdout]  --> src/lib.rs:167:1
[INFO] [stdout]   |
[INFO] [stdout] 3 | waiter.wake(T)
[INFO] [stdout]   | ^^^^^^ not found in this scope
[INFO] [stdout] 
[INFO] [stdout] error[E0425]: cannot find value `T` in this scope
[INFO] [stdout]  --> src/lib.rs:167:13
[INFO] [stdout]   |
[INFO] [stdout] 3 | waiter.wake(T)
[INFO] [stdout]   |             ^ not found in this scope
[INFO] [stdout]   |
[INFO] [stdout] help: you might be missing a const parameter
[INFO] [stdout]   |
[INFO] [stdout] 2 | fn main() { #[allow(non_snake_case)] fn _doctest_main_src_lib_rs_166_0<const T: /* Type */>() {
[INFO] [stdout]   |                                                                       +++++++++++++++++++++
[INFO] [stdout] 
[INFO] [stdout] error: aborting due to 2 previous errors
[INFO] [stdout] 
[INFO] [stdout] For more information about this error, try `rustc --explain E0425`.
[INFO] [stdout] Couldn't compile the test.
[INFO] [stdout] 
[INFO] [stdout] failures:
[INFO] [stdout]     src/lib.rs - Waiter<T>::wake (line 166)
[INFO] [stdout] 
[INFO] [stdout] test result: FAILED. 0 passed; 1 failed; 0 ignored; 0 measured; 0 filtered out; finished in 0.07s
[INFO] [stdout] 
[INFO] [stderr] error: doctest failed, to rerun pass `--doc`
[INFO] running `Command { std: "docker" "inspect" "36897225676dfec0422d7137b6b20256b8f9cb70b4207d866681d9b764dd6734", kill_on_drop: false }`
[INFO] running `Command { std: "docker" "rm" "-f" "36897225676dfec0422d7137b6b20256b8f9cb70b4207d866681d9b764dd6734", kill_on_drop: false }`
[INFO] [stdout] 36897225676dfec0422d7137b6b20256b8f9cb70b4207d866681d9b764dd6734
