[INFO] cloning repository https://github.com/mrtims/advent_2021
[INFO] running `Command { std: "git" "-c" "credential.helper=" "-c" "credential.helper=/workspace/cargo-home/bin/git-credential-null" "clone" "--bare" "https://github.com/mrtims/advent_2021" "/workspace/cache/git-repos/https%3A%2F%2Fgithub.com%2Fmrtims%2Fadvent_2021", kill_on_drop: false }`
[INFO] [stderr] Cloning into bare repository '/workspace/cache/git-repos/https%3A%2F%2Fgithub.com%2Fmrtims%2Fadvent_2021'...
[INFO] running `Command { std: "git" "rev-parse" "HEAD", kill_on_drop: false }`
[INFO] [stdout] 401a1a973a8378ca65c2d7980efe6f12877fb485
[INFO] testing mrtims/advent_2021 against nightly-2025-01-18 for randomize-layout-2
[INFO] running `Command { std: "git" "clone" "/workspace/cache/git-repos/https%3A%2F%2Fgithub.com%2Fmrtims%2Fadvent_2021" "/workspace/builds/worker-6-tc1/source", kill_on_drop: false }`
[INFO] [stderr] Cloning into '/workspace/builds/worker-6-tc1/source'...
[INFO] [stderr] done.
[INFO] validating manifest of git repo https://github.com/mrtims/advent_2021 on toolchain nightly-2025-01-18
[INFO] running `Command { std: CARGO_HOME="/workspace/cargo-home" RUSTUP_HOME="/workspace/rustup-home" "/workspace/cargo-home/bin/cargo" "+nightly-2025-01-18" "metadata" "--manifest-path" "Cargo.toml" "--no-deps", kill_on_drop: false }`
[INFO] started tweaking git repo https://github.com/mrtims/advent_2021
[INFO] finished tweaking git repo https://github.com/mrtims/advent_2021
[INFO] tweaked toml for git repo https://github.com/mrtims/advent_2021 written to /workspace/builds/worker-6-tc1/source/Cargo.toml
[INFO] crate git repo https://github.com/mrtims/advent_2021 already has a lockfile, it will not be regenerated
[INFO] running `Command { std: CARGO_HOME="/workspace/cargo-home" RUSTUP_HOME="/workspace/rustup-home" "/workspace/cargo-home/bin/cargo" "+nightly-2025-01-18" "fetch" "--manifest-path" "Cargo.toml", kill_on_drop: false }`
[INFO] [stderr]     Blocking waiting for file lock on package cache
[INFO] [stderr]     Blocking waiting for file lock on package cache
[INFO] [stderr]     Blocking waiting for file lock on package cache
[INFO] [stderr]  Downloading crates ...
[INFO] [stderr]   Downloaded wyz v0.4.0
[INFO] [stderr]   Downloaded funty v1.2.0
[INFO] [stderr]   Downloaded bitvec v0.22.3
[INFO] [stderr]   Downloaded libc v0.2.111
[INFO] running `Command { std: "docker" "create" "-v" "/var/lib/crater-agent-workspace/builds/worker-6-tc1/target:/opt/rustwide/target:rw,Z" "-v" "/var/lib/crater-agent-workspace/builds/worker-6-tc1/source:/opt/rustwide/workdir:ro,Z" "-v" "/var/lib/crater-agent-workspace/cargo-home:/opt/rustwide/cargo-home:ro,Z" "-v" "/var/lib/crater-agent-workspace/rustup-home:/opt/rustwide/rustup-home:ro,Z" "-e" "SOURCE_DIR=/opt/rustwide/workdir" "-e" "CARGO_TARGET_DIR=/opt/rustwide/target" "-e" "CARGO_HOME=/opt/rustwide/cargo-home" "-e" "RUSTUP_HOME=/opt/rustwide/rustup-home" "-w" "/opt/rustwide/workdir" "-m" "1610612736" "--user" "0:0" "--network" "none" "ghcr.io/rust-lang/crates-build-env/linux@sha256:819108c5571ea2e421544af4d832f968d213c87fbe3707a016657f43d2f853bc" "/opt/rustwide/cargo-home/bin/cargo" "+nightly-2025-01-18" "metadata" "--no-deps" "--format-version=1", kill_on_drop: false }`
[INFO] [stdout] 33226e1a871aa3533de5aa9f23d7eb87657baf76ffab74cd1a45bbd096d47339
[INFO] running `Command { std: "docker" "start" "-a" "33226e1a871aa3533de5aa9f23d7eb87657baf76ffab74cd1a45bbd096d47339", kill_on_drop: false }`
[INFO] running `Command { std: "docker" "inspect" "33226e1a871aa3533de5aa9f23d7eb87657baf76ffab74cd1a45bbd096d47339", kill_on_drop: false }`
[INFO] running `Command { std: "docker" "rm" "-f" "33226e1a871aa3533de5aa9f23d7eb87657baf76ffab74cd1a45bbd096d47339", kill_on_drop: false }`
[INFO] [stdout] 33226e1a871aa3533de5aa9f23d7eb87657baf76ffab74cd1a45bbd096d47339
[INFO] running `Command { std: "docker" "create" "-v" "/var/lib/crater-agent-workspace/builds/worker-6-tc1/target:/opt/rustwide/target:rw,Z" "-v" "/var/lib/crater-agent-workspace/builds/worker-6-tc1/source:/opt/rustwide/workdir:ro,Z" "-v" "/var/lib/crater-agent-workspace/cargo-home:/opt/rustwide/cargo-home:ro,Z" "-v" "/var/lib/crater-agent-workspace/rustup-home:/opt/rustwide/rustup-home:ro,Z" "-e" "SOURCE_DIR=/opt/rustwide/workdir" "-e" "CARGO_TARGET_DIR=/opt/rustwide/target" "-e" "CARGO_INCREMENTAL=0" "-e" "RUST_BACKTRACE=full" "-e" "RUSTFLAGS=--cap-lints=forbid" "-e" "RUSTDOCFLAGS=--cap-lints=forbid" "-e" "CARGO_HOME=/opt/rustwide/cargo-home" "-e" "RUSTUP_HOME=/opt/rustwide/rustup-home" "-w" "/opt/rustwide/workdir" "-m" "1610612736" "--user" "0:0" "--network" "none" "ghcr.io/rust-lang/crates-build-env/linux@sha256:819108c5571ea2e421544af4d832f968d213c87fbe3707a016657f43d2f853bc" "/opt/rustwide/cargo-home/bin/cargo" "+nightly-2025-01-18" "build" "--frozen" "--message-format=json", kill_on_drop: false }`
[INFO] [stdout] 8ffcb76dc2988771887700c6ccb3cdb31db1148ae772e3b34ffd6e9dd69052e2
[INFO] running `Command { std: "docker" "start" "-a" "8ffcb76dc2988771887700c6ccb3cdb31db1148ae772e3b34ffd6e9dd69052e2", kill_on_drop: false }`
[INFO] [stderr]    Compiling libc v0.2.111
[INFO] [stderr]    Compiling radium v0.6.2
[INFO] [stderr]    Compiling tap v1.0.1
[INFO] [stderr]    Compiling funty v1.2.0
[INFO] [stderr]    Compiling wyz v0.4.0
[INFO] [stderr]    Compiling bitvec v0.22.3
[INFO] [stderr]    Compiling atty v0.2.14
[INFO] [stderr]    Compiling colored v2.0.0
[INFO] [stderr]    Compiling advent_2021 v0.1.0 (/opt/rustwide/workdir)
[INFO] [stdout] warning: unnecessary parentheses around index expression
[INFO] [stdout]    --> src/bin/day_10.rs:186:37
[INFO] [stdout]     |
[INFO] [stdout] 186 |         println!("#2: {:?}", points[(points.len() / 2)]);
[INFO] [stdout]     |                                     ^                ^
[INFO] [stdout]     |
[INFO] [stdout]     = note: `#[warn(unused_parens)]` on by default
[INFO] [stdout] help: remove these parentheses
[INFO] [stdout]     |
[INFO] [stdout] 186 -         println!("#2: {:?}", points[(points.len() / 2)]);
[INFO] [stdout] 186 +         println!("#2: {:?}", points[points.len() / 2]);
[INFO] [stdout]     |
[INFO] [stdout] 
[INFO] [stdout] 
[INFO] [stdout] warning: function `explore_basin_size` is never used
[INFO] [stdout]    --> src/bin/day_9.rs:175:4
[INFO] [stdout]     |
[INFO] [stdout] 175 | fn explore_basin_size(input: &[Vec<u32>], x: usize, y: usize, width: usize, height: usize) -> u32 {
[INFO] [stdout]     |    ^^^^^^^^^^^^^^^^^^
[INFO] [stdout]     |
[INFO] [stdout]     = note: `#[warn(dead_code)]` on by default
[INFO] [stdout] 
[INFO] [stdout] 
[INFO] [stdout] warning: function `points_left` is never used
[INFO] [stdout]    --> src/bin/day_9.rs:193:4
[INFO] [stdout]     |
[INFO] [stdout] 193 | fn points_left(input: &[Vec<u32>], mut x: usize, y: usize) -> Vec<(usize, usize)> {
[INFO] [stdout]     |    ^^^^^^^^^^^
[INFO] [stdout] 
[INFO] [stdout] 
[INFO] [stdout] warning: function `points_right` is never used
[INFO] [stdout]    --> src/bin/day_9.rs:205:4
[INFO] [stdout]     |
[INFO] [stdout] 205 | fn points_right(input: &[Vec<u32>], mut x: usize, y: usize, width: usize) -> Vec<(usize, usize)> {
[INFO] [stdout]     |    ^^^^^^^^^^^^
[INFO] [stdout] 
[INFO] [stdout] 
[INFO] [stdout] warning: function `points_up` is never used
[INFO] [stdout]    --> src/bin/day_9.rs:219:4
[INFO] [stdout]     |
[INFO] [stdout] 219 | fn points_up(input: &[Vec<u32>], x: usize, mut y: usize) -> Vec<(usize, usize)> {
[INFO] [stdout]     |    ^^^^^^^^^
[INFO] [stdout] 
[INFO] [stdout] 
[INFO] [stdout] warning: function `points_down` is never used
[INFO] [stdout]    --> src/bin/day_9.rs:231:4
[INFO] [stdout]     |
[INFO] [stdout] 231 | fn points_down(input: &[Vec<u32>], x: usize, mut y: usize, height: usize) -> Vec<(usize, usize)> {
[INFO] [stdout]     |    ^^^^^^^^^^^
[INFO] [stdout] 
[INFO] [stdout] 
[INFO] [stderr]     Finished `dev` profile [unoptimized + debuginfo] target(s) in 7.32s
[INFO] running `Command { std: "docker" "inspect" "8ffcb76dc2988771887700c6ccb3cdb31db1148ae772e3b34ffd6e9dd69052e2", kill_on_drop: false }`
[INFO] running `Command { std: "docker" "rm" "-f" "8ffcb76dc2988771887700c6ccb3cdb31db1148ae772e3b34ffd6e9dd69052e2", kill_on_drop: false }`
[INFO] [stdout] 8ffcb76dc2988771887700c6ccb3cdb31db1148ae772e3b34ffd6e9dd69052e2
[INFO] running `Command { std: "docker" "create" "-v" "/var/lib/crater-agent-workspace/builds/worker-6-tc1/target:/opt/rustwide/target:rw,Z" "-v" "/var/lib/crater-agent-workspace/builds/worker-6-tc1/source:/opt/rustwide/workdir:ro,Z" "-v" "/var/lib/crater-agent-workspace/cargo-home:/opt/rustwide/cargo-home:ro,Z" "-v" "/var/lib/crater-agent-workspace/rustup-home:/opt/rustwide/rustup-home:ro,Z" "-e" "SOURCE_DIR=/opt/rustwide/workdir" "-e" "CARGO_TARGET_DIR=/opt/rustwide/target" "-e" "CARGO_INCREMENTAL=0" "-e" "RUST_BACKTRACE=full" "-e" "RUSTFLAGS=--cap-lints=forbid" "-e" "RUSTDOCFLAGS=--cap-lints=forbid" "-e" "CARGO_HOME=/opt/rustwide/cargo-home" "-e" "RUSTUP_HOME=/opt/rustwide/rustup-home" "-w" "/opt/rustwide/workdir" "-m" "1610612736" "--user" "0:0" "--network" "none" "ghcr.io/rust-lang/crates-build-env/linux@sha256:819108c5571ea2e421544af4d832f968d213c87fbe3707a016657f43d2f853bc" "/opt/rustwide/cargo-home/bin/cargo" "+nightly-2025-01-18" "test" "--frozen" "--no-run" "--message-format=json", kill_on_drop: false }`
[INFO] [stdout] dead62bbe4aa2ffe82b2545d55930059a077efa235b17d0c935da9e6c0ac80e2
[INFO] running `Command { std: "docker" "start" "-a" "dead62bbe4aa2ffe82b2545d55930059a077efa235b17d0c935da9e6c0ac80e2", kill_on_drop: false }`
[INFO] [stderr]    Compiling advent_2021 v0.1.0 (/opt/rustwide/workdir)
[INFO] [stdout] warning: unnecessary parentheses around index expression
[INFO] [stdout]    --> src/bin/day_10.rs:186:37
[INFO] [stdout]     |
[INFO] [stdout] 186 |         println!("#2: {:?}", points[(points.len() / 2)]);
[INFO] [stdout]     |                                     ^                ^
[INFO] [stdout]     |
[INFO] [stdout]     = note: `#[warn(unused_parens)]` on by default
[INFO] [stdout] help: remove these parentheses
[INFO] [stdout]     |
[INFO] [stdout] 186 -         println!("#2: {:?}", points[(points.len() / 2)]);
[INFO] [stdout] 186 +         println!("#2: {:?}", points[points.len() / 2]);
[INFO] [stdout]     |
[INFO] [stdout] 
[INFO] [stdout] 
[INFO] [stdout] warning: function `explore_basin_size` is never used
[INFO] [stdout]    --> src/bin/day_9.rs:175:4
[INFO] [stdout]     |
[INFO] [stdout] 175 | fn explore_basin_size(input: &[Vec<u32>], x: usize, y: usize, width: usize, height: usize) -> u32 {
[INFO] [stdout]     |    ^^^^^^^^^^^^^^^^^^
[INFO] [stdout]     |
[INFO] [stdout]     = note: `#[warn(dead_code)]` on by default
[INFO] [stdout] 
[INFO] [stdout] 
[INFO] [stdout] warning: function `points_left` is never used
[INFO] [stdout]    --> src/bin/day_9.rs:193:4
[INFO] [stdout]     |
[INFO] [stdout] 193 | fn points_left(input: &[Vec<u32>], mut x: usize, y: usize) -> Vec<(usize, usize)> {
[INFO] [stdout]     |    ^^^^^^^^^^^
[INFO] [stdout] 
[INFO] [stdout] 
[INFO] [stdout] warning: function `points_right` is never used
[INFO] [stdout]    --> src/bin/day_9.rs:205:4
[INFO] [stdout]     |
[INFO] [stdout] 205 | fn points_right(input: &[Vec<u32>], mut x: usize, y: usize, width: usize) -> Vec<(usize, usize)> {
[INFO] [stdout]     |    ^^^^^^^^^^^^
[INFO] [stdout] 
[INFO] [stdout] 
[INFO] [stdout] warning: function `points_up` is never used
[INFO] [stdout]    --> src/bin/day_9.rs:219:4
[INFO] [stdout]     |
[INFO] [stdout] 219 | fn points_up(input: &[Vec<u32>], x: usize, mut y: usize) -> Vec<(usize, usize)> {
[INFO] [stdout]     |    ^^^^^^^^^
[INFO] [stdout] 
[INFO] [stdout] 
[INFO] [stdout] warning: function `points_down` is never used
[INFO] [stdout]    --> src/bin/day_9.rs:231:4
[INFO] [stdout]     |
[INFO] [stdout] 231 | fn points_down(input: &[Vec<u32>], x: usize, mut y: usize, height: usize) -> Vec<(usize, usize)> {
[INFO] [stdout]     |    ^^^^^^^^^^^
[INFO] [stdout] 
[INFO] [stdout] 
[INFO] [stderr]     Finished `test` profile [unoptimized + debuginfo] target(s) in 3.33s
[INFO] running `Command { std: "docker" "inspect" "dead62bbe4aa2ffe82b2545d55930059a077efa235b17d0c935da9e6c0ac80e2", kill_on_drop: false }`
[INFO] running `Command { std: "docker" "rm" "-f" "dead62bbe4aa2ffe82b2545d55930059a077efa235b17d0c935da9e6c0ac80e2", kill_on_drop: false }`
[INFO] [stdout] dead62bbe4aa2ffe82b2545d55930059a077efa235b17d0c935da9e6c0ac80e2
[INFO] running `Command { std: "docker" "create" "-v" "/var/lib/crater-agent-workspace/builds/worker-6-tc1/target:/opt/rustwide/target:rw,Z" "-v" "/var/lib/crater-agent-workspace/builds/worker-6-tc1/source:/opt/rustwide/workdir:ro,Z" "-v" "/var/lib/crater-agent-workspace/cargo-home:/opt/rustwide/cargo-home:ro,Z" "-v" "/var/lib/crater-agent-workspace/rustup-home:/opt/rustwide/rustup-home:ro,Z" "-e" "SOURCE_DIR=/opt/rustwide/workdir" "-e" "CARGO_TARGET_DIR=/opt/rustwide/target" "-e" "CARGO_INCREMENTAL=0" "-e" "RUST_BACKTRACE=full" "-e" "RUSTFLAGS=--cap-lints=forbid" "-e" "RUSTDOCFLAGS=--cap-lints=forbid" "-e" "CARGO_HOME=/opt/rustwide/cargo-home" "-e" "RUSTUP_HOME=/opt/rustwide/rustup-home" "-w" "/opt/rustwide/workdir" "-m" "1610612736" "--user" "0:0" "--network" "none" "ghcr.io/rust-lang/crates-build-env/linux@sha256:819108c5571ea2e421544af4d832f968d213c87fbe3707a016657f43d2f853bc" "/opt/rustwide/cargo-home/bin/cargo" "+nightly-2025-01-18" "test" "--frozen", kill_on_drop: false }`
[INFO] [stdout] 374d153d89e469df5eb16fcb3b29a371af1d8448614cfe6559954c8fbcfb562b
[INFO] running `Command { std: "docker" "start" "-a" "374d153d89e469df5eb16fcb3b29a371af1d8448614cfe6559954c8fbcfb562b", kill_on_drop: false }`
[INFO] [stderr] warning: unnecessary parentheses around index expression
[INFO] [stderr]    --> src/bin/day_10.rs:186:37
[INFO] [stderr]     |
[INFO] [stderr] 186 |         println!("#2: {:?}", points[(points.len() / 2)]);
[INFO] [stderr]     |                                     ^                ^
[INFO] [stderr]     |
[INFO] [stderr]     = note: `#[warn(unused_parens)]` on by default
[INFO] [stderr] help: remove these parentheses
[INFO] [stderr]     |
[INFO] [stderr] 186 -         println!("#2: {:?}", points[(points.len() / 2)]);
[INFO] [stderr] 186 +         println!("#2: {:?}", points[points.len() / 2]);
[INFO] [stderr]     |
[INFO] [stderr] 
[INFO] [stderr] warning: function `explore_basin_size` is never used
[INFO] [stderr]    --> src/bin/day_9.rs:175:4
[INFO] [stderr]     |
[INFO] [stderr] 175 | fn explore_basin_size(input: &[Vec<u32>], x: usize, y: usize, width: usize, height: usize) -> u32 {
[INFO] [stderr]     |    ^^^^^^^^^^^^^^^^^^
[INFO] [stderr]     |
[INFO] [stderr]     = note: `#[warn(dead_code)]` on by default
[INFO] [stderr] 
[INFO] [stderr] warning: function `points_left` is never used
[INFO] [stderr]    --> src/bin/day_9.rs:193:4
[INFO] [stderr]     |
[INFO] [stderr] 193 | fn points_left(input: &[Vec<u32>], mut x: usize, y: usize) -> Vec<(usize, usize)> {
[INFO] [stderr]     |    ^^^^^^^^^^^
[INFO] [stderr] 
[INFO] [stderr] warning: function `points_right` is never used
[INFO] [stderr]    --> src/bin/day_9.rs:205:4
[INFO] [stderr]     |
[INFO] [stderr] 205 | fn points_right(input: &[Vec<u32>], mut x: usize, y: usize, width: usize) -> Vec<(usize, usize)> {
[INFO] [stderr]     |    ^^^^^^^^^^^^
[INFO] [stderr] 
[INFO] [stderr] warning: function `points_up` is never used
[INFO] [stderr]    --> src/bin/day_9.rs:219:4
[INFO] [stderr]     |
[INFO] [stderr] 219 | fn points_up(input: &[Vec<u32>], x: usize, mut y: usize) -> Vec<(usize, usize)> {
[INFO] [stderr]     |    ^^^^^^^^^
[INFO] [stderr] 
[INFO] [stderr] warning: function `points_down` is never used
[INFO] [stderr]    --> src/bin/day_9.rs:231:4
[INFO] [stderr]     |
[INFO] [stderr] 231 | fn points_down(input: &[Vec<u32>], x: usize, mut y: usize, height: usize) -> Vec<(usize, usize)> {
[INFO] [stderr]     |    ^^^^^^^^^^^
[INFO] [stderr] 
[INFO] [stderr] warning: `advent_2021` (bin "day_10" test) generated 1 warning (run `cargo fix --bin "day_10" --tests` to apply 1 suggestion)
[INFO] [stderr] warning: `advent_2021` (bin "day_9" test) generated 5 warnings
[INFO] [stderr]     Finished `test` profile [unoptimized + debuginfo] target(s) in 0.03s
[INFO] [stderr]      Running unittests src/lib.rs (/opt/rustwide/target/debug/deps/advent_2021-8a7a6291e84d66ab)
[INFO] [stdout] 
[INFO] [stdout] running 0 tests
[INFO] [stdout] 
[INFO] [stdout] test result: ok. 0 passed; 0 failed; 0 ignored; 0 measured; 0 filtered out; finished in 0.00s
[INFO] [stdout] 
[INFO] [stderr]      Running unittests src/bin/day_1.rs (/opt/rustwide/target/debug/deps/day_1-97ef5e5102e6b09e)
[INFO] [stdout] 
[INFO] [stdout] running 2 tests
[INFO] [stdout] test example ... ok
[INFO] [stdout] test example_2 ... ok
[INFO] [stdout] 
[INFO] [stdout] test result: ok. 2 passed; 0 failed; 0 ignored; 0 measured; 0 filtered out; finished in 0.01s
[INFO] [stdout] 
[INFO] [stderr]      Running unittests src/bin/day_10.rs (/opt/rustwide/target/debug/deps/day_10-603e7dd255e791ff)
[INFO] [stdout] 
[INFO] [stdout] running 2 tests
[INFO] [stdout] test example_2 ... ok
[INFO] [stdout] test example_1 ... ok
[INFO] [stdout] 
[INFO] [stdout] test result: ok. 2 passed; 0 failed; 0 ignored; 0 measured; 0 filtered out; finished in 0.00s
[INFO] [stdout] 
[INFO] [stderr]      Running unittests src/bin/day_11.rs (/opt/rustwide/target/debug/deps/day_11-7140a26499ca8267)
[INFO] [stdout] 
[INFO] [stdout] running 1 test
[INFO] [stdout] test example_1 ... ok
[INFO] [stdout] 
[INFO] [stdout] test result: ok. 1 passed; 0 failed; 0 ignored; 0 measured; 0 filtered out; finished in 0.01s
[INFO] [stdout] 
[INFO] [stderr]      Running unittests src/bin/day_12.rs (/opt/rustwide/target/debug/deps/day_12-cf97b400f6830869)
[INFO] [stdout] 
[INFO] [stdout] running 1 test
[INFO] [stdout] test example_1 ... ok
[INFO] [stdout] 
[INFO] [stdout] test result: ok. 1 passed; 0 failed; 0 ignored; 0 measured; 0 filtered out; finished in 0.00s
[INFO] [stdout] 
[INFO] [stderr]      Running unittests src/bin/day_13.rs (/opt/rustwide/target/debug/deps/day_13-893310fed483807c)
[INFO] [stdout] 
[INFO] [stdout] running 2 tests
[INFO] [stderr]      Running unittests src/bin/day_16.rs (/opt/rustwide/target/debug/deps/day_16-3128089d92a35d60)
[INFO] [stdout] test example_1 ... ok
[INFO] [stdout] test example_2 ... ok
[INFO] [stdout] 
[INFO] [stdout] test result: ok. 2 passed; 0 failed; 0 ignored; 0 measured; 0 filtered out; finished in 0.00s
[INFO] [stdout] 
[INFO] [stdout] 
[INFO] [stdout] running 16 tests
[INFO] [stdout] test example_1 ... ok
[INFO] [stdout] test example_12 ... ok
[INFO] [stdout] test example_13 ... ok
[INFO] [stdout] test example_14 ... ok
[INFO] [stdout] test example_16 ... ok
[INFO] [stdout] test example_9 ... ok
[INFO] [stdout] test example_2 ... ok
[INFO] [stdout] test example_10 ... ok
[INFO] [stdout] test example_6 ... ok
[INFO] [stdout] test example_11 ... ok
[INFO] [stdout] test example_3 ... ok
[INFO] [stdout] test example_4 ... ok
[INFO] [stdout] test example_7 ... ok
[INFO] [stdout] test example_8 ... ok
[INFO] [stdout] test example_15 ... ok
[INFO] [stdout] test example_5 ... ok
[INFO] [stdout] 
[INFO] [stdout] test result: ok. 16 passed; 0 failed; 0 ignored; 0 measured; 0 filtered out; finished in 0.03s
[INFO] [stdout] 
[INFO] [stderr]      Running unittests src/bin/day_17.rs (/opt/rustwide/target/debug/deps/day_17-fe3d87ae77be5c97)
[INFO] [stdout] 
[INFO] [stdout] running 1 test
[INFO] [stdout] test example_1 has been running for over 60 seconds
[INFO] [stdout] test example_1 ... ok
[INFO] [stdout] 
[INFO] [stdout] test result: ok. 1 passed; 0 failed; 0 ignored; 0 measured; 0 filtered out; finished in 63.41s
[INFO] [stdout] 
[INFO] [stderr]      Running unittests src/bin/day_2.rs (/opt/rustwide/target/debug/deps/day_2-c28d9c3db84d8348)
[INFO] [stdout] 
[INFO] [stdout] running 1 test
[INFO] [stdout] test example ... ok
[INFO] [stdout] 
[INFO] [stdout] test result: ok. 1 passed; 0 failed; 0 ignored; 0 measured; 0 filtered out; finished in 0.00s
[INFO] [stdout] 
[INFO] [stderr]      Running unittests src/bin/day_3.rs (/opt/rustwide/target/debug/deps/day_3-1782bb0381461544)
[INFO] [stdout] 
[INFO] [stdout] running 1 test
[INFO] [stderr]      Running unittests src/bin/day_4.rs (/opt/rustwide/target/debug/deps/day_4-c08f1927d1750fa6)
[INFO] [stdout] test example_one ... ok
[INFO] [stdout] 
[INFO] [stdout] test result: ok. 1 passed; 0 failed; 0 ignored; 0 measured; 0 filtered out; finished in 0.00s
[INFO] [stdout] 
[INFO] [stdout] 
[INFO] [stdout] running 1 test
[INFO] [stdout] test example_one ... ok
[INFO] [stderr]      Running unittests src/bin/day_5.rs (/opt/rustwide/target/debug/deps/day_5-5821e3ca7c3b16d4)
[INFO] [stdout] 
[INFO] [stderr]      Running unittests src/bin/day_6.rs (/opt/rustwide/target/debug/deps/day_6-29e40af4a545ab1d)
[INFO] [stdout] test result: ok. 1 passed; 0 failed; 0 ignored; 0 measured; 0 filtered out; finished in 0.00s
[INFO] [stdout] 
[INFO] [stdout] 
[INFO] [stdout] running 2 tests
[INFO] [stdout] test example_one ... ok
[INFO] [stdout] test example_two ... ok
[INFO] [stdout] 
[INFO] [stdout] test result: ok. 2 passed; 0 failed; 0 ignored; 0 measured; 0 filtered out; finished in 0.00s
[INFO] [stdout] 
[INFO] [stdout] 
[INFO] [stdout] running 2 tests
[INFO] [stdout] test example_2 ... ok
[INFO] [stdout] test example_1 ... ok
[INFO] [stdout] 
[INFO] [stdout] test result: ok. 2 passed; 0 failed; 0 ignored; 0 measured; 0 filtered out; finished in 0.01s
[INFO] [stdout] 
[INFO] [stdout] 
[INFO] [stderr]      Running unittests src/bin/day_7.rs (/opt/rustwide/target/debug/deps/day_7-8e883e67ec3fd207)
[INFO] [stdout] running 2 tests
[INFO] [stdout] test example_1 ... ok
[INFO] [stdout] test example_2 ... ok
[INFO] [stdout] 
[INFO] [stdout] test result: ok. 2 passed; 0 failed; 0 ignored; 0 measured; 0 filtered out; finished in 0.00s
[INFO] [stdout] 
[INFO] [stderr]      Running unittests src/bin/day_8.rs (/opt/rustwide/target/debug/deps/day_8-1fb3ac2e73f0d588)
[INFO] [stdout] 
[INFO] [stdout] running 2 tests
[INFO] [stdout] test example_1 ... ok
[INFO] [stderr]      Running unittests src/bin/day_9.rs (/opt/rustwide/target/debug/deps/day_9-8ac9d3bc3d7fa983)
[INFO] [stdout] test example_2 ... ok
[INFO] [stdout] 
[INFO] [stdout] test result: ok. 2 passed; 0 failed; 0 ignored; 0 measured; 0 filtered out; finished in 0.66s
[INFO] [stdout] 
[INFO] [stdout] 
[INFO] [stdout] running 2 tests
[INFO] [stdout] test example_one ... ok
[INFO] [stdout] test example_two ... FAILED
[INFO] [stderr] error: test failed, to rerun pass `--bin day_9`
[INFO] [stdout] 
[INFO] [stdout] failures:
[INFO] [stdout] 
[INFO] [stdout] ---- example_two stdout ----
[INFO] [stdout] [0, 0, 0, 0]
[INFO] [stdout] 
[INFO] [stdout] thread 'example_two' panicked at src/bin/day_9.rs:82:5:
[INFO] [stdout] assertion `left == right` failed
[INFO] [stdout]   left: 1134
[INFO] [stdout]  right: 0
[INFO] [stdout] stack backtrace:
[INFO] [stdout]    0:     0x561a4e46caca - std::backtrace_rs::backtrace::libunwind::trace::hb059275cfc8d6126
[INFO] [stdout]                                at /rustc/6067b36314ab5eb2eb47cecc464545ba58e1ad24/library/std/src/../../backtrace/src/backtrace/libunwind.rs:116:5
[INFO] [stdout]    1:     0x561a4e46caca - std::backtrace_rs::backtrace::trace_unsynchronized::h2da071e4327ce3ee
[INFO] [stdout]                                at /rustc/6067b36314ab5eb2eb47cecc464545ba58e1ad24/library/std/src/../../backtrace/src/backtrace/mod.rs:66:5
[INFO] [stdout]    2:     0x561a4e46caca - std::sys::backtrace::_print_fmt::h842a1474e6f8d23f
[INFO] [stdout]                                at /rustc/6067b36314ab5eb2eb47cecc464545ba58e1ad24/library/std/src/sys/backtrace.rs:66:9
[INFO] [stdout]    3:     0x561a4e46caca - <std::sys::backtrace::BacktraceLock::print::DisplayBacktrace as core::fmt::Display>::fmt::h71a62eb3b9696b12
[INFO] [stdout]                                at /rustc/6067b36314ab5eb2eb47cecc464545ba58e1ad24/library/std/src/sys/backtrace.rs:39:26
[INFO] [stdout]    4:     0x561a4e494113 - core::fmt::rt::Argument::fmt::hdb6b616786b41dc1
[INFO] [stdout]                                at /rustc/6067b36314ab5eb2eb47cecc464545ba58e1ad24/library/core/src/fmt/rt.rs:177:76
[INFO] [stdout]    5:     0x561a4e494113 - core::fmt::write::h2cc1698af7e2d686
[INFO] [stdout]                                at /rustc/6067b36314ab5eb2eb47cecc464545ba58e1ad24/library/core/src/fmt/mod.rs:1440:21
[INFO] [stdout]    6:     0x561a4e469623 - std::io::Write::write_fmt::hab1b4cd059a79022
[INFO] [stdout]                                at /rustc/6067b36314ab5eb2eb47cecc464545ba58e1ad24/library/std/src/io/mod.rs:1887:15
[INFO] [stdout]    7:     0x561a4e46c912 - std::sys::backtrace::BacktraceLock::print::h147fe35b4ea13b08
[INFO] [stdout]                                at /rustc/6067b36314ab5eb2eb47cecc464545ba58e1ad24/library/std/src/sys/backtrace.rs:42:9
[INFO] [stdout]    8:     0x561a4e46deef - std::panicking::default_hook::{{closure}}::hbd44223dbdc0d208
[INFO] [stdout]                                at /rustc/6067b36314ab5eb2eb47cecc464545ba58e1ad24/library/std/src/panicking.rs:298:22
[INFO] [stdout]    9:     0x561a4e46dd08 - std::panicking::default_hook::h20f81eb0576efcec
[INFO] [stdout]                                at /rustc/6067b36314ab5eb2eb47cecc464545ba58e1ad24/library/std/src/panicking.rs:322:9
[INFO] [stdout]   10:     0x561a4e436b23 - <alloc::boxed::Box<F,A> as core::ops::function::Fn<Args>>::call::hdb53814c496a4d34
[INFO] [stdout]                                at /rustc/6067b36314ab5eb2eb47cecc464545ba58e1ad24/library/alloc/src/boxed.rs:2027:9
[INFO] [stdout]   11:     0x561a4e436b23 - test::test_main::{{closure}}::hc0a4963c59427c24
[INFO] [stdout]                                at /rustc/6067b36314ab5eb2eb47cecc464545ba58e1ad24/library/test/src/lib.rs:134:21
[INFO] [stdout]   12:     0x561a4e46e9e3 - <alloc::boxed::Box<F,A> as core::ops::function::Fn<Args>>::call::h591b2225413a77e9
[INFO] [stdout]                                at /rustc/6067b36314ab5eb2eb47cecc464545ba58e1ad24/library/alloc/src/boxed.rs:2027:9
[INFO] [stdout]   13:     0x561a4e46e9e3 - std::panicking::rust_panic_with_hook::h625eea43051b2edc
[INFO] [stdout]                                at /rustc/6067b36314ab5eb2eb47cecc464545ba58e1ad24/library/std/src/panicking.rs:839:13
[INFO] [stdout]   14:     0x561a4e46e69a - std::panicking::begin_panic_handler::{{closure}}::h4f9159cfbc3f6bd3
[INFO] [stdout]                                at /rustc/6067b36314ab5eb2eb47cecc464545ba58e1ad24/library/std/src/panicking.rs:704:13
[INFO] [stdout]   15:     0x561a4e46cfc9 - std::sys::backtrace::__rust_end_short_backtrace::h0390abce48353151
[INFO] [stdout]                                at /rustc/6067b36314ab5eb2eb47cecc464545ba58e1ad24/library/std/src/sys/backtrace.rs:168:18
[INFO] [stdout]   16:     0x561a4e46e32d - rust_begin_unwind
[INFO] [stdout]                                at /rustc/6067b36314ab5eb2eb47cecc464545ba58e1ad24/library/std/src/panicking.rs:695:5
[INFO] [stdout]   17:     0x561a4e492b20 - core::panicking::panic_fmt::h9e7c637e9e5f29c9
[INFO] [stdout]                                at /rustc/6067b36314ab5eb2eb47cecc464545ba58e1ad24/library/core/src/panicking.rs:75:14
[INFO] [stdout]   18:     0x561a4e492ee2 - core::panicking::assert_failed_inner::h538bec7c1374cd9c
[INFO] [stdout]   19:     0x561a4e3f1714 - core::panicking::assert_failed::hc25db5b2b13211ae
[INFO] [stdout]                                at /rustc/6067b36314ab5eb2eb47cecc464545ba58e1ad24/library/core/src/panicking.rs:364:5
[INFO] [stdout]   20:     0x561a4e3f7842 - day_9::example_two::h8420ddc72c1dfa12
[INFO] [stdout]                                at /opt/rustwide/workdir/src/bin/day_9.rs:82:5
[INFO] [stdout]   21:     0x561a4e3f7337 - day_9::example_two::{{closure}}::h3390d9a7d3e8feb1
[INFO] [stdout]                                at /opt/rustwide/workdir/src/bin/day_9.rs:60:17
[INFO] [stdout]   22:     0x561a4e3ee356 - core::ops::function::FnOnce::call_once::hf8bc73e7c98afb5d
[INFO] [stdout]                                at /rustc/6067b36314ab5eb2eb47cecc464545ba58e1ad24/library/core/src/ops/function.rs:250:5
[INFO] [stdout]   23:     0x561a4e43c27b - core::ops::function::FnOnce::call_once::he27718dfdd183f43
[INFO] [stdout]                                at /rustc/6067b36314ab5eb2eb47cecc464545ba58e1ad24/library/core/src/ops/function.rs:250:5
[INFO] [stdout]   24:     0x561a4e43c27b - test::__rust_begin_short_backtrace::h4e84902998457a5d
[INFO] [stdout]                                at /rustc/6067b36314ab5eb2eb47cecc464545ba58e1ad24/library/test/src/lib.rs:632:18
[INFO] [stdout]   25:     0x561a4e43b1b3 - test::run_test_in_process::{{closure}}::h7176fd18fc1feca0
[INFO] [stdout]                                at /rustc/6067b36314ab5eb2eb47cecc464545ba58e1ad24/library/test/src/lib.rs:655:60
[INFO] [stdout]   26:     0x561a4e43b1b3 - <core::panic::unwind_safe::AssertUnwindSafe<F> as core::ops::function::FnOnce<()>>::call_once::hf79cff2a624d8cf7
[INFO] [stdout]                                at /rustc/6067b36314ab5eb2eb47cecc464545ba58e1ad24/library/core/src/panic/unwind_safe.rs:272:9
[INFO] [stdout]   27:     0x561a4e43b1b3 - std::panicking::try::do_call::h3da0561d9ab99c25
[INFO] [stdout]                                at /rustc/6067b36314ab5eb2eb47cecc464545ba58e1ad24/library/std/src/panicking.rs:587:40
[INFO] [stdout]   28:     0x561a4e43b1b3 - std::panicking::try::h41c9fa508bc61df6
[INFO] [stdout]                                at /rustc/6067b36314ab5eb2eb47cecc464545ba58e1ad24/library/std/src/panicking.rs:550:19
[INFO] [stdout]   29:     0x561a4e43b1b3 - std::panic::catch_unwind::h6b3ff07bb5afad93
[INFO] [stdout]                                at /rustc/6067b36314ab5eb2eb47cecc464545ba58e1ad24/library/std/src/panic.rs:358:14
[INFO] [stdout]   30:     0x561a4e43b1b3 - test::run_test_in_process::hc7253dd11b39b9f4
[INFO] [stdout]                                at /rustc/6067b36314ab5eb2eb47cecc464545ba58e1ad24/library/test/src/lib.rs:655:27
[INFO] [stdout]   31:     0x561a4e43b1b3 - test::run_test::{{closure}}::hfb2007f8649c30bb
[INFO] [stdout]                                at /rustc/6067b36314ab5eb2eb47cecc464545ba58e1ad24/library/test/src/lib.rs:576:43
[INFO] [stdout]   32:     0x561a4e3fe295 - test::run_test::{{closure}}::h56a17aa7a282a9f4
[INFO] [stdout]                                at /rustc/6067b36314ab5eb2eb47cecc464545ba58e1ad24/library/test/src/lib.rs:606:41
[INFO] [stdout]   33:     0x561a4e3fe295 - std::sys::backtrace::__rust_begin_short_backtrace::hd2d2d2fb8e8c6aac
[INFO] [stdout]                                at /rustc/6067b36314ab5eb2eb47cecc464545ba58e1ad24/library/std/src/sys/backtrace.rs:152:18
[INFO] [stdout]   34:     0x561a4e401b7a - std::thread::Builder::spawn_unchecked_::{{closure}}::{{closure}}::h4faa3f9db6133423
[INFO] [stdout]                                at /rustc/6067b36314ab5eb2eb47cecc464545ba58e1ad24/library/std/src/thread/mod.rs:559:17
[INFO] [stdout]   35:     0x561a4e401b7a - <core::panic::unwind_safe::AssertUnwindSafe<F> as core::ops::function::FnOnce<()>>::call_once::hf2e855a36a4ea846
[INFO] [stdout]                                at /rustc/6067b36314ab5eb2eb47cecc464545ba58e1ad24/library/core/src/panic/unwind_safe.rs:272:9
[INFO] [stdout]   36:     0x561a4e401b7a - std::panicking::try::do_call::h2f73af3616c35465
[INFO] [stdout]                                at /rustc/6067b36314ab5eb2eb47cecc464545ba58e1ad24/library/std/src/panicking.rs:587:40
[INFO] [stdout]   37:     0x561a4e401b7a - std::panicking::try::hd1660ce9efadef5a
[INFO] [stdout]                                at /rustc/6067b36314ab5eb2eb47cecc464545ba58e1ad24/library/std/src/panicking.rs:550:19
[INFO] [stdout]   38:     0x561a4e401b7a - std::panic::catch_unwind::h5ee8d7823b8ca744
[INFO] [stdout]                                at /rustc/6067b36314ab5eb2eb47cecc464545ba58e1ad24/library/std/src/panic.rs:358:14
[INFO] [stdout]   39:     0x561a4e401b7a - std::thread::Builder::spawn_unchecked_::{{closure}}::h53c3a1894dce8407
[INFO] [stdout]                                at /rustc/6067b36314ab5eb2eb47cecc464545ba58e1ad24/library/std/src/thread/mod.rs:557:30
[INFO] [stdout]   40:     0x561a4e401b7a - core::ops::function::FnOnce::call_once{{vtable.shim}}::h048ce291ad4f62bf
[INFO] [stdout]                                at /rustc/6067b36314ab5eb2eb47cecc464545ba58e1ad24/library/core/src/ops/function.rs:250:5
[INFO] [stdout]   41:     0x561a4e47291b - <alloc::boxed::Box<F,A> as core::ops::function::FnOnce<Args>>::call_once::ha52bedf99a3b4981
[INFO] [stdout]                                at /rustc/6067b36314ab5eb2eb47cecc464545ba58e1ad24/library/alloc/src/boxed.rs:2013:9
[INFO] [stdout]   42:     0x561a4e47291b - <alloc::boxed::Box<F,A> as core::ops::function::FnOnce<Args>>::call_once::h567748934d80ccf8
[INFO] [stdout]                                at /rustc/6067b36314ab5eb2eb47cecc464545ba58e1ad24/library/alloc/src/boxed.rs:2013:9
[INFO] [stdout]   43:     0x561a4e47291b - std::sys::pal::unix::thread::Thread::new::thread_start::h2d970728ae887adc
[INFO] [stdout]                                at /rustc/6067b36314ab5eb2eb47cecc464545ba58e1ad24/library/std/src/sys/pal/unix/thread.rs:106:17
[INFO] [stdout]   44:     0x7e8730c30ac3 - <unknown>
[INFO] [stdout]   45:     0x7e8730cc1a04 - clone
[INFO] [stdout]   46:                0x0 - <unknown>
[INFO] [stdout] 
[INFO] [stdout] 
[INFO] [stdout] failures:
[INFO] [stdout]     example_two
[INFO] [stdout] 
[INFO] [stdout] test result: FAILED. 1 passed; 1 failed; 0 ignored; 0 measured; 0 filtered out; finished in 0.02s
[INFO] [stdout] 
[INFO] running `Command { std: "docker" "inspect" "374d153d89e469df5eb16fcb3b29a371af1d8448614cfe6559954c8fbcfb562b", kill_on_drop: false }`
[INFO] running `Command { std: "docker" "rm" "-f" "374d153d89e469df5eb16fcb3b29a371af1d8448614cfe6559954c8fbcfb562b", kill_on_drop: false }`
[INFO] [stdout] 374d153d89e469df5eb16fcb3b29a371af1d8448614cfe6559954c8fbcfb562b
