[INFO] cloning repository https://github.com/mpiraux/monsoon-hvpm
[INFO] running `Command { std: "git" "-c" "credential.helper=" "-c" "credential.helper=/workspace/cargo-home/bin/git-credential-null" "clone" "--bare" "https://github.com/mpiraux/monsoon-hvpm" "/workspace/cache/git-repos/https%3A%2F%2Fgithub.com%2Fmpiraux%2Fmonsoon-hvpm", kill_on_drop: false }`
[INFO] [stderr] Cloning into bare repository '/workspace/cache/git-repos/https%3A%2F%2Fgithub.com%2Fmpiraux%2Fmonsoon-hvpm'...
[INFO] running `Command { std: "git" "rev-parse" "HEAD", kill_on_drop: false }`
[INFO] [stdout] 363ee0e8866cca338b35868ef679eaf66bec7a3a
[INFO] testing mpiraux/monsoon-hvpm against nightly-2025-01-18 for randomize-layout-2
[INFO] running `Command { std: "git" "clone" "/workspace/cache/git-repos/https%3A%2F%2Fgithub.com%2Fmpiraux%2Fmonsoon-hvpm" "/workspace/builds/worker-4-tc1/source", kill_on_drop: false }`
[INFO] [stderr] Cloning into '/workspace/builds/worker-4-tc1/source'...
[INFO] [stderr] done.
[INFO] validating manifest of git repo https://github.com/mpiraux/monsoon-hvpm on toolchain nightly-2025-01-18
[INFO] running `Command { std: CARGO_HOME="/workspace/cargo-home" RUSTUP_HOME="/workspace/rustup-home" "/workspace/cargo-home/bin/cargo" "+nightly-2025-01-18" "metadata" "--manifest-path" "Cargo.toml" "--no-deps", kill_on_drop: false }`
[INFO] started tweaking git repo https://github.com/mpiraux/monsoon-hvpm
[INFO] finished tweaking git repo https://github.com/mpiraux/monsoon-hvpm
[INFO] tweaked toml for git repo https://github.com/mpiraux/monsoon-hvpm written to /workspace/builds/worker-4-tc1/source/Cargo.toml
[INFO] crate git repo https://github.com/mpiraux/monsoon-hvpm already has a lockfile, it will not be regenerated
[INFO] running `Command { std: CARGO_HOME="/workspace/cargo-home" RUSTUP_HOME="/workspace/rustup-home" "/workspace/cargo-home/bin/cargo" "+nightly-2025-01-18" "fetch" "--manifest-path" "Cargo.toml", kill_on_drop: false }`
[INFO] [stderr]  Downloading crates ...
[INFO] [stderr]   Downloaded test-log-macros v0.2.15
[INFO] [stderr]   Downloaded test-log v0.2.15
[INFO] [stderr]   Downloaded rusb v0.9.3
[INFO] [stderr]   Downloaded syn v2.0.55
[INFO] running `Command { std: "docker" "create" "-v" "/var/lib/crater-agent-workspace/builds/worker-4-tc1/target:/opt/rustwide/target:rw,Z" "-v" "/var/lib/crater-agent-workspace/builds/worker-4-tc1/source:/opt/rustwide/workdir:ro,Z" "-v" "/var/lib/crater-agent-workspace/cargo-home:/opt/rustwide/cargo-home:ro,Z" "-v" "/var/lib/crater-agent-workspace/rustup-home:/opt/rustwide/rustup-home:ro,Z" "-e" "SOURCE_DIR=/opt/rustwide/workdir" "-e" "CARGO_TARGET_DIR=/opt/rustwide/target" "-e" "CARGO_HOME=/opt/rustwide/cargo-home" "-e" "RUSTUP_HOME=/opt/rustwide/rustup-home" "-w" "/opt/rustwide/workdir" "-m" "1610612736" "--user" "0:0" "--network" "none" "ghcr.io/rust-lang/crates-build-env/linux@sha256:819108c5571ea2e421544af4d832f968d213c87fbe3707a016657f43d2f853bc" "/opt/rustwide/cargo-home/bin/cargo" "+nightly-2025-01-18" "metadata" "--no-deps" "--format-version=1", kill_on_drop: false }`
[INFO] [stdout] ff1ee669de997b6b21c3dc62a336079ecdeccf83e79f773b77cc60dc47d9c0b8
[INFO] running `Command { std: "docker" "start" "-a" "ff1ee669de997b6b21c3dc62a336079ecdeccf83e79f773b77cc60dc47d9c0b8", kill_on_drop: false }`
[INFO] running `Command { std: "docker" "inspect" "ff1ee669de997b6b21c3dc62a336079ecdeccf83e79f773b77cc60dc47d9c0b8", kill_on_drop: false }`
[INFO] running `Command { std: "docker" "rm" "-f" "ff1ee669de997b6b21c3dc62a336079ecdeccf83e79f773b77cc60dc47d9c0b8", kill_on_drop: false }`
[INFO] [stdout] ff1ee669de997b6b21c3dc62a336079ecdeccf83e79f773b77cc60dc47d9c0b8
[INFO] running `Command { std: "docker" "create" "-v" "/var/lib/crater-agent-workspace/builds/worker-4-tc1/target:/opt/rustwide/target:rw,Z" "-v" "/var/lib/crater-agent-workspace/builds/worker-4-tc1/source:/opt/rustwide/workdir:ro,Z" "-v" "/var/lib/crater-agent-workspace/cargo-home:/opt/rustwide/cargo-home:ro,Z" "-v" "/var/lib/crater-agent-workspace/rustup-home:/opt/rustwide/rustup-home:ro,Z" "-e" "SOURCE_DIR=/opt/rustwide/workdir" "-e" "CARGO_TARGET_DIR=/opt/rustwide/target" "-e" "CARGO_INCREMENTAL=0" "-e" "RUST_BACKTRACE=full" "-e" "RUSTFLAGS=--cap-lints=forbid" "-e" "RUSTDOCFLAGS=--cap-lints=forbid" "-e" "CARGO_HOME=/opt/rustwide/cargo-home" "-e" "RUSTUP_HOME=/opt/rustwide/rustup-home" "-w" "/opt/rustwide/workdir" "-m" "1610612736" "--user" "0:0" "--network" "none" "ghcr.io/rust-lang/crates-build-env/linux@sha256:819108c5571ea2e421544af4d832f968d213c87fbe3707a016657f43d2f853bc" "/opt/rustwide/cargo-home/bin/cargo" "+nightly-2025-01-18" "build" "--frozen" "--message-format=json", kill_on_drop: false }`
[INFO] [stdout] ce29e345b578e15505eaebef302c90b140bc87090a242bbd0e1d0436e978b25c
[INFO] running `Command { std: "docker" "start" "-a" "ce29e345b578e15505eaebef302c90b140bc87090a242bbd0e1d0436e978b25c", kill_on_drop: false }`
[INFO] [stderr]    Compiling proc-macro2 v1.0.79
[INFO] [stderr]    Compiling libc v0.2.153
[INFO] [stderr]    Compiling memchr v2.7.2
[INFO] [stderr]    Compiling regex-syntax v0.8.3
[INFO] [stderr]    Compiling pkg-config v0.3.30
[INFO] [stderr]    Compiling cc v1.0.90
[INFO] [stderr]    Compiling log v0.4.21
[INFO] [stderr]    Compiling bitflags v2.5.0
[INFO] [stderr]    Compiling humantime v2.1.0
[INFO] [stderr]    Compiling nix v0.28.0
[INFO] [stderr]    Compiling heck v0.5.0
[INFO] [stderr]    Compiling rusb v0.9.3
[INFO] [stderr]    Compiling anstream v0.6.13
[INFO] [stderr]    Compiling clap_builder v4.5.2
[INFO] [stderr]    Compiling quote v1.0.35
[INFO] [stderr]    Compiling aho-corasick v1.1.3
[INFO] [stderr]    Compiling syn v2.0.55
[INFO] [stderr]    Compiling libusb1-sys v0.6.4
[INFO] [stderr]    Compiling regex-automata v0.4.6
[INFO] [stderr]    Compiling ctrlc v3.4.4
[INFO] [stderr]    Compiling test-log-macros v0.2.15
[INFO] [stderr]    Compiling clap_derive v4.5.4
[INFO] [stderr]    Compiling regex v1.10.4
[INFO] [stderr]    Compiling env_filter v0.1.0
[INFO] [stderr]    Compiling env_logger v0.11.3
[INFO] [stderr]    Compiling test-log v0.2.15
[INFO] [stderr]    Compiling clap v4.5.4
[INFO] [stderr]    Compiling monsoon-hvpm v0.1.0 (/opt/rustwide/workdir)
[INFO] [stdout] warning: variants `SetVoltageChannel`, `SetRunCurrentLimit`, `GetSerialNumber`, `GetStartStatus`, and `Stop` are never constructed
[INFO] [stdout]   --> src/lib.rs:41:5
[INFO] [stdout]    |
[INFO] [stdout] 32 | enum EepromOpCode {
[INFO] [stdout]    |      ------------ variants in this enum
[INFO] [stdout] ...
[INFO] [stdout] 41 |     SetVoltageChannel = 0x23, // Sets voltage channel: Value 00 = Main & USB voltage measurements. Value 01 = Main & Aux voltage measurem...
[INFO] [stdout]    |     ^^^^^^^^^^^^^^^^^
[INFO] [stdout] ...
[INFO] [stdout] 46 |     SetRunCurrentLimit = 0x44, // Sets runtime current limit HV Amps = 15.625*(1.0-powerupCurrentLimit/65535)
[INFO] [stdout]    |     ^^^^^^^^^^^^^^^^^^
[INFO] [stdout] 47 |     SetMainVoltage = 0x41,     // Voltage = value * 1048576
[INFO] [stdout] 48 |     GetSerialNumber = 0x42,
[INFO] [stdout]    |     ^^^^^^^^^^^^^^^
[INFO] [stdout] ...
[INFO] [stdout] 52 |     GetStartStatus = 0xc4,
[INFO] [stdout]    |     ^^^^^^^^^^^^^^
[INFO] [stdout] ...
[INFO] [stdout] 55 |     Stop = 0xff,
[INFO] [stdout]    |     ^^^^
[INFO] [stdout]    |
[INFO] [stdout]    = note: `EepromOpCode` has a derived impl for the trait `Clone`, but this is intentionally ignored during dead code analysis
[INFO] [stdout]    = note: `#[warn(dead_code)]` on by default
[INFO] [stdout] 
[INFO] [stdout] 
[INFO] [stdout] warning: variant `RequestResetToBootloader` is never constructed
[INFO] [stdout]   --> src/lib.rs:65:5
[INFO] [stdout]    |
[INFO] [stdout] 59 | enum UsbControlCodes {
[INFO] [stdout]    |      --------------- variant in this enum
[INFO] [stdout] ...
[INFO] [stdout] 65 |     RequestResetToBootloader = 0xff,
[INFO] [stdout]    |     ^^^^^^^^^^^^^^^^^^^^^^^^
[INFO] [stdout]    |
[INFO] [stdout]    = note: `UsbControlCodes` has a derived impl for the trait `Clone`, but this is intentionally ignored during dead code analysis
[INFO] [stdout] 
[INFO] [stdout] 
[INFO] [stdout] warning: field `unused` is never read
[INFO] [stdout]    --> src/lib.rs:180:5
[INFO] [stdout]     |
[INFO] [stdout] 177 | struct HardwareSample {
[INFO] [stdout]     |        -------------- field in this struct
[INFO] [stdout] ...
[INFO] [stdout] 180 |     unused: u8,
[INFO] [stdout]     |     ^^^^^^
[INFO] [stdout]     |
[INFO] [stdout]     = note: `HardwareSample` has derived impls for the traits `Debug` and `Clone`, but these are intentionally ignored during dead code analysis
[INFO] [stdout] 
[INFO] [stdout] 
[INFO] [stdout] warning: fields `power_up_current_limit`, `runtime_current_limit`, `power_up_time`, and `temperature_limit` are never read
[INFO] [stdout]    --> src/lib.rs:275:5
[INFO] [stdout]     |
[INFO] [stdout] 269 | struct Status {
[INFO] [stdout]     |        ------ fields in this struct
[INFO] [stdout] ...
[INFO] [stdout] 275 |     power_up_current_limit: u16,
[INFO] [stdout]     |     ^^^^^^^^^^^^^^^^^^^^^^
[INFO] [stdout] 276 |     runtime_current_limit: u16,
[INFO] [stdout]     |     ^^^^^^^^^^^^^^^^^^^^^
[INFO] [stdout] 277 |     power_up_time: u8,
[INFO] [stdout]     |     ^^^^^^^^^^^^^
[INFO] [stdout] 278 |     temperature_limit: u16,
[INFO] [stdout]     |     ^^^^^^^^^^^^^^^^^
[INFO] [stdout]     |
[INFO] [stdout]     = note: `Status` has a derived impl for the trait `Default`, but this is intentionally ignored during dead code analysis
[INFO] [stdout] 
[INFO] [stdout] 
[INFO] [stderr]     Finished `dev` profile [unoptimized + debuginfo] target(s) in 19.11s
[INFO] running `Command { std: "docker" "inspect" "ce29e345b578e15505eaebef302c90b140bc87090a242bbd0e1d0436e978b25c", kill_on_drop: false }`
[INFO] running `Command { std: "docker" "rm" "-f" "ce29e345b578e15505eaebef302c90b140bc87090a242bbd0e1d0436e978b25c", kill_on_drop: false }`
[INFO] [stdout] ce29e345b578e15505eaebef302c90b140bc87090a242bbd0e1d0436e978b25c
[INFO] running `Command { std: "docker" "create" "-v" "/var/lib/crater-agent-workspace/builds/worker-4-tc1/target:/opt/rustwide/target:rw,Z" "-v" "/var/lib/crater-agent-workspace/builds/worker-4-tc1/source:/opt/rustwide/workdir:ro,Z" "-v" "/var/lib/crater-agent-workspace/cargo-home:/opt/rustwide/cargo-home:ro,Z" "-v" "/var/lib/crater-agent-workspace/rustup-home:/opt/rustwide/rustup-home:ro,Z" "-e" "SOURCE_DIR=/opt/rustwide/workdir" "-e" "CARGO_TARGET_DIR=/opt/rustwide/target" "-e" "CARGO_INCREMENTAL=0" "-e" "RUST_BACKTRACE=full" "-e" "RUSTFLAGS=--cap-lints=forbid" "-e" "RUSTDOCFLAGS=--cap-lints=forbid" "-e" "CARGO_HOME=/opt/rustwide/cargo-home" "-e" "RUSTUP_HOME=/opt/rustwide/rustup-home" "-w" "/opt/rustwide/workdir" "-m" "1610612736" "--user" "0:0" "--network" "none" "ghcr.io/rust-lang/crates-build-env/linux@sha256:819108c5571ea2e421544af4d832f968d213c87fbe3707a016657f43d2f853bc" "/opt/rustwide/cargo-home/bin/cargo" "+nightly-2025-01-18" "test" "--frozen" "--no-run" "--message-format=json", kill_on_drop: false }`
[INFO] [stdout] 26f3ffa6cc9e627b811a40e94f49bdb207030e8bf14ea40e4a4e07743c262a15
[INFO] running `Command { std: "docker" "start" "-a" "26f3ffa6cc9e627b811a40e94f49bdb207030e8bf14ea40e4a4e07743c262a15", kill_on_drop: false }`
[INFO] [stderr]    Compiling monsoon-hvpm v0.1.0 (/opt/rustwide/workdir)
[INFO] [stdout] warning: variants `SetVoltageChannel`, `SetRunCurrentLimit`, `GetSerialNumber`, `GetStartStatus`, and `Stop` are never constructed
[INFO] [stdout]   --> src/lib.rs:41:5
[INFO] [stdout]    |
[INFO] [stdout] 32 | enum EepromOpCode {
[INFO] [stdout]    |      ------------ variants in this enum
[INFO] [stdout] ...
[INFO] [stdout] 41 |     SetVoltageChannel = 0x23, // Sets voltage channel: Value 00 = Main & USB voltage measurements. Value 01 = Main & Aux voltage measurem...
[INFO] [stdout]    |     ^^^^^^^^^^^^^^^^^
[INFO] [stdout] ...
[INFO] [stdout] 46 |     SetRunCurrentLimit = 0x44, // Sets runtime current limit HV Amps = 15.625*(1.0-powerupCurrentLimit/65535)
[INFO] [stdout]    |     ^^^^^^^^^^^^^^^^^^
[INFO] [stdout] 47 |     SetMainVoltage = 0x41,     // Voltage = value * 1048576
[INFO] [stdout] 48 |     GetSerialNumber = 0x42,
[INFO] [stdout]    |     ^^^^^^^^^^^^^^^
[INFO] [stdout] ...
[INFO] [stdout] 52 |     GetStartStatus = 0xc4,
[INFO] [stdout]    |     ^^^^^^^^^^^^^^
[INFO] [stdout] ...
[INFO] [stdout] 55 |     Stop = 0xff,
[INFO] [stdout]    |     ^^^^
[INFO] [stdout]    |
[INFO] [stdout]    = note: `EepromOpCode` has a derived impl for the trait `Clone`, but this is intentionally ignored during dead code analysis
[INFO] [stdout]    = note: `#[warn(dead_code)]` on by default
[INFO] [stdout] 
[INFO] [stdout] 
[INFO] [stdout] warning: variant `RequestResetToBootloader` is never constructed
[INFO] [stdout]   --> src/lib.rs:65:5
[INFO] [stdout]    |
[INFO] [stdout] 59 | enum UsbControlCodes {
[INFO] [stdout]    |      --------------- variant in this enum
[INFO] [stdout] ...
[INFO] [stdout] 65 |     RequestResetToBootloader = 0xff,
[INFO] [stdout]    |     ^^^^^^^^^^^^^^^^^^^^^^^^
[INFO] [stdout]    |
[INFO] [stdout]    = note: `UsbControlCodes` has a derived impl for the trait `Clone`, but this is intentionally ignored during dead code analysis
[INFO] [stdout] 
[INFO] [stdout] 
[INFO] [stdout] warning: field `unused` is never read
[INFO] [stdout]    --> src/lib.rs:180:5
[INFO] [stdout]     |
[INFO] [stdout] 177 | struct HardwareSample {
[INFO] [stdout]     |        -------------- field in this struct
[INFO] [stdout] ...
[INFO] [stdout] 180 |     unused: u8,
[INFO] [stdout]     |     ^^^^^^
[INFO] [stdout]     |
[INFO] [stdout]     = note: `HardwareSample` has derived impls for the traits `Debug` and `Clone`, but these are intentionally ignored during dead code analysis
[INFO] [stdout] 
[INFO] [stdout] 
[INFO] [stdout] warning: fields `power_up_current_limit`, `runtime_current_limit`, `power_up_time`, and `temperature_limit` are never read
[INFO] [stdout]    --> src/lib.rs:275:5
[INFO] [stdout]     |
[INFO] [stdout] 269 | struct Status {
[INFO] [stdout]     |        ------ fields in this struct
[INFO] [stdout] ...
[INFO] [stdout] 275 |     power_up_current_limit: u16,
[INFO] [stdout]     |     ^^^^^^^^^^^^^^^^^^^^^^
[INFO] [stdout] 276 |     runtime_current_limit: u16,
[INFO] [stdout]     |     ^^^^^^^^^^^^^^^^^^^^^
[INFO] [stdout] 277 |     power_up_time: u8,
[INFO] [stdout]     |     ^^^^^^^^^^^^^
[INFO] [stdout] 278 |     temperature_limit: u16,
[INFO] [stdout]     |     ^^^^^^^^^^^^^^^^^
[INFO] [stdout]     |
[INFO] [stdout]     = note: `Status` has a derived impl for the trait `Default`, but this is intentionally ignored during dead code analysis
[INFO] [stdout] 
[INFO] [stdout] 
[INFO] [stdout] warning: variants `SetVoltageChannel`, `SetRunCurrentLimit`, `GetSerialNumber`, `GetStartStatus`, and `Stop` are never constructed
[INFO] [stdout]   --> src/lib.rs:41:5
[INFO] [stdout]    |
[INFO] [stdout] 32 | enum EepromOpCode {
[INFO] [stdout]    |      ------------ variants in this enum
[INFO] [stdout] ...
[INFO] [stdout] 41 |     SetVoltageChannel = 0x23, // Sets voltage channel: Value 00 = Main & USB voltage measurements. Value 01 = Main & Aux voltage measurem...
[INFO] [stdout]    |     ^^^^^^^^^^^^^^^^^
[INFO] [stdout] ...
[INFO] [stdout] 46 |     SetRunCurrentLimit = 0x44, // Sets runtime current limit HV Amps = 15.625*(1.0-powerupCurrentLimit/65535)
[INFO] [stdout]    |     ^^^^^^^^^^^^^^^^^^
[INFO] [stdout] 47 |     SetMainVoltage = 0x41,     // Voltage = value * 1048576
[INFO] [stdout] 48 |     GetSerialNumber = 0x42,
[INFO] [stdout]    |     ^^^^^^^^^^^^^^^
[INFO] [stdout] ...
[INFO] [stdout] 52 |     GetStartStatus = 0xc4,
[INFO] [stdout]    |     ^^^^^^^^^^^^^^
[INFO] [stdout] ...
[INFO] [stdout] 55 |     Stop = 0xff,
[INFO] [stdout]    |     ^^^^
[INFO] [stdout]    |
[INFO] [stdout]    = note: `EepromOpCode` has a derived impl for the trait `Clone`, but this is intentionally ignored during dead code analysis
[INFO] [stdout]    = note: `#[warn(dead_code)]` on by default
[INFO] [stdout] 
[INFO] [stdout] 
[INFO] [stdout] warning: variant `RequestResetToBootloader` is never constructed
[INFO] [stdout]   --> src/lib.rs:65:5
[INFO] [stdout]    |
[INFO] [stdout] 59 | enum UsbControlCodes {
[INFO] [stdout]    |      --------------- variant in this enum
[INFO] [stdout] ...
[INFO] [stdout] 65 |     RequestResetToBootloader = 0xff,
[INFO] [stdout]    |     ^^^^^^^^^^^^^^^^^^^^^^^^
[INFO] [stdout]    |
[INFO] [stdout]    = note: `UsbControlCodes` has a derived impl for the trait `Clone`, but this is intentionally ignored during dead code analysis
[INFO] [stdout] 
[INFO] [stdout] 
[INFO] [stdout] warning: field `unused` is never read
[INFO] [stdout]    --> src/lib.rs:180:5
[INFO] [stdout]     |
[INFO] [stdout] 177 | struct HardwareSample {
[INFO] [stdout]     |        -------------- field in this struct
[INFO] [stdout] ...
[INFO] [stdout] 180 |     unused: u8,
[INFO] [stdout]     |     ^^^^^^
[INFO] [stdout]     |
[INFO] [stdout]     = note: `HardwareSample` has derived impls for the traits `Debug` and `Clone`, but these are intentionally ignored during dead code analysis
[INFO] [stdout] 
[INFO] [stdout] 
[INFO] [stdout] warning: fields `power_up_current_limit`, `runtime_current_limit`, `power_up_time`, and `temperature_limit` are never read
[INFO] [stdout]    --> src/lib.rs:275:5
[INFO] [stdout]     |
[INFO] [stdout] 269 | struct Status {
[INFO] [stdout]     |        ------ fields in this struct
[INFO] [stdout] ...
[INFO] [stdout] 275 |     power_up_current_limit: u16,
[INFO] [stdout]     |     ^^^^^^^^^^^^^^^^^^^^^^
[INFO] [stdout] 276 |     runtime_current_limit: u16,
[INFO] [stdout]     |     ^^^^^^^^^^^^^^^^^^^^^
[INFO] [stdout] 277 |     power_up_time: u8,
[INFO] [stdout]     |     ^^^^^^^^^^^^^
[INFO] [stdout] 278 |     temperature_limit: u16,
[INFO] [stdout]     |     ^^^^^^^^^^^^^^^^^
[INFO] [stdout]     |
[INFO] [stdout]     = note: `Status` has a derived impl for the trait `Default`, but this is intentionally ignored during dead code analysis
[INFO] [stdout] 
[INFO] [stdout] 
[INFO] [stderr]     Finished `test` profile [unoptimized + debuginfo] target(s) in 1.00s
[INFO] running `Command { std: "docker" "inspect" "26f3ffa6cc9e627b811a40e94f49bdb207030e8bf14ea40e4a4e07743c262a15", kill_on_drop: false }`
[INFO] running `Command { std: "docker" "rm" "-f" "26f3ffa6cc9e627b811a40e94f49bdb207030e8bf14ea40e4a4e07743c262a15", kill_on_drop: false }`
[INFO] [stdout] 26f3ffa6cc9e627b811a40e94f49bdb207030e8bf14ea40e4a4e07743c262a15
[INFO] running `Command { std: "docker" "create" "-v" "/var/lib/crater-agent-workspace/builds/worker-4-tc1/target:/opt/rustwide/target:rw,Z" "-v" "/var/lib/crater-agent-workspace/builds/worker-4-tc1/source:/opt/rustwide/workdir:ro,Z" "-v" "/var/lib/crater-agent-workspace/cargo-home:/opt/rustwide/cargo-home:ro,Z" "-v" "/var/lib/crater-agent-workspace/rustup-home:/opt/rustwide/rustup-home:ro,Z" "-e" "SOURCE_DIR=/opt/rustwide/workdir" "-e" "CARGO_TARGET_DIR=/opt/rustwide/target" "-e" "CARGO_INCREMENTAL=0" "-e" "RUST_BACKTRACE=full" "-e" "RUSTFLAGS=--cap-lints=forbid" "-e" "RUSTDOCFLAGS=--cap-lints=forbid" "-e" "CARGO_HOME=/opt/rustwide/cargo-home" "-e" "RUSTUP_HOME=/opt/rustwide/rustup-home" "-w" "/opt/rustwide/workdir" "-m" "1610612736" "--user" "0:0" "--network" "none" "ghcr.io/rust-lang/crates-build-env/linux@sha256:819108c5571ea2e421544af4d832f968d213c87fbe3707a016657f43d2f853bc" "/opt/rustwide/cargo-home/bin/cargo" "+nightly-2025-01-18" "test" "--frozen", kill_on_drop: false }`
[INFO] [stdout] 9d57cca94ca2cebe5f0e69eed875554b7496747927e458790825dea4908e7a24
[INFO] running `Command { std: "docker" "start" "-a" "9d57cca94ca2cebe5f0e69eed875554b7496747927e458790825dea4908e7a24", kill_on_drop: false }`
[INFO] [stderr] warning: variants `SetVoltageChannel`, `SetRunCurrentLimit`, `GetSerialNumber`, `GetStartStatus`, and `Stop` are never constructed
[INFO] [stderr]   --> src/lib.rs:41:5
[INFO] [stderr]    |
[INFO] [stderr] 32 | enum EepromOpCode {
[INFO] [stderr]    |      ------------ variants in this enum
[INFO] [stderr] ...
[INFO] [stderr] 41 |     SetVoltageChannel = 0x23, // Sets voltage channel: Value 00 = Main & USB voltage measurements. Value 01 = Main & Aux voltage measurem...
[INFO] [stderr]    |     ^^^^^^^^^^^^^^^^^
[INFO] [stderr] ...
[INFO] [stderr] 46 |     SetRunCurrentLimit = 0x44, // Sets runtime current limit HV Amps = 15.625*(1.0-powerupCurrentLimit/65535)
[INFO] [stderr]    |     ^^^^^^^^^^^^^^^^^^
[INFO] [stderr] 47 |     SetMainVoltage = 0x41,     // Voltage = value * 1048576
[INFO] [stderr] 48 |     GetSerialNumber = 0x42,
[INFO] [stderr]    |     ^^^^^^^^^^^^^^^
[INFO] [stderr] ...
[INFO] [stderr] 52 |     GetStartStatus = 0xc4,
[INFO] [stderr]    |     ^^^^^^^^^^^^^^
[INFO] [stderr] ...
[INFO] [stderr] 55 |     Stop = 0xff,
[INFO] [stderr]    |     ^^^^
[INFO] [stderr]    |
[INFO] [stderr]    = note: `EepromOpCode` has a derived impl for the trait `Clone`, but this is intentionally ignored during dead code analysis
[INFO] [stderr]    = note: `#[warn(dead_code)]` on by default
[INFO] [stderr] 
[INFO] [stderr] warning: variant `RequestResetToBootloader` is never constructed
[INFO] [stderr]   --> src/lib.rs:65:5
[INFO] [stderr]    |
[INFO] [stderr] 59 | enum UsbControlCodes {
[INFO] [stderr]    |      --------------- variant in this enum
[INFO] [stderr] ...
[INFO] [stderr] 65 |     RequestResetToBootloader = 0xff,
[INFO] [stderr]    |     ^^^^^^^^^^^^^^^^^^^^^^^^
[INFO] [stderr]    |
[INFO] [stderr]    = note: `UsbControlCodes` has a derived impl for the trait `Clone`, but this is intentionally ignored during dead code analysis
[INFO] [stderr] 
[INFO] [stderr] warning: field `unused` is never read
[INFO] [stderr]    --> src/lib.rs:180:5
[INFO] [stderr]     |
[INFO] [stderr] 177 | struct HardwareSample {
[INFO] [stderr]     |        -------------- field in this struct
[INFO] [stderr] ...
[INFO] [stderr] 180 |     unused: u8,
[INFO] [stderr]     |     ^^^^^^
[INFO] [stderr]     |
[INFO] [stderr]     = note: `HardwareSample` has derived impls for the traits `Debug` and `Clone`, but these are intentionally ignored during dead code analysis
[INFO] [stderr] 
[INFO] [stderr] warning: fields `power_up_current_limit`, `runtime_current_limit`, `power_up_time`, and `temperature_limit` are never read
[INFO] [stderr]    --> src/lib.rs:275:5
[INFO] [stderr]     |
[INFO] [stderr] 269 | struct Status {
[INFO] [stderr]     |        ------ fields in this struct
[INFO] [stderr] ...
[INFO] [stderr] 275 |     power_up_current_limit: u16,
[INFO] [stderr]     |     ^^^^^^^^^^^^^^^^^^^^^^
[INFO] [stderr] 276 |     runtime_current_limit: u16,
[INFO] [stderr]     |     ^^^^^^^^^^^^^^^^^^^^^
[INFO] [stderr] 277 |     power_up_time: u8,
[INFO] [stderr]     |     ^^^^^^^^^^^^^
[INFO] [stderr] 278 |     temperature_limit: u16,
[INFO] [stderr]     |     ^^^^^^^^^^^^^^^^^
[INFO] [stderr]     |
[INFO] [stderr]     = note: `Status` has a derived impl for the trait `Default`, but this is intentionally ignored during dead code analysis
[INFO] [stderr] 
[INFO] [stderr] warning: `monsoon-hvpm` (lib) generated 4 warnings
[INFO] [stderr] warning: `monsoon-hvpm` (lib test) generated 4 warnings (4 duplicates)
[INFO] [stderr]     Finished `test` profile [unoptimized + debuginfo] target(s) in 0.06s
[INFO] [stderr]      Running unittests src/lib.rs (/opt/rustwide/target/debug/deps/monsoon_hvpm-a1c8c69ff826f421)
[INFO] [stdout] 
[INFO] [stdout] running 2 tests
[INFO] [stdout] test tests::sample_averages ... ok
[INFO] [stdout] test tests::test_bulk_read ... FAILED
[INFO] [stdout] 
[INFO] [stdout] failures:
[INFO] [stdout] 
[INFO] [stdout] ---- tests::test_bulk_read stdout ----
[INFO] [stdout] 
[INFO] [stdout] thread 'tests::test_bulk_read' panicked at src/lib.rs:800:38:
[INFO] [stdout] called `Result::unwrap()` on an `Err` value: NoDevice
[INFO] [stdout] stack backtrace:
[INFO] [stdout]    0:     0x57f243527a3a - std::backtrace_rs::backtrace::libunwind::trace::hb059275cfc8d6126
[INFO] [stdout]                                at /rustc/6067b36314ab5eb2eb47cecc464545ba58e1ad24/library/std/src/../../backtrace/src/backtrace/libunwind.rs:116:5
[INFO] [stdout]    1:     0x57f243527a3a - std::backtrace_rs::backtrace::trace_unsynchronized::h2da071e4327ce3ee
[INFO] [stdout]                                at /rustc/6067b36314ab5eb2eb47cecc464545ba58e1ad24/library/std/src/../../backtrace/src/backtrace/mod.rs:66:5
[INFO] [stdout]    2:     0x57f243527a3a - std::sys::backtrace::_print_fmt::h842a1474e6f8d23f
[INFO] [stdout]                                at /rustc/6067b36314ab5eb2eb47cecc464545ba58e1ad24/library/std/src/sys/backtrace.rs:66:9
[INFO] [stdout]    3:     0x57f243527a3a - <std::sys::backtrace::BacktraceLock::print::DisplayBacktrace as core::fmt::Display>::fmt::h71a62eb3b9696b12
[INFO] [stdout]                                at /rustc/6067b36314ab5eb2eb47cecc464545ba58e1ad24/library/std/src/sys/backtrace.rs:39:26
[INFO] [stdout]    4:     0x57f24354fcf3 - core::fmt::rt::Argument::fmt::hdb6b616786b41dc1
[INFO] [stdout]                                at /rustc/6067b36314ab5eb2eb47cecc464545ba58e1ad24/library/core/src/fmt/rt.rs:177:76
[INFO] [stdout]    5:     0x57f24354fcf3 - core::fmt::write::h2cc1698af7e2d686
[INFO] [stdout]                                at /rustc/6067b36314ab5eb2eb47cecc464545ba58e1ad24/library/core/src/fmt/mod.rs:1440:21
[INFO] [stdout]    6:     0x57f243524513 - std::io::Write::write_fmt::hab1b4cd059a79022
[INFO] [stdout]                                at /rustc/6067b36314ab5eb2eb47cecc464545ba58e1ad24/library/std/src/io/mod.rs:1887:15
[INFO] [stdout]    7:     0x57f243527882 - std::sys::backtrace::BacktraceLock::print::h147fe35b4ea13b08
[INFO] [stdout]                                at /rustc/6067b36314ab5eb2eb47cecc464545ba58e1ad24/library/std/src/sys/backtrace.rs:42:9
[INFO] [stdout]    8:     0x57f243528e5f - std::panicking::default_hook::{{closure}}::hbd44223dbdc0d208
[INFO] [stdout]                                at /rustc/6067b36314ab5eb2eb47cecc464545ba58e1ad24/library/std/src/panicking.rs:298:22
[INFO] [stdout]    9:     0x57f243528c78 - std::panicking::default_hook::h20f81eb0576efcec
[INFO] [stdout]                                at /rustc/6067b36314ab5eb2eb47cecc464545ba58e1ad24/library/std/src/panicking.rs:322:9
[INFO] [stdout]   10:     0x57f2432522c3 - <alloc::boxed::Box<F,A> as core::ops::function::Fn<Args>>::call::hdb53814c496a4d34
[INFO] [stdout]                                at /rustc/6067b36314ab5eb2eb47cecc464545ba58e1ad24/library/alloc/src/boxed.rs:2027:9
[INFO] [stdout]   11:     0x57f2432522c3 - test::test_main::{{closure}}::hc0a4963c59427c24
[INFO] [stdout]                                at /rustc/6067b36314ab5eb2eb47cecc464545ba58e1ad24/library/test/src/lib.rs:134:21
[INFO] [stdout]   12:     0x57f243529953 - <alloc::boxed::Box<F,A> as core::ops::function::Fn<Args>>::call::h591b2225413a77e9
[INFO] [stdout]                                at /rustc/6067b36314ab5eb2eb47cecc464545ba58e1ad24/library/alloc/src/boxed.rs:2027:9
[INFO] [stdout]   13:     0x57f243529953 - std::panicking::rust_panic_with_hook::h625eea43051b2edc
[INFO] [stdout]                                at /rustc/6067b36314ab5eb2eb47cecc464545ba58e1ad24/library/std/src/panicking.rs:839:13
[INFO] [stdout]   14:     0x57f24352960a - std::panicking::begin_panic_handler::{{closure}}::h4f9159cfbc3f6bd3
[INFO] [stdout]                                at /rustc/6067b36314ab5eb2eb47cecc464545ba58e1ad24/library/std/src/panicking.rs:704:13
[INFO] [stdout]   15:     0x57f243527f39 - std::sys::backtrace::__rust_end_short_backtrace::h0390abce48353151
[INFO] [stdout]                                at /rustc/6067b36314ab5eb2eb47cecc464545ba58e1ad24/library/std/src/sys/backtrace.rs:168:18
[INFO] [stdout]   16:     0x57f24352929d - rust_begin_unwind
[INFO] [stdout]                                at /rustc/6067b36314ab5eb2eb47cecc464545ba58e1ad24/library/std/src/panicking.rs:695:5
[INFO] [stdout]   17:     0x57f24354e380 - core::panicking::panic_fmt::h9e7c637e9e5f29c9
[INFO] [stdout]                                at /rustc/6067b36314ab5eb2eb47cecc464545ba58e1ad24/library/core/src/panicking.rs:75:14
[INFO] [stdout]   18:     0x57f24354e7f6 - core::result::unwrap_failed::h7979f09313fe1849
[INFO] [stdout]                                at /rustc/6067b36314ab5eb2eb47cecc464545ba58e1ad24/library/core/src/result.rs:1704:5
[INFO] [stdout]   19:     0x57f243217bb5 - core::result::Result<T,E>::unwrap::hec418ea7cc798e5c
[INFO] [stdout]                                at /rustc/6067b36314ab5eb2eb47cecc464545ba58e1ad24/library/core/src/result.rs:1109:23
[INFO] [stdout]   20:     0x57f243217bb5 - monsoon_hvpm::tests::test_bulk_read::hdeede44d32d66210
[INFO] [stdout]                                at /opt/rustwide/workdir/src/lib.rs:800:26
[INFO] [stdout]   21:     0x57f243217b27 - monsoon_hvpm::tests::test_bulk_read::{{closure}}::h56971387068454be
[INFO] [stdout]                                at /opt/rustwide/workdir/src/lib.rs:799:24
[INFO] [stdout]   22:     0x57f243214996 - core::ops::function::FnOnce::call_once::h885f88eaa04da3bd
[INFO] [stdout]                                at /rustc/6067b36314ab5eb2eb47cecc464545ba58e1ad24/library/core/src/ops/function.rs:250:5
[INFO] [stdout]   23:     0x57f243257a1b - core::ops::function::FnOnce::call_once::he27718dfdd183f43
[INFO] [stdout]                                at /rustc/6067b36314ab5eb2eb47cecc464545ba58e1ad24/library/core/src/ops/function.rs:250:5
[INFO] [stdout]   24:     0x57f243257a1b - test::__rust_begin_short_backtrace::h4e84902998457a5d
[INFO] [stdout]                                at /rustc/6067b36314ab5eb2eb47cecc464545ba58e1ad24/library/test/src/lib.rs:632:18
[INFO] [stdout]   25:     0x57f243256953 - test::run_test_in_process::{{closure}}::h7176fd18fc1feca0
[INFO] [stdout]                                at /rustc/6067b36314ab5eb2eb47cecc464545ba58e1ad24/library/test/src/lib.rs:655:60
[INFO] [stdout]   26:     0x57f243256953 - <core::panic::unwind_safe::AssertUnwindSafe<F> as core::ops::function::FnOnce<()>>::call_once::hf79cff2a624d8cf7
[INFO] [stdout]                                at /rustc/6067b36314ab5eb2eb47cecc464545ba58e1ad24/library/core/src/panic/unwind_safe.rs:272:9
[INFO] [stdout]   27:     0x57f243256953 - std::panicking::try::do_call::h3da0561d9ab99c25
[INFO] [stdout]                                at /rustc/6067b36314ab5eb2eb47cecc464545ba58e1ad24/library/std/src/panicking.rs:587:40
[INFO] [stdout]   28:     0x57f243256953 - std::panicking::try::h41c9fa508bc61df6
[INFO] [stdout]                                at /rustc/6067b36314ab5eb2eb47cecc464545ba58e1ad24/library/std/src/panicking.rs:550:19
[INFO] [stdout]   29:     0x57f243256953 - std::panic::catch_unwind::h6b3ff07bb5afad93
[INFO] [stdout]                                at /rustc/6067b36314ab5eb2eb47cecc464545ba58e1ad24/library/std/src/panic.rs:358:14
[INFO] [stdout]   30:     0x57f243256953 - test::run_test_in_process::hc7253dd11b39b9f4
[INFO] [stdout]                                at /rustc/6067b36314ab5eb2eb47cecc464545ba58e1ad24/library/test/src/lib.rs:655:27
[INFO] [stdout]   31:     0x57f243256953 - test::run_test::{{closure}}::hfb2007f8649c30bb
[INFO] [stdout]                                at /rustc/6067b36314ab5eb2eb47cecc464545ba58e1ad24/library/test/src/lib.rs:576:43
[INFO] [stdout]   32:     0x57f243219a35 - test::run_test::{{closure}}::h56a17aa7a282a9f4
[INFO] [stdout]                                at /rustc/6067b36314ab5eb2eb47cecc464545ba58e1ad24/library/test/src/lib.rs:606:41
[INFO] [stdout]   33:     0x57f243219a35 - std::sys::backtrace::__rust_begin_short_backtrace::hd2d2d2fb8e8c6aac
[INFO] [stdout]                                at /rustc/6067b36314ab5eb2eb47cecc464545ba58e1ad24/library/std/src/sys/backtrace.rs:152:18
[INFO] [stdout]   34:     0x57f24321d31a - std::thread::Builder::spawn_unchecked_::{{closure}}::{{closure}}::h4faa3f9db6133423
[INFO] [stdout]                                at /rustc/6067b36314ab5eb2eb47cecc464545ba58e1ad24/library/std/src/thread/mod.rs:559:17
[INFO] [stdout]   35:     0x57f24321d31a - <core::panic::unwind_safe::AssertUnwindSafe<F> as core::ops::function::FnOnce<()>>::call_once::hf2e855a36a4ea846
[INFO] [stdout]                                at /rustc/6067b36314ab5eb2eb47cecc464545ba58e1ad24/library/core/src/panic/unwind_safe.rs:272:9
[INFO] [stdout]   36:     0x57f24321d31a - std::panicking::try::do_call::h2f73af3616c35465
[INFO] [stdout]                                at /rustc/6067b36314ab5eb2eb47cecc464545ba58e1ad24/library/std/src/panicking.rs:587:40
[INFO] [stdout]   37:     0x57f24321d31a - std::panicking::try::hd1660ce9efadef5a
[INFO] [stdout]                                at /rustc/6067b36314ab5eb2eb47cecc464545ba58e1ad24/library/std/src/panicking.rs:550:19
[INFO] [stdout]   38:     0x57f24321d31a - std::panic::catch_unwind::h5ee8d7823b8ca744
[INFO] [stdout]                                at /rustc/6067b36314ab5eb2eb47cecc464545ba58e1ad24/library/std/src/panic.rs:358:14
[INFO] [stdout]   39:     0x57f24321d31a - std::thread::Builder::spawn_unchecked_::{{closure}}::h53c3a1894dce8407
[INFO] [stdout]                                at /rustc/6067b36314ab5eb2eb47cecc464545ba58e1ad24/library/std/src/thread/mod.rs:557:30
[INFO] [stdout]   40:     0x57f24321d31a - core::ops::function::FnOnce::call_once{{vtable.shim}}::h048ce291ad4f62bf
[INFO] [stdout]                                at /rustc/6067b36314ab5eb2eb47cecc464545ba58e1ad24/library/core/src/ops/function.rs:250:5
[INFO] [stdout]   41:     0x57f24352d88b - <alloc::boxed::Box<F,A> as core::ops::function::FnOnce<Args>>::call_once::ha52bedf99a3b4981
[INFO] [stdout]                                at /rustc/6067b36314ab5eb2eb47cecc464545ba58e1ad24/library/alloc/src/boxed.rs:2013:9
[INFO] [stdout]   42:     0x57f24352d88b - <alloc::boxed::Box<F,A> as core::ops::function::FnOnce<Args>>::call_once::h567748934d80ccf8
[INFO] [stdout]                                at /rustc/6067b36314ab5eb2eb47cecc464545ba58e1ad24/library/alloc/src/boxed.rs:2013:9
[INFO] [stdout]   43:     0x57f24352d88b - std::sys::pal::unix::thread::Thread::new::thread_start::h2d970728ae887adc
[INFO] [stdout]                                at /rustc/6067b36314ab5eb2eb47cecc464545ba58e1ad24/library/std/src/sys/pal/unix/thread.rs:106:17
[INFO] [stdout]   44:     0x7af2ff546ac3 - <unknown>
[INFO] [stdout]   45:     0x7af2ff5d7a04 - clone
[INFO] [stdout]   46:                0x0 - <unknown>
[INFO] [stdout] 
[INFO] [stdout] 
[INFO] [stdout] failures:
[INFO] [stdout]     tests::test_bulk_read
[INFO] [stdout] 
[INFO] [stdout] test result: FAILED. 1 passed; 1 failed; 0 ignored; 0 measured; 0 filtered out; finished in 0.03s
[INFO] [stdout] 
[INFO] [stderr] error: test failed, to rerun pass `--lib`
[INFO] running `Command { std: "docker" "inspect" "9d57cca94ca2cebe5f0e69eed875554b7496747927e458790825dea4908e7a24", kill_on_drop: false }`
[INFO] running `Command { std: "docker" "rm" "-f" "9d57cca94ca2cebe5f0e69eed875554b7496747927e458790825dea4908e7a24", kill_on_drop: false }`
[INFO] [stdout] 9d57cca94ca2cebe5f0e69eed875554b7496747927e458790825dea4908e7a24
