[INFO] cloning repository https://github.com/mozilla/grcov
[INFO] running `Command { std: "git" "-c" "credential.helper=" "-c" "credential.helper=/workspace/cargo-home/bin/git-credential-null" "clone" "--bare" "https://github.com/mozilla/grcov" "/workspace/cache/git-repos/https%3A%2F%2Fgithub.com%2Fmozilla%2Fgrcov", kill_on_drop: false }`
[INFO] [stderr] Cloning into bare repository '/workspace/cache/git-repos/https%3A%2F%2Fgithub.com%2Fmozilla%2Fgrcov'...
[INFO] running `Command { std: "git" "rev-parse" "HEAD", kill_on_drop: false }`
[INFO] [stdout] 9cc638baf2cca4368b9f8354e78c1ae28dc2d168
[INFO] testing mozilla/grcov against nightly-2025-01-18+rustflags=-Zrandomize-layout for randomize-layout-2
[INFO] running `Command { std: "git" "clone" "/workspace/cache/git-repos/https%3A%2F%2Fgithub.com%2Fmozilla%2Fgrcov" "/workspace/builds/worker-1-tc2/source", kill_on_drop: false }`
[INFO] [stderr] Cloning into '/workspace/builds/worker-1-tc2/source'...
[INFO] [stderr] done.
[INFO] validating manifest of git repo https://github.com/mozilla/grcov on toolchain nightly-2025-01-18
[INFO] running `Command { std: CARGO_HOME="/workspace/cargo-home" RUSTUP_HOME="/workspace/rustup-home" "/workspace/cargo-home/bin/cargo" "+nightly-2025-01-18" "metadata" "--manifest-path" "Cargo.toml" "--no-deps", kill_on_drop: false }`
[INFO] removed /workspace/builds/worker-1-tc2/source/.cargo/config.toml
[INFO] started tweaking git repo https://github.com/mozilla/grcov
[INFO] finished tweaking git repo https://github.com/mozilla/grcov
[INFO] tweaked toml for git repo https://github.com/mozilla/grcov written to /workspace/builds/worker-1-tc2/source/Cargo.toml
[INFO] crate git repo https://github.com/mozilla/grcov already has a lockfile, it will not be regenerated
[INFO] running `Command { std: CARGO_HOME="/workspace/cargo-home" RUSTUP_HOME="/workspace/rustup-home" "/workspace/cargo-home/bin/cargo" "+nightly-2025-01-18" "fetch" "--manifest-path" "Cargo.toml", kill_on_drop: false }`
[INFO] running `Command { std: "docker" "create" "-v" "/var/lib/crater-agent-workspace/builds/worker-1-tc2/target:/opt/rustwide/target:rw,Z" "-v" "/var/lib/crater-agent-workspace/builds/worker-1-tc2/source:/opt/rustwide/workdir:ro,Z" "-v" "/var/lib/crater-agent-workspace/cargo-home:/opt/rustwide/cargo-home:ro,Z" "-v" "/var/lib/crater-agent-workspace/rustup-home:/opt/rustwide/rustup-home:ro,Z" "-e" "SOURCE_DIR=/opt/rustwide/workdir" "-e" "CARGO_TARGET_DIR=/opt/rustwide/target" "-e" "CARGO_HOME=/opt/rustwide/cargo-home" "-e" "RUSTUP_HOME=/opt/rustwide/rustup-home" "-w" "/opt/rustwide/workdir" "-m" "1610612736" "--user" "0:0" "--network" "none" "ghcr.io/rust-lang/crates-build-env/linux@sha256:819108c5571ea2e421544af4d832f968d213c87fbe3707a016657f43d2f853bc" "/opt/rustwide/cargo-home/bin/cargo" "+nightly-2025-01-18" "metadata" "--no-deps" "--format-version=1", kill_on_drop: false }`
[INFO] [stdout] 01f796a03685752196616a353f2d66c27307bc08d75d50e5c014037467344c98
[INFO] running `Command { std: "docker" "start" "-a" "01f796a03685752196616a353f2d66c27307bc08d75d50e5c014037467344c98", kill_on_drop: false }`
[INFO] running `Command { std: "docker" "inspect" "01f796a03685752196616a353f2d66c27307bc08d75d50e5c014037467344c98", kill_on_drop: false }`
[INFO] running `Command { std: "docker" "rm" "-f" "01f796a03685752196616a353f2d66c27307bc08d75d50e5c014037467344c98", kill_on_drop: false }`
[INFO] [stdout] 01f796a03685752196616a353f2d66c27307bc08d75d50e5c014037467344c98
[INFO] running `Command { std: "docker" "create" "-v" "/var/lib/crater-agent-workspace/builds/worker-1-tc2/target:/opt/rustwide/target:rw,Z" "-v" "/var/lib/crater-agent-workspace/builds/worker-1-tc2/source:/opt/rustwide/workdir:ro,Z" "-v" "/var/lib/crater-agent-workspace/cargo-home:/opt/rustwide/cargo-home:ro,Z" "-v" "/var/lib/crater-agent-workspace/rustup-home:/opt/rustwide/rustup-home:ro,Z" "-e" "SOURCE_DIR=/opt/rustwide/workdir" "-e" "CARGO_TARGET_DIR=/opt/rustwide/target" "-e" "CARGO_INCREMENTAL=0" "-e" "RUST_BACKTRACE=full" "-e" "RUSTFLAGS=--cap-lints=forbid -Zrandomize-layout" "-e" "RUSTDOCFLAGS=--cap-lints=forbid" "-e" "CARGO_HOME=/opt/rustwide/cargo-home" "-e" "RUSTUP_HOME=/opt/rustwide/rustup-home" "-w" "/opt/rustwide/workdir" "-m" "1610612736" "--user" "0:0" "--network" "none" "ghcr.io/rust-lang/crates-build-env/linux@sha256:819108c5571ea2e421544af4d832f968d213c87fbe3707a016657f43d2f853bc" "/opt/rustwide/cargo-home/bin/cargo" "+nightly-2025-01-18" "build" "--frozen" "--message-format=json", kill_on_drop: false }`
[INFO] [stdout] 0e07adab501227ea35b622df4c52739bc04847e91df1cbbc5044e0924f74a459
[INFO] running `Command { std: "docker" "start" "-a" "0e07adab501227ea35b622df4c52739bc04847e91df1cbbc5044e0924f74a459", kill_on_drop: false }`
[INFO] [stderr]    Compiling proc-macro2 v1.0.87
[INFO] [stderr]    Compiling unicode-ident v1.0.13
[INFO] [stderr]    Compiling libc v0.2.159
[INFO] [stderr]    Compiling memchr v2.7.4
[INFO] [stderr]    Compiling byteorder v1.5.0
[INFO] [stderr]    Compiling regex-syntax v0.8.5
[INFO] [stderr]    Compiling siphasher v0.3.11
[INFO] [stderr]    Compiling thiserror v1.0.64
[INFO] [stderr]    Compiling typenum v1.17.0
[INFO] [stderr]    Compiling serde v1.0.214
[INFO] [stderr]    Compiling generic-array v0.14.7
[INFO] [stderr]    Compiling rustix v0.38.37
[INFO] [stderr]    Compiling proc-macro-error-attr v1.0.4
[INFO] [stderr]    Compiling cc v1.1.30
[INFO] [stderr]    Compiling ucd-trie v0.1.7
[INFO] [stderr]    Compiling log v0.4.22
[INFO] [stderr]    Compiling syn v1.0.109
[INFO] [stderr]    Compiling vcpkg v0.2.15
[INFO] [stderr]    Compiling proc-macro-error v1.0.4
[INFO] [stderr]    Compiling libm v0.2.8
[INFO] [stderr]    Compiling itoa v1.0.11
[INFO] [stderr]    Compiling phf_shared v0.11.2
[INFO] [stderr]    Compiling unic-common v0.9.0
[INFO] [stderr]    Compiling same-file v1.0.6
[INFO] [stderr]    Compiling unic-char-range v0.9.0
[INFO] [stderr]    Compiling utf8parse v0.2.2
[INFO] [stderr]    Compiling unic-ucd-version v0.9.0
[INFO] [stderr]    Compiling phf v0.11.2
[INFO] [stderr]    Compiling unic-char-property v0.9.0
[INFO] [stderr]    Compiling walkdir v2.5.0
[INFO] [stderr]    Compiling colorchoice v1.0.2
[INFO] [stderr]    Compiling anstyle-parse v0.2.5
[INFO] [stderr]    Compiling num-conv v0.1.0
[INFO] [stderr]    Compiling cpp_demangle v0.4.4
[INFO] [stderr]    Compiling powerfmt v0.2.0
[INFO] [stderr]    Compiling is_terminal_polyfill v1.70.1
[INFO] [stderr]    Compiling anstyle v1.0.8
[INFO] [stderr]    Compiling semver v1.0.23
[INFO] [stderr]    Compiling anstyle-query v1.1.1
[INFO] [stderr]    Compiling serde_json v1.0.132
[INFO] [stderr]    Compiling time-core v0.1.2
[INFO] [stderr]    Compiling aho-corasick v1.1.3
[INFO] [stderr]    Compiling bstr v1.10.0
[INFO] [stderr]    Compiling miniz_oxide v0.8.0
[INFO] [stderr]    Compiling anstream v0.6.15
[INFO] [stderr]    Compiling time-macros v0.2.18
[INFO] [stderr]    Compiling deranged v0.3.11
[INFO] [stderr]    Compiling unic-ucd-segment v0.9.0
[INFO] [stderr]    Compiling hashbrown v0.15.0
[INFO] [stderr]    Compiling heck v0.4.1
[INFO] [stderr]    Compiling equivalent v1.0.1
[INFO] [stderr]    Compiling stable_deref_trait v1.2.0
[INFO] [stderr]    Compiling heck v0.5.0
[INFO] [stderr]    Compiling zip v2.2.0
[INFO] [stderr]    Compiling deunicode v1.6.0
[INFO] [stderr]    Compiling quote v1.0.37
[INFO] [stderr]    Compiling unicode-width v0.1.11
[INFO] [stderr]    Compiling ryu v1.0.18
[INFO] [stderr]    Compiling clap_lex v0.7.2
[INFO] [stderr]    Compiling strsim v0.11.1
[INFO] [stderr]    Compiling bytecount v0.6.8
[INFO] [stderr]    Compiling symbolic-demangle v12.12.0
[INFO] [stderr]    Compiling num_threads v0.1.7
[INFO] [stderr]    Compiling papergrid v0.12.0
[INFO] [stderr]    Compiling syn v2.0.85
[INFO] [stderr]    Compiling slug v0.1.6
[INFO] [stderr]    Compiling humansize v2.1.3
[INFO] [stderr]    Compiling block-buffer v0.10.4
[INFO] [stderr]    Compiling crypto-common v0.1.6
[INFO] [stderr]    Compiling indexmap v2.6.0
[INFO] [stderr]    Compiling unic-segment v0.9.0
[INFO] [stderr]    Compiling digest v0.10.7
[INFO] [stderr]    Compiling libz-sys v1.1.20
[INFO] [stderr]    Compiling msvc-demangler v0.10.1
[INFO] [stderr]    Compiling fastrand v2.1.1
[INFO] [stderr]    Compiling termcolor v1.4.1
[INFO] [stderr]    Compiling rustc-demangle v0.1.24
[INFO] [stderr]    Compiling percent-encoding v2.3.1
[INFO] [stderr]    Compiling flate2 v1.0.34
[INFO] [stderr]    Compiling lazy_static v1.5.0
[INFO] [stderr]    Compiling rayon v1.10.0
[INFO] [stderr]    Compiling rustc_version v0.4.1
[INFO] [stderr]    Compiling md-5 v0.10.6
[INFO] [stderr]    Compiling quick-xml v0.36.2
[INFO] [stderr]    Compiling getrandom v0.2.15
[INFO] [stderr]    Compiling rand_core v0.6.4
[INFO] [stderr]    Compiling uuid v1.11.0
[INFO] [stderr]    Compiling memmap2 v0.9.5
[INFO] [stderr]    Compiling num_cpus v1.16.0
[INFO] [stderr]    Compiling crossbeam-channel v0.5.13
[INFO] [stderr]    Compiling smallvec v1.13.2
[INFO] [stderr]    Compiling rustc-hash v2.0.0
[INFO] [stderr]    Compiling regex-automata v0.4.8
[INFO] [stderr]    Compiling time v0.3.36
[INFO] [stderr]    Compiling debugid v0.8.0
[INFO] [stderr]    Compiling symbolic-common v12.12.0
[INFO] [stderr]    Compiling cfb v0.7.3
[INFO] [stderr]    Compiling terminal_size v0.4.0
[INFO] [stderr]    Compiling tempfile v3.13.0
[INFO] [stderr]    Compiling clap_builder v4.5.20
[INFO] [stderr]    Compiling infer v0.16.0
[INFO] [stderr]    Compiling simplelog v0.12.2
[INFO] [stderr]    Compiling tabled_derive v0.8.0
[INFO] [stderr]    Compiling regex v1.11.1
[INFO] [stderr]    Compiling globset v0.4.15
[INFO] [stderr]    Compiling tabled v0.16.0
[INFO] [stderr]    Compiling ignore v0.4.23
[INFO] [stderr]    Compiling zerocopy-derive v0.7.35
[INFO] [stderr]    Compiling thiserror-impl v1.0.64
[INFO] [stderr]    Compiling parse-zoneinfo v0.3.1
[INFO] [stderr]    Compiling serde_derive v1.0.214
[INFO] [stderr]    Compiling clap_derive v4.5.18
[INFO] [stderr]    Compiling displaydoc v0.2.5
[INFO] [stderr]    Compiling globwalk v0.9.1
[INFO] [stderr]    Compiling zerocopy v0.7.35
[INFO] [stderr]    Compiling pest v2.7.14
[INFO] [stderr]    Compiling ppv-lite86 v0.2.20
[INFO] [stderr]    Compiling clap v4.5.20
[INFO] [stderr]    Compiling rand_chacha v0.3.1
[INFO] [stderr]    Compiling rand v0.8.5
[INFO] [stderr]    Compiling phf_generator v0.11.2
[INFO] [stderr]    Compiling phf_codegen v0.11.2
[INFO] [stderr]    Compiling pest_meta v2.7.14
[INFO] [stderr]    Compiling chrono-tz-build v0.3.0
[INFO] [stderr]    Compiling chrono-tz v0.9.0
[INFO] [stderr]    Compiling pest_generator v2.7.14
[INFO] [stderr]    Compiling pest_derive v2.7.14
[INFO] [stderr]    Compiling chrono v0.4.38
[INFO] [stderr]    Compiling tera v1.20.0
[INFO] [stderr]    Compiling grcov v0.8.20 (/opt/rustwide/workdir)
[INFO] [stderr]     Finished `dev` profile [unoptimized + debuginfo] target(s) in 1m 01s
[INFO] running `Command { std: "docker" "inspect" "0e07adab501227ea35b622df4c52739bc04847e91df1cbbc5044e0924f74a459", kill_on_drop: false }`
[INFO] running `Command { std: "docker" "rm" "-f" "0e07adab501227ea35b622df4c52739bc04847e91df1cbbc5044e0924f74a459", kill_on_drop: false }`
[INFO] [stdout] 0e07adab501227ea35b622df4c52739bc04847e91df1cbbc5044e0924f74a459
[INFO] running `Command { std: "docker" "create" "-v" "/var/lib/crater-agent-workspace/builds/worker-1-tc2/target:/opt/rustwide/target:rw,Z" "-v" "/var/lib/crater-agent-workspace/builds/worker-1-tc2/source:/opt/rustwide/workdir:ro,Z" "-v" "/var/lib/crater-agent-workspace/cargo-home:/opt/rustwide/cargo-home:ro,Z" "-v" "/var/lib/crater-agent-workspace/rustup-home:/opt/rustwide/rustup-home:ro,Z" "-e" "SOURCE_DIR=/opt/rustwide/workdir" "-e" "CARGO_TARGET_DIR=/opt/rustwide/target" "-e" "CARGO_INCREMENTAL=0" "-e" "RUST_BACKTRACE=full" "-e" "RUSTFLAGS=--cap-lints=forbid -Zrandomize-layout" "-e" "RUSTDOCFLAGS=--cap-lints=forbid" "-e" "CARGO_HOME=/opt/rustwide/cargo-home" "-e" "RUSTUP_HOME=/opt/rustwide/rustup-home" "-w" "/opt/rustwide/workdir" "-m" "1610612736" "--user" "0:0" "--network" "none" "ghcr.io/rust-lang/crates-build-env/linux@sha256:819108c5571ea2e421544af4d832f968d213c87fbe3707a016657f43d2f853bc" "/opt/rustwide/cargo-home/bin/cargo" "+nightly-2025-01-18" "test" "--frozen" "--no-run" "--message-format=json", kill_on_drop: false }`
[INFO] [stdout] 8e3cab4cfc3f8de0667899d39f33345b12d39013e2fffad83a2e3093d3e32dc1
[INFO] running `Command { std: "docker" "start" "-a" "8e3cab4cfc3f8de0667899d39f33345b12d39013e2fffad83a2e3093d3e32dc1", kill_on_drop: false }`
[INFO] [stderr]    Compiling diff v0.1.13
[INFO] [stderr]    Compiling yansi v1.0.1
[INFO] [stderr]    Compiling pretty_assertions v1.4.1
[INFO] [stderr]    Compiling grcov v0.8.20 (/opt/rustwide/workdir)
[INFO] [stderr]     Finished `test` profile [unoptimized + debuginfo] target(s) in 8.20s
[INFO] running `Command { std: "docker" "inspect" "8e3cab4cfc3f8de0667899d39f33345b12d39013e2fffad83a2e3093d3e32dc1", kill_on_drop: false }`
[INFO] running `Command { std: "docker" "rm" "-f" "8e3cab4cfc3f8de0667899d39f33345b12d39013e2fffad83a2e3093d3e32dc1", kill_on_drop: false }`
[INFO] [stdout] 8e3cab4cfc3f8de0667899d39f33345b12d39013e2fffad83a2e3093d3e32dc1
[INFO] running `Command { std: "docker" "create" "-v" "/var/lib/crater-agent-workspace/builds/worker-1-tc2/target:/opt/rustwide/target:rw,Z" "-v" "/var/lib/crater-agent-workspace/builds/worker-1-tc2/source:/opt/rustwide/workdir:ro,Z" "-v" "/var/lib/crater-agent-workspace/cargo-home:/opt/rustwide/cargo-home:ro,Z" "-v" "/var/lib/crater-agent-workspace/rustup-home:/opt/rustwide/rustup-home:ro,Z" "-e" "SOURCE_DIR=/opt/rustwide/workdir" "-e" "CARGO_TARGET_DIR=/opt/rustwide/target" "-e" "CARGO_INCREMENTAL=0" "-e" "RUST_BACKTRACE=full" "-e" "RUSTFLAGS=--cap-lints=forbid -Zrandomize-layout" "-e" "RUSTDOCFLAGS=--cap-lints=forbid" "-e" "CARGO_HOME=/opt/rustwide/cargo-home" "-e" "RUSTUP_HOME=/opt/rustwide/rustup-home" "-w" "/opt/rustwide/workdir" "-m" "1610612736" "--user" "0:0" "--network" "none" "ghcr.io/rust-lang/crates-build-env/linux@sha256:819108c5571ea2e421544af4d832f968d213c87fbe3707a016657f43d2f853bc" "/opt/rustwide/cargo-home/bin/cargo" "+nightly-2025-01-18" "test" "--frozen", kill_on_drop: false }`
[INFO] [stdout] 96fb3a0a7ac75d942f67ab2d3b7ca18cededd26b043dd7f3b9cf8e5258c75414
[INFO] running `Command { std: "docker" "start" "-a" "96fb3a0a7ac75d942f67ab2d3b7ca18cededd26b043dd7f3b9cf8e5258c75414", kill_on_drop: false }`
[INFO] [stderr]     Finished `test` profile [unoptimized + debuginfo] target(s) in 0.17s
[INFO] [stderr]      Running unittests src/lib.rs (/opt/rustwide/target/debug/deps/grcov-bf78d953affc4c35)
[INFO] [stdout] 
[INFO] [stdout] running 110 tests
[INFO] [stdout] test cobertura::tests::test_cobertura_double_lines ... ok
[INFO] [stdout] test filter::tests::test_covered_no_functions ... ok
[INFO] [stdout] test cobertura::tests::test_cobertura_multiple_files ... ok
[INFO] [stdout] test cobertura::tests::test_cobertura_source_root_none ... ok
[INFO] [stdout] test filter::tests::test_uncovered_no_lines_executed ... ok
[INFO] [stdout] test filter::tests::test_uncovered_functions_not_executed ... ok
[INFO] [stdout] test filter::tests::test_covered_functions_executed ... ok
[INFO] [stdout] test html::tests::test_get_percentage_of_covered_lines ... ok
[INFO] [stdout] test filter::tests::test_covered ... ok
[INFO] [stdout] test cobertura::tests::test_cobertura_source_root_some ... ok
[INFO] [stdout] test gcov::tests::test_parse_version ... ok
[INFO] [stdout] test filter::tests::test_covered_toplevel_executed ... ok
[INFO] [stdout] test parser::tests::test_lcov_parser_empty_DA_record ... ok
[INFO] [stdout] test output::tests::test_lcov_brf_brh ... ok
[INFO] [stdout] test output::tests::test_covdir ... ok
[INFO] [stdout] test output::tests::test_lcov_demangle ... ok
[INFO] [stdout] test output::tests::test_markdown ... ok
[INFO] [stdout] test parser::tests::test_lcov_parser_empty_line ... ok
[INFO] [stdout] test parser::tests::test_parser_gcov_with_branches ... ok
[INFO] [stdout] test parser::tests::test_parser_gcov_rust_generics_with_two_parameters ... ok
[INFO] [stdout] test parser::tests::test_lcov_parser_invalid_DA_record ... ok
[INFO] [stdout] test parser::tests::test_parser ... ok
[INFO] [stdout] test parser::tests::test_lcov_parser_fn_with_commas ... ok
[INFO] [stdout] test parser::tests::test_remove_newline ... ok
[INFO] [stdout] test path_rewriting::tests::test_has_no_parent ... ok
[INFO] [stdout] test path_rewriting::tests::test_normalize_path ... ok
[INFO] [stdout] test parser::tests::test_parser_jacoco_xml_inner_classes ... ok
[INFO] [stdout] test parser::tests::test_parser_jacoco_xml_basic ... ok
[INFO] [stdout] test path_rewriting::tests::test_rewrite_paths_basic ... ok
[INFO] [stdout] test parser::tests::test_parser_gcov_with_64bit_counts ... ok
[INFO] [stdout] test path_rewriting::tests::test_rewrite_paths_ignore_a_directory ... ok
[INFO] [stdout] test path_rewriting::tests::test_rewrite_paths_ignore_non_existing_files ... ok
[INFO] [stdout] test path_rewriting::tests::test_rewrite_paths_filter_lines_and_branches ... ok
[INFO] [stdout] test path_rewriting::tests::test_rewrite_paths_ignore_multiple_directories ... ok
[INFO] [stdout] test path_rewriting::tests::test_rewrite_paths_keep_only_a_directory ... ok
[INFO] [stdout] test path_rewriting::tests::test_rewrite_paths_keep_only_multiple_directories ... ok
[INFO] [stdout] test path_rewriting::tests::test_rewrite_paths_only_covered ... ok
[INFO] [stdout] test path_rewriting::tests::test_rewrite_paths_only_uncovered ... ok
[INFO] [stdout] test path_rewriting::tests::test_rewrite_paths_rewrite_path_and_remove_prefix ... ok
[INFO] [stdout] test path_rewriting::tests::test_rewrite_paths_remove_prefix ... ok
[INFO] [stdout] test path_rewriting::tests::test_rewrite_paths_rewrite_path_using_absolute_source_directory ... ok
[INFO] [stdout] test cobertura::tests::test_cobertura ... ok
[INFO] [stdout] test path_rewriting::tests::test_rewrite_paths_rewrite_path_using_absolute_source_directory_and_partial_path ... ok
[INFO] [stdout] test path_rewriting::tests::test_rewrite_paths_rewrite_path_using_mapping ... ok
[INFO] [stdout] test path_rewriting::tests::test_rewrite_paths_rewrite_path_for_java_and_rust ... ok
[INFO] [stdout] test path_rewriting::tests::test_rewrite_paths_rewrite_path_using_mapping_and_ignore_non_existing ... ok
[INFO] [stdout] test path_rewriting::tests::test_rewrite_paths_rewrite_path_using_mapping_and_source_directory_and_remove_prefix ... ok
[INFO] [stdout] test path_rewriting::tests::test_rewrite_paths_keep_only_and_ignore ... ok
[INFO] [stdout] test path_rewriting::tests::test_rewrite_paths_rewrite_path_using_mapping_and_remove_prefix ... ok
[INFO] [stdout] test path_rewriting::tests::test_to_uppercase_first ... ok
[INFO] [stdout] test path_rewriting::tests::test_to_lowercase_first ... ok
[INFO] [stdout] test path_rewriting::tests::test_rewrite_paths_subfolder_same_as_root ... ok
[INFO] [stdout] test producer::tests::test_dir_producer_directory_with_gcno_symlinks ... ok
[INFO] [stdout] test producer::tests::test_dir_producer_directory_with_no_gcda ... ok
[INFO] [stdout] test parser::tests::test_parser_gcov_with_negative_counts ... ok
[INFO] [stdout] test producer::tests::test_dir_producer_multiple_directories ... ok
[INFO] [stdout] test producer::tests::test_dir_producer_directory_with_no_gcda_ignore_orphan_gcno ... ok
[INFO] [stdout] test producer::tests::test_info_files ... ok
[INFO] [stdout] test producer::tests::test_jacoco_files ... ok
[INFO] [stdout] test producer::tests::test_plain_producer ... ok
[INFO] [stdout] test parser::tests::test_parser_jacoco_xml_non_top_level_classes_panics - should panic ... ok
[INFO] [stdout] test path_rewriting::tests::test_rewrite_paths_rewrite_path_using_relative_source_directory - should panic ... ok
[INFO] [stdout] test producer::tests::test_plain_profraw_producer ... ok
[INFO] [stdout] test path_rewriting::tests::test_to_uppercase_first_empty - should panic ... ok
[INFO] [stdout] test path_rewriting::tests::test_to_lowercase_first_empty - should panic ... ok
[INFO] [stdout] test producer::tests::test_plain_producer_with_gcda - should panic ... ok
[INFO] [stdout] test producer::tests::test_zip_producer_gcno_with_no_associated_gcda ... ok
[INFO] [stdout] test producer::tests::test_plain_producer_with_gcno - should panic ... ok
[INFO] [stdout] test producer::tests::test_zip_producer_info_files ... ok
[INFO] [stdout] test producer::tests::test_zip_producer_jacoco_xml_files ... ok
[INFO] [stdout] test producer::tests::test_zip_producer_gcno_with_associated_gcda_in_only_one_archive ... ok
[INFO] [stdout] test producer::tests::test_zip_producer_both_info_and_jacoco_xml ... ok
[INFO] [stdout] test producer::tests::test_zip_producer_gcno_with_no_path_mapping ... ok
[INFO] [stdout] test producer::tests::test_dir_producer ... ok
[INFO] [stdout] test producer::tests::test_zip_producer_llvm_buffers ... ok
[INFO] [stdout] test producer::tests::test_zip_producer_different_order_of_zip_files ... ok
[INFO] [stdout] test producer::tests::test_zip_producer_profraw_files ... ok
[INFO] [stdout] test producer::tests::test_zip_producer_both_info_and_gcnogcda_files ... ok
[INFO] [stdout] test producer::tests::test_zip_producer_with_gcda_archive_and_no_gcno_archive - should panic ... ok
[INFO] [stdout] test reader::tests::test_reader_finalize_file ... ok
[INFO] [stdout] test reader::tests::test_reader_finalize_file_branch ... ok
[INFO] [stdout] test reader::tests::test_reader_gcno ... ok
[INFO] [stdout] test reader::tests::test_reader_gcno_counter ... ok
[INFO] [stdout] test reader::tests::test_reader_gcno_gcda ... ok
[INFO] [stdout] test producer::tests::test_zip_producer_no_matching_gcno_ignore_orphan_gcno ... ok
[INFO] [stdout] test producer::tests::test_zip_producer_no_matching_gcno ... ok
[INFO] [stdout] test reader::tests::test_reader_gcno_gcda_gcc6 ... ok
[INFO] [stdout] test reader::tests::test_reader_gcno_gcda_gcc10 ... ok
[INFO] [stdout] test reader::tests::test_reader_gcno_gcda_gcc7 ... ok
[INFO] [stdout] test reader::tests::test_reader_gcno_gcda_counter ... ok
[INFO] [stdout] test reader::tests::test_reader_gcno_gcda_gcc8 ... ok
[INFO] [stdout] test reader::tests::test_reader_gcno_gcda_gcc9 ... ok
[INFO] [stdout] test reader::tests::test_reader_gcno_gcda_gcda ... ok
[INFO] [stdout] test reader::tests::test_reader_gcno_gcda_gcda_counter ... ok
[INFO] [stdout] test tests::test_ignore_relative_path ... ok
[INFO] [stdout] test tests::test_merge_relative_path ... ok
[INFO] [stdout] test tests::test_merge_results ... ok
[INFO] [stdout] test producer::tests::test_zip_producer_no_matching_gcno_two_gcda_archives ... ok
[INFO] [stdout] test producer::tests::test_zip_producer_no_matching_gcno_two_gcda_archives_ignore_orphan_gcno ... ok
[INFO] [stdout] test output::tests::test_coveralls_service_fields_are_absent_if_args_are_none ... ok
[INFO] [stdout] test output::tests::test_coveralls_token_field_is_absent_if_arg_is_none ... ok
[INFO] [stdout] test producer::tests::test_zip_producer_multiple_gcda_archives ... ok
[INFO] [stdout] test output::tests::test_coveralls_service_job_id ... ok
[INFO] [stdout] test producer::tests::test_zip_producer_with_gcda_dir ... ok
[INFO] [stdout] test output::tests::test_coveralls_service_flag_name ... ok
[INFO] [stdout] test parser::tests::test_parser_gcov_gz ... ok
[INFO] [stderr] warning: no edition set: defaulting to the 2015 edition while the latest is 2024
[INFO] [stderr]    Compiling rust-code-coverage-sample v0.1.0 (/tmp/.tmps7Igki)
[INFO] [stdout] test parser::tests::test_lcov_parser_with_branch_parsing ... ok
[INFO] [stdout] test parser::tests::test_lcov_parser ... ok
[INFO] [stderr]     Finished `dev` profile [unoptimized + debuginfo] target(s) in 0.55s
[INFO] [stderr]      Running `/opt/rustwide/target/debug/rust-code-coverage-sample`
[INFO] [stdout] test parser::tests::test_parser_jacoco_xml_full_report_with_non_top_level_classes_panics - should panic ... ok
[INFO] [stdout] test llvm_tools::tests::test_profraws_to_lcov ... FAILED
[INFO] [stdout] 
[INFO] [stdout] failures:
[INFO] [stdout] 
[INFO] [stdout] ---- llvm_tools::tests::test_profraws_to_lcov stdout ----
[INFO] [stdout] 
[INFO] [stdout] thread 'llvm_tools::tests::test_profraws_to_lcov' panicked at src/llvm_tools.rs:246:9:
[INFO] [stdout] assertion failed: lcovs.is_ok()
[INFO] [stdout] stack backtrace:
[INFO] [stdout]    0:     0x5eba8b84d9ea - std::backtrace_rs::backtrace::libunwind::trace::hb059275cfc8d6126
[INFO] [stdout]                                at /rustc/6067b36314ab5eb2eb47cecc464545ba58e1ad24/library/std/src/../../backtrace/src/backtrace/libunwind.rs:116:5
[INFO] [stdout]    1:     0x5eba8b84d9ea - std::backtrace_rs::backtrace::trace_unsynchronized::h2da071e4327ce3ee
[INFO] [stdout]                                at /rustc/6067b36314ab5eb2eb47cecc464545ba58e1ad24/library/std/src/../../backtrace/src/backtrace/mod.rs:66:5
[INFO] [stdout]    2:     0x5eba8b84d9ea - std::sys::backtrace::_print_fmt::h842a1474e6f8d23f
[INFO] [stdout]                                at /rustc/6067b36314ab5eb2eb47cecc464545ba58e1ad24/library/std/src/sys/backtrace.rs:66:9
[INFO] [stdout]    3:     0x5eba8b84d9ea - <std::sys::backtrace::BacktraceLock::print::DisplayBacktrace as core::fmt::Display>::fmt::h71a62eb3b9696b12
[INFO] [stdout]                                at /rustc/6067b36314ab5eb2eb47cecc464545ba58e1ad24/library/std/src/sys/backtrace.rs:39:26
[INFO] [stdout]    4:     0x5eba8b87a1d3 - core::fmt::rt::Argument::fmt::hdb6b616786b41dc1
[INFO] [stdout]                                at /rustc/6067b36314ab5eb2eb47cecc464545ba58e1ad24/library/core/src/fmt/rt.rs:177:76
[INFO] [stdout]    5:     0x5eba8b87a1d3 - core::fmt::write::h2cc1698af7e2d686
[INFO] [stdout]                                at /rustc/6067b36314ab5eb2eb47cecc464545ba58e1ad24/library/core/src/fmt/mod.rs:1440:21
[INFO] [stdout]    6:     0x5eba8b8494a3 - std::io::Write::write_fmt::hab1b4cd059a79022
[INFO] [stdout]                                at /rustc/6067b36314ab5eb2eb47cecc464545ba58e1ad24/library/std/src/io/mod.rs:1887:15
[INFO] [stdout]    7:     0x5eba8b84d832 - std::sys::backtrace::BacktraceLock::print::h147fe35b4ea13b08
[INFO] [stdout]                                at /rustc/6067b36314ab5eb2eb47cecc464545ba58e1ad24/library/std/src/sys/backtrace.rs:42:9
[INFO] [stdout]    8:     0x5eba8b84ee8f - std::panicking::default_hook::{{closure}}::hbd44223dbdc0d208
[INFO] [stdout]                                at /rustc/6067b36314ab5eb2eb47cecc464545ba58e1ad24/library/std/src/panicking.rs:298:22
[INFO] [stdout]    9:     0x5eba8b84eca8 - std::panicking::default_hook::h20f81eb0576efcec
[INFO] [stdout]                                at /rustc/6067b36314ab5eb2eb47cecc464545ba58e1ad24/library/std/src/panicking.rs:322:9
[INFO] [stdout]   10:     0x5eba8b319113 - <alloc::boxed::Box<F,A> as core::ops::function::Fn<Args>>::call::hdb53814c496a4d34
[INFO] [stdout]                                at /rustc/6067b36314ab5eb2eb47cecc464545ba58e1ad24/library/alloc/src/boxed.rs:2027:9
[INFO] [stdout]   11:     0x5eba8b319113 - test::test_main::{{closure}}::hc0a4963c59427c24
[INFO] [stdout]                                at /rustc/6067b36314ab5eb2eb47cecc464545ba58e1ad24/library/test/src/lib.rs:134:21
[INFO] [stdout]   12:     0x5eba8b84f983 - <alloc::boxed::Box<F,A> as core::ops::function::Fn<Args>>::call::h591b2225413a77e9
[INFO] [stdout]                                at /rustc/6067b36314ab5eb2eb47cecc464545ba58e1ad24/library/alloc/src/boxed.rs:2027:9
[INFO] [stdout]   13:     0x5eba8b84f983 - std::panicking::rust_panic_with_hook::h625eea43051b2edc
[INFO] [stdout]                                at /rustc/6067b36314ab5eb2eb47cecc464545ba58e1ad24/library/std/src/panicking.rs:839:13
[INFO] [stdout]   14:     0x5eba8b84f606 - std::panicking::begin_panic_handler::{{closure}}::h4f9159cfbc3f6bd3
[INFO] [stdout]                                at /rustc/6067b36314ab5eb2eb47cecc464545ba58e1ad24/library/std/src/panicking.rs:697:13
[INFO] [stdout]   15:     0x5eba8b84dee9 - std::sys::backtrace::__rust_end_short_backtrace::h0390abce48353151
[INFO] [stdout]                                at /rustc/6067b36314ab5eb2eb47cecc464545ba58e1ad24/library/std/src/sys/backtrace.rs:168:18
[INFO] [stdout]   16:     0x5eba8b84f2cd - rust_begin_unwind
[INFO] [stdout]                                at /rustc/6067b36314ab5eb2eb47cecc464545ba58e1ad24/library/std/src/panicking.rs:695:5
[INFO] [stdout]   17:     0x5eba8b877dd0 - core::panicking::panic_fmt::h9e7c637e9e5f29c9
[INFO] [stdout]                                at /rustc/6067b36314ab5eb2eb47cecc464545ba58e1ad24/library/core/src/panicking.rs:75:14
[INFO] [stdout]   18:     0x5eba8b877e5c - core::panicking::panic::haa3255ea20181a33
[INFO] [stdout]                                at /rustc/6067b36314ab5eb2eb47cecc464545ba58e1ad24/library/core/src/panicking.rs:145:5
[INFO] [stdout]   19:     0x5eba8b18ebb1 - grcov::llvm_tools::tests::test_profraws_to_lcov::h465387e77944c4cb
[INFO] [stdout]                                at /opt/rustwide/workdir/src/llvm_tools.rs:246:9
[INFO] [stdout]   20:     0x5eba8b18e0f7 - grcov::llvm_tools::tests::test_profraws_to_lcov::{{closure}}::h69380371edbb202c
[INFO] [stdout]                                at /opt/rustwide/workdir/src/llvm_tools.rs:211:31
[INFO] [stdout]   21:     0x5eba8b1e9036 - core::ops::function::FnOnce::call_once::h27794a0efbf9ebe2
[INFO] [stdout]                                at /rustc/6067b36314ab5eb2eb47cecc464545ba58e1ad24/library/core/src/ops/function.rs:250:5
[INFO] [stdout]   22:     0x5eba8b31e86b - core::ops::function::FnOnce::call_once::he27718dfdd183f43
[INFO] [stdout]                                at /rustc/6067b36314ab5eb2eb47cecc464545ba58e1ad24/library/core/src/ops/function.rs:250:5
[INFO] [stdout]   23:     0x5eba8b31e86b - test::__rust_begin_short_backtrace::h4e84902998457a5d
[INFO] [stdout]                                at /rustc/6067b36314ab5eb2eb47cecc464545ba58e1ad24/library/test/src/lib.rs:632:18
[INFO] [stdout]   24:     0x5eba8b31d7a3 - test::run_test_in_process::{{closure}}::h7176fd18fc1feca0
[INFO] [stdout]                                at /rustc/6067b36314ab5eb2eb47cecc464545ba58e1ad24/library/test/src/lib.rs:655:60
[INFO] [stdout]   25:     0x5eba8b31d7a3 - <core::panic::unwind_safe::AssertUnwindSafe<F> as core::ops::function::FnOnce<()>>::call_once::hf79cff2a624d8cf7
[INFO] [stdout]                                at /rustc/6067b36314ab5eb2eb47cecc464545ba58e1ad24/library/core/src/panic/unwind_safe.rs:272:9
[INFO] [stdout]   26:     0x5eba8b31d7a3 - std::panicking::try::do_call::h3da0561d9ab99c25
[INFO] [stdout]                                at /rustc/6067b36314ab5eb2eb47cecc464545ba58e1ad24/library/std/src/panicking.rs:587:40
[INFO] [stdout]   27:     0x5eba8b31d7a3 - std::panicking::try::h41c9fa508bc61df6
[INFO] [stdout]                                at /rustc/6067b36314ab5eb2eb47cecc464545ba58e1ad24/library/std/src/panicking.rs:550:19
[INFO] [stdout]   28:     0x5eba8b31d7a3 - std::panic::catch_unwind::h6b3ff07bb5afad93
[INFO] [stdout]                                at /rustc/6067b36314ab5eb2eb47cecc464545ba58e1ad24/library/std/src/panic.rs:358:14
[INFO] [stdout]   29:     0x5eba8b31d7a3 - test::run_test_in_process::hc7253dd11b39b9f4
[INFO] [stdout]                                at /rustc/6067b36314ab5eb2eb47cecc464545ba58e1ad24/library/test/src/lib.rs:655:27
[INFO] [stdout]   30:     0x5eba8b31d7a3 - test::run_test::{{closure}}::hfb2007f8649c30bb
[INFO] [stdout]                                at /rustc/6067b36314ab5eb2eb47cecc464545ba58e1ad24/library/test/src/lib.rs:576:43
[INFO] [stdout]   31:     0x5eba8b2e0885 - test::run_test::{{closure}}::h56a17aa7a282a9f4
[INFO] [stdout]                                at /rustc/6067b36314ab5eb2eb47cecc464545ba58e1ad24/library/test/src/lib.rs:606:41
[INFO] [stdout]   32:     0x5eba8b2e0885 - std::sys::backtrace::__rust_begin_short_backtrace::hd2d2d2fb8e8c6aac
[INFO] [stdout]                                at /rustc/6067b36314ab5eb2eb47cecc464545ba58e1ad24/library/std/src/sys/backtrace.rs:152:18
[INFO] [stdout]   33:     0x5eba8b2e416a - std::thread::Builder::spawn_unchecked_::{{closure}}::{{closure}}::h4faa3f9db6133423
[INFO] [stdout]                                at /rustc/6067b36314ab5eb2eb47cecc464545ba58e1ad24/library/std/src/thread/mod.rs:559:17
[INFO] [stdout]   34:     0x5eba8b2e416a - <core::panic::unwind_safe::AssertUnwindSafe<F> as core::ops::function::FnOnce<()>>::call_once::hf2e855a36a4ea846
[INFO] [stdout]                                at /rustc/6067b36314ab5eb2eb47cecc464545ba58e1ad24/library/core/src/panic/unwind_safe.rs:272:9
[INFO] [stdout]   35:     0x5eba8b2e416a - std::panicking::try::do_call::h2f73af3616c35465
[INFO] [stdout]                                at /rustc/6067b36314ab5eb2eb47cecc464545ba58e1ad24/library/std/src/panicking.rs:587:40
[INFO] [stdout]   36:     0x5eba8b2e416a - std::panicking::try::hd1660ce9efadef5a
[INFO] [stdout]                                at /rustc/6067b36314ab5eb2eb47cecc464545ba58e1ad24/library/std/src/panicking.rs:550:19
[INFO] [stdout]   37:     0x5eba8b2e416a - std::panic::catch_unwind::h5ee8d7823b8ca744
[INFO] [stdout]                                at /rustc/6067b36314ab5eb2eb47cecc464545ba58e1ad24/library/std/src/panic.rs:358:14
[INFO] [stdout]   38:     0x5eba8b2e416a - std::thread::Builder::spawn_unchecked_::{{closure}}::h53c3a1894dce8407
[INFO] [stdout]                                at /rustc/6067b36314ab5eb2eb47cecc464545ba58e1ad24/library/std/src/thread/mod.rs:557:30
[INFO] [stdout]   39:     0x5eba8b2e416a - core::ops::function::FnOnce::call_once{{vtable.shim}}::h048ce291ad4f62bf
[INFO] [stdout]                                at /rustc/6067b36314ab5eb2eb47cecc464545ba58e1ad24/library/core/src/ops/function.rs:250:5
[INFO] [stdout]   40:     0x5eba8b85623b - <alloc::boxed::Box<F,A> as core::ops::function::FnOnce<Args>>::call_once::ha52bedf99a3b4981
[INFO] [stdout]                                at /rustc/6067b36314ab5eb2eb47cecc464545ba58e1ad24/library/alloc/src/boxed.rs:2013:9
[INFO] [stdout]   41:     0x5eba8b85623b - <alloc::boxed::Box<F,A> as core::ops::function::FnOnce<Args>>::call_once::h567748934d80ccf8
[INFO] [stdout]                                at /rustc/6067b36314ab5eb2eb47cecc464545ba58e1ad24/library/alloc/src/boxed.rs:2013:9
[INFO] [stdout]   42:     0x5eba8b85623b - std::sys::pal::unix::thread::Thread::new::thread_start::h2d970728ae887adc
[INFO] [stdout]                                at /rustc/6067b36314ab5eb2eb47cecc464545ba58e1ad24/library/std/src/sys/pal/unix/thread.rs:106:17
[INFO] [stdout]   43:     0x76c13b018ac3 - <unknown>
[INFO] [stdout]   44:     0x76c13b0a9a04 - clone
[INFO] [stdout]   45:                0x0 - <unknown>
[INFO] [stdout] 
[INFO] [stdout] 
[INFO] [stdout] failures:
[INFO] [stdout]     llvm_tools::tests::test_profraws_to_lcov
[INFO] [stdout] 
[INFO] [stdout] test result: FAILED. 109 passed; 1 failed; 0 ignored; 0 measured; 0 filtered out; finished in 1.71s
[INFO] [stdout] 
[INFO] [stderr] error: test failed, to rerun pass `--lib`
[INFO] running `Command { std: "docker" "inspect" "96fb3a0a7ac75d942f67ab2d3b7ca18cededd26b043dd7f3b9cf8e5258c75414", kill_on_drop: false }`
[INFO] running `Command { std: "docker" "rm" "-f" "96fb3a0a7ac75d942f67ab2d3b7ca18cededd26b043dd7f3b9cf8e5258c75414", kill_on_drop: false }`
[INFO] [stdout] 96fb3a0a7ac75d942f67ab2d3b7ca18cededd26b043dd7f3b9cf8e5258c75414
