[INFO] cloning repository https://github.com/motiio/lafmt
[INFO] running `Command { std: "git" "-c" "credential.helper=" "-c" "credential.helper=/workspace/cargo-home/bin/git-credential-null" "clone" "--bare" "https://github.com/motiio/lafmt" "/workspace/cache/git-repos/https%3A%2F%2Fgithub.com%2Fmotiio%2Flafmt", kill_on_drop: false }`
[INFO] [stderr] Cloning into bare repository '/workspace/cache/git-repos/https%3A%2F%2Fgithub.com%2Fmotiio%2Flafmt'...
[INFO] running `Command { std: "git" "rev-parse" "HEAD", kill_on_drop: false }`
[INFO] [stdout] a076bdfcb21368ce2b6d1487bf5d6c1ab96ff3ad
[INFO] testing motiio/lafmt against nightly-2025-01-18+rustflags=-Zrandomize-layout for randomize-layout-2
[INFO] running `Command { std: "git" "clone" "/workspace/cache/git-repos/https%3A%2F%2Fgithub.com%2Fmotiio%2Flafmt" "/workspace/builds/worker-2-tc2/source", kill_on_drop: false }`
[INFO] [stderr] Cloning into '/workspace/builds/worker-2-tc2/source'...
[INFO] [stderr] done.
[INFO] validating manifest of git repo https://github.com/motiio/lafmt on toolchain nightly-2025-01-18
[INFO] running `Command { std: CARGO_HOME="/workspace/cargo-home" RUSTUP_HOME="/workspace/rustup-home" "/workspace/cargo-home/bin/cargo" "+nightly-2025-01-18" "metadata" "--manifest-path" "Cargo.toml" "--no-deps", kill_on_drop: false }`
[INFO] started tweaking git repo https://github.com/motiio/lafmt
[INFO] finished tweaking git repo https://github.com/motiio/lafmt
[INFO] tweaked toml for git repo https://github.com/motiio/lafmt written to /workspace/builds/worker-2-tc2/source/Cargo.toml
[INFO] crate git repo https://github.com/motiio/lafmt already has a lockfile, it will not be regenerated
[INFO] running `Command { std: CARGO_HOME="/workspace/cargo-home" RUSTUP_HOME="/workspace/rustup-home" "/workspace/cargo-home/bin/cargo" "+nightly-2025-01-18" "fetch" "--manifest-path" "Cargo.toml", kill_on_drop: false }`
[INFO] running `Command { std: "docker" "create" "-v" "/var/lib/crater-agent-workspace/builds/worker-2-tc2/target:/opt/rustwide/target:rw,Z" "-v" "/var/lib/crater-agent-workspace/builds/worker-2-tc2/source:/opt/rustwide/workdir:ro,Z" "-v" "/var/lib/crater-agent-workspace/cargo-home:/opt/rustwide/cargo-home:ro,Z" "-v" "/var/lib/crater-agent-workspace/rustup-home:/opt/rustwide/rustup-home:ro,Z" "-e" "SOURCE_DIR=/opt/rustwide/workdir" "-e" "CARGO_TARGET_DIR=/opt/rustwide/target" "-e" "CARGO_HOME=/opt/rustwide/cargo-home" "-e" "RUSTUP_HOME=/opt/rustwide/rustup-home" "-w" "/opt/rustwide/workdir" "-m" "1610612736" "--user" "0:0" "--network" "none" "ghcr.io/rust-lang/crates-build-env/linux@sha256:819108c5571ea2e421544af4d832f968d213c87fbe3707a016657f43d2f853bc" "/opt/rustwide/cargo-home/bin/cargo" "+nightly-2025-01-18" "metadata" "--no-deps" "--format-version=1", kill_on_drop: false }`
[INFO] [stdout] 184022430e38cf07ddf46d6abc86030b0487dd5da2d54324ab1fcaa4b360f002
[INFO] running `Command { std: "docker" "start" "-a" "184022430e38cf07ddf46d6abc86030b0487dd5da2d54324ab1fcaa4b360f002", kill_on_drop: false }`
[INFO] running `Command { std: "docker" "inspect" "184022430e38cf07ddf46d6abc86030b0487dd5da2d54324ab1fcaa4b360f002", kill_on_drop: false }`
[INFO] running `Command { std: "docker" "rm" "-f" "184022430e38cf07ddf46d6abc86030b0487dd5da2d54324ab1fcaa4b360f002", kill_on_drop: false }`
[INFO] [stdout] 184022430e38cf07ddf46d6abc86030b0487dd5da2d54324ab1fcaa4b360f002
[INFO] running `Command { std: "docker" "create" "-v" "/var/lib/crater-agent-workspace/builds/worker-2-tc2/target:/opt/rustwide/target:rw,Z" "-v" "/var/lib/crater-agent-workspace/builds/worker-2-tc2/source:/opt/rustwide/workdir:ro,Z" "-v" "/var/lib/crater-agent-workspace/cargo-home:/opt/rustwide/cargo-home:ro,Z" "-v" "/var/lib/crater-agent-workspace/rustup-home:/opt/rustwide/rustup-home:ro,Z" "-e" "SOURCE_DIR=/opt/rustwide/workdir" "-e" "CARGO_TARGET_DIR=/opt/rustwide/target" "-e" "CARGO_INCREMENTAL=0" "-e" "RUST_BACKTRACE=full" "-e" "RUSTFLAGS=--cap-lints=forbid -Zrandomize-layout" "-e" "RUSTDOCFLAGS=--cap-lints=forbid" "-e" "CARGO_HOME=/opt/rustwide/cargo-home" "-e" "RUSTUP_HOME=/opt/rustwide/rustup-home" "-w" "/opt/rustwide/workdir" "-m" "1610612736" "--user" "0:0" "--network" "none" "ghcr.io/rust-lang/crates-build-env/linux@sha256:819108c5571ea2e421544af4d832f968d213c87fbe3707a016657f43d2f853bc" "/opt/rustwide/cargo-home/bin/cargo" "+nightly-2025-01-18" "build" "--frozen" "--message-format=json", kill_on_drop: false }`
[INFO] [stdout] 42f3c87f39409b6aaef03069c1634995cfd72b94341b0e0e26eda926e8a8eaea
[INFO] running `Command { std: "docker" "start" "-a" "42f3c87f39409b6aaef03069c1634995cfd72b94341b0e0e26eda926e8a8eaea", kill_on_drop: false }`
[INFO] [stderr]    Compiling proc-macro2 v1.0.86
[INFO] [stderr]    Compiling unicode-ident v1.0.12
[INFO] [stderr]    Compiling convert_case v0.4.0
[INFO] [stderr]    Compiling quote v1.0.36
[INFO] [stderr]    Compiling syn v2.0.68
[INFO] [stderr]    Compiling derive_more v0.99.18
[INFO] [stderr]    Compiling lafmt v0.1.0 (/opt/rustwide/workdir)
[INFO] [stdout] warning: unused import: `super::Statement`
[INFO] [stdout]  --> src/parser/statement/query.rs:1:5
[INFO] [stdout]   |
[INFO] [stdout] 1 | use super::Statement;
[INFO] [stdout]   |     ^^^^^^^^^^^^^^^^
[INFO] [stdout]   |
[INFO] [stdout]   = note: `#[warn(unused_imports)]` on by default
[INFO] [stdout] 
[INFO] [stdout] 
[INFO] [stdout] warning: unused import: `Column`
[INFO] [stdout]  --> src/parser/statement/query.rs:3:21
[INFO] [stdout]   |
[INFO] [stdout] 3 | use crate::parser::{Column, Parser};
[INFO] [stdout]   |                     ^^^^^^
[INFO] [stdout] 
[INFO] [stdout] 
[INFO] [stdout] warning: unused imports: `RangeInclusive` and `Range`
[INFO] [stdout]  --> src/parser/statement/query.rs:4:16
[INFO] [stdout]   |
[INFO] [stdout] 4 | use std::ops::{Range, RangeInclusive};
[INFO] [stdout]   |                ^^^^^  ^^^^^^^^^^^^^^
[INFO] [stdout] 
[INFO] [stdout] 
[INFO] [stdout] warning: unused import: `self`
[INFO] [stdout]  --> src/parser/statement/query.rs:6:24
[INFO] [stdout]   |
[INFO] [stdout] 6 | use crate::tokenizer::{self, keyword::Keyword, Token};
[INFO] [stdout]   |                        ^^^^
[INFO] [stdout] 
[INFO] [stdout] 
[INFO] [stdout] warning: unused import: `parse_query_block`
[INFO] [stdout]  --> src/parser/statement/mod.rs:4:13
[INFO] [stdout]   |
[INFO] [stdout] 4 | use query::{parse_query_block, parse_subquery, SubQuery};
[INFO] [stdout]   |             ^^^^^^^^^^^^^^^^^
[INFO] [stdout] 
[INFO] [stdout] 
[INFO] [stdout] warning: unused import: `std::iter::Iterator`
[INFO] [stdout]  --> src/parser/mod.rs:8:5
[INFO] [stdout]   |
[INFO] [stdout] 8 | use std::iter::Iterator;
[INFO] [stdout]   |     ^^^^^^^^^^^^^^^^^^^
[INFO] [stdout] 
[INFO] [stdout] 
[INFO] [stdout] warning: unused imports: `RangeInclusive`, `RangeTo`, and `Range`
[INFO] [stdout]  --> src/parser/mod.rs:9:16
[INFO] [stdout]   |
[INFO] [stdout] 9 | use std::ops::{Range, RangeInclusive, RangeTo};
[INFO] [stdout]   |                ^^^^^  ^^^^^^^^^^^^^^  ^^^^^^^
[INFO] [stdout] 
[INFO] [stdout] 
[INFO] [stdout] warning: elided lifetime has a name
[INFO] [stdout]   --> src/tokenizer/string_buf.rs:18:47
[INFO] [stdout]    |
[INFO] [stdout] 5  | impl<'a> StringBuf<'a> {
[INFO] [stdout]    |      -- lifetime `'a` declared here
[INFO] [stdout] ...
[INFO] [stdout] 18 |     pub fn iter_from(&'a self, pos: usize) -> StringBufIterator {
[INFO] [stdout]    |                                               ^^^^^^^^^^^^^^^^^ this elided lifetime gets resolved as `'a`
[INFO] [stdout]    |
[INFO] [stdout]    = note: `#[warn(elided_named_lifetimes)]` on by default
[INFO] [stdout] 
[INFO] [stdout] 
[INFO] [stdout] warning: unused import: `std::slice::SliceIndex`
[INFO] [stdout]   --> src/parser/mod.rs:10:5
[INFO] [stdout]    |
[INFO] [stdout] 10 | use std::slice::SliceIndex;
[INFO] [stdout]    |     ^^^^^^^^^^^^^^^^^^^^^^
[INFO] [stdout] 
[INFO] [stdout] 
[INFO] [stdout] warning: unused variable: `alias`
[INFO] [stdout]    --> src/parser/statement/query.rs:331:48
[INFO] [stdout]     |
[INFO] [stdout] 331 |                         Some(Token::Identifier(alias)),
[INFO] [stdout]     |                                                ^^^^^ help: if this is intentional, prefix it with an underscore: `_alias`
[INFO] [stdout]     |
[INFO] [stdout]     = note: `#[warn(unused_variables)]` on by default
[INFO] [stdout] 
[INFO] [stdout] 
[INFO] [stdout] warning: irrefutable `if let` pattern
[INFO] [stdout]   --> src/tokenizer/mod.rs:69:8
[INFO] [stdout]    |
[INFO] [stdout] 69 |     if let Ok(identifier) = word.parse::<String>() {
[INFO] [stdout]    |        ^^^^^^^^^^^^^^^^^^^^^^^^^^^^^^^^^^^^^^^^^^^
[INFO] [stdout]    |
[INFO] [stdout]    = note: this pattern will always match, so the `if let` is useless
[INFO] [stdout]    = help: consider replacing the `if let` with a `let`
[INFO] [stdout]    = note: `#[warn(irrefutable_let_patterns)]` on by default
[INFO] [stdout] 
[INFO] [stdout] 
[INFO] [stdout] warning: type `SelectItem` is more private than the item `Select::select_list`
[INFO] [stdout]    --> src/parser/statement/query.rs:102:5
[INFO] [stdout]     |
[INFO] [stdout] 102 |     pub select_list: Vec<SelectItem>,
[INFO] [stdout]     |     ^^^^^^^^^^^^^^^^^^^^^^^^^^^^^^^^ field `Select::select_list` is reachable at visibility `pub(statement)`
[INFO] [stdout]     |
[INFO] [stdout] note: but type `SelectItem` is only usable at visibility `pub(self)`
[INFO] [stdout]    --> src/parser/statement/query.rs:106:1
[INFO] [stdout]     |
[INFO] [stdout] 106 | struct SelectItem {
[INFO] [stdout]     | ^^^^^^^^^^^^^^^^^
[INFO] [stdout]     = note: `#[warn(private_interfaces)]` on by default
[INFO] [stdout] 
[INFO] [stdout] 
[INFO] [stdout] warning: field `0` is never read
[INFO] [stdout]  --> src/parser/expression/mod.rs:3:22
[INFO] [stdout]   |
[INFO] [stdout] 3 |     SimpleExpression(SimpleExpression),
[INFO] [stdout]   |     ---------------- ^^^^^^^^^^^^^^^^
[INFO] [stdout]   |     |
[INFO] [stdout]   |     field in this variant
[INFO] [stdout]   |
[INFO] [stdout]   = note: `Expression` has a derived impl for the trait `Debug`, but this is intentionally ignored during dead code analysis
[INFO] [stdout]   = note: `#[warn(dead_code)]` on by default
[INFO] [stdout] help: consider changing the field to be of unit type to suppress this warning while preserving the field numbering, or remove the field
[INFO] [stdout]   |
[INFO] [stdout] 3 |     SimpleExpression(()),
[INFO] [stdout]   |                      ~~
[INFO] [stdout] 
[INFO] [stdout] 
[INFO] [stdout] warning: fields `column`, `schema`, and `table` are never read
[INFO] [stdout]   --> src/parser/expression/mod.rs:8:9
[INFO] [stdout]    |
[INFO] [stdout] 7  | pub struct SimpleExpression {
[INFO] [stdout]    |            ---------------- fields in this struct
[INFO] [stdout] 8  |     pub column: String,
[INFO] [stdout]    |         ^^^^^^
[INFO] [stdout] 9  |     pub schema: Option<String>,
[INFO] [stdout]    |         ^^^^^^
[INFO] [stdout] 10 |     pub table: Option<String>,
[INFO] [stdout]    |         ^^^^^
[INFO] [stdout]    |
[INFO] [stdout]    = note: `SimpleExpression` has a derived impl for the trait `Debug`, but this is intentionally ignored during dead code analysis
[INFO] [stdout] 
[INFO] [stdout] 
[INFO] [stdout] warning: fields `with`, `distinct`, `select_list`, and `from` are never read
[INFO] [stdout]   --> src/parser/statement/query.rs:16:5
[INFO] [stdout]    |
[INFO] [stdout] 15 | pub struct QueryBlock {
[INFO] [stdout]    |            ---------- fields in this struct
[INFO] [stdout] 16 |     with: Option<Box<With>>,
[INFO] [stdout]    |     ^^^^
[INFO] [stdout] 17 |     distinct: Distinc,
[INFO] [stdout]    |     ^^^^^^^^
[INFO] [stdout] 18 |     select_list: Vec<SelectItem>,
[INFO] [stdout]    |     ^^^^^^^^^^^
[INFO] [stdout] 19 |     // TODO: MUST BE NOT OPTION
[INFO] [stdout] 20 |     from: Option<Box<From>>,
[INFO] [stdout]    |     ^^^^
[INFO] [stdout]    |
[INFO] [stdout]    = note: `QueryBlock` has a derived impl for the trait `Debug`, but this is intentionally ignored during dead code analysis
[INFO] [stdout] 
[INFO] [stdout] 
[INFO] [stdout] warning: fields `name`, `aliases`, and `subquery` are never read
[INFO] [stdout]   --> src/parser/statement/query.rs:26:5
[INFO] [stdout]    |
[INFO] [stdout] 25 | struct With {
[INFO] [stdout]    |        ---- fields in this struct
[INFO] [stdout] 26 |     name: String,
[INFO] [stdout]    |     ^^^^
[INFO] [stdout] 27 |     aliases: Vec<SelectItem>,
[INFO] [stdout]    |     ^^^^^^^
[INFO] [stdout] 28 |     subquery: Box<SubQuery>,
[INFO] [stdout]    |     ^^^^^^^^
[INFO] [stdout]    |
[INFO] [stdout]    = note: `With` has a derived impl for the trait `Debug`, but this is intentionally ignored during dead code analysis
[INFO] [stdout] 
[INFO] [stdout] 
[INFO] [stdout] warning: variant `Unique` is never constructed
[INFO] [stdout]   --> src/parser/statement/query.rs:34:5
[INFO] [stdout]    |
[INFO] [stdout] 32 | enum Distinc {
[INFO] [stdout]    |      ------- variant in this enum
[INFO] [stdout] 33 |     Distinct,
[INFO] [stdout] 34 |     Unique,
[INFO] [stdout]    |     ^^^^^^
[INFO] [stdout]    |
[INFO] [stdout]    = note: `Distinc` has a derived impl for the trait `Debug`, but this is intentionally ignored during dead code analysis
[INFO] [stdout] 
[INFO] [stdout] 
[INFO] [stdout] warning: variants `TableReference` and `Join` are never constructed
[INFO] [stdout]   --> src/parser/statement/query.rs:40:5
[INFO] [stdout]    |
[INFO] [stdout] 39 | enum From {
[INFO] [stdout]    |      ---- variants in this enum
[INFO] [stdout] 40 |     TableReference(TableReference),
[INFO] [stdout]    |     ^^^^^^^^^^^^^^
[INFO] [stdout] 41 |     Join(Join),
[INFO] [stdout]    |     ^^^^
[INFO] [stdout]    |
[INFO] [stdout]    = note: `From` has a derived impl for the trait `Debug`, but this is intentionally ignored during dead code analysis
[INFO] [stdout] 
[INFO] [stdout] 
[INFO] [stdout] warning: variant `QueryTableExpression` is never constructed
[INFO] [stdout]   --> src/parser/statement/query.rs:46:5
[INFO] [stdout]    |
[INFO] [stdout] 45 | enum TableReference {
[INFO] [stdout]    |      -------------- variant in this enum
[INFO] [stdout] 46 |     QueryTableExpression(QueryTableExpression),
[INFO] [stdout]    |     ^^^^^^^^^^^^^^^^^^^^
[INFO] [stdout]    |
[INFO] [stdout]    = note: `TableReference` has a derived impl for the trait `Debug`, but this is intentionally ignored during dead code analysis
[INFO] [stdout] 
[INFO] [stdout] 
[INFO] [stdout] warning: fields `schema`, `table`, and `alias` are never read
[INFO] [stdout]   --> src/parser/statement/query.rs:51:5
[INFO] [stdout]    |
[INFO] [stdout] 50 | struct QueryTableExpression {
[INFO] [stdout]    |        -------------------- fields in this struct
[INFO] [stdout] 51 |     schema: Option<String>,
[INFO] [stdout]    |     ^^^^^^
[INFO] [stdout] 52 |     table: Option<String>,
[INFO] [stdout]    |     ^^^^^
[INFO] [stdout] 53 |     // db_link: Option<Box<DbLink>>,
[INFO] [stdout] 54 |     alias: Option<String>,
[INFO] [stdout]    |     ^^^^^
[INFO] [stdout]    |
[INFO] [stdout]    = note: `QueryTableExpression` has a derived impl for the trait `Debug`, but this is intentionally ignored during dead code analysis
[INFO] [stdout] 
[INFO] [stdout] 
[INFO] [stdout] warning: fields `table_reference` and `join` are never read
[INFO] [stdout]   --> src/parser/statement/query.rs:59:5
[INFO] [stdout]    |
[INFO] [stdout] 58 | struct Join {
[INFO] [stdout]    |        ---- fields in this struct
[INFO] [stdout] 59 |     table_reference: TableReference,
[INFO] [stdout]    |     ^^^^^^^^^^^^^^^
[INFO] [stdout] 60 |     join: Option<JoinClause>,
[INFO] [stdout]    |     ^^^^
[INFO] [stdout]    |
[INFO] [stdout]    = note: `Join` has a derived impl for the trait `Debug`, but this is intentionally ignored during dead code analysis
[INFO] [stdout] 
[INFO] [stdout] 
[INFO] [stdout] warning: variants `InnerJoin` and `OuterJoin` are never constructed
[INFO] [stdout]   --> src/parser/statement/query.rs:65:5
[INFO] [stdout]    |
[INFO] [stdout] 64 | enum JoinClause {
[INFO] [stdout]    |      ---------- variants in this enum
[INFO] [stdout] 65 |     InnerJoin(InnerJoin),
[INFO] [stdout]    |     ^^^^^^^^^
[INFO] [stdout] 66 |     OuterJoin(OuterJoin),
[INFO] [stdout]    |     ^^^^^^^^^
[INFO] [stdout]    |
[INFO] [stdout]    = note: `JoinClause` has a derived impl for the trait `Debug`, but this is intentionally ignored during dead code analysis
[INFO] [stdout] 
[INFO] [stdout] 
[INFO] [stdout] warning: fields `inner_type` and `join_table` are never read
[INFO] [stdout]   --> src/parser/statement/query.rs:71:5
[INFO] [stdout]    |
[INFO] [stdout] 70 | struct InnerJoin {
[INFO] [stdout]    |        --------- fields in this struct
[INFO] [stdout] 71 |     inner_type: InnerJoinType,
[INFO] [stdout]    |     ^^^^^^^^^^
[INFO] [stdout] 72 |     join_table: TableReference,
[INFO] [stdout]    |     ^^^^^^^^^^
[INFO] [stdout]    |
[INFO] [stdout]    = note: `InnerJoin` has a derived impl for the trait `Debug`, but this is intentionally ignored during dead code analysis
[INFO] [stdout] 
[INFO] [stdout] 
[INFO] [stdout] warning: variants `Inner`, `Cross`, and `Natural` are never constructed
[INFO] [stdout]   --> src/parser/statement/query.rs:79:5
[INFO] [stdout]    |
[INFO] [stdout] 78 | enum InnerJoinType {
[INFO] [stdout]    |      ------------- variants in this enum
[INFO] [stdout] 79 |     Inner,
[INFO] [stdout]    |     ^^^^^
[INFO] [stdout] 80 |     Cross,
[INFO] [stdout]    |     ^^^^^
[INFO] [stdout] 81 |     Natural,
[INFO] [stdout]    |     ^^^^^^^
[INFO] [stdout]    |
[INFO] [stdout]    = note: `InnerJoinType` has a derived impl for the trait `Debug`, but this is intentionally ignored during dead code analysis
[INFO] [stdout] 
[INFO] [stdout] 
[INFO] [stdout] warning: fields `outer_type` and `join_table` are never read
[INFO] [stdout]   --> src/parser/statement/query.rs:86:5
[INFO] [stdout]    |
[INFO] [stdout] 85 | struct OuterJoin {
[INFO] [stdout]    |        --------- fields in this struct
[INFO] [stdout] 86 |     outer_type: OuterJoinType,
[INFO] [stdout]    |     ^^^^^^^^^^
[INFO] [stdout] 87 |     join_table: TableReference,
[INFO] [stdout]    |     ^^^^^^^^^^
[INFO] [stdout]    |
[INFO] [stdout]    = note: `OuterJoin` has a derived impl for the trait `Debug`, but this is intentionally ignored during dead code analysis
[INFO] [stdout] 
[INFO] [stdout] 
[INFO] [stdout] warning: variants `Left`, `Right`, and `Full` are never constructed
[INFO] [stdout]   --> src/parser/statement/query.rs:94:5
[INFO] [stdout]    |
[INFO] [stdout] 93 | enum OuterJoinType {
[INFO] [stdout]    |      ------------- variants in this enum
[INFO] [stdout] 94 |     Left,
[INFO] [stdout]    |     ^^^^
[INFO] [stdout] 95 |     Right,
[INFO] [stdout]    |     ^^^^^
[INFO] [stdout] 96 |     Full,
[INFO] [stdout]    |     ^^^^
[INFO] [stdout]    |
[INFO] [stdout]    = note: `OuterJoinType` has a derived impl for the trait `Debug`, but this is intentionally ignored during dead code analysis
[INFO] [stdout] 
[INFO] [stdout] 
[INFO] [stdout] warning: struct `Select` is never constructed
[INFO] [stdout]    --> src/parser/statement/query.rs:100:12
[INFO] [stdout]     |
[INFO] [stdout] 100 | pub struct Select {
[INFO] [stdout]     |            ^^^^^^
[INFO] [stdout]     |
[INFO] [stdout]     = note: `Select` has a derived impl for the trait `Debug`, but this is intentionally ignored during dead code analysis
[INFO] [stdout] 
[INFO] [stdout] 
[INFO] [stdout] warning: fields `expression` and `alias` are never read
[INFO] [stdout]    --> src/parser/statement/query.rs:107:5
[INFO] [stdout]     |
[INFO] [stdout] 106 | struct SelectItem {
[INFO] [stdout]     |        ---------- fields in this struct
[INFO] [stdout] 107 |     expression: Expression,
[INFO] [stdout]     |     ^^^^^^^^^^
[INFO] [stdout] 108 |     alias: Option<String>,
[INFO] [stdout]     |     ^^^^^
[INFO] [stdout]     |
[INFO] [stdout]     = note: `SelectItem` has a derived impl for the trait `Debug`, but this is intentionally ignored during dead code analysis
[INFO] [stdout] 
[INFO] [stdout] 
[INFO] [stdout] warning: methods `buf` and `iter_from` are never used
[INFO] [stdout]   --> src/tokenizer/string_buf.rs:9:12
[INFO] [stdout]    |
[INFO] [stdout] 5  | impl<'a> StringBuf<'a> {
[INFO] [stdout]    | ---------------------- methods in this implementation
[INFO] [stdout] ...
[INFO] [stdout] 9  |     pub fn buf(&self) -> &'a str {
[INFO] [stdout]    |            ^^^
[INFO] [stdout] ...
[INFO] [stdout] 18 |     pub fn iter_from(&'a self, pos: usize) -> StringBufIterator {
[INFO] [stdout]    |            ^^^^^^^^^
[INFO] [stdout] 
[INFO] [stdout] 
[INFO] [stderr]     Finished `dev` profile [unoptimized + debuginfo] target(s) in 9.11s
[INFO] running `Command { std: "docker" "inspect" "42f3c87f39409b6aaef03069c1634995cfd72b94341b0e0e26eda926e8a8eaea", kill_on_drop: false }`
[INFO] running `Command { std: "docker" "rm" "-f" "42f3c87f39409b6aaef03069c1634995cfd72b94341b0e0e26eda926e8a8eaea", kill_on_drop: false }`
[INFO] [stdout] 42f3c87f39409b6aaef03069c1634995cfd72b94341b0e0e26eda926e8a8eaea
[INFO] running `Command { std: "docker" "create" "-v" "/var/lib/crater-agent-workspace/builds/worker-2-tc2/target:/opt/rustwide/target:rw,Z" "-v" "/var/lib/crater-agent-workspace/builds/worker-2-tc2/source:/opt/rustwide/workdir:ro,Z" "-v" "/var/lib/crater-agent-workspace/cargo-home:/opt/rustwide/cargo-home:ro,Z" "-v" "/var/lib/crater-agent-workspace/rustup-home:/opt/rustwide/rustup-home:ro,Z" "-e" "SOURCE_DIR=/opt/rustwide/workdir" "-e" "CARGO_TARGET_DIR=/opt/rustwide/target" "-e" "CARGO_INCREMENTAL=0" "-e" "RUST_BACKTRACE=full" "-e" "RUSTFLAGS=--cap-lints=forbid -Zrandomize-layout" "-e" "RUSTDOCFLAGS=--cap-lints=forbid" "-e" "CARGO_HOME=/opt/rustwide/cargo-home" "-e" "RUSTUP_HOME=/opt/rustwide/rustup-home" "-w" "/opt/rustwide/workdir" "-m" "1610612736" "--user" "0:0" "--network" "none" "ghcr.io/rust-lang/crates-build-env/linux@sha256:819108c5571ea2e421544af4d832f968d213c87fbe3707a016657f43d2f853bc" "/opt/rustwide/cargo-home/bin/cargo" "+nightly-2025-01-18" "test" "--frozen" "--no-run" "--message-format=json", kill_on_drop: false }`
[INFO] [stdout] 96519e0569a989e13bc885f70dc684a4fb4bc545e6d9aed5606da10a77943068
[INFO] running `Command { std: "docker" "start" "-a" "96519e0569a989e13bc885f70dc684a4fb4bc545e6d9aed5606da10a77943068", kill_on_drop: false }`
[INFO] [stdout] warning: unused import: `super::Statement`
[INFO] [stdout]  --> src/parser/statement/query.rs:1:5
[INFO] [stdout]   |
[INFO] [stdout] 1 | use super::Statement;
[INFO] [stdout]   |     ^^^^^^^^^^^^^^^^
[INFO] [stdout]   |
[INFO] [stdout]   = note: `#[warn(unused_imports)]` on by default
[INFO] [stdout] 
[INFO] [stdout] 
[INFO] [stdout] warning: unused import: `Column`
[INFO] [stdout]  --> src/parser/statement/query.rs:3:21
[INFO] [stdout]   |
[INFO] [stdout] 3 | use crate::parser::{Column, Parser};
[INFO] [stdout]   |                     ^^^^^^
[INFO] [stdout] 
[INFO] [stdout] 
[INFO] [stdout] warning: unused imports: `RangeInclusive` and `Range`
[INFO] [stdout]  --> src/parser/statement/query.rs:4:16
[INFO] [stdout]   |
[INFO] [stdout] 4 | use std::ops::{Range, RangeInclusive};
[INFO] [stdout]   |                ^^^^^  ^^^^^^^^^^^^^^
[INFO] [stdout] 
[INFO] [stdout] 
[INFO] [stdout] warning: unused import: `self`
[INFO] [stdout]  --> src/parser/statement/query.rs:6:24
[INFO] [stdout]   |
[INFO] [stdout] 6 | use crate::tokenizer::{self, keyword::Keyword, Token};
[INFO] [stdout]   |                        ^^^^
[INFO] [stdout] 
[INFO] [stdout] 
[INFO] [stdout] warning: unused import: `parse_query_block`
[INFO] [stdout]  --> src/parser/statement/mod.rs:4:13
[INFO] [stdout]   |
[INFO] [stdout] 4 | use query::{parse_query_block, parse_subquery, SubQuery};
[INFO] [stdout]   |             ^^^^^^^^^^^^^^^^^
[INFO] [stdout] 
[INFO] [stdout] 
[INFO] [stdout] warning: unused import: `std::iter::Iterator`
[INFO] [stdout]  --> src/parser/mod.rs:8:5
[INFO] [stdout]   |
[INFO] [stdout] 8 | use std::iter::Iterator;
[INFO] [stdout]   |     ^^^^^^^^^^^^^^^^^^^
[INFO] [stdout] 
[INFO] [stdout] 
[INFO] [stdout] warning: unused imports: `RangeInclusive`, `RangeTo`, and `Range`
[INFO] [stdout]  --> src/parser/mod.rs:9:16
[INFO] [stdout]   |
[INFO] [stdout] 9 | use std::ops::{Range, RangeInclusive, RangeTo};
[INFO] [stdout]   |                ^^^^^  ^^^^^^^^^^^^^^  ^^^^^^^
[INFO] [stdout] 
[INFO] [stdout] 
[INFO] [stdout] warning: elided lifetime has a name
[INFO] [stdout]   --> src/tokenizer/string_buf.rs:18:47
[INFO] [stdout]    |
[INFO] [stdout] 5  | impl<'a> StringBuf<'a> {
[INFO] [stdout]    |      -- lifetime `'a` declared here
[INFO] [stdout] ...
[INFO] [stdout] 18 |     pub fn iter_from(&'a self, pos: usize) -> StringBufIterator {
[INFO] [stdout]    |                                               ^^^^^^^^^^^^^^^^^ this elided lifetime gets resolved as `'a`
[INFO] [stdout]    |
[INFO] [stdout]    = note: `#[warn(elided_named_lifetimes)]` on by default
[INFO] [stdout] 
[INFO] [stdout] 
[INFO] [stdout] warning: unused import: `std::slice::SliceIndex`
[INFO] [stdout]   --> src/parser/mod.rs:10:5
[INFO] [stdout]    |
[INFO] [stdout] 10 | use std::slice::SliceIndex;
[INFO] [stdout]    |     ^^^^^^^^^^^^^^^^^^^^^^
[INFO] [stdout] 
[INFO] [stdout] 
[INFO] [stdout] warning: unused variable: `alias`
[INFO] [stdout]    --> src/parser/statement/query.rs:331:48
[INFO] [stdout]     |
[INFO] [stdout] 331 |                         Some(Token::Identifier(alias)),
[INFO] [stdout]     |                                                ^^^^^ help: if this is intentional, prefix it with an underscore: `_alias`
[INFO] [stdout]     |
[INFO] [stdout]     = note: `#[warn(unused_variables)]` on by default
[INFO] [stdout] 
[INFO] [stdout] 
[INFO] [stdout] warning: irrefutable `if let` pattern
[INFO] [stdout]   --> src/tokenizer/mod.rs:69:8
[INFO] [stdout]    |
[INFO] [stdout] 69 |     if let Ok(identifier) = word.parse::<String>() {
[INFO] [stdout]    |        ^^^^^^^^^^^^^^^^^^^^^^^^^^^^^^^^^^^^^^^^^^^
[INFO] [stdout]    |
[INFO] [stdout]    = note: this pattern will always match, so the `if let` is useless
[INFO] [stdout]    = help: consider replacing the `if let` with a `let`
[INFO] [stdout]    = note: `#[warn(irrefutable_let_patterns)]` on by default
[INFO] [stdout] 
[INFO] [stdout] 
[INFO] [stdout] warning: type `SelectItem` is more private than the item `Select::select_list`
[INFO] [stdout]    --> src/parser/statement/query.rs:102:5
[INFO] [stdout]     |
[INFO] [stdout] 102 |     pub select_list: Vec<SelectItem>,
[INFO] [stdout]     |     ^^^^^^^^^^^^^^^^^^^^^^^^^^^^^^^^ field `Select::select_list` is reachable at visibility `pub(statement)`
[INFO] [stdout]     |
[INFO] [stdout] note: but type `SelectItem` is only usable at visibility `pub(self)`
[INFO] [stdout]    --> src/parser/statement/query.rs:106:1
[INFO] [stdout]     |
[INFO] [stdout] 106 | struct SelectItem {
[INFO] [stdout]     | ^^^^^^^^^^^^^^^^^
[INFO] [stdout]     = note: `#[warn(private_interfaces)]` on by default
[INFO] [stdout] 
[INFO] [stdout] 
[INFO] [stdout] warning: field `0` is never read
[INFO] [stdout]  --> src/parser/expression/mod.rs:3:22
[INFO] [stdout]   |
[INFO] [stdout] 3 |     SimpleExpression(SimpleExpression),
[INFO] [stdout]   |     ---------------- ^^^^^^^^^^^^^^^^
[INFO] [stdout]   |     |
[INFO] [stdout]   |     field in this variant
[INFO] [stdout]   |
[INFO] [stdout]   = note: `Expression` has a derived impl for the trait `Debug`, but this is intentionally ignored during dead code analysis
[INFO] [stdout]   = note: `#[warn(dead_code)]` on by default
[INFO] [stdout] help: consider changing the field to be of unit type to suppress this warning while preserving the field numbering, or remove the field
[INFO] [stdout]   |
[INFO] [stdout] 3 |     SimpleExpression(()),
[INFO] [stdout]   |                      ~~
[INFO] [stdout] 
[INFO] [stdout] 
[INFO] [stdout] warning: fields `column`, `schema`, and `table` are never read
[INFO] [stdout]   --> src/parser/expression/mod.rs:8:9
[INFO] [stdout]    |
[INFO] [stdout] 7  | pub struct SimpleExpression {
[INFO] [stdout]    |            ---------------- fields in this struct
[INFO] [stdout] 8  |     pub column: String,
[INFO] [stdout]    |         ^^^^^^
[INFO] [stdout] 9  |     pub schema: Option<String>,
[INFO] [stdout]    |         ^^^^^^
[INFO] [stdout] 10 |     pub table: Option<String>,
[INFO] [stdout]    |         ^^^^^
[INFO] [stdout]    |
[INFO] [stdout]    = note: `SimpleExpression` has a derived impl for the trait `Debug`, but this is intentionally ignored during dead code analysis
[INFO] [stdout] 
[INFO] [stdout] 
[INFO] [stdout] warning: fields `with`, `distinct`, `select_list`, and `from` are never read
[INFO] [stdout]   --> src/parser/statement/query.rs:16:5
[INFO] [stdout]    |
[INFO] [stdout] 15 | pub struct QueryBlock {
[INFO] [stdout]    |            ---------- fields in this struct
[INFO] [stdout] 16 |     with: Option<Box<With>>,
[INFO] [stdout]    |     ^^^^
[INFO] [stdout] 17 |     distinct: Distinc,
[INFO] [stdout]    |     ^^^^^^^^
[INFO] [stdout] 18 |     select_list: Vec<SelectItem>,
[INFO] [stdout]    |     ^^^^^^^^^^^
[INFO] [stdout] 19 |     // TODO: MUST BE NOT OPTION
[INFO] [stdout] 20 |     from: Option<Box<From>>,
[INFO] [stdout]    |     ^^^^
[INFO] [stdout]    |
[INFO] [stdout]    = note: `QueryBlock` has a derived impl for the trait `Debug`, but this is intentionally ignored during dead code analysis
[INFO] [stdout] 
[INFO] [stdout] 
[INFO] [stdout] warning: fields `name`, `aliases`, and `subquery` are never read
[INFO] [stdout]   --> src/parser/statement/query.rs:26:5
[INFO] [stdout]    |
[INFO] [stdout] 25 | struct With {
[INFO] [stdout]    |        ---- fields in this struct
[INFO] [stdout] 26 |     name: String,
[INFO] [stdout]    |     ^^^^
[INFO] [stdout] 27 |     aliases: Vec<SelectItem>,
[INFO] [stdout]    |     ^^^^^^^
[INFO] [stdout] 28 |     subquery: Box<SubQuery>,
[INFO] [stdout]    |     ^^^^^^^^
[INFO] [stdout]    |
[INFO] [stdout]    = note: `With` has a derived impl for the trait `Debug`, but this is intentionally ignored during dead code analysis
[INFO] [stdout] 
[INFO] [stdout] 
[INFO] [stdout] warning: variant `Unique` is never constructed
[INFO] [stdout]   --> src/parser/statement/query.rs:34:5
[INFO] [stdout]    |
[INFO] [stdout] 32 | enum Distinc {
[INFO] [stdout]    |      ------- variant in this enum
[INFO] [stdout] 33 |     Distinct,
[INFO] [stdout] 34 |     Unique,
[INFO] [stdout]    |     ^^^^^^
[INFO] [stdout]    |
[INFO] [stdout]    = note: `Distinc` has a derived impl for the trait `Debug`, but this is intentionally ignored during dead code analysis
[INFO] [stdout] 
[INFO] [stdout] 
[INFO] [stdout] warning: variants `TableReference` and `Join` are never constructed
[INFO] [stdout]   --> src/parser/statement/query.rs:40:5
[INFO] [stdout]    |
[INFO] [stdout] 39 | enum From {
[INFO] [stdout]    |      ---- variants in this enum
[INFO] [stdout] 40 |     TableReference(TableReference),
[INFO] [stdout]    |     ^^^^^^^^^^^^^^
[INFO] [stdout] 41 |     Join(Join),
[INFO] [stdout]    |     ^^^^
[INFO] [stdout]    |
[INFO] [stdout]    = note: `From` has a derived impl for the trait `Debug`, but this is intentionally ignored during dead code analysis
[INFO] [stdout] 
[INFO] [stdout] 
[INFO] [stdout] warning: variant `QueryTableExpression` is never constructed
[INFO] [stdout]   --> src/parser/statement/query.rs:46:5
[INFO] [stdout]    |
[INFO] [stdout] 45 | enum TableReference {
[INFO] [stdout]    |      -------------- variant in this enum
[INFO] [stdout] 46 |     QueryTableExpression(QueryTableExpression),
[INFO] [stdout]    |     ^^^^^^^^^^^^^^^^^^^^
[INFO] [stdout]    |
[INFO] [stdout]    = note: `TableReference` has a derived impl for the trait `Debug`, but this is intentionally ignored during dead code analysis
[INFO] [stdout] 
[INFO] [stdout] 
[INFO] [stdout] warning: fields `schema`, `table`, and `alias` are never read
[INFO] [stdout]   --> src/parser/statement/query.rs:51:5
[INFO] [stdout]    |
[INFO] [stdout] 50 | struct QueryTableExpression {
[INFO] [stdout]    |        -------------------- fields in this struct
[INFO] [stdout] 51 |     schema: Option<String>,
[INFO] [stdout]    |     ^^^^^^
[INFO] [stdout] 52 |     table: Option<String>,
[INFO] [stdout]    |     ^^^^^
[INFO] [stdout] 53 |     // db_link: Option<Box<DbLink>>,
[INFO] [stdout] 54 |     alias: Option<String>,
[INFO] [stdout]    |     ^^^^^
[INFO] [stdout]    |
[INFO] [stdout]    = note: `QueryTableExpression` has a derived impl for the trait `Debug`, but this is intentionally ignored during dead code analysis
[INFO] [stdout] 
[INFO] [stdout] 
[INFO] [stdout] warning: fields `table_reference` and `join` are never read
[INFO] [stdout]   --> src/parser/statement/query.rs:59:5
[INFO] [stdout]    |
[INFO] [stdout] 58 | struct Join {
[INFO] [stdout]    |        ---- fields in this struct
[INFO] [stdout] 59 |     table_reference: TableReference,
[INFO] [stdout]    |     ^^^^^^^^^^^^^^^
[INFO] [stdout] 60 |     join: Option<JoinClause>,
[INFO] [stdout]    |     ^^^^
[INFO] [stdout]    |
[INFO] [stdout]    = note: `Join` has a derived impl for the trait `Debug`, but this is intentionally ignored during dead code analysis
[INFO] [stdout] 
[INFO] [stdout] 
[INFO] [stderr]    Compiling lafmt v0.1.0 (/opt/rustwide/workdir)
[INFO] [stdout] warning: variants `InnerJoin` and `OuterJoin` are never constructed
[INFO] [stdout]   --> src/parser/statement/query.rs:65:5
[INFO] [stdout]    |
[INFO] [stdout] 64 | enum JoinClause {
[INFO] [stdout]    |      ---------- variants in this enum
[INFO] [stdout] 65 |     InnerJoin(InnerJoin),
[INFO] [stdout]    |     ^^^^^^^^^
[INFO] [stdout] 66 |     OuterJoin(OuterJoin),
[INFO] [stdout]    |     ^^^^^^^^^
[INFO] [stdout]    |
[INFO] [stdout]    = note: `JoinClause` has a derived impl for the trait `Debug`, but this is intentionally ignored during dead code analysis
[INFO] [stdout] 
[INFO] [stdout] 
[INFO] [stdout] warning: fields `inner_type` and `join_table` are never read
[INFO] [stdout]   --> src/parser/statement/query.rs:71:5
[INFO] [stdout]    |
[INFO] [stdout] 70 | struct InnerJoin {
[INFO] [stdout]    |        --------- fields in this struct
[INFO] [stdout] 71 |     inner_type: InnerJoinType,
[INFO] [stdout]    |     ^^^^^^^^^^
[INFO] [stdout] 72 |     join_table: TableReference,
[INFO] [stdout]    |     ^^^^^^^^^^
[INFO] [stdout]    |
[INFO] [stdout]    = note: `InnerJoin` has a derived impl for the trait `Debug`, but this is intentionally ignored during dead code analysis
[INFO] [stdout] 
[INFO] [stdout] 
[INFO] [stdout] warning: variants `Inner`, `Cross`, and `Natural` are never constructed
[INFO] [stdout]   --> src/parser/statement/query.rs:79:5
[INFO] [stdout]    |
[INFO] [stdout] 78 | enum InnerJoinType {
[INFO] [stdout]    |      ------------- variants in this enum
[INFO] [stdout] 79 |     Inner,
[INFO] [stdout]    |     ^^^^^
[INFO] [stdout] 80 |     Cross,
[INFO] [stdout]    |     ^^^^^
[INFO] [stdout] 81 |     Natural,
[INFO] [stdout]    |     ^^^^^^^
[INFO] [stdout]    |
[INFO] [stdout]    = note: `InnerJoinType` has a derived impl for the trait `Debug`, but this is intentionally ignored during dead code analysis
[INFO] [stdout] 
[INFO] [stdout] 
[INFO] [stdout] warning: fields `outer_type` and `join_table` are never read
[INFO] [stdout]   --> src/parser/statement/query.rs:86:5
[INFO] [stdout]    |
[INFO] [stdout] 85 | struct OuterJoin {
[INFO] [stdout]    |        --------- fields in this struct
[INFO] [stdout] 86 |     outer_type: OuterJoinType,
[INFO] [stdout]    |     ^^^^^^^^^^
[INFO] [stdout] 87 |     join_table: TableReference,
[INFO] [stdout]    |     ^^^^^^^^^^
[INFO] [stdout]    |
[INFO] [stdout]    = note: `OuterJoin` has a derived impl for the trait `Debug`, but this is intentionally ignored during dead code analysis
[INFO] [stdout] 
[INFO] [stdout] 
[INFO] [stdout] warning: variants `Left`, `Right`, and `Full` are never constructed
[INFO] [stdout]   --> src/parser/statement/query.rs:94:5
[INFO] [stdout]    |
[INFO] [stdout] 93 | enum OuterJoinType {
[INFO] [stdout]    |      ------------- variants in this enum
[INFO] [stdout] 94 |     Left,
[INFO] [stdout]    |     ^^^^
[INFO] [stdout] 95 |     Right,
[INFO] [stdout]    |     ^^^^^
[INFO] [stdout] 96 |     Full,
[INFO] [stdout]    |     ^^^^
[INFO] [stdout]    |
[INFO] [stdout]    = note: `OuterJoinType` has a derived impl for the trait `Debug`, but this is intentionally ignored during dead code analysis
[INFO] [stdout] 
[INFO] [stdout] 
[INFO] [stdout] warning: struct `Select` is never constructed
[INFO] [stdout]    --> src/parser/statement/query.rs:100:12
[INFO] [stdout]     |
[INFO] [stdout] 100 | pub struct Select {
[INFO] [stdout]     |            ^^^^^^
[INFO] [stdout]     |
[INFO] [stdout]     = note: `Select` has a derived impl for the trait `Debug`, but this is intentionally ignored during dead code analysis
[INFO] [stdout] 
[INFO] [stdout] 
[INFO] [stdout] warning: fields `expression` and `alias` are never read
[INFO] [stdout]    --> src/parser/statement/query.rs:107:5
[INFO] [stdout]     |
[INFO] [stdout] 106 | struct SelectItem {
[INFO] [stdout]     |        ---------- fields in this struct
[INFO] [stdout] 107 |     expression: Expression,
[INFO] [stdout]     |     ^^^^^^^^^^
[INFO] [stdout] 108 |     alias: Option<String>,
[INFO] [stdout]     |     ^^^^^
[INFO] [stdout]     |
[INFO] [stdout]     = note: `SelectItem` has a derived impl for the trait `Debug`, but this is intentionally ignored during dead code analysis
[INFO] [stdout] 
[INFO] [stdout] 
[INFO] [stdout] warning: methods `buf` and `iter_from` are never used
[INFO] [stdout]   --> src/tokenizer/string_buf.rs:9:12
[INFO] [stdout]    |
[INFO] [stdout] 5  | impl<'a> StringBuf<'a> {
[INFO] [stdout]    | ---------------------- methods in this implementation
[INFO] [stdout] ...
[INFO] [stdout] 9  |     pub fn buf(&self) -> &'a str {
[INFO] [stdout]    |            ^^^
[INFO] [stdout] ...
[INFO] [stdout] 18 |     pub fn iter_from(&'a self, pos: usize) -> StringBufIterator {
[INFO] [stdout]    |            ^^^^^^^^^
[INFO] [stdout] 
[INFO] [stdout] 
[INFO] [stdout] warning: unused import: `super::Statement`
[INFO] [stdout]  --> src/parser/statement/query.rs:1:5
[INFO] [stdout]   |
[INFO] [stdout] 1 | use super::Statement;
[INFO] [stdout]   |     ^^^^^^^^^^^^^^^^
[INFO] [stdout]   |
[INFO] [stdout]   = note: `#[warn(unused_imports)]` on by default
[INFO] [stdout] 
[INFO] [stdout] 
[INFO] [stdout] warning: unused import: `Column`
[INFO] [stdout]  --> src/parser/statement/query.rs:3:21
[INFO] [stdout]   |
[INFO] [stdout] 3 | use crate::parser::{Column, Parser};
[INFO] [stdout]   |                     ^^^^^^
[INFO] [stdout] 
[INFO] [stdout] 
[INFO] [stdout] warning: unused imports: `RangeInclusive` and `Range`
[INFO] [stdout]  --> src/parser/statement/query.rs:4:16
[INFO] [stdout]   |
[INFO] [stdout] 4 | use std::ops::{Range, RangeInclusive};
[INFO] [stdout]   |                ^^^^^  ^^^^^^^^^^^^^^
[INFO] [stdout] 
[INFO] [stdout] 
[INFO] [stdout] warning: unused import: `self`
[INFO] [stdout]  --> src/parser/statement/query.rs:6:24
[INFO] [stdout]   |
[INFO] [stdout] 6 | use crate::tokenizer::{self, keyword::Keyword, Token};
[INFO] [stdout]   |                        ^^^^
[INFO] [stdout] 
[INFO] [stdout] 
[INFO] [stdout] warning: unused import: `parse_query_block`
[INFO] [stdout]  --> src/parser/statement/mod.rs:4:13
[INFO] [stdout]   |
[INFO] [stdout] 4 | use query::{parse_query_block, parse_subquery, SubQuery};
[INFO] [stdout]   |             ^^^^^^^^^^^^^^^^^
[INFO] [stdout] 
[INFO] [stdout] 
[INFO] [stdout] warning: unused import: `std::iter::Iterator`
[INFO] [stdout]  --> src/parser/mod.rs:8:5
[INFO] [stdout]   |
[INFO] [stdout] 8 | use std::iter::Iterator;
[INFO] [stdout]   |     ^^^^^^^^^^^^^^^^^^^
[INFO] [stdout] 
[INFO] [stdout] 
[INFO] [stdout] warning: unused imports: `RangeInclusive`, `RangeTo`, and `Range`
[INFO] [stdout]  --> src/parser/mod.rs:9:16
[INFO] [stdout]   |
[INFO] [stdout] 9 | use std::ops::{Range, RangeInclusive, RangeTo};
[INFO] [stdout]   |                ^^^^^  ^^^^^^^^^^^^^^  ^^^^^^^
[INFO] [stdout] 
[INFO] [stdout] 
[INFO] [stdout] warning: elided lifetime has a name
[INFO] [stdout]   --> src/tokenizer/string_buf.rs:18:47
[INFO] [stdout]    |
[INFO] [stdout] 5  | impl<'a> StringBuf<'a> {
[INFO] [stdout]    |      -- lifetime `'a` declared here
[INFO] [stdout] ...
[INFO] [stdout] 18 |     pub fn iter_from(&'a self, pos: usize) -> StringBufIterator {
[INFO] [stdout]    |                                               ^^^^^^^^^^^^^^^^^ this elided lifetime gets resolved as `'a`
[INFO] [stdout]    |
[INFO] [stdout]    = note: `#[warn(elided_named_lifetimes)]` on by default
[INFO] [stdout] 
[INFO] [stdout] 
[INFO] [stdout] warning: unused import: `std::slice::SliceIndex`
[INFO] [stdout]   --> src/parser/mod.rs:10:5
[INFO] [stdout]    |
[INFO] [stdout] 10 | use std::slice::SliceIndex;
[INFO] [stdout]    |     ^^^^^^^^^^^^^^^^^^^^^^
[INFO] [stdout] 
[INFO] [stdout] 
[INFO] [stdout] warning: unused variable: `alias`
[INFO] [stdout]    --> src/parser/statement/query.rs:331:48
[INFO] [stdout]     |
[INFO] [stdout] 331 |                         Some(Token::Identifier(alias)),
[INFO] [stdout]     |                                                ^^^^^ help: if this is intentional, prefix it with an underscore: `_alias`
[INFO] [stdout]     |
[INFO] [stdout]     = note: `#[warn(unused_variables)]` on by default
[INFO] [stdout] 
[INFO] [stdout] 
[INFO] [stdout] warning: irrefutable `if let` pattern
[INFO] [stdout]   --> src/tokenizer/mod.rs:69:8
[INFO] [stdout]    |
[INFO] [stdout] 69 |     if let Ok(identifier) = word.parse::<String>() {
[INFO] [stdout]    |        ^^^^^^^^^^^^^^^^^^^^^^^^^^^^^^^^^^^^^^^^^^^
[INFO] [stdout]    |
[INFO] [stdout]    = note: this pattern will always match, so the `if let` is useless
[INFO] [stdout]    = help: consider replacing the `if let` with a `let`
[INFO] [stdout]    = note: `#[warn(irrefutable_let_patterns)]` on by default
[INFO] [stdout] 
[INFO] [stdout] 
[INFO] [stdout] warning: type `SelectItem` is more private than the item `Select::select_list`
[INFO] [stdout]    --> src/parser/statement/query.rs:102:5
[INFO] [stdout]     |
[INFO] [stdout] 102 |     pub select_list: Vec<SelectItem>,
[INFO] [stdout]     |     ^^^^^^^^^^^^^^^^^^^^^^^^^^^^^^^^ field `Select::select_list` is reachable at visibility `pub(statement)`
[INFO] [stdout]     |
[INFO] [stdout] note: but type `SelectItem` is only usable at visibility `pub(self)`
[INFO] [stdout]    --> src/parser/statement/query.rs:106:1
[INFO] [stdout]     |
[INFO] [stdout] 106 | struct SelectItem {
[INFO] [stdout]     | ^^^^^^^^^^^^^^^^^
[INFO] [stdout]     = note: `#[warn(private_interfaces)]` on by default
[INFO] [stdout] 
[INFO] [stdout] 
[INFO] [stdout] warning: field `0` is never read
[INFO] [stdout]  --> src/parser/expression/mod.rs:3:22
[INFO] [stdout]   |
[INFO] [stdout] 3 |     SimpleExpression(SimpleExpression),
[INFO] [stdout]   |     ---------------- ^^^^^^^^^^^^^^^^
[INFO] [stdout]   |     |
[INFO] [stdout]   |     field in this variant
[INFO] [stdout]   |
[INFO] [stdout]   = note: `Expression` has a derived impl for the trait `Debug`, but this is intentionally ignored during dead code analysis
[INFO] [stdout]   = note: `#[warn(dead_code)]` on by default
[INFO] [stdout] help: consider changing the field to be of unit type to suppress this warning while preserving the field numbering, or remove the field
[INFO] [stdout]   |
[INFO] [stdout] 3 |     SimpleExpression(()),
[INFO] [stdout]   |                      ~~
[INFO] [stdout] 
[INFO] [stdout] 
[INFO] [stdout] warning: fields `column`, `schema`, and `table` are never read
[INFO] [stdout]   --> src/parser/expression/mod.rs:8:9
[INFO] [stdout]    |
[INFO] [stdout] 7  | pub struct SimpleExpression {
[INFO] [stdout]    |            ---------------- fields in this struct
[INFO] [stdout] 8  |     pub column: String,
[INFO] [stdout]    |         ^^^^^^
[INFO] [stdout] 9  |     pub schema: Option<String>,
[INFO] [stdout]    |         ^^^^^^
[INFO] [stdout] 10 |     pub table: Option<String>,
[INFO] [stdout]    |         ^^^^^
[INFO] [stdout]    |
[INFO] [stdout]    = note: `SimpleExpression` has a derived impl for the trait `Debug`, but this is intentionally ignored during dead code analysis
[INFO] [stdout] 
[INFO] [stdout] 
[INFO] [stdout] warning: fields `with`, `distinct`, `select_list`, and `from` are never read
[INFO] [stdout]   --> src/parser/statement/query.rs:16:5
[INFO] [stdout]    |
[INFO] [stdout] 15 | pub struct QueryBlock {
[INFO] [stdout]    |            ---------- fields in this struct
[INFO] [stdout] 16 |     with: Option<Box<With>>,
[INFO] [stdout]    |     ^^^^
[INFO] [stdout] 17 |     distinct: Distinc,
[INFO] [stdout]    |     ^^^^^^^^
[INFO] [stdout] 18 |     select_list: Vec<SelectItem>,
[INFO] [stdout]    |     ^^^^^^^^^^^
[INFO] [stdout] 19 |     // TODO: MUST BE NOT OPTION
[INFO] [stdout] 20 |     from: Option<Box<From>>,
[INFO] [stdout]    |     ^^^^
[INFO] [stdout]    |
[INFO] [stdout]    = note: `QueryBlock` has a derived impl for the trait `Debug`, but this is intentionally ignored during dead code analysis
[INFO] [stdout] 
[INFO] [stdout] 
[INFO] [stdout] warning: fields `name`, `aliases`, and `subquery` are never read
[INFO] [stdout]   --> src/parser/statement/query.rs:26:5
[INFO] [stdout]    |
[INFO] [stdout] 25 | struct With {
[INFO] [stdout]    |        ---- fields in this struct
[INFO] [stdout] 26 |     name: String,
[INFO] [stdout]    |     ^^^^
[INFO] [stdout] 27 |     aliases: Vec<SelectItem>,
[INFO] [stdout]    |     ^^^^^^^
[INFO] [stdout] 28 |     subquery: Box<SubQuery>,
[INFO] [stdout]    |     ^^^^^^^^
[INFO] [stdout]    |
[INFO] [stdout]    = note: `With` has a derived impl for the trait `Debug`, but this is intentionally ignored during dead code analysis
[INFO] [stdout] 
[INFO] [stdout] 
[INFO] [stdout] warning: variant `Unique` is never constructed
[INFO] [stdout]   --> src/parser/statement/query.rs:34:5
[INFO] [stdout]    |
[INFO] [stdout] 32 | enum Distinc {
[INFO] [stdout]    |      ------- variant in this enum
[INFO] [stdout] 33 |     Distinct,
[INFO] [stdout] 34 |     Unique,
[INFO] [stdout]    |     ^^^^^^
[INFO] [stdout]    |
[INFO] [stdout]    = note: `Distinc` has a derived impl for the trait `Debug`, but this is intentionally ignored during dead code analysis
[INFO] [stdout] 
[INFO] [stdout] 
[INFO] [stdout] warning: variants `TableReference` and `Join` are never constructed
[INFO] [stdout]   --> src/parser/statement/query.rs:40:5
[INFO] [stdout]    |
[INFO] [stdout] 39 | enum From {
[INFO] [stdout]    |      ---- variants in this enum
[INFO] [stdout] 40 |     TableReference(TableReference),
[INFO] [stdout]    |     ^^^^^^^^^^^^^^
[INFO] [stdout] 41 |     Join(Join),
[INFO] [stdout]    |     ^^^^
[INFO] [stdout]    |
[INFO] [stdout]    = note: `From` has a derived impl for the trait `Debug`, but this is intentionally ignored during dead code analysis
[INFO] [stdout] 
[INFO] [stdout] 
[INFO] [stdout] warning: variant `QueryTableExpression` is never constructed
[INFO] [stdout]   --> src/parser/statement/query.rs:46:5
[INFO] [stdout]    |
[INFO] [stdout] 45 | enum TableReference {
[INFO] [stdout]    |      -------------- variant in this enum
[INFO] [stdout] 46 |     QueryTableExpression(QueryTableExpression),
[INFO] [stdout]    |     ^^^^^^^^^^^^^^^^^^^^
[INFO] [stdout]    |
[INFO] [stdout]    = note: `TableReference` has a derived impl for the trait `Debug`, but this is intentionally ignored during dead code analysis
[INFO] [stdout] 
[INFO] [stdout] 
[INFO] [stdout] warning: fields `schema`, `table`, and `alias` are never read
[INFO] [stdout]   --> src/parser/statement/query.rs:51:5
[INFO] [stdout]    |
[INFO] [stdout] 50 | struct QueryTableExpression {
[INFO] [stdout]    |        -------------------- fields in this struct
[INFO] [stdout] 51 |     schema: Option<String>,
[INFO] [stdout]    |     ^^^^^^
[INFO] [stdout] 52 |     table: Option<String>,
[INFO] [stdout]    |     ^^^^^
[INFO] [stdout] 53 |     // db_link: Option<Box<DbLink>>,
[INFO] [stdout] 54 |     alias: Option<String>,
[INFO] [stdout]    |     ^^^^^
[INFO] [stdout]    |
[INFO] [stdout]    = note: `QueryTableExpression` has a derived impl for the trait `Debug`, but this is intentionally ignored during dead code analysis
[INFO] [stdout] 
[INFO] [stdout] 
[INFO] [stdout] warning: fields `table_reference` and `join` are never read
[INFO] [stdout]   --> src/parser/statement/query.rs:59:5
[INFO] [stdout]    |
[INFO] [stdout] 58 | struct Join {
[INFO] [stdout]    |        ---- fields in this struct
[INFO] [stdout] 59 |     table_reference: TableReference,
[INFO] [stdout]    |     ^^^^^^^^^^^^^^^
[INFO] [stdout] 60 |     join: Option<JoinClause>,
[INFO] [stdout]    |     ^^^^
[INFO] [stdout]    |
[INFO] [stdout]    = note: `Join` has a derived impl for the trait `Debug`, but this is intentionally ignored during dead code analysis
[INFO] [stdout] 
[INFO] [stdout] 
[INFO] [stdout] warning: variants `InnerJoin` and `OuterJoin` are never constructed
[INFO] [stdout]   --> src/parser/statement/query.rs:65:5
[INFO] [stdout]    |
[INFO] [stdout] 64 | enum JoinClause {
[INFO] [stdout]    |      ---------- variants in this enum
[INFO] [stdout] 65 |     InnerJoin(InnerJoin),
[INFO] [stdout]    |     ^^^^^^^^^
[INFO] [stdout] 66 |     OuterJoin(OuterJoin),
[INFO] [stdout]    |     ^^^^^^^^^
[INFO] [stdout]    |
[INFO] [stdout]    = note: `JoinClause` has a derived impl for the trait `Debug`, but this is intentionally ignored during dead code analysis
[INFO] [stdout] 
[INFO] [stdout] 
[INFO] [stdout] warning: fields `inner_type` and `join_table` are never read
[INFO] [stdout]   --> src/parser/statement/query.rs:71:5
[INFO] [stdout]    |
[INFO] [stdout] 70 | struct InnerJoin {
[INFO] [stdout]    |        --------- fields in this struct
[INFO] [stdout] 71 |     inner_type: InnerJoinType,
[INFO] [stdout]    |     ^^^^^^^^^^
[INFO] [stdout] 72 |     join_table: TableReference,
[INFO] [stdout]    |     ^^^^^^^^^^
[INFO] [stdout]    |
[INFO] [stdout]    = note: `InnerJoin` has a derived impl for the trait `Debug`, but this is intentionally ignored during dead code analysis
[INFO] [stdout] 
[INFO] [stdout] 
[INFO] [stdout] warning: variants `Inner`, `Cross`, and `Natural` are never constructed
[INFO] [stdout]   --> src/parser/statement/query.rs:79:5
[INFO] [stdout]    |
[INFO] [stdout] 78 | enum InnerJoinType {
[INFO] [stdout]    |      ------------- variants in this enum
[INFO] [stdout] 79 |     Inner,
[INFO] [stdout]    |     ^^^^^
[INFO] [stdout] 80 |     Cross,
[INFO] [stdout]    |     ^^^^^
[INFO] [stdout] 81 |     Natural,
[INFO] [stdout]    |     ^^^^^^^
[INFO] [stdout]    |
[INFO] [stdout]    = note: `InnerJoinType` has a derived impl for the trait `Debug`, but this is intentionally ignored during dead code analysis
[INFO] [stdout] 
[INFO] [stdout] 
[INFO] [stdout] warning: fields `outer_type` and `join_table` are never read
[INFO] [stdout]   --> src/parser/statement/query.rs:86:5
[INFO] [stdout]    |
[INFO] [stdout] 85 | struct OuterJoin {
[INFO] [stdout]    |        --------- fields in this struct
[INFO] [stdout] 86 |     outer_type: OuterJoinType,
[INFO] [stdout]    |     ^^^^^^^^^^
[INFO] [stdout] 87 |     join_table: TableReference,
[INFO] [stdout]    |     ^^^^^^^^^^
[INFO] [stdout]    |
[INFO] [stdout]    = note: `OuterJoin` has a derived impl for the trait `Debug`, but this is intentionally ignored during dead code analysis
[INFO] [stdout] 
[INFO] [stdout] 
[INFO] [stdout] warning: variants `Left`, `Right`, and `Full` are never constructed
[INFO] [stdout]   --> src/parser/statement/query.rs:94:5
[INFO] [stdout]    |
[INFO] [stdout] 93 | enum OuterJoinType {
[INFO] [stdout]    |      ------------- variants in this enum
[INFO] [stdout] 94 |     Left,
[INFO] [stdout]    |     ^^^^
[INFO] [stdout] 95 |     Right,
[INFO] [stdout]    |     ^^^^^
[INFO] [stdout] 96 |     Full,
[INFO] [stdout]    |     ^^^^
[INFO] [stdout]    |
[INFO] [stdout]    = note: `OuterJoinType` has a derived impl for the trait `Debug`, but this is intentionally ignored during dead code analysis
[INFO] [stdout] 
[INFO] [stdout] 
[INFO] [stdout] warning: struct `Select` is never constructed
[INFO] [stdout]    --> src/parser/statement/query.rs:100:12
[INFO] [stdout]     |
[INFO] [stdout] 100 | pub struct Select {
[INFO] [stdout]     |            ^^^^^^
[INFO] [stdout]     |
[INFO] [stdout]     = note: `Select` has a derived impl for the trait `Debug`, but this is intentionally ignored during dead code analysis
[INFO] [stdout] 
[INFO] [stdout] 
[INFO] [stdout] warning: fields `expression` and `alias` are never read
[INFO] [stdout]    --> src/parser/statement/query.rs:107:5
[INFO] [stdout]     |
[INFO] [stdout] 106 | struct SelectItem {
[INFO] [stdout]     |        ---------- fields in this struct
[INFO] [stdout] 107 |     expression: Expression,
[INFO] [stdout]     |     ^^^^^^^^^^
[INFO] [stdout] 108 |     alias: Option<String>,
[INFO] [stdout]     |     ^^^^^
[INFO] [stdout]     |
[INFO] [stdout]     = note: `SelectItem` has a derived impl for the trait `Debug`, but this is intentionally ignored during dead code analysis
[INFO] [stdout] 
[INFO] [stdout] 
[INFO] [stdout] warning: method `buf` is never used
[INFO] [stdout]  --> src/tokenizer/string_buf.rs:9:12
[INFO] [stdout]   |
[INFO] [stdout] 5 | impl<'a> StringBuf<'a> {
[INFO] [stdout]   | ---------------------- method in this implementation
[INFO] [stdout] ...
[INFO] [stdout] 9 |     pub fn buf(&self) -> &'a str {
[INFO] [stdout]   |            ^^^
[INFO] [stdout] 
[INFO] [stdout] 
[INFO] [stderr]     Finished `test` profile [unoptimized + debuginfo] target(s) in 0.90s
[INFO] running `Command { std: "docker" "inspect" "96519e0569a989e13bc885f70dc684a4fb4bc545e6d9aed5606da10a77943068", kill_on_drop: false }`
[INFO] running `Command { std: "docker" "rm" "-f" "96519e0569a989e13bc885f70dc684a4fb4bc545e6d9aed5606da10a77943068", kill_on_drop: false }`
[INFO] [stdout] 96519e0569a989e13bc885f70dc684a4fb4bc545e6d9aed5606da10a77943068
[INFO] running `Command { std: "docker" "create" "-v" "/var/lib/crater-agent-workspace/builds/worker-2-tc2/target:/opt/rustwide/target:rw,Z" "-v" "/var/lib/crater-agent-workspace/builds/worker-2-tc2/source:/opt/rustwide/workdir:ro,Z" "-v" "/var/lib/crater-agent-workspace/cargo-home:/opt/rustwide/cargo-home:ro,Z" "-v" "/var/lib/crater-agent-workspace/rustup-home:/opt/rustwide/rustup-home:ro,Z" "-e" "SOURCE_DIR=/opt/rustwide/workdir" "-e" "CARGO_TARGET_DIR=/opt/rustwide/target" "-e" "CARGO_INCREMENTAL=0" "-e" "RUST_BACKTRACE=full" "-e" "RUSTFLAGS=--cap-lints=forbid -Zrandomize-layout" "-e" "RUSTDOCFLAGS=--cap-lints=forbid" "-e" "CARGO_HOME=/opt/rustwide/cargo-home" "-e" "RUSTUP_HOME=/opt/rustwide/rustup-home" "-w" "/opt/rustwide/workdir" "-m" "1610612736" "--user" "0:0" "--network" "none" "ghcr.io/rust-lang/crates-build-env/linux@sha256:819108c5571ea2e421544af4d832f968d213c87fbe3707a016657f43d2f853bc" "/opt/rustwide/cargo-home/bin/cargo" "+nightly-2025-01-18" "test" "--frozen", kill_on_drop: false }`
[INFO] [stdout] 8505bbe63f33f38f6beab37d45eb95ce622c99bd31ed356aee7b46053e7c8dfc
[INFO] running `Command { std: "docker" "start" "-a" "8505bbe63f33f38f6beab37d45eb95ce622c99bd31ed356aee7b46053e7c8dfc", kill_on_drop: false }`
[INFO] [stderr] warning: unused import: `super::Statement`
[INFO] [stderr]  --> src/parser/statement/query.rs:1:5
[INFO] [stderr]   |
[INFO] [stderr] 1 | use super::Statement;
[INFO] [stderr]   |     ^^^^^^^^^^^^^^^^
[INFO] [stderr]   |
[INFO] [stderr]   = note: `#[warn(unused_imports)]` on by default
[INFO] [stderr] 
[INFO] [stderr] warning: unused import: `Column`
[INFO] [stderr]  --> src/parser/statement/query.rs:3:21
[INFO] [stderr]   |
[INFO] [stderr] 3 | use crate::parser::{Column, Parser};
[INFO] [stderr]   |                     ^^^^^^
[INFO] [stderr] 
[INFO] [stderr] warning: unused imports: `RangeInclusive` and `Range`
[INFO] [stderr]  --> src/parser/statement/query.rs:4:16
[INFO] [stderr]   |
[INFO] [stderr] 4 | use std::ops::{Range, RangeInclusive};
[INFO] [stderr]   |                ^^^^^  ^^^^^^^^^^^^^^
[INFO] [stderr] 
[INFO] [stderr] warning: unused import: `self`
[INFO] [stderr]  --> src/parser/statement/query.rs:6:24
[INFO] [stderr]   |
[INFO] [stderr] 6 | use crate::tokenizer::{self, keyword::Keyword, Token};
[INFO] [stderr]   |                        ^^^^
[INFO] [stderr] 
[INFO] [stderr] warning: unused import: `parse_query_block`
[INFO] [stderr]  --> src/parser/statement/mod.rs:4:13
[INFO] [stderr]   |
[INFO] [stderr] 4 | use query::{parse_query_block, parse_subquery, SubQuery};
[INFO] [stderr]   |             ^^^^^^^^^^^^^^^^^
[INFO] [stderr] 
[INFO] [stderr] warning: unused import: `std::iter::Iterator`
[INFO] [stderr]  --> src/parser/mod.rs:8:5
[INFO] [stderr]   |
[INFO] [stderr] 8 | use std::iter::Iterator;
[INFO] [stderr]   |     ^^^^^^^^^^^^^^^^^^^
[INFO] [stderr] 
[INFO] [stderr] warning: unused imports: `RangeInclusive`, `RangeTo`, and `Range`
[INFO] [stderr]  --> src/parser/mod.rs:9:16
[INFO] [stderr]   |
[INFO] [stderr] 9 | use std::ops::{Range, RangeInclusive, RangeTo};
[INFO] [stderr]   |                ^^^^^  ^^^^^^^^^^^^^^  ^^^^^^^
[INFO] [stderr] 
[INFO] [stderr] warning: elided lifetime has a name
[INFO] [stderr]   --> src/tokenizer/string_buf.rs:18:47
[INFO] [stderr]    |
[INFO] [stderr] 5  | impl<'a> StringBuf<'a> {
[INFO] [stderr]    |      -- lifetime `'a` declared here
[INFO] [stderr] ...
[INFO] [stderr] 18 |     pub fn iter_from(&'a self, pos: usize) -> StringBufIterator {
[INFO] [stderr]    |                                               ^^^^^^^^^^^^^^^^^ this elided lifetime gets resolved as `'a`
[INFO] [stderr]    |
[INFO] [stderr]    = note: `#[warn(elided_named_lifetimes)]` on by default
[INFO] [stderr] 
[INFO] [stderr] warning: unused import: `std::slice::SliceIndex`
[INFO] [stderr]   --> src/parser/mod.rs:10:5
[INFO] [stderr]    |
[INFO] [stderr] 10 | use std::slice::SliceIndex;
[INFO] [stderr]    |     ^^^^^^^^^^^^^^^^^^^^^^
[INFO] [stderr] 
[INFO] [stderr] warning: unused variable: `alias`
[INFO] [stderr]    --> src/parser/statement/query.rs:331:48
[INFO] [stderr]     |
[INFO] [stderr] 331 |                         Some(Token::Identifier(alias)),
[INFO] [stderr]     |                                                ^^^^^ help: if this is intentional, prefix it with an underscore: `_alias`
[INFO] [stderr]     |
[INFO] [stderr]     = note: `#[warn(unused_variables)]` on by default
[INFO] [stderr] 
[INFO] [stderr] warning: irrefutable `if let` pattern
[INFO] [stderr]   --> src/tokenizer/mod.rs:69:8
[INFO] [stderr]    |
[INFO] [stderr] 69 |     if let Ok(identifier) = word.parse::<String>() {
[INFO] [stderr]    |        ^^^^^^^^^^^^^^^^^^^^^^^^^^^^^^^^^^^^^^^^^^^
[INFO] [stderr]    |
[INFO] [stderr]    = note: this pattern will always match, so the `if let` is useless
[INFO] [stderr]    = help: consider replacing the `if let` with a `let`
[INFO] [stderr]    = note: `#[warn(irrefutable_let_patterns)]` on by default
[INFO] [stderr] 
[INFO] [stderr] warning: type `SelectItem` is more private than the item `Select::select_list`
[INFO] [stderr]    --> src/parser/statement/query.rs:102:5
[INFO] [stderr]     |
[INFO] [stderr] 102 |     pub select_list: Vec<SelectItem>,
[INFO] [stderr]     |     ^^^^^^^^^^^^^^^^^^^^^^^^^^^^^^^^ field `Select::select_list` is reachable at visibility `pub(statement)`
[INFO] [stderr]     |
[INFO] [stderr] note: but type `SelectItem` is only usable at visibility `pub(self)`
[INFO] [stderr]    --> src/parser/statement/query.rs:106:1
[INFO] [stderr]     |
[INFO] [stderr] 106 | struct SelectItem {
[INFO] [stderr]     | ^^^^^^^^^^^^^^^^^
[INFO] [stderr]     = note: `#[warn(private_interfaces)]` on by default
[INFO] [stderr] 
[INFO] [stderr] warning: field `0` is never read
[INFO] [stderr]  --> src/parser/expression/mod.rs:3:22
[INFO] [stderr]   |
[INFO] [stderr] 3 |     SimpleExpression(SimpleExpression),
[INFO] [stderr]   |     ---------------- ^^^^^^^^^^^^^^^^
[INFO] [stderr]   |     |
[INFO] [stderr]   |     field in this variant
[INFO] [stderr]   |
[INFO] [stderr]   = note: `Expression` has a derived impl for the trait `Debug`, but this is intentionally ignored during dead code analysis
[INFO] [stderr]   = note: `#[warn(dead_code)]` on by default
[INFO] [stderr] help: consider changing the field to be of unit type to suppress this warning while preserving the field numbering, or remove the field
[INFO] [stderr]   |
[INFO] [stderr] 3 |     SimpleExpression(()),
[INFO] [stderr]   |                      ~~
[INFO] [stderr] 
[INFO] [stderr] warning: fields `column`, `schema`, and `table` are never read
[INFO] [stderr]   --> src/parser/expression/mod.rs:8:9
[INFO] [stderr]    |
[INFO] [stderr] 7  | pub struct SimpleExpression {
[INFO] [stderr]    |            ---------------- fields in this struct
[INFO] [stderr] 8  |     pub column: String,
[INFO] [stderr]    |         ^^^^^^
[INFO] [stderr] 9  |     pub schema: Option<String>,
[INFO] [stderr]    |         ^^^^^^
[INFO] [stderr] 10 |     pub table: Option<String>,
[INFO] [stderr]    |         ^^^^^
[INFO] [stderr]    |
[INFO] [stderr]    = note: `SimpleExpression` has a derived impl for the trait `Debug`, but this is intentionally ignored during dead code analysis
[INFO] [stderr] 
[INFO] [stderr] warning: fields `with`, `distinct`, `select_list`, and `from` are never read
[INFO] [stderr]   --> src/parser/statement/query.rs:16:5
[INFO] [stderr]    |
[INFO] [stderr] 15 | pub struct QueryBlock {
[INFO] [stderr]    |            ---------- fields in this struct
[INFO] [stderr] 16 |     with: Option<Box<With>>,
[INFO] [stderr]    |     ^^^^
[INFO] [stderr] 17 |     distinct: Distinc,
[INFO] [stderr]    |     ^^^^^^^^
[INFO] [stderr] 18 |     select_list: Vec<SelectItem>,
[INFO] [stderr]    |     ^^^^^^^^^^^
[INFO] [stderr] 19 |     // TODO: MUST BE NOT OPTION
[INFO] [stderr] 20 |     from: Option<Box<From>>,
[INFO] [stderr]    |     ^^^^
[INFO] [stderr]    |
[INFO] [stderr]    = note: `QueryBlock` has a derived impl for the trait `Debug`, but this is intentionally ignored during dead code analysis
[INFO] [stderr] 
[INFO] [stderr] warning: fields `name`, `aliases`, and `subquery` are never read
[INFO] [stderr]   --> src/parser/statement/query.rs:26:5
[INFO] [stderr]    |
[INFO] [stderr] 25 | struct With {
[INFO] [stderr]    |        ---- fields in this struct
[INFO] [stderr] 26 |     name: String,
[INFO] [stderr]    |     ^^^^
[INFO] [stderr] 27 |     aliases: Vec<SelectItem>,
[INFO] [stderr]    |     ^^^^^^^
[INFO] [stderr] 28 |     subquery: Box<SubQuery>,
[INFO] [stderr]    |     ^^^^^^^^
[INFO] [stderr]    |
[INFO] [stderr]    = note: `With` has a derived impl for the trait `Debug`, but this is intentionally ignored during dead code analysis
[INFO] [stderr] 
[INFO] [stderr] warning: variant `Unique` is never constructed
[INFO] [stderr]   --> src/parser/statement/query.rs:34:5
[INFO] [stderr]    |
[INFO] [stderr] 32 | enum Distinc {
[INFO] [stderr]    |      ------- variant in this enum
[INFO] [stderr] 33 |     Distinct,
[INFO] [stderr] 34 |     Unique,
[INFO] [stderr]    |     ^^^^^^
[INFO] [stderr]    |
[INFO] [stderr]    = note: `Distinc` has a derived impl for the trait `Debug`, but this is intentionally ignored during dead code analysis
[INFO] [stderr] 
[INFO] [stderr] warning: variants `TableReference` and `Join` are never constructed
[INFO] [stderr]   --> src/parser/statement/query.rs:40:5
[INFO] [stderr]    |
[INFO] [stderr] 39 | enum From {
[INFO] [stderr]    |      ---- variants in this enum
[INFO] [stderr] 40 |     TableReference(TableReference),
[INFO] [stderr]    |     ^^^^^^^^^^^^^^
[INFO] [stderr] 41 |     Join(Join),
[INFO] [stderr]    |     ^^^^
[INFO] [stderr]    |
[INFO] [stderr]    = note: `From` has a derived impl for the trait `Debug`, but this is intentionally ignored during dead code analysis
[INFO] [stderr] 
[INFO] [stderr] warning: variant `QueryTableExpression` is never constructed
[INFO] [stderr]   --> src/parser/statement/query.rs:46:5
[INFO] [stderr]    |
[INFO] [stderr] 45 | enum TableReference {
[INFO] [stderr]    |      -------------- variant in this enum
[INFO] [stderr] 46 |     QueryTableExpression(QueryTableExpression),
[INFO] [stderr]    |     ^^^^^^^^^^^^^^^^^^^^
[INFO] [stderr]    |
[INFO] [stderr]    = note: `TableReference` has a derived impl for the trait `Debug`, but this is intentionally ignored during dead code analysis
[INFO] [stderr] 
[INFO] [stderr] warning: fields `schema`, `table`, and `alias` are never read
[INFO] [stderr]   --> src/parser/statement/query.rs:51:5
[INFO] [stderr]    |
[INFO] [stderr] 50 | struct QueryTableExpression {
[INFO] [stderr]    |        -------------------- fields in this struct
[INFO] [stderr] 51 |     schema: Option<String>,
[INFO] [stderr]    |     ^^^^^^
[INFO] [stderr] 52 |     table: Option<String>,
[INFO] [stderr]    |     ^^^^^
[INFO] [stderr] 53 |     // db_link: Option<Box<DbLink>>,
[INFO] [stderr] 54 |     alias: Option<String>,
[INFO] [stderr]    |     ^^^^^
[INFO] [stderr]    |
[INFO] [stderr]    = note: `QueryTableExpression` has a derived impl for the trait `Debug`, but this is intentionally ignored during dead code analysis
[INFO] [stderr] 
[INFO] [stderr] warning: fields `table_reference` and `join` are never read
[INFO] [stderr]   --> src/parser/statement/query.rs:59:5
[INFO] [stderr]    |
[INFO] [stderr] 58 | struct Join {
[INFO] [stderr]    |        ---- fields in this struct
[INFO] [stderr] 59 |     table_reference: TableReference,
[INFO] [stderr]    |     ^^^^^^^^^^^^^^^
[INFO] [stderr] 60 |     join: Option<JoinClause>,
[INFO] [stderr]    |     ^^^^
[INFO] [stderr]    |
[INFO] [stderr]    = note: `Join` has a derived impl for the trait `Debug`, but this is intentionally ignored during dead code analysis
[INFO] [stderr] 
[INFO] [stderr] warning: variants `InnerJoin` and `OuterJoin` are never constructed
[INFO] [stderr]   --> src/parser/statement/query.rs:65:5
[INFO] [stderr]    |
[INFO] [stderr] 64 | enum JoinClause {
[INFO] [stderr]    |      ---------- variants in this enum
[INFO] [stderr] 65 |     InnerJoin(InnerJoin),
[INFO] [stderr]    |     ^^^^^^^^^
[INFO] [stderr] 66 |     OuterJoin(OuterJoin),
[INFO] [stderr]    |     ^^^^^^^^^
[INFO] [stderr]    |
[INFO] [stderr]    = note: `JoinClause` has a derived impl for the trait `Debug`, but this is intentionally ignored during dead code analysis
[INFO] [stderr] 
[INFO] [stderr] warning: fields `inner_type` and `join_table` are never read
[INFO] [stderr]   --> src/parser/statement/query.rs:71:5
[INFO] [stderr]    |
[INFO] [stderr] 70 | struct InnerJoin {
[INFO] [stderr]    |        --------- fields in this struct
[INFO] [stderr] 71 |     inner_type: InnerJoinType,
[INFO] [stderr]    |     ^^^^^^^^^^
[INFO] [stderr] 72 |     join_table: TableReference,
[INFO] [stderr]    |     ^^^^^^^^^^
[INFO] [stderr]    |
[INFO] [stderr]    = note: `InnerJoin` has a derived impl for the trait `Debug`, but this is intentionally ignored during dead code analysis
[INFO] [stderr] 
[INFO] [stderr] warning: variants `Inner`, `Cross`, and `Natural` are never constructed
[INFO] [stderr]   --> src/parser/statement/query.rs:79:5
[INFO] [stderr]    |
[INFO] [stderr] 78 | enum InnerJoinType {
[INFO] [stderr]    |      ------------- variants in this enum
[INFO] [stderr] 79 |     Inner,
[INFO] [stderr]    |     ^^^^^
[INFO] [stderr] 80 |     Cross,
[INFO] [stderr]    |     ^^^^^
[INFO] [stderr] 81 |     Natural,
[INFO] [stderr]    |     ^^^^^^^
[INFO] [stderr]    |
[INFO] [stderr]    = note: `InnerJoinType` has a derived impl for the trait `Debug`, but this is intentionally ignored during dead code analysis
[INFO] [stderr] 
[INFO] [stderr] warning: fields `outer_type` and `join_table` are never read
[INFO] [stderr]   --> src/parser/statement/query.rs:86:5
[INFO] [stderr]    |
[INFO] [stderr] 85 | struct OuterJoin {
[INFO] [stderr]    |        --------- fields in this struct
[INFO] [stderr] 86 |     outer_type: OuterJoinType,
[INFO] [stderr]    |     ^^^^^^^^^^
[INFO] [stderr] 87 |     join_table: TableReference,
[INFO] [stderr]    |     ^^^^^^^^^^
[INFO] [stderr]    |
[INFO] [stderr]    = note: `OuterJoin` has a derived impl for the trait `Debug`, but this is intentionally ignored during dead code analysis
[INFO] [stderr] 
[INFO] [stderr] warning: variants `Left`, `Right`, and `Full` are never constructed
[INFO] [stderr]   --> src/parser/statement/query.rs:94:5
[INFO] [stderr]    |
[INFO] [stderr] 93 | enum OuterJoinType {
[INFO] [stderr]    |      ------------- variants in this enum
[INFO] [stderr] 94 |     Left,
[INFO] [stderr]    |     ^^^^
[INFO] [stderr] 95 |     Right,
[INFO] [stderr]    |     ^^^^^
[INFO] [stderr] 96 |     Full,
[INFO] [stderr]    |     ^^^^
[INFO] [stderr]    |
[INFO] [stderr]    = note: `OuterJoinType` has a derived impl for the trait `Debug`, but this is intentionally ignored during dead code analysis
[INFO] [stderr] 
[INFO] [stderr] warning: struct `Select` is never constructed
[INFO] [stderr]    --> src/parser/statement/query.rs:100:12
[INFO] [stderr]     |
[INFO] [stderr] 100 | pub struct Select {
[INFO] [stderr]     |            ^^^^^^
[INFO] [stderr]     |
[INFO] [stderr]     = note: `Select` has a derived impl for the trait `Debug`, but this is intentionally ignored during dead code analysis
[INFO] [stderr] 
[INFO] [stderr] warning: fields `expression` and `alias` are never read
[INFO] [stderr]    --> src/parser/statement/query.rs:107:5
[INFO] [stderr]     |
[INFO] [stderr] 106 | struct SelectItem {
[INFO] [stderr]     |        ---------- fields in this struct
[INFO] [stderr] 107 |     expression: Expression,
[INFO] [stderr]     |     ^^^^^^^^^^
[INFO] [stderr] 108 |     alias: Option<String>,
[INFO] [stderr]     |     ^^^^^
[INFO] [stderr]     |
[INFO] [stderr]     = note: `SelectItem` has a derived impl for the trait `Debug`, but this is intentionally ignored during dead code analysis
[INFO] [stderr] 
[INFO] [stderr] warning: methods `buf` and `iter_from` are never used
[INFO] [stderr]   --> src/tokenizer/string_buf.rs:9:12
[INFO] [stderr]    |
[INFO] [stderr] 5  | impl<'a> StringBuf<'a> {
[INFO] [stderr]    | ---------------------- methods in this implementation
[INFO] [stderr] ...
[INFO] [stderr] 9  |     pub fn buf(&self) -> &'a str {
[INFO] [stderr]    |            ^^^
[INFO] [stderr] ...
[INFO] [stderr] 18 |     pub fn iter_from(&'a self, pos: usize) -> StringBufIterator {
[INFO] [stderr]    |            ^^^^^^^^^
[INFO] [stderr] 
[INFO] [stderr] warning: `lafmt` (lib) generated 29 warnings (run `cargo fix --lib -p lafmt` to apply 7 suggestions)
[INFO] [stdout] 
[INFO] [stdout] running 11 tests
[INFO] [stderr] warning: method `buf` is never used
[INFO] [stderr]  --> src/tokenizer/string_buf.rs:9:12
[INFO] [stderr]   |
[INFO] [stderr] 5 | impl<'a> StringBuf<'a> {
[INFO] [stderr]   | ---------------------- method in this implementation
[INFO] [stderr] ...
[INFO] [stderr] 9 |     pub fn buf(&self) -> &'a str {
[INFO] [stderr]   |            ^^^
[INFO] [stderr] 
[INFO] [stderr] warning: `lafmt` (lib test) generated 29 warnings (28 duplicates)
[INFO] [stderr]     Finished `test` profile [unoptimized + debuginfo] target(s) in 0.04s
[INFO] [stderr]      Running unittests src/lib.rs (/opt/rustwide/target/debug/deps/lafmt-c76a3df6127ff92f)
[INFO] [stdout] test tokenizer::string_buf::test::test_normal_buff_iter ... ok
[INFO] [stdout] test tokenizer::string_buf::test::test_empty_buff_iter ... ok
[INFO] [stdout] test tokenizer::test::test_complex_identifier ... FAILED
[INFO] [stdout] test tokenizer::string_buf::test::test_empty_buff_iter_at_panic - should panic ... ok
[INFO] [stdout] test tokenizer::test::test_string_literal_query ... FAILED
[INFO] [stdout] test tokenizer::test::test_f64_num_query ... FAILED
[INFO] [stdout] test tokenizer::test::test_alias_query ... FAILED
[INFO] [stdout] test tokenizer::test::test_i32_num_query ... FAILED
[INFO] [stdout] test tokenizer::test::test_join_query ... FAILED
[INFO] [stdout] test tokenizer::test::test_quoted_identifier_query ... FAILED
[INFO] [stdout] test tokenizer::test::test_simple_query ... FAILED
[INFO] [stdout] 
[INFO] [stdout] failures:
[INFO] [stdout] 
[INFO] [stdout] ---- tokenizer::test::test_complex_identifier stdout ----
[INFO] [stdout] 
[INFO] [stdout] thread 'tokenizer::test::test_complex_identifier' panicked at src/tokenizer/mod.rs:138:13:
[INFO] [stdout] assertion `left == right` failed
[INFO] [stdout]   left: [Keyword(Select), Identifier("maf_123"), Keyword(From), Identifier("kek"), Semicolon]
[INFO] [stdout]  right: [Keyword(Select), Identifier("maf_123"), Keyword(From), Identifier("kek"), Semicolon, EOF]
[INFO] [stdout] stack backtrace:
[INFO] [stdout]    0:     0x64fabee14efa - std::backtrace_rs::backtrace::libunwind::trace::hb059275cfc8d6126
[INFO] [stdout]                                at /rustc/6067b36314ab5eb2eb47cecc464545ba58e1ad24/library/std/src/../../backtrace/src/backtrace/libunwind.rs:116:5
[INFO] [stdout]    1:     0x64fabee14efa - std::backtrace_rs::backtrace::trace_unsynchronized::h2da071e4327ce3ee
[INFO] [stdout]                                at /rustc/6067b36314ab5eb2eb47cecc464545ba58e1ad24/library/std/src/../../backtrace/src/backtrace/mod.rs:66:5
[INFO] [stdout]    2:     0x64fabee14efa - std::sys::backtrace::_print_fmt::h842a1474e6f8d23f
[INFO] [stdout]                                at /rustc/6067b36314ab5eb2eb47cecc464545ba58e1ad24/library/std/src/sys/backtrace.rs:66:9
[INFO] [stdout]    3:     0x64fabee14efa - <std::sys::backtrace::BacktraceLock::print::DisplayBacktrace as core::fmt::Display>::fmt::h71a62eb3b9696b12
[INFO] [stdout]                                at /rustc/6067b36314ab5eb2eb47cecc464545ba58e1ad24/library/std/src/sys/backtrace.rs:39:26
[INFO] [stdout]    4:     0x64fabee3e143 - core::fmt::rt::Argument::fmt::hdb6b616786b41dc1
[INFO] [stdout]                                at /rustc/6067b36314ab5eb2eb47cecc464545ba58e1ad24/library/core/src/fmt/rt.rs:177:76
[INFO] [stdout]    5:     0x64fabee3e143 - core::fmt::write::h2cc1698af7e2d686
[INFO] [stdout]                                at /rustc/6067b36314ab5eb2eb47cecc464545ba58e1ad24/library/core/src/fmt/mod.rs:1440:21
[INFO] [stdout]    6:     0x64fabee11a53 - std::io::Write::write_fmt::hab1b4cd059a79022
[INFO] [stdout]                                at /rustc/6067b36314ab5eb2eb47cecc464545ba58e1ad24/library/std/src/io/mod.rs:1887:15
[INFO] [stdout]    7:     0x64fabee14d42 - std::sys::backtrace::BacktraceLock::print::h147fe35b4ea13b08
[INFO] [stdout]                                at /rustc/6067b36314ab5eb2eb47cecc464545ba58e1ad24/library/std/src/sys/backtrace.rs:42:9
[INFO] [stdout]    8:     0x64fabee1631f - std::panicking::default_hook::{{closure}}::hbd44223dbdc0d208
[INFO] [stdout]                                at /rustc/6067b36314ab5eb2eb47cecc464545ba58e1ad24/library/std/src/panicking.rs:298:22
[INFO] [stdout]    9:     0x64fabee16138 - std::panicking::default_hook::h20f81eb0576efcec
[INFO] [stdout]                                at /rustc/6067b36314ab5eb2eb47cecc464545ba58e1ad24/library/std/src/panicking.rs:322:9
[INFO] [stdout]   10:     0x64fabeddef53 - <alloc::boxed::Box<F,A> as core::ops::function::Fn<Args>>::call::hdb53814c496a4d34
[INFO] [stdout]                                at /rustc/6067b36314ab5eb2eb47cecc464545ba58e1ad24/library/alloc/src/boxed.rs:2027:9
[INFO] [stdout]   11:     0x64fabeddef53 - test::test_main::{{closure}}::hc0a4963c59427c24
[INFO] [stdout]                                at /rustc/6067b36314ab5eb2eb47cecc464545ba58e1ad24/library/test/src/lib.rs:134:21
[INFO] [stdout]   12:     0x64fabee16e13 - <alloc::boxed::Box<F,A> as core::ops::function::Fn<Args>>::call::h591b2225413a77e9
[INFO] [stdout]                                at /rustc/6067b36314ab5eb2eb47cecc464545ba58e1ad24/library/alloc/src/boxed.rs:2027:9
[INFO] [stdout]   13:     0x64fabee16e13 - std::panicking::rust_panic_with_hook::h625eea43051b2edc
[INFO] [stdout]                                at /rustc/6067b36314ab5eb2eb47cecc464545ba58e1ad24/library/std/src/panicking.rs:839:13
[INFO] [stdout]   14:     0x64fabee16aca - std::panicking::begin_panic_handler::{{closure}}::h4f9159cfbc3f6bd3
[INFO] [stdout]                                at /rustc/6067b36314ab5eb2eb47cecc464545ba58e1ad24/library/std/src/panicking.rs:704:13
[INFO] [stdout]   15:     0x64fabee153f9 - std::sys::backtrace::__rust_end_short_backtrace::h0390abce48353151
[INFO] [stdout]                                at /rustc/6067b36314ab5eb2eb47cecc464545ba58e1ad24/library/std/src/sys/backtrace.rs:168:18
[INFO] [stdout]   16:     0x64fabee1675d - rust_begin_unwind
[INFO] [stdout]                                at /rustc/6067b36314ab5eb2eb47cecc464545ba58e1ad24/library/std/src/panicking.rs:695:5
[INFO] [stdout]   17:     0x64fabee3cb50 - core::panicking::panic_fmt::h9e7c637e9e5f29c9
[INFO] [stdout]                                at /rustc/6067b36314ab5eb2eb47cecc464545ba58e1ad24/library/core/src/panicking.rs:75:14
[INFO] [stdout]   18:     0x64fabee3cf12 - core::panicking::assert_failed_inner::h538bec7c1374cd9c
[INFO] [stdout]   19:     0x64fabed9b162 - core::panicking::assert_failed::ha08ce983998410f6
[INFO] [stdout]                                at /rustc/6067b36314ab5eb2eb47cecc464545ba58e1ad24/library/core/src/panicking.rs:364:5
[INFO] [stdout]   20:     0x64fabed9e6d9 - lafmt::tokenizer::test::test_complex_identifier::ha141e69152fd1214
[INFO] [stdout]                                at /opt/rustwide/workdir/src/tokenizer/mod.rs:138:13
[INFO] [stdout]   21:     0x64fabed9e357 - lafmt::tokenizer::test::test_complex_identifier::{{closure}}::hc1d2c11c4baf8590
[INFO] [stdout]                                at /opt/rustwide/workdir/src/tokenizer/mod.rs:134:37
[INFO] [stdout]   22:     0x64fabed99416 - core::ops::function::FnOnce::call_once::hcf2abbbc5d0f78d3
[INFO] [stdout]                                at /rustc/6067b36314ab5eb2eb47cecc464545ba58e1ad24/library/core/src/ops/function.rs:250:5
[INFO] [stdout]   23:     0x64fabede46ab - core::ops::function::FnOnce::call_once::he27718dfdd183f43
[INFO] [stdout]                                at /rustc/6067b36314ab5eb2eb47cecc464545ba58e1ad24/library/core/src/ops/function.rs:250:5
[INFO] [stdout]   24:     0x64fabede46ab - test::__rust_begin_short_backtrace::h4e84902998457a5d
[INFO] [stdout]                                at /rustc/6067b36314ab5eb2eb47cecc464545ba58e1ad24/library/test/src/lib.rs:632:18
[INFO] [stdout]   25:     0x64fabede35e3 - test::run_test_in_process::{{closure}}::h7176fd18fc1feca0
[INFO] [stdout]                                at /rustc/6067b36314ab5eb2eb47cecc464545ba58e1ad24/library/test/src/lib.rs:655:60
[INFO] [stdout]   26:     0x64fabede35e3 - <core::panic::unwind_safe::AssertUnwindSafe<F> as core::ops::function::FnOnce<()>>::call_once::hf79cff2a624d8cf7
[INFO] [stdout]                                at /rustc/6067b36314ab5eb2eb47cecc464545ba58e1ad24/library/core/src/panic/unwind_safe.rs:272:9
[INFO] [stdout]   27:     0x64fabede35e3 - std::panicking::try::do_call::h3da0561d9ab99c25
[INFO] [stdout]                                at /rustc/6067b36314ab5eb2eb47cecc464545ba58e1ad24/library/std/src/panicking.rs:587:40
[INFO] [stdout]   28:     0x64fabede35e3 - std::panicking::try::h41c9fa508bc61df6
[INFO] [stdout]                                at /rustc/6067b36314ab5eb2eb47cecc464545ba58e1ad24/library/std/src/panicking.rs:550:19
[INFO] [stdout]   29:     0x64fabede35e3 - std::panic::catch_unwind::h6b3ff07bb5afad93
[INFO] [stdout]                                at /rustc/6067b36314ab5eb2eb47cecc464545ba58e1ad24/library/std/src/panic.rs:358:14
[INFO] [stdout]   30:     0x64fabede35e3 - test::run_test_in_process::hc7253dd11b39b9f4
[INFO] [stdout]                                at /rustc/6067b36314ab5eb2eb47cecc464545ba58e1ad24/library/test/src/lib.rs:655:27
[INFO] [stdout]   31:     0x64fabede35e3 - test::run_test::{{closure}}::hfb2007f8649c30bb
[INFO] [stdout]                                at /rustc/6067b36314ab5eb2eb47cecc464545ba58e1ad24/library/test/src/lib.rs:576:43
[INFO] [stdout]   32:     0x64fabeda66c5 - test::run_test::{{closure}}::h56a17aa7a282a9f4
[INFO] [stdout]                                at /rustc/6067b36314ab5eb2eb47cecc464545ba58e1ad24/library/test/src/lib.rs:606:41
[INFO] [stdout]   33:     0x64fabeda66c5 - std::sys::backtrace::__rust_begin_short_backtrace::hd2d2d2fb8e8c6aac
[INFO] [stdout]                                at /rustc/6067b36314ab5eb2eb47cecc464545ba58e1ad24/library/std/src/sys/backtrace.rs:152:18
[INFO] [stdout]   34:     0x64fabeda9faa - std::thread::Builder::spawn_unchecked_::{{closure}}::{{closure}}::h4faa3f9db6133423
[INFO] [stdout]                                at /rustc/6067b36314ab5eb2eb47cecc464545ba58e1ad24/library/std/src/thread/mod.rs:559:17
[INFO] [stdout]   35:     0x64fabeda9faa - <core::panic::unwind_safe::AssertUnwindSafe<F> as core::ops::function::FnOnce<()>>::call_once::hf2e855a36a4ea846
[INFO] [stdout]                                at /rustc/6067b36314ab5eb2eb47cecc464545ba58e1ad24/library/core/src/panic/unwind_safe.rs:272:9
[INFO] [stdout]   36:     0x64fabeda9faa - std::panicking::try::do_call::h2f73af3616c35465
[INFO] [stdout]                                at /rustc/6067b36314ab5eb2eb47cecc464545ba58e1ad24/library/std/src/panicking.rs:587:40
[INFO] [stdout]   37:     0x64fabeda9faa - std::panicking::try::hd1660ce9efadef5a
[INFO] [stdout]                                at /rustc/6067b36314ab5eb2eb47cecc464545ba58e1ad24/library/std/src/panicking.rs:550:19
[INFO] [stdout]   38:     0x64fabeda9faa - std::panic::catch_unwind::h5ee8d7823b8ca744
[INFO] [stdout]                                at /rustc/6067b36314ab5eb2eb47cecc464545ba58e1ad24/library/std/src/panic.rs:358:14
[INFO] [stdout]   39:     0x64fabeda9faa - std::thread::Builder::spawn_unchecked_::{{closure}}::h53c3a1894dce8407
[INFO] [stdout]                                at /rustc/6067b36314ab5eb2eb47cecc464545ba58e1ad24/library/std/src/thread/mod.rs:557:30
[INFO] [stdout]   40:     0x64fabeda9faa - core::ops::function::FnOnce::call_once{{vtable.shim}}::h048ce291ad4f62bf
[INFO] [stdout]                                at /rustc/6067b36314ab5eb2eb47cecc464545ba58e1ad24/library/core/src/ops/function.rs:250:5
[INFO] [stdout]   41:     0x64fabee1ad4b - <alloc::boxed::Box<F,A> as core::ops::function::FnOnce<Args>>::call_once::ha52bedf99a3b4981
[INFO] [stdout]                                at /rustc/6067b36314ab5eb2eb47cecc464545ba58e1ad24/library/alloc/src/boxed.rs:2013:9
[INFO] [stdout]   42:     0x64fabee1ad4b - <alloc::boxed::Box<F,A> as core::ops::function::FnOnce<Args>>::call_once::h567748934d80ccf8
[INFO] [stdout]                                at /rustc/6067b36314ab5eb2eb47cecc464545ba58e1ad24/library/alloc/src/boxed.rs:2013:9
[INFO] [stdout]   43:     0x64fabee1ad4b - std::sys::pal::unix::thread::Thread::new::thread_start::h2d970728ae887adc
[INFO] [stdout]                                at /rustc/6067b36314ab5eb2eb47cecc464545ba58e1ad24/library/std/src/sys/pal/unix/thread.rs:106:17
[INFO] [stdout]   44:     0x7da0b339fac3 - <unknown>
[INFO] [stdout]   45:     0x7da0b3430a04 - clone
[INFO] [stdout]   46:                0x0 - <unknown>
[INFO] [stdout] 
[INFO] [stdout] ---- tokenizer::test::test_string_literal_query stdout ----
[INFO] [stdout] 
[INFO] [stdout] thread 'tokenizer::test::test_string_literal_query' panicked at src/tokenizer/mod.rs:253:13:
[INFO] [stdout] assertion `left == right` failed
[INFO] [stdout]   left: [Keyword(Select), StringLiteral("123"), Comma, StringLiteral("mem"), Keyword(From), Identifier("kek"), Semicolon]
[INFO] [stdout]  right: [Keyword(Select), StringLiteral("123"), Comma, StringLiteral("mem"), Keyword(From), Identifier("kek"), Semicolon, EOF]
[INFO] [stdout] stack backtrace:
[INFO] [stdout]    0:     0x64fabee14efa - std::backtrace_rs::backtrace::libunwind::trace::hb059275cfc8d6126
[INFO] [stdout]                                at /rustc/6067b36314ab5eb2eb47cecc464545ba58e1ad24/library/std/src/../../backtrace/src/backtrace/libunwind.rs:116:5
[INFO] [stdout]    1:     0x64fabee14efa - std::backtrace_rs::backtrace::trace_unsynchronized::h2da071e4327ce3ee
[INFO] [stdout]                                at /rustc/6067b36314ab5eb2eb47cecc464545ba58e1ad24/library/std/src/../../backtrace/src/backtrace/mod.rs:66:5
[INFO] [stdout]    2:     0x64fabee14efa - std::sys::backtrace::_print_fmt::h842a1474e6f8d23f
[INFO] [stdout]                                at /rustc/6067b36314ab5eb2eb47cecc464545ba58e1ad24/library/std/src/sys/backtrace.rs:66:9
[INFO] [stdout]    3:     0x64fabee14efa - <std::sys::backtrace::BacktraceLock::print::DisplayBacktrace as core::fmt::Display>::fmt::h71a62eb3b9696b12
[INFO] [stdout]                                at /rustc/6067b36314ab5eb2eb47cecc464545ba58e1ad24/library/std/src/sys/backtrace.rs:39:26
[INFO] [stdout]    4:     0x64fabee3e143 - core::fmt::rt::Argument::fmt::hdb6b616786b41dc1
[INFO] [stdout]                                at /rustc/6067b36314ab5eb2eb47cecc464545ba58e1ad24/library/core/src/fmt/rt.rs:177:76
[INFO] [stdout]    5:     0x64fabee3e143 - core::fmt::write::h2cc1698af7e2d686
[INFO] [stdout]                                at /rustc/6067b36314ab5eb2eb47cecc464545ba58e1ad24/library/core/src/fmt/mod.rs:1440:21
[INFO] [stdout]    6:     0x64fabee11a53 - std::io::Write::write_fmt::hab1b4cd059a79022
[INFO] [stdout]                                at /rustc/6067b36314ab5eb2eb47cecc464545ba58e1ad24/library/std/src/io/mod.rs:1887:15
[INFO] [stdout]    7:     0x64fabee14d42 - std::sys::backtrace::BacktraceLock::print::h147fe35b4ea13b08
[INFO] [stdout]                                at /rustc/6067b36314ab5eb2eb47cecc464545ba58e1ad24/library/std/src/sys/backtrace.rs:42:9
[INFO] [stdout]    8:     0x64fabee1631f - std::panicking::default_hook::{{closure}}::hbd44223dbdc0d208
[INFO] [stdout]                                at /rustc/6067b36314ab5eb2eb47cecc464545ba58e1ad24/library/std/src/panicking.rs:298:22
[INFO] [stdout]    9:     0x64fabee16138 - std::panicking::default_hook::h20f81eb0576efcec
[INFO] [stdout]                                at /rustc/6067b36314ab5eb2eb47cecc464545ba58e1ad24/library/std/src/panicking.rs:322:9
[INFO] [stdout]   10:     0x64fabeddef53 - <alloc::boxed::Box<F,A> as core::ops::function::Fn<Args>>::call::hdb53814c496a4d34
[INFO] [stdout]                                at /rustc/6067b36314ab5eb2eb47cecc464545ba58e1ad24/library/alloc/src/boxed.rs:2027:9
[INFO] [stdout]   11:     0x64fabeddef53 - test::test_main::{{closure}}::hc0a4963c59427c24
[INFO] [stdout]                                at /rustc/6067b36314ab5eb2eb47cecc464545ba58e1ad24/library/test/src/lib.rs:134:21
[INFO] [stdout]   12:     0x64fabee16e13 - <alloc::boxed::Box<F,A> as core::ops::function::Fn<Args>>::call::h591b2225413a77e9
[INFO] [stdout]                                at /rustc/6067b36314ab5eb2eb47cecc464545ba58e1ad24/library/alloc/src/boxed.rs:2027:9
[INFO] [stdout]   13:     0x64fabee16e13 - std::panicking::rust_panic_with_hook::h625eea43051b2edc
[INFO] [stdout]                                at /rustc/6067b36314ab5eb2eb47cecc464545ba58e1ad24/library/std/src/panicking.rs:839:13
[INFO] [stdout]   14:     0x64fabee16aca - std::panicking::begin_panic_handler::{{closure}}::h4f9159cfbc3f6bd3
[INFO] [stdout]                                at /rustc/6067b36314ab5eb2eb47cecc464545ba58e1ad24/library/std/src/panicking.rs:704:13
[INFO] [stdout]   15:     0x64fabee153f9 - std::sys::backtrace::__rust_end_short_backtrace::h0390abce48353151
[INFO] [stdout]                                at /rustc/6067b36314ab5eb2eb47cecc464545ba58e1ad24/library/std/src/sys/backtrace.rs:168:18
[INFO] [stdout]   16:     0x64fabee1675d - rust_begin_unwind
[INFO] [stdout]                                at /rustc/6067b36314ab5eb2eb47cecc464545ba58e1ad24/library/std/src/panicking.rs:695:5
[INFO] [stdout]   17:     0x64fabee3cb50 - core::panicking::panic_fmt::h9e7c637e9e5f29c9
[INFO] [stdout]                                at /rustc/6067b36314ab5eb2eb47cecc464545ba58e1ad24/library/core/src/panicking.rs:75:14
[INFO] [stdout]   18:     0x64fabee3cf12 - core::panicking::assert_failed_inner::h538bec7c1374cd9c
[INFO] [stdout]   19:     0x64fabed9b162 - core::panicking::assert_failed::ha08ce983998410f6
[INFO] [stdout]                                at /rustc/6067b36314ab5eb2eb47cecc464545ba58e1ad24/library/core/src/panicking.rs:364:5
[INFO] [stdout]   20:     0x64fabeda0628 - lafmt::tokenizer::test::test_string_literal_query::h110a5aea8226da26
[INFO] [stdout]                                at /opt/rustwide/workdir/src/tokenizer/mod.rs:253:13
[INFO] [stdout]   21:     0x64fabeda01f7 - lafmt::tokenizer::test::test_string_literal_query::{{closure}}::ha87241974b80f62f
[INFO] [stdout]                                at /opt/rustwide/workdir/src/tokenizer/mod.rs:249:39
[INFO] [stdout]   22:     0x64fabed99226 - core::ops::function::FnOnce::call_once::h3df637949c06e8fe
[INFO] [stdout]                                at /rustc/6067b36314ab5eb2eb47cecc464545ba58e1ad24/library/core/src/ops/function.rs:250:5
[INFO] [stdout]   23:     0x64fabede46ab - core::ops::function::FnOnce::call_once::he27718dfdd183f43
[INFO] [stdout]                                at /rustc/6067b36314ab5eb2eb47cecc464545ba58e1ad24/library/core/src/ops/function.rs:250:5
[INFO] [stdout]   24:     0x64fabede46ab - test::__rust_begin_short_backtrace::h4e84902998457a5d
[INFO] [stdout]                                at /rustc/6067b36314ab5eb2eb47cecc464545ba58e1ad24/library/test/src/lib.rs:632:18
[INFO] [stdout]   25:     0x64fabede35e3 - test::run_test_in_process::{{closure}}::h7176fd18fc1feca0
[INFO] [stdout]                                at /rustc/6067b36314ab5eb2eb47cecc464545ba58e1ad24/library/test/src/lib.rs:655:60
[INFO] [stdout]   26:     0x64fabede35e3 - <core::panic::unwind_safe::AssertUnwindSafe<F> as core::ops::function::FnOnce<()>>::call_once::hf79cff2a624d8cf7
[INFO] [stdout]                                at /rustc/6067b36314ab5eb2eb47cecc464545ba58e1ad24/library/core/src/panic/unwind_safe.rs:272:9
[INFO] [stdout]   27:     0x64fabede35e3 - std::panicking::try::do_call::h3da0561d9ab99c25
[INFO] [stdout]                                at /rustc/6067b36314ab5eb2eb47cecc464545ba58e1ad24/library/std/src/panicking.rs:587:40
[INFO] [stdout]   28:     0x64fabede35e3 - std::panicking::try::h41c9fa508bc61df6
[INFO] [stdout]                                at /rustc/6067b36314ab5eb2eb47cecc464545ba58e1ad24/library/std/src/panicking.rs:550:19
[INFO] [stdout]   29:     0x64fabede35e3 - std::panic::catch_unwind::h6b3ff07bb5afad93
[INFO] [stdout]                                at /rustc/6067b36314ab5eb2eb47cecc464545ba58e1ad24/library/std/src/panic.rs:358:14
[INFO] [stdout]   30:     0x64fabede35e3 - test::run_test_in_process::hc7253dd11b39b9f4
[INFO] [stdout]                                at /rustc/6067b36314ab5eb2eb47cecc464545ba58e1ad24/library/test/src/lib.rs:655:27
[INFO] [stdout]   31:     0x64fabede35e3 - test::run_test::{{closure}}::hfb2007f8649c30bb
[INFO] [stdout]                                at /rustc/6067b36314ab5eb2eb47cecc464545ba58e1ad24/library/test/src/lib.rs:576:43
[INFO] [stdout]   32:     0x64fabeda66c5 - test::run_test::{{closure}}::h56a17aa7a282a9f4
[INFO] [stdout]                                at /rustc/6067b36314ab5eb2eb47cecc464545ba58e1ad24/library/test/src/lib.rs:606:41
[INFO] [stdout]   33:     0x64fabeda66c5 - std::sys::backtrace::__rust_begin_short_backtrace::hd2d2d2fb8e8c6aac
[INFO] [stdout]                                at /rustc/6067b36314ab5eb2eb47cecc464545ba58e1ad24/library/std/src/sys/backtrace.rs:152:18
[INFO] [stdout]   34:     0x64fabeda9faa - std::thread::Builder::spawn_unchecked_::{{closure}}::{{closure}}::h4faa3f9db6133423
[INFO] [stdout]                                at /rustc/6067b36314ab5eb2eb47cecc464545ba58e1ad24/library/std/src/thread/mod.rs:559:17
[INFO] [stdout]   35:     0x64fabeda9faa - <core::panic::unwind_safe::AssertUnwindSafe<F> as core::ops::function::FnOnce<()>>::call_once::hf2e855a36a4ea846
[INFO] [stdout]                                at /rustc/6067b36314ab5eb2eb47cecc464545ba58e1ad24/library/core/src/panic/unwind_safe.rs:272:9
[INFO] [stdout]   36:     0x64fabeda9faa - std::panicking::try::do_call::h2f73af3616c35465
[INFO] [stdout]                                at /rustc/6067b36314ab5eb2eb47cecc464545ba58e1ad24/library/std/src/panicking.rs:587:40
[INFO] [stdout]   37:     0x64fabeda9faa - std::panicking::try::hd1660ce9efadef5a
[INFO] [stdout]                                at /rustc/6067b36314ab5eb2eb47cecc464545ba58e1ad24/library/std/src/panicking.rs:550:19
[INFO] [stdout]   38:     0x64fabeda9faa - std::panic::catch_unwind::h5ee8d7823b8ca744
[INFO] [stdout]                                at /rustc/6067b36314ab5eb2eb47cecc464545ba58e1ad24/library/std/src/panic.rs:358:14
[INFO] [stdout]   39:     0x64fabeda9faa - std::thread::Builder::spawn_unchecked_::{{closure}}::h53c3a1894dce8407
[INFO] [stdout]                                at /rustc/6067b36314ab5eb2eb47cecc464545ba58e1ad24/library/std/src/thread/mod.rs:557:30
[INFO] [stdout]   40:     0x64fabeda9faa - core::ops::function::FnOnce::call_once{{vtable.shim}}::h048ce291ad4f62bf
[INFO] [stdout]                                at /rustc/6067b36314ab5eb2eb47cecc464545ba58e1ad24/library/core/src/ops/function.rs:250:5
[INFO] [stdout]   41:     0x64fabee1ad4b - <alloc::boxed::Box<F,A> as core::ops::function::FnOnce<Args>>::call_once::ha52bedf99a3b4981
[INFO] [stdout]                                at /rustc/6067b36314ab5eb2eb47cecc464545ba58e1ad24/library/alloc/src/boxed.rs:2013:9
[INFO] [stdout]   42:     0x64fabee1ad4b - <alloc::boxed::Box<F,A> as core::ops::function::FnOnce<Args>>::call_once::h567748934d80ccf8
[INFO] [stdout]                                at /rustc/6067b36314ab5eb2eb47cecc464545ba58e1ad24/library/alloc/src/boxed.rs:2013:9
[INFO] [stdout]   43:     0x64fabee1ad4b - std::sys::pal::unix::thread::Thread::new::thread_start::h2d970728ae887adc
[INFO] [stdout]                                at /rustc/6067b36314ab5eb2eb47cecc464545ba58e1ad24/library/std/src/sys/pal/unix/thread.rs:106:17
[INFO] [stdout]   44:     0x7da0b339fac3 - <unknown>
[INFO] [stdout]   45:     0x7da0b3430a04 - clone
[INFO] [stdout]   46:                0x0 - <unknown>
[INFO] [stdout] 
[INFO] [stdout] ---- tokenizer::test::test_f64_num_query stdout ----
[INFO] [stdout] 
[INFO] [stdout] thread 'tokenizer::test::test_f64_num_query' panicked at src/tokenizer/mod.rs:180:13:
[INFO] [stdout] assertion `left == right` failed
[INFO] [stdout]   left: [Keyword(Select), NumberLiteral("123.321"), Identifier("lol"), Keyword(From), Identifier("kek"), Semicolon]
[INFO] [stdout]  right: [Keyword(Select), NumberLiteral("123.321"), Identifier("lol"), Keyword(From), Identifier("kek"), Semicolon, EOF]
[INFO] [stdout] stack backtrace:
[INFO] [stdout]    0:     0x64fabee14efa - std::backtrace_rs::backtrace::libunwind::trace::hb059275cfc8d6126
[INFO] [stdout]                                at /rustc/6067b36314ab5eb2eb47cecc464545ba58e1ad24/library/std/src/../../backtrace/src/backtrace/libunwind.rs:116:5
[INFO] [stdout]    1:     0x64fabee14efa - std::backtrace_rs::backtrace::trace_unsynchronized::h2da071e4327ce3ee
[INFO] [stdout]                                at /rustc/6067b36314ab5eb2eb47cecc464545ba58e1ad24/library/std/src/../../backtrace/src/backtrace/mod.rs:66:5
[INFO] [stdout]    2:     0x64fabee14efa - std::sys::backtrace::_print_fmt::h842a1474e6f8d23f
[INFO] [stdout]                                at /rustc/6067b36314ab5eb2eb47cecc464545ba58e1ad24/library/std/src/sys/backtrace.rs:66:9
[INFO] [stdout]    3:     0x64fabee14efa - <std::sys::backtrace::BacktraceLock::print::DisplayBacktrace as core::fmt::Display>::fmt::h71a62eb3b9696b12
[INFO] [stdout]                                at /rustc/6067b36314ab5eb2eb47cecc464545ba58e1ad24/library/std/src/sys/backtrace.rs:39:26
[INFO] [stdout]    4:     0x64fabee3e143 - core::fmt::rt::Argument::fmt::hdb6b616786b41dc1
[INFO] [stdout]                                at /rustc/6067b36314ab5eb2eb47cecc464545ba58e1ad24/library/core/src/fmt/rt.rs:177:76
[INFO] [stdout]    5:     0x64fabee3e143 - core::fmt::write::h2cc1698af7e2d686
[INFO] [stdout]                                at /rustc/6067b36314ab5eb2eb47cecc464545ba58e1ad24/library/core/src/fmt/mod.rs:1440:21
[INFO] [stdout]    6:     0x64fabee11a53 - std::io::Write::write_fmt::hab1b4cd059a79022
[INFO] [stdout]                                at /rustc/6067b36314ab5eb2eb47cecc464545ba58e1ad24/library/std/src/io/mod.rs:1887:15
[INFO] [stdout]    7:     0x64fabee14d42 - std::sys::backtrace::BacktraceLock::print::h147fe35b4ea13b08
[INFO] [stdout]                                at /rustc/6067b36314ab5eb2eb47cecc464545ba58e1ad24/library/std/src/sys/backtrace.rs:42:9
[INFO] [stdout]    8:     0x64fabee1631f - std::panicking::default_hook::{{closure}}::hbd44223dbdc0d208
[INFO] [stdout]                                at /rustc/6067b36314ab5eb2eb47cecc464545ba58e1ad24/library/std/src/panicking.rs:298:22
[INFO] [stdout]    9:     0x64fabee16138 - std::panicking::default_hook::h20f81eb0576efcec
[INFO] [stdout]                                at /rustc/6067b36314ab5eb2eb47cecc464545ba58e1ad24/library/std/src/panicking.rs:322:9
[INFO] [stdout]   10:     0x64fabeddef53 - <alloc::boxed::Box<F,A> as core::ops::function::Fn<Args>>::call::hdb53814c496a4d34
[INFO] [stdout]                                at /rustc/6067b36314ab5eb2eb47cecc464545ba58e1ad24/library/alloc/src/boxed.rs:2027:9
[INFO] [stdout]   11:     0x64fabeddef53 - test::test_main::{{closure}}::hc0a4963c59427c24
[INFO] [stdout]                                at /rustc/6067b36314ab5eb2eb47cecc464545ba58e1ad24/library/test/src/lib.rs:134:21
[INFO] [stdout]   12:     0x64fabee16e13 - <alloc::boxed::Box<F,A> as core::ops::function::Fn<Args>>::call::h591b2225413a77e9
[INFO] [stdout]                                at /rustc/6067b36314ab5eb2eb47cecc464545ba58e1ad24/library/alloc/src/boxed.rs:2027:9
[INFO] [stdout]   13:     0x64fabee16e13 - std::panicking::rust_panic_with_hook::h625eea43051b2edc
[INFO] [stdout]                                at /rustc/6067b36314ab5eb2eb47cecc464545ba58e1ad24/library/std/src/panicking.rs:839:13
[INFO] [stdout]   14:     0x64fabee16aca - std::panicking::begin_panic_handler::{{closure}}::h4f9159cfbc3f6bd3
[INFO] [stdout]                                at /rustc/6067b36314ab5eb2eb47cecc464545ba58e1ad24/library/std/src/panicking.rs:704:13
[INFO] [stdout]   15:     0x64fabee153f9 - std::sys::backtrace::__rust_end_short_backtrace::h0390abce48353151
[INFO] [stdout]                                at /rustc/6067b36314ab5eb2eb47cecc464545ba58e1ad24/library/std/src/sys/backtrace.rs:168:18
[INFO] [stdout]   16:     0x64fabee1675d - rust_begin_unwind
[INFO] [stdout]                                at /rustc/6067b36314ab5eb2eb47cecc464545ba58e1ad24/library/std/src/panicking.rs:695:5
[INFO] [stdout]   17:     0x64fabee3cb50 - core::panicking::panic_fmt::h9e7c637e9e5f29c9
[INFO] [stdout]                                at /rustc/6067b36314ab5eb2eb47cecc464545ba58e1ad24/library/core/src/panicking.rs:75:14
[INFO] [stdout]   18:     0x64fabee3cf12 - core::panicking::assert_failed_inner::h538bec7c1374cd9c
[INFO] [stdout]   19:     0x64fabed9b162 - core::panicking::assert_failed::ha08ce983998410f6
[INFO] [stdout]                                at /rustc/6067b36314ab5eb2eb47cecc464545ba58e1ad24/library/core/src/panicking.rs:364:5
[INFO] [stdout]   20:     0x64fabed9f1df - lafmt::tokenizer::test::test_f64_num_query::hc8ad5fc78608777c
[INFO] [stdout]                                at /opt/rustwide/workdir/src/tokenizer/mod.rs:180:13
[INFO] [stdout]   21:     0x64fabed9edd7 - lafmt::tokenizer::test::test_f64_num_query::{{closure}}::h4a5e06a302d2eea9
[INFO] [stdout]                                at /opt/rustwide/workdir/src/tokenizer/mod.rs:176:32
[INFO] [stdout]   22:     0x64fabed99456 - core::ops::function::FnOnce::call_once::he2a231cc766056ae
[INFO] [stdout]                                at /rustc/6067b36314ab5eb2eb47cecc464545ba58e1ad24/library/core/src/ops/function.rs:250:5
[INFO] [stdout]   23:     0x64fabede46ab - core::ops::function::FnOnce::call_once::he27718dfdd183f43
[INFO] [stdout]                                at /rustc/6067b36314ab5eb2eb47cecc464545ba58e1ad24/library/core/src/ops/function.rs:250:5
[INFO] [stdout]   24:     0x64fabede46ab - test::__rust_begin_short_backtrace::h4e84902998457a5d
[INFO] [stdout]                                at /rustc/6067b36314ab5eb2eb47cecc464545ba58e1ad24/library/test/src/lib.rs:632:18
[INFO] [stdout]   25:     0x64fabede35e3 - test::run_test_in_process::{{closure}}::h7176fd18fc1feca0
[INFO] [stdout]                                at /rustc/6067b36314ab5eb2eb47cecc464545ba58e1ad24/library/test/src/lib.rs:655:60
[INFO] [stdout]   26:     0x64fabede35e3 - <core::panic::unwind_safe::AssertUnwindSafe<F> as core::ops::function::FnOnce<()>>::call_once::hf79cff2a624d8cf7
[INFO] [stdout]                                at /rustc/6067b36314ab5eb2eb47cecc464545ba58e1ad24/library/core/src/panic/unwind_safe.rs:272:9
[INFO] [stdout]   27:     0x64fabede35e3 - std::panicking::try::do_call::h3da0561d9ab99c25
[INFO] [stdout]                                at /rustc/6067b36314ab5eb2eb47cecc464545ba58e1ad24/library/std/src/panicking.rs:587:40
[INFO] [stdout]   28:     0x64fabede35e3 - std::panicking::try::h41c9fa508bc61df6
[INFO] [stdout]                                at /rustc/6067b36314ab5eb2eb47cecc464545ba58e1ad24/library/std/src/panicking.rs:550:19
[INFO] [stdout]   29:     0x64fabede35e3 - std::panic::catch_unwind::h6b3ff07bb5afad93
[INFO] [stdout]                                at /rustc/6067b36314ab5eb2eb47cecc464545ba58e1ad24/library/std/src/panic.rs:358:14
[INFO] [stdout]   30:     0x64fabede35e3 - test::run_test_in_process::hc7253dd11b39b9f4
[INFO] [stdout]                                at /rustc/6067b36314ab5eb2eb47cecc464545ba58e1ad24/library/test/src/lib.rs:655:27
[INFO] [stdout]   31:     0x64fabede35e3 - test::run_test::{{closure}}::hfb2007f8649c30bb
[INFO] [stdout]                                at /rustc/6067b36314ab5eb2eb47cecc464545ba58e1ad24/library/test/src/lib.rs:576:43
[INFO] [stdout]   32:     0x64fabeda66c5 - test::run_test::{{closure}}::h56a17aa7a282a9f4
[INFO] [stdout]                                at /rustc/6067b36314ab5eb2eb47cecc464545ba58e1ad24/library/test/src/lib.rs:606:41
[INFO] [stdout]   33:     0x64fabeda66c5 - std::sys::backtrace::__rust_begin_short_backtrace::hd2d2d2fb8e8c6aac
[INFO] [stdout]                                at /rustc/6067b36314ab5eb2eb47cecc464545ba58e1ad24/library/std/src/sys/backtrace.rs:152:18
[INFO] [stdout]   34:     0x64fabeda9faa - std::thread::Builder::spawn_unchecked_::{{closure}}::{{closure}}::h4faa3f9db6133423
[INFO] [stdout]                                at /rustc/6067b36314ab5eb2eb47cecc464545ba58e1ad24/library/std/src/thread/mod.rs:559:17
[INFO] [stdout]   35:     0x64fabeda9faa - <core::panic::unwind_safe::AssertUnwindSafe<F> as core::ops::function::FnOnce<()>>::call_once::hf2e855a36a4ea846
[INFO] [stdout]                                at /rustc/6067b36314ab5eb2eb47cecc464545ba58e1ad24/library/core/src/panic/unwind_safe.rs:272:9
[INFO] [stdout]   36:     0x64fabeda9faa - std::panicking::try::do_call::h2f73af3616c35465
[INFO] [stdout]                                at /rustc/6067b36314ab5eb2eb47cecc464545ba58e1ad24/library/std/src/panicking.rs:587:40
[INFO] [stdout]   37:     0x64fabeda9faa - std::panicking::try::hd1660ce9efadef5a
[INFO] [stdout]                                at /rustc/6067b36314ab5eb2eb47cecc464545ba58e1ad24/library/std/src/panicking.rs:550:19
[INFO] [stdout]   38:     0x64fabeda9faa - std::panic::catch_unwind::h5ee8d7823b8ca744
[INFO] [stdout]                                at /rustc/6067b36314ab5eb2eb47cecc464545ba58e1ad24/library/std/src/panic.rs:358:14
[INFO] [stdout]   39:     0x64fabeda9faa - std::thread::Builder::spawn_unchecked_::{{closure}}::h53c3a1894dce8407
[INFO] [stdout]                                at /rustc/6067b36314ab5eb2eb47cecc464545ba58e1ad24/library/std/src/thread/mod.rs:557:30
[INFO] [stdout]   40:     0x64fabeda9faa - core::ops::function::FnOnce::call_once{{vtable.shim}}::h048ce291ad4f62bf
[INFO] [stdout]                                at /rustc/6067b36314ab5eb2eb47cecc464545ba58e1ad24/library/core/src/ops/function.rs:250:5
[INFO] [stdout]   41:     0x64fabee1ad4b - <alloc::boxed::Box<F,A> as core::ops::function::FnOnce<Args>>::call_once::ha52bedf99a3b4981
[INFO] [stdout]                                at /rustc/6067b36314ab5eb2eb47cecc464545ba58e1ad24/library/alloc/src/boxed.rs:2013:9
[INFO] [stdout]   42:     0x64fabee1ad4b - <alloc::boxed::Box<F,A> as core::ops::function::FnOnce<Args>>::call_once::h567748934d80ccf8
[INFO] [stdout]                                at /rustc/6067b36314ab5eb2eb47cecc464545ba58e1ad24/library/alloc/src/boxed.rs:2013:9
[INFO] [stdout]   43:     0x64fabee1ad4b - std::sys::pal::unix::thread::Thread::new::thread_start::h2d970728ae887adc
[INFO] [stdout]                                at /rustc/6067b36314ab5eb2eb47cecc464545ba58e1ad24/library/std/src/sys/pal/unix/thread.rs:106:17
[INFO] [stdout]   44:     0x7da0b339fac3 - <unknown>
[INFO] [stdout]   45:     0x7da0b3430a04 - clone
[INFO] [stdout]   46:                0x0 - <unknown>
[INFO] [stdout] 
[INFO] [stdout] ---- tokenizer::test::test_alias_query stdout ----
[INFO] [stdout] 
[INFO] [stdout] thread 'tokenizer::test::test_alias_query' panicked at src/tokenizer/mod.rs:158:13:
[INFO] [stdout] assertion `left == right` failed
[INFO] [stdout]   left: [Keyword(Select), Identifier("mem"), Keyword(As), Identifier("lol"), Keyword(From), Identifier("kek"), Semicolon]
[INFO] [stdout]  right: [Keyword(Select), Identifier("mem"), Keyword(As), Identifier("lol"), Keyword(From), Identifier("kek"), Semicolon, EOF]
[INFO] [stdout] stack backtrace:
[INFO] [stdout]    0:     0x64fabee14efa - std::backtrace_rs::backtrace::libunwind::trace::hb059275cfc8d6126
[INFO] [stdout]                                at /rustc/6067b36314ab5eb2eb47cecc464545ba58e1ad24/library/std/src/../../backtrace/src/backtrace/libunwind.rs:116:5
[INFO] [stdout]    1:     0x64fabee14efa - std::backtrace_rs::backtrace::trace_unsynchronized::h2da071e4327ce3ee
[INFO] [stdout]                                at /rustc/6067b36314ab5eb2eb47cecc464545ba58e1ad24/library/std/src/../../backtrace/src/backtrace/mod.rs:66:5
[INFO] [stdout]    2:     0x64fabee14efa - std::sys::backtrace::_print_fmt::h842a1474e6f8d23f
[INFO] [stdout]                                at /rustc/6067b36314ab5eb2eb47cecc464545ba58e1ad24/library/std/src/sys/backtrace.rs:66:9
[INFO] [stdout]    3:     0x64fabee14efa - <std::sys::backtrace::BacktraceLock::print::DisplayBacktrace as core::fmt::Display>::fmt::h71a62eb3b9696b12
[INFO] [stdout]                                at /rustc/6067b36314ab5eb2eb47cecc464545ba58e1ad24/library/std/src/sys/backtrace.rs:39:26
[INFO] [stdout]    4:     0x64fabee3e143 - core::fmt::rt::Argument::fmt::hdb6b616786b41dc1
[INFO] [stdout]                                at /rustc/6067b36314ab5eb2eb47cecc464545ba58e1ad24/library/core/src/fmt/rt.rs:177:76
[INFO] [stdout]    5:     0x64fabee3e143 - core::fmt::write::h2cc1698af7e2d686
[INFO] [stdout]                                at /rustc/6067b36314ab5eb2eb47cecc464545ba58e1ad24/library/core/src/fmt/mod.rs:1440:21
[INFO] [stdout]    6:     0x64fabee11a53 - std::io::Write::write_fmt::hab1b4cd059a79022
[INFO] [stdout]                                at /rustc/6067b36314ab5eb2eb47cecc464545ba58e1ad24/library/std/src/io/mod.rs:1887:15
[INFO] [stdout]    7:     0x64fabee14d42 - std::sys::backtrace::BacktraceLock::print::h147fe35b4ea13b08
[INFO] [stdout]                                at /rustc/6067b36314ab5eb2eb47cecc464545ba58e1ad24/library/std/src/sys/backtrace.rs:42:9
[INFO] [stdout]    8:     0x64fabee1631f - std::panicking::default_hook::{{closure}}::hbd44223dbdc0d208
[INFO] [stdout]                                at /rustc/6067b36314ab5eb2eb47cecc464545ba58e1ad24/library/std/src/panicking.rs:298:22
[INFO] [stdout]    9:     0x64fabee16138 - std::panicking::default_hook::h20f81eb0576efcec
[INFO] [stdout]                                at /rustc/6067b36314ab5eb2eb47cecc464545ba58e1ad24/library/std/src/panicking.rs:322:9
[INFO] [stdout]   10:     0x64fabeddef53 - <alloc::boxed::Box<F,A> as core::ops::function::Fn<Args>>::call::hdb53814c496a4d34
[INFO] [stdout]                                at /rustc/6067b36314ab5eb2eb47cecc464545ba58e1ad24/library/alloc/src/boxed.rs:2027:9
[INFO] [stdout]   11:     0x64fabeddef53 - test::test_main::{{closure}}::hc0a4963c59427c24
[INFO] [stdout]                                at /rustc/6067b36314ab5eb2eb47cecc464545ba58e1ad24/library/test/src/lib.rs:134:21
[INFO] [stdout]   12:     0x64fabee16e13 - <alloc::boxed::Box<F,A> as core::ops::function::Fn<Args>>::call::h591b2225413a77e9
[INFO] [stdout]                                at /rustc/6067b36314ab5eb2eb47cecc464545ba58e1ad24/library/alloc/src/boxed.rs:2027:9
[INFO] [stdout]   13:     0x64fabee16e13 - std::panicking::rust_panic_with_hook::h625eea43051b2edc
[INFO] [stdout]                                at /rustc/6067b36314ab5eb2eb47cecc464545ba58e1ad24/library/std/src/panicking.rs:839:13
[INFO] [stdout]   14:     0x64fabee16aca - std::panicking::begin_panic_handler::{{closure}}::h4f9159cfbc3f6bd3
[INFO] [stdout]                                at /rustc/6067b36314ab5eb2eb47cecc464545ba58e1ad24/library/std/src/panicking.rs:704:13
[INFO] [stdout]   15:     0x64fabee153f9 - std::sys::backtrace::__rust_end_short_backtrace::h0390abce48353151
[INFO] [stdout]                                at /rustc/6067b36314ab5eb2eb47cecc464545ba58e1ad24/library/std/src/sys/backtrace.rs:168:18
[INFO] [stdout]   16:     0x64fabee1675d - rust_begin_unwind
[INFO] [stdout]                                at /rustc/6067b36314ab5eb2eb47cecc464545ba58e1ad24/library/std/src/panicking.rs:695:5
[INFO] [stdout]   17:     0x64fabee3cb50 - core::panicking::panic_fmt::h9e7c637e9e5f29c9
[INFO] [stdout]                                at /rustc/6067b36314ab5eb2eb47cecc464545ba58e1ad24/library/core/src/panicking.rs:75:14
[INFO] [stdout]   18:     0x64fabee3cf12 - core::panicking::assert_failed_inner::h538bec7c1374cd9c
[INFO] [stdout]   19:     0x64fabed9b162 - core::panicking::assert_failed::ha08ce983998410f6
[INFO] [stdout]                                at /rustc/6067b36314ab5eb2eb47cecc464545ba58e1ad24/library/core/src/panicking.rs:364:5
[INFO] [stdout]   20:     0x64fabed9ec6e - lafmt::tokenizer::test::test_alias_query::h9b3fbcfa3403bbe0
[INFO] [stdout]                                at /opt/rustwide/workdir/src/tokenizer/mod.rs:158:13
[INFO] [stdout]   21:     0x64fabed9e827 - lafmt::tokenizer::test::test_alias_query::{{closure}}::hbbf45fffde40c1e9
[INFO] [stdout]                                at /opt/rustwide/workdir/src/tokenizer/mod.rs:154:30
[INFO] [stdout]   22:     0x64fabed99376 - core::ops::function::FnOnce::call_once::hc7c704889027e43b
[INFO] [stdout]                                at /rustc/6067b36314ab5eb2eb47cecc464545ba58e1ad24/library/core/src/ops/function.rs:250:5
[INFO] [stdout]   23:     0x64fabede46ab - core::ops::function::FnOnce::call_once::he27718dfdd183f43
[INFO] [stdout]                                at /rustc/6067b36314ab5eb2eb47cecc464545ba58e1ad24/library/core/src/ops/function.rs:250:5
[INFO] [stdout]   24:     0x64fabede46ab - test::__rust_begin_short_backtrace::h4e84902998457a5d
[INFO] [stdout]                                at /rustc/6067b36314ab5eb2eb47cecc464545ba58e1ad24/library/test/src/lib.rs:632:18
[INFO] [stdout]   25:     0x64fabede35e3 - test::run_test_in_process::{{closure}}::h7176fd18fc1feca0
[INFO] [stdout]                                at /rustc/6067b36314ab5eb2eb47cecc464545ba58e1ad24/library/test/src/lib.rs:655:60
[INFO] [stdout]   26:     0x64fabede35e3 - <core::panic::unwind_safe::AssertUnwindSafe<F> as core::ops::function::FnOnce<()>>::call_once::hf79cff2a624d8cf7
[INFO] [stdout]                                at /rustc/6067b36314ab5eb2eb47cecc464545ba58e1ad24/library/core/src/panic/unwind_safe.rs:272:9
[INFO] [stdout]   27:     0x64fabede35e3 - std::panicking::try::do_call::h3da0561d9ab99c25
[INFO] [stdout]                                at /rustc/6067b36314ab5eb2eb47cecc464545ba58e1ad24/library/std/src/panicking.rs:587:40
[INFO] [stdout]   28:     0x64fabede35e3 - std::panicking::try::h41c9fa508bc61df6
[INFO] [stdout]                                at /rustc/6067b36314ab5eb2eb47cecc464545ba58e1ad24/library/std/src/panicking.rs:550:19
[INFO] [stdout]   29:     0x64fabede35e3 - std::panic::catch_unwind::h6b3ff07bb5afad93
[INFO] [stdout]                                at /rustc/6067b36314ab5eb2eb47cecc464545ba58e1ad24/library/std/src/panic.rs:358:14
[INFO] [stdout]   30:     0x64fabede35e3 - test::run_test_in_process::hc7253dd11b39b9f4
[INFO] [stdout]                                at /rustc/6067b36314ab5eb2eb47cecc464545ba58e1ad24/library/test/src/lib.rs:655:27
[INFO] [stdout]   31:     0x64fabede35e3 - test::run_test::{{closure}}::hfb2007f8649c30bb
[INFO] [stdout]                                at /rustc/6067b36314ab5eb2eb47cecc464545ba58e1ad24/library/test/src/lib.rs:576:43
[INFO] [stdout]   32:     0x64fabeda66c5 - test::run_test::{{closure}}::h56a17aa7a282a9f4
[INFO] [stdout]                                at /rustc/6067b36314ab5eb2eb47cecc464545ba58e1ad24/library/test/src/lib.rs:606:41
[INFO] [stdout]   33:     0x64fabeda66c5 - std::sys::backtrace::__rust_begin_short_backtrace::hd2d2d2fb8e8c6aac
[INFO] [stdout]                                at /rustc/6067b36314ab5eb2eb47cecc464545ba58e1ad24/library/std/src/sys/backtrace.rs:152:18
[INFO] [stdout]   34:     0x64fabeda9faa - std::thread::Builder::spawn_unchecked_::{{closure}}::{{closure}}::h4faa3f9db6133423
[INFO] [stdout]                                at /rustc/6067b36314ab5eb2eb47cecc464545ba58e1ad24/library/std/src/thread/mod.rs:559:17
[INFO] [stdout]   35:     0x64fabeda9faa - <core::panic::unwind_safe::AssertUnwindSafe<F> as core::ops::function::FnOnce<()>>::call_once::hf2e855a36a4ea846
[INFO] [stdout]                                at /rustc/6067b36314ab5eb2eb47cecc464545ba58e1ad24/library/core/src/panic/unwind_safe.rs:272:9
[INFO] [stdout]   36:     0x64fabeda9faa - std::panicking::try::do_call::h2f73af3616c35465
[INFO] [stdout]                                at /rustc/6067b36314ab5eb2eb47cecc464545ba58e1ad24/library/std/src/panicking.rs:587:40
[INFO] [stdout]   37:     0x64fabeda9faa - std::panicking::try::hd1660ce9efadef5a
[INFO] [stdout]                                at /rustc/6067b36314ab5eb2eb47cecc464545ba58e1ad24/library/std/src/panicking.rs:550:19
[INFO] [stdout]   38:     0x64fabeda9faa - std::panic::catch_unwind::h5ee8d7823b8ca744
[INFO] [stdout]                                at /rustc/6067b36314ab5eb2eb47cecc464545ba58e1ad24/library/std/src/panic.rs:358:14
[INFO] [stdout]   39:     0x64fabeda9faa - std::thread::Builder::spawn_unchecked_::{{closure}}::h53c3a1894dce8407
[INFO] [stdout]                                at /rustc/6067b36314ab5eb2eb47cecc464545ba58e1ad24/library/std/src/thread/mod.rs:557:30
[INFO] [stdout]   40:     0x64fabeda9faa - core::ops::function::FnOnce::call_once{{vtable.shim}}::h048ce291ad4f62bf
[INFO] [stdout]                                at /rustc/6067b36314ab5eb2eb47cecc464545ba58e1ad24/library/core/src/ops/function.rs:250:5
[INFO] [stdout]   41:     0x64fabee1ad4b - <alloc::boxed::Box<F,A> as core::ops::function::FnOnce<Args>>::call_once::ha52bedf99a3b4981
[INFO] [stdout]                                at /rustc/6067b36314ab5eb2eb47cecc464545ba58e1ad24/library/alloc/src/boxed.rs:2013:9
[INFO] [stdout]   42:     0x64fabee1ad4b - <alloc::boxed::Box<F,A> as core::ops::function::FnOnce<Args>>::call_once::h567748934d80ccf8
[INFO] [stdout]                                at /rustc/6067b36314ab5eb2eb47cecc464545ba58e1ad24/library/alloc/src/boxed.rs:2013:9
[INFO] [stdout]   43:     0x64fabee1ad4b - std::sys::pal::unix::thread::Thread::new::thread_start::h2d970728ae887adc
[INFO] [stdout]                                at /rustc/6067b36314ab5eb2eb47cecc464545ba58e1ad24/library/std/src/sys/pal/unix/thread.rs:106:17
[INFO] [stdout]   44:     0x7da0b339fac3 - <unknown>
[INFO] [stdout]   45:     0x7da0b3430a04 - clone
[INFO] [stdout]   46:                0x0 - <unknown>
[INFO] [stdout] 
[INFO] [stdout] ---- tokenizer::test::test_i32_num_query stdout ----
[INFO] [stdout] 
[INFO] [stdout] thread 'tokenizer::test::test_i32_num_query' panicked at src/tokenizer/mod.rs:201:13:
[INFO] [stdout] assertion `left == right` failed
[INFO] [stdout]   left: [Keyword(Select), NumberLiteral("123"), Identifier("lol"), Keyword(From), Identifier("kek"), Semicolon]
[INFO] [stdout]  right: [Keyword(Select), NumberLiteral("123"), Identifier("lol"), Keyword(From), Identifier("kek"), Semicolon, EOF]
[INFO] [stdout] stack backtrace:
[INFO] [stdout]    0:     0x64fabee14efa - std::backtrace_rs::backtrace::libunwind::trace::hb059275cfc8d6126
[INFO] [stdout]                                at /rustc/6067b36314ab5eb2eb47cecc464545ba58e1ad24/library/std/src/../../backtrace/src/backtrace/libunwind.rs:116:5
[INFO] [stdout]    1:     0x64fabee14efa - std::backtrace_rs::backtrace::trace_unsynchronized::h2da071e4327ce3ee
[INFO] [stdout]                                at /rustc/6067b36314ab5eb2eb47cecc464545ba58e1ad24/library/std/src/../../backtrace/src/backtrace/mod.rs:66:5
[INFO] [stdout]    2:     0x64fabee14efa - std::sys::backtrace::_print_fmt::h842a1474e6f8d23f
[INFO] [stdout]                                at /rustc/6067b36314ab5eb2eb47cecc464545ba58e1ad24/library/std/src/sys/backtrace.rs:66:9
[INFO] [stdout]    3:     0x64fabee14efa - <std::sys::backtrace::BacktraceLock::print::DisplayBacktrace as core::fmt::Display>::fmt::h71a62eb3b9696b12
[INFO] [stdout]                                at /rustc/6067b36314ab5eb2eb47cecc464545ba58e1ad24/library/std/src/sys/backtrace.rs:39:26
[INFO] [stdout]    4:     0x64fabee3e143 - core::fmt::rt::Argument::fmt::hdb6b616786b41dc1
[INFO] [stdout]                                at /rustc/6067b36314ab5eb2eb47cecc464545ba58e1ad24/library/core/src/fmt/rt.rs:177:76
[INFO] [stdout]    5:     0x64fabee3e143 - core::fmt::write::h2cc1698af7e2d686
[INFO] [stdout]                                at /rustc/6067b36314ab5eb2eb47cecc464545ba58e1ad24/library/core/src/fmt/mod.rs:1440:21
[INFO] [stdout]    6:     0x64fabee11a53 - std::io::Write::write_fmt::hab1b4cd059a79022
[INFO] [stdout]                                at /rustc/6067b36314ab5eb2eb47cecc464545ba58e1ad24/library/std/src/io/mod.rs:1887:15
[INFO] [stdout]    7:     0x64fabee14d42 - std::sys::backtrace::BacktraceLock::print::h147fe35b4ea13b08
[INFO] [stdout]                                at /rustc/6067b36314ab5eb2eb47cecc464545ba58e1ad24/library/std/src/sys/backtrace.rs:42:9
[INFO] [stdout]    8:     0x64fabee1631f - std::panicking::default_hook::{{closure}}::hbd44223dbdc0d208
[INFO] [stdout]                                at /rustc/6067b36314ab5eb2eb47cecc464545ba58e1ad24/library/std/src/panicking.rs:298:22
[INFO] [stdout]    9:     0x64fabee16138 - std::panicking::default_hook::h20f81eb0576efcec
[INFO] [stdout]                                at /rustc/6067b36314ab5eb2eb47cecc464545ba58e1ad24/library/std/src/panicking.rs:322:9
[INFO] [stdout]   10:     0x64fabeddef53 - <alloc::boxed::Box<F,A> as core::ops::function::Fn<Args>>::call::hdb53814c496a4d34
[INFO] [stdout]                                at /rustc/6067b36314ab5eb2eb47cecc464545ba58e1ad24/library/alloc/src/boxed.rs:2027:9
[INFO] [stdout]   11:     0x64fabeddef53 - test::test_main::{{closure}}::hc0a4963c59427c24
[INFO] [stdout]                                at /rustc/6067b36314ab5eb2eb47cecc464545ba58e1ad24/library/test/src/lib.rs:134:21
[INFO] [stdout]   12:     0x64fabee16e13 - <alloc::boxed::Box<F,A> as core::ops::function::Fn<Args>>::call::h591b2225413a77e9
[INFO] [stdout]                                at /rustc/6067b36314ab5eb2eb47cecc464545ba58e1ad24/library/alloc/src/boxed.rs:2027:9
[INFO] [stdout]   13:     0x64fabee16e13 - std::panicking::rust_panic_with_hook::h625eea43051b2edc
[INFO] [stdout]                                at /rustc/6067b36314ab5eb2eb47cecc464545ba58e1ad24/library/std/src/panicking.rs:839:13
[INFO] [stdout]   14:     0x64fabee16aca - std::panicking::begin_panic_handler::{{closure}}::h4f9159cfbc3f6bd3
[INFO] [stdout]                                at /rustc/6067b36314ab5eb2eb47cecc464545ba58e1ad24/library/std/src/panicking.rs:704:13
[INFO] [stdout]   15:     0x64fabee153f9 - std::sys::backtrace::__rust_end_short_backtrace::h0390abce48353151
[INFO] [stdout]                                at /rustc/6067b36314ab5eb2eb47cecc464545ba58e1ad24/library/std/src/sys/backtrace.rs:168:18
[INFO] [stdout]   16:     0x64fabee1675d - rust_begin_unwind
[INFO] [stdout]                                at /rustc/6067b36314ab5eb2eb47cecc464545ba58e1ad24/library/std/src/panicking.rs:695:5
[INFO] [stdout]   17:     0x64fabee3cb50 - core::panicking::panic_fmt::h9e7c637e9e5f29c9
[INFO] [stdout]                                at /rustc/6067b36314ab5eb2eb47cecc464545ba58e1ad24/library/core/src/panicking.rs:75:14
[INFO] [stdout]   18:     0x64fabee3cf12 - core::panicking::assert_failed_inner::h538bec7c1374cd9c
[INFO] [stdout]   19:     0x64fabed9b162 - core::panicking::assert_failed::ha08ce983998410f6
[INFO] [stdout]                                at /rustc/6067b36314ab5eb2eb47cecc464545ba58e1ad24/library/core/src/panicking.rs:364:5
[INFO] [stdout]   20:     0x64fabed9f72f - lafmt::tokenizer::test::test_i32_num_query::h64b2a86723ede4de
[INFO] [stdout]                                at /opt/rustwide/workdir/src/tokenizer/mod.rs:201:13
[INFO] [stdout]   21:     0x64fabed9f327 - lafmt::tokenizer::test::test_i32_num_query::{{closure}}::hd45b10780107a16a
[INFO] [stdout]                                at /opt/rustwide/workdir/src/tokenizer/mod.rs:197:32
[INFO] [stdout]   22:     0x64fabed99496 - core::ops::function::FnOnce::call_once::heb2aee93739f3b99
[INFO] [stdout]                                at /rustc/6067b36314ab5eb2eb47cecc464545ba58e1ad24/library/core/src/ops/function.rs:250:5
[INFO] [stdout]   23:     0x64fabede46ab - core::ops::function::FnOnce::call_once::he27718dfdd183f43
[INFO] [stdout]                                at /rustc/6067b36314ab5eb2eb47cecc464545ba58e1ad24/library/core/src/ops/function.rs:250:5
[INFO] [stdout]   24:     0x64fabede46ab - test::__rust_begin_short_backtrace::h4e84902998457a5d
[INFO] [stdout]                                at /rustc/6067b36314ab5eb2eb47cecc464545ba58e1ad24/library/test/src/lib.rs:632:18
[INFO] [stdout]   25:     0x64fabede35e3 - test::run_test_in_process::{{closure}}::h7176fd18fc1feca0
[INFO] [stdout]                                at /rustc/6067b36314ab5eb2eb47cecc464545ba58e1ad24/library/test/src/lib.rs:655:60
[INFO] [stdout]   26:     0x64fabede35e3 - <core::panic::unwind_safe::AssertUnwindSafe<F> as core::ops::function::FnOnce<()>>::call_once::hf79cff2a624d8cf7
[INFO] [stdout]                                at /rustc/6067b36314ab5eb2eb47cecc464545ba58e1ad24/library/core/src/panic/unwind_safe.rs:272:9
[INFO] [stdout]   27:     0x64fabede35e3 - std::panicking::try::do_call::h3da0561d9ab99c25
[INFO] [stdout]                                at /rustc/6067b36314ab5eb2eb47cecc464545ba58e1ad24/library/std/src/panicking.rs:587:40
[INFO] [stdout]   28:     0x64fabede35e3 - std::panicking::try::h41c9fa508bc61df6
[INFO] [stdout]                                at /rustc/6067b36314ab5eb2eb47cecc464545ba58e1ad24/library/std/src/panicking.rs:550:19
[INFO] [stdout]   29:     0x64fabede35e3 - std::panic::catch_unwind::h6b3ff07bb5afad93
[INFO] [stdout]                                at /rustc/6067b36314ab5eb2eb47cecc464545ba58e1ad24/library/std/src/panic.rs:358:14
[INFO] [stdout]   30:     0x64fabede35e3 - test::run_test_in_process::hc7253dd11b39b9f4
[INFO] [stdout]                                at /rustc/6067b36314ab5eb2eb47cecc464545ba58e1ad24/library/test/src/lib.rs:655:27
[INFO] [stdout]   31:     0x64fabede35e3 - test::run_test::{{closure}}::hfb2007f8649c30bb
[INFO] [stdout]                                at /rustc/6067b36314ab5eb2eb47cecc464545ba58e1ad24/library/test/src/lib.rs:576:43
[INFO] [stdout]   32:     0x64fabeda66c5 - test::run_test::{{closure}}::h56a17aa7a282a9f4
[INFO] [stdout]                                at /rustc/6067b36314ab5eb2eb47cecc464545ba58e1ad24/library/test/src/lib.rs:606:41
[INFO] [stdout]   33:     0x64fabeda66c5 - std::sys::backtrace::__rust_begin_short_backtrace::hd2d2d2fb8e8c6aac
[INFO] [stdout]                                at /rustc/6067b36314ab5eb2eb47cecc464545ba58e1ad24/library/std/src/sys/backtrace.rs:152:18
[INFO] [stdout]   34:     0x64fabeda9faa - std::thread::Builder::spawn_unchecked_::{{closure}}::{{closure}}::h4faa3f9db6133423
[INFO] [stdout]                                at /rustc/6067b36314ab5eb2eb47cecc464545ba58e1ad24/library/std/src/thread/mod.rs:559:17
[INFO] [stdout]   35:     0x64fabeda9faa - <core::panic::unwind_safe::AssertUnwindSafe<F> as core::ops::function::FnOnce<()>>::call_once::hf2e855a36a4ea846
[INFO] [stdout]                                at /rustc/6067b36314ab5eb2eb47cecc464545ba58e1ad24/library/core/src/panic/unwind_safe.rs:272:9
[INFO] [stdout]   36:     0x64fabeda9faa - std::panicking::try::do_call::h2f73af3616c35465
[INFO] [stdout]                                at /rustc/6067b36314ab5eb2eb47cecc464545ba58e1ad24/library/std/src/panicking.rs:587:40
[INFO] [stdout]   37:     0x64fabeda9faa - std::panicking::try::hd1660ce9efadef5a
[INFO] [stdout]                                at /rustc/6067b36314ab5eb2eb47cecc464545ba58e1ad24/library/std/src/panicking.rs:550:19
[INFO] [stdout]   38:     0x64fabeda9faa - std::panic::catch_unwind::h5ee8d7823b8ca744
[INFO] [stdout]                                at /rustc/6067b36314ab5eb2eb47cecc464545ba58e1ad24/library/std/src/panic.rs:358:14
[INFO] [stdout]   39:     0x64fabeda9faa - std::thread::Builder::spawn_unchecked_::{{closure}}::h53c3a1894dce8407
[INFO] [stdout]                                at /rustc/6067b36314ab5eb2eb47cecc464545ba58e1ad24/library/std/src/thread/mod.rs:557:30
[INFO] [stdout]   40:     0x64fabeda9faa - core::ops::function::FnOnce::call_once{{vtable.shim}}::h048ce291ad4f62bf
[INFO] [stdout]                                at /rustc/6067b36314ab5eb2eb47cecc464545ba58e1ad24/library/core/src/ops/function.rs:250:5
[INFO] [stdout]   41:     0x64fabee1ad4b - <alloc::boxed::Box<F,A> as core::ops::function::FnOnce<Args>>::call_once::ha52bedf99a3b4981
[INFO] [stdout]                                at /rustc/6067b36314ab5eb2eb47cecc464545ba58e1ad24/library/alloc/src/boxed.rs:2013:9
[INFO] [stdout]   42:     0x64fabee1ad4b - <alloc::boxed::Box<F,A> as core::ops::function::FnOnce<Args>>::call_once::h567748934d80ccf8
[INFO] [stdout]                                at /rustc/6067b36314ab5eb2eb47cecc464545ba58e1ad24/library/alloc/src/boxed.rs:2013:9
[INFO] [stdout]   43:     0x64fabee1ad4b - std::sys::pal::unix::thread::Thread::new::thread_start::h2d970728ae887adc
[INFO] [stdout]                                at /rustc/6067b36314ab5eb2eb47cecc464545ba58e1ad24/library/std/src/sys/pal/unix/thread.rs:106:17
[INFO] [stdout]   44:     0x7da0b339fac3 - <unknown>
[INFO] [stdout]   45:     0x7da0b3430a04 - clone
[INFO] [stdout]   46:                0x0 - <unknown>
[INFO] [stdout] 
[INFO] [stdout] ---- tokenizer::test::test_join_query stdout ----
[INFO] [stdout] 
[INFO] [stdout] thread 'tokenizer::test::test_join_query' panicked at src/tokenizer/mod.rs:221:13:
[INFO] [stdout] assertion `left == right` failed
[INFO] [stdout]   left: [Keyword(Select), NumberLiteral("123"), Comma, Identifier("mem"), Keyword(From), Identifier("kek"), Keyword(Join), Identifier("lol"), Keyword(On), Identifier("kek"), Dot, Identifier("id"), Eq, Identifier("lol"), Dot, Identifier("id"), Semicolon]
[INFO] [stdout]  right: [Keyword(Select), NumberLiteral("123"), Comma, Identifier("mem"), Keyword(From), Identifier("kek"), Keyword(Join), Identifier("lol"), Keyword(On), Identifier("kek"), Dot, Identifier("id"), Eq, Identifier("lol"), Dot, Identifier("id"), Semicolon, EOF]
[INFO] [stdout] stack backtrace:
[INFO] [stdout]    0:     0x64fabee14efa - std::backtrace_rs::backtrace::libunwind::trace::hb059275cfc8d6126
[INFO] [stdout]                                at /rustc/6067b36314ab5eb2eb47cecc464545ba58e1ad24/library/std/src/../../backtrace/src/backtrace/libunwind.rs:116:5
[INFO] [stdout]    1:     0x64fabee14efa - std::backtrace_rs::backtrace::trace_unsynchronized::h2da071e4327ce3ee
[INFO] [stdout]                                at /rustc/6067b36314ab5eb2eb47cecc464545ba58e1ad24/library/std/src/../../backtrace/src/backtrace/mod.rs:66:5
[INFO] [stdout]    2:     0x64fabee14efa - std::sys::backtrace::_print_fmt::h842a1474e6f8d23f
[INFO] [stdout]                                at /rustc/6067b36314ab5eb2eb47cecc464545ba58e1ad24/library/std/src/sys/backtrace.rs:66:9
[INFO] [stdout]    3:     0x64fabee14efa - <std::sys::backtrace::BacktraceLock::print::DisplayBacktrace as core::fmt::Display>::fmt::h71a62eb3b9696b12
[INFO] [stdout]                                at /rustc/6067b36314ab5eb2eb47cecc464545ba58e1ad24/library/std/src/sys/backtrace.rs:39:26
[INFO] [stdout]    4:     0x64fabee3e143 - core::fmt::rt::Argument::fmt::hdb6b616786b41dc1
[INFO] [stdout]                                at /rustc/6067b36314ab5eb2eb47cecc464545ba58e1ad24/library/core/src/fmt/rt.rs:177:76
[INFO] [stdout]    5:     0x64fabee3e143 - core::fmt::write::h2cc1698af7e2d686
[INFO] [stdout]                                at /rustc/6067b36314ab5eb2eb47cecc464545ba58e1ad24/library/core/src/fmt/mod.rs:1440:21
[INFO] [stdout]    6:     0x64fabee11a53 - std::io::Write::write_fmt::hab1b4cd059a79022
[INFO] [stdout]                                at /rustc/6067b36314ab5eb2eb47cecc464545ba58e1ad24/library/std/src/io/mod.rs:1887:15
[INFO] [stdout]    7:     0x64fabee14d42 - std::sys::backtrace::BacktraceLock::print::h147fe35b4ea13b08
[INFO] [stdout]                                at /rustc/6067b36314ab5eb2eb47cecc464545ba58e1ad24/library/std/src/sys/backtrace.rs:42:9
[INFO] [stdout]    8:     0x64fabee1631f - std::panicking::default_hook::{{closure}}::hbd44223dbdc0d208
[INFO] [stdout]                                at /rustc/6067b36314ab5eb2eb47cecc464545ba58e1ad24/library/std/src/panicking.rs:298:22
[INFO] [stdout]    9:     0x64fabee16138 - std::panicking::default_hook::h20f81eb0576efcec
[INFO] [stdout]                                at /rustc/6067b36314ab5eb2eb47cecc464545ba58e1ad24/library/std/src/panicking.rs:322:9
[INFO] [stdout]   10:     0x64fabeddef53 - <alloc::boxed::Box<F,A> as core::ops::function::Fn<Args>>::call::hdb53814c496a4d34
[INFO] [stdout]                                at /rustc/6067b36314ab5eb2eb47cecc464545ba58e1ad24/library/alloc/src/boxed.rs:2027:9
[INFO] [stdout]   11:     0x64fabeddef53 - test::test_main::{{closure}}::hc0a4963c59427c24
[INFO] [stdout]                                at /rustc/6067b36314ab5eb2eb47cecc464545ba58e1ad24/library/test/src/lib.rs:134:21
[INFO] [stdout]   12:     0x64fabee16e13 - <alloc::boxed::Box<F,A> as core::ops::function::Fn<Args>>::call::h591b2225413a77e9
[INFO] [stdout]                                at /rustc/6067b36314ab5eb2eb47cecc464545ba58e1ad24/library/alloc/src/boxed.rs:2027:9
[INFO] [stdout]   13:     0x64fabee16e13 - std::panicking::rust_panic_with_hook::h625eea43051b2edc
[INFO] [stdout]                                at /rustc/6067b36314ab5eb2eb47cecc464545ba58e1ad24/library/std/src/panicking.rs:839:13
[INFO] [stdout]   14:     0x64fabee16aca - std::panicking::begin_panic_handler::{{closure}}::h4f9159cfbc3f6bd3
[INFO] [stdout]                                at /rustc/6067b36314ab5eb2eb47cecc464545ba58e1ad24/library/std/src/panicking.rs:704:13
[INFO] [stdout]   15:     0x64fabee153f9 - std::sys::backtrace::__rust_end_short_backtrace::h0390abce48353151
[INFO] [stdout]                                at /rustc/6067b36314ab5eb2eb47cecc464545ba58e1ad24/library/std/src/sys/backtrace.rs:168:18
[INFO] [stdout]   16:     0x64fabee1675d - rust_begin_unwind
[INFO] [stdout]                                at /rustc/6067b36314ab5eb2eb47cecc464545ba58e1ad24/library/std/src/panicking.rs:695:5
[INFO] [stdout]   17:     0x64fabee3cb50 - core::panicking::panic_fmt::h9e7c637e9e5f29c9
[INFO] [stdout]                                at /rustc/6067b36314ab5eb2eb47cecc464545ba58e1ad24/library/core/src/panicking.rs:75:14
[INFO] [stdout]   18:     0x64fabee3cf12 - core::panicking::assert_failed_inner::h538bec7c1374cd9c
[INFO] [stdout]   19:     0x64fabed9b162 - core::panicking::assert_failed::ha08ce983998410f6
[INFO] [stdout]                                at /rustc/6067b36314ab5eb2eb47cecc464545ba58e1ad24/library/core/src/panicking.rs:364:5
[INFO] [stdout]   20:     0x64fabeda003f - lafmt::tokenizer::test::test_join_query::hafc107c23ba50cc2
[INFO] [stdout]                                at /opt/rustwide/workdir/src/tokenizer/mod.rs:221:13
[INFO] [stdout]   21:     0x64fabed9f877 - lafmt::tokenizer::test::test_join_query::{{closure}}::hf8763a98f3831c6b
[INFO] [stdout]                                at /opt/rustwide/workdir/src/tokenizer/mod.rs:217:29
[INFO] [stdout]   22:     0x64fabed99336 - core::ops::function::FnOnce::call_once::haba5ddcf1cfd661d
[INFO] [stdout]                                at /rustc/6067b36314ab5eb2eb47cecc464545ba58e1ad24/library/core/src/ops/function.rs:250:5
[INFO] [stdout]   23:     0x64fabede46ab - core::ops::function::FnOnce::call_once::he27718dfdd183f43
[INFO] [stdout]                                at /rustc/6067b36314ab5eb2eb47cecc464545ba58e1ad24/library/core/src/ops/function.rs:250:5
[INFO] [stdout]   24:     0x64fabede46ab - test::__rust_begin_short_backtrace::h4e84902998457a5d
[INFO] [stdout]                                at /rustc/6067b36314ab5eb2eb47cecc464545ba58e1ad24/library/test/src/lib.rs:632:18
[INFO] [stdout]   25:     0x64fabede35e3 - test::run_test_in_process::{{closure}}::h7176fd18fc1feca0
[INFO] [stdout]                                at /rustc/6067b36314ab5eb2eb47cecc464545ba58e1ad24/library/test/src/lib.rs:655:60
[INFO] [stdout]   26:     0x64fabede35e3 - <core::panic::unwind_safe::AssertUnwindSafe<F> as core::ops::function::FnOnce<()>>::call_once::hf79cff2a624d8cf7
[INFO] [stdout]                                at /rustc/6067b36314ab5eb2eb47cecc464545ba58e1ad24/library/core/src/panic/unwind_safe.rs:272:9
[INFO] [stdout]   27:     0x64fabede35e3 - std::panicking::try::do_call::h3da0561d9ab99c25
[INFO] [stdout]                                at /rustc/6067b36314ab5eb2eb47cecc464545ba58e1ad24/library/std/src/panicking.rs:587:40
[INFO] [stdout]   28:     0x64fabede35e3 - std::panicking::try::h41c9fa508bc61df6
[INFO] [stdout]                                at /rustc/6067b36314ab5eb2eb47cecc464545ba58e1ad24/library/std/src/panicking.rs:550:19
[INFO] [stdout]   29:     0x64fabede35e3 - std::panic::catch_unwind::h6b3ff07bb5afad93
[INFO] [stdout]                                at /rustc/6067b36314ab5eb2eb47cecc464545ba58e1ad24/library/std/src/panic.rs:358:14
[INFO] [stdout]   30:     0x64fabede35e3 - test::run_test_in_process::hc7253dd11b39b9f4
[INFO] [stdout]                                at /rustc/6067b36314ab5eb2eb47cecc464545ba58e1ad24/library/test/src/lib.rs:655:27
[INFO] [stdout]   31:     0x64fabede35e3 - test::run_test::{{closure}}::hfb2007f8649c30bb
[INFO] [stdout]                                at /rustc/6067b36314ab5eb2eb47cecc464545ba58e1ad24/library/test/src/lib.rs:576:43
[INFO] [stdout]   32:     0x64fabeda66c5 - test::run_test::{{closure}}::h56a17aa7a282a9f4
[INFO] [stdout]                                at /rustc/6067b36314ab5eb2eb47cecc464545ba58e1ad24/library/test/src/lib.rs:606:41
[INFO] [stdout]   33:     0x64fabeda66c5 - std::sys::backtrace::__rust_begin_short_backtrace::hd2d2d2fb8e8c6aac
[INFO] [stdout]                                at /rustc/6067b36314ab5eb2eb47cecc464545ba58e1ad24/library/std/src/sys/backtrace.rs:152:18
[INFO] [stdout]   34:     0x64fabeda9faa - std::thread::Builder::spawn_unchecked_::{{closure}}::{{closure}}::h4faa3f9db6133423
[INFO] [stdout]                                at /rustc/6067b36314ab5eb2eb47cecc464545ba58e1ad24/library/std/src/thread/mod.rs:559:17
[INFO] [stdout]   35:     0x64fabeda9faa - <core::panic::unwind_safe::AssertUnwindSafe<F> as core::ops::function::FnOnce<()>>::call_once::hf2e855a36a4ea846
[INFO] [stdout]                                at /rustc/6067b36314ab5eb2eb47cecc464545ba58e1ad24/library/core/src/panic/unwind_safe.rs:272:9
[INFO] [stdout]   36:     0x64fabeda9faa - std::panicking::try::do_call::h2f73af3616c35465
[INFO] [stdout]                                at /rustc/6067b36314ab5eb2eb47cecc464545ba58e1ad24/library/std/src/panicking.rs:587:40
[INFO] [stdout]   37:     0x64fabeda9faa - std::panicking::try::hd1660ce9efadef5a
[INFO] [stdout]                                at /rustc/6067b36314ab5eb2eb47cecc464545ba58e1ad24/library/std/src/panicking.rs:550:19
[INFO] [stdout]   38:     0x64fabeda9faa - std::panic::catch_unwind::h5ee8d7823b8ca744
[INFO] [stdout]                                at /rustc/6067b36314ab5eb2eb47cecc464545ba58e1ad24/library/std/src/panic.rs:358:14
[INFO] [stdout]   39:     0x64fabeda9faa - std::thread::Builder::spawn_unchecked_::{{closure}}::h53c3a1894dce8407
[INFO] [stdout]                                at /rustc/6067b36314ab5eb2eb47cecc464545ba58e1ad24/library/std/src/thread/mod.rs:557:30
[INFO] [stdout]   40:     0x64fabeda9faa - core::ops::function::FnOnce::call_once{{vtable.shim}}::h048ce291ad4f62bf
[INFO] [stdout]                                at /rustc/6067b36314ab5eb2eb47cecc464545ba58e1ad24/library/core/src/ops/function.rs:250:5
[INFO] [stdout]   41:     0x64fabee1ad4b - <alloc::boxed::Box<F,A> as core::ops::function::FnOnce<Args>>::call_once::ha52bedf99a3b4981
[INFO] [stdout]                                at /rustc/6067b36314ab5eb2eb47cecc464545ba58e1ad24/library/alloc/src/boxed.rs:2013:9
[INFO] [stdout]   42:     0x64fabee1ad4b - <alloc::boxed::Box<F,A> as core::ops::function::FnOnce<Args>>::call_once::h567748934d80ccf8
[INFO] [stdout]                                at /rustc/6067b36314ab5eb2eb47cecc464545ba58e1ad24/library/alloc/src/boxed.rs:2013:9
[INFO] [stdout]   43:     0x64fabee1ad4b - std::sys::pal::unix::thread::Thread::new::thread_start::h2d970728ae887adc
[INFO] [stdout]                                at /rustc/6067b36314ab5eb2eb47cecc464545ba58e1ad24/library/std/src/sys/pal/unix/thread.rs:106:17
[INFO] [stdout]   44:     0x7da0b339fac3 - <unknown>
[INFO] [stdout]   45:     0x7da0b3430a04 - clone
[INFO] [stdout]   46:                0x0 - <unknown>
[INFO] [stdout] 
[INFO] [stdout] ---- tokenizer::test::test_quoted_identifier_query stdout ----
[INFO] [stdout] 
[INFO] [stdout] thread 'tokenizer::test::test_quoted_identifier_query' panicked at src/tokenizer/mod.rs:275:13:
[INFO] [stdout] assertion `left == right` failed
[INFO] [stdout]   left: [Keyword(Select), StringLiteral("123"), Comma, Identifier("mem"), Keyword(From), Identifier("kek"), Semicolon]
[INFO] [stdout]  right: [Keyword(Select), StringLiteral("123"), Comma, Identifier("mem"), Keyword(From), Identifier("kek"), Semicolon, EOF]
[INFO] [stdout] stack backtrace:
[INFO] [stdout]    0:     0x64fabee14efa - std::backtrace_rs::backtrace::libunwind::trace::hb059275cfc8d6126
[INFO] [stdout]                                at /rustc/6067b36314ab5eb2eb47cecc464545ba58e1ad24/library/std/src/../../backtrace/src/backtrace/libunwind.rs:116:5
[INFO] [stdout]    1:     0x64fabee14efa - std::backtrace_rs::backtrace::trace_unsynchronized::h2da071e4327ce3ee
[INFO] [stdout]                                at /rustc/6067b36314ab5eb2eb47cecc464545ba58e1ad24/library/std/src/../../backtrace/src/backtrace/mod.rs:66:5
[INFO] [stdout]    2:     0x64fabee14efa - std::sys::backtrace::_print_fmt::h842a1474e6f8d23f
[INFO] [stdout]                                at /rustc/6067b36314ab5eb2eb47cecc464545ba58e1ad24/library/std/src/sys/backtrace.rs:66:9
[INFO] [stdout]    3:     0x64fabee14efa - <std::sys::backtrace::BacktraceLock::print::DisplayBacktrace as core::fmt::Display>::fmt::h71a62eb3b9696b12
[INFO] [stdout]                                at /rustc/6067b36314ab5eb2eb47cecc464545ba58e1ad24/library/std/src/sys/backtrace.rs:39:26
[INFO] [stdout]    4:     0x64fabee3e143 - core::fmt::rt::Argument::fmt::hdb6b616786b41dc1
[INFO] [stdout]                                at /rustc/6067b36314ab5eb2eb47cecc464545ba58e1ad24/library/core/src/fmt/rt.rs:177:76
[INFO] [stdout]    5:     0x64fabee3e143 - core::fmt::write::h2cc1698af7e2d686
[INFO] [stdout]                                at /rustc/6067b36314ab5eb2eb47cecc464545ba58e1ad24/library/core/src/fmt/mod.rs:1440:21
[INFO] [stdout]    6:     0x64fabee11a53 - std::io::Write::write_fmt::hab1b4cd059a79022
[INFO] [stdout]                                at /rustc/6067b36314ab5eb2eb47cecc464545ba58e1ad24/library/std/src/io/mod.rs:1887:15
[INFO] [stdout]    7:     0x64fabee14d42 - std::sys::backtrace::BacktraceLock::print::h147fe35b4ea13b08
[INFO] [stdout]                                at /rustc/6067b36314ab5eb2eb47cecc464545ba58e1ad24/library/std/src/sys/backtrace.rs:42:9
[INFO] [stdout]    8:     0x64fabee1631f - std::panicking::default_hook::{{closure}}::hbd44223dbdc0d208
[INFO] [stdout]                                at /rustc/6067b36314ab5eb2eb47cecc464545ba58e1ad24/library/std/src/panicking.rs:298:22
[INFO] [stdout]    9:     0x64fabee16138 - std::panicking::default_hook::h20f81eb0576efcec
[INFO] [stdout]                                at /rustc/6067b36314ab5eb2eb47cecc464545ba58e1ad24/library/std/src/panicking.rs:322:9
[INFO] [stdout]   10:     0x64fabeddef53 - <alloc::boxed::Box<F,A> as core::ops::function::Fn<Args>>::call::hdb53814c496a4d34
[INFO] [stdout]                                at /rustc/6067b36314ab5eb2eb47cecc464545ba58e1ad24/library/alloc/src/boxed.rs:2027:9
[INFO] [stdout]   11:     0x64fabeddef53 - test::test_main::{{closure}}::hc0a4963c59427c24
[INFO] [stdout]                                at /rustc/6067b36314ab5eb2eb47cecc464545ba58e1ad24/library/test/src/lib.rs:134:21
[INFO] [stdout]   12:     0x64fabee16e13 - <alloc::boxed::Box<F,A> as core::ops::function::Fn<Args>>::call::h591b2225413a77e9
[INFO] [stdout]                                at /rustc/6067b36314ab5eb2eb47cecc464545ba58e1ad24/library/alloc/src/boxed.rs:2027:9
[INFO] [stdout]   13:     0x64fabee16e13 - std::panicking::rust_panic_with_hook::h625eea43051b2edc
[INFO] [stdout]                                at /rustc/6067b36314ab5eb2eb47cecc464545ba58e1ad24/library/std/src/panicking.rs:839:13
[INFO] [stdout]   14:     0x64fabee16aca - std::panicking::begin_panic_handler::{{closure}}::h4f9159cfbc3f6bd3
[INFO] [stdout]                                at /rustc/6067b36314ab5eb2eb47cecc464545ba58e1ad24/library/std/src/panicking.rs:704:13
[INFO] [stdout]   15:     0x64fabee153f9 - std::sys::backtrace::__rust_end_short_backtrace::h0390abce48353151
[INFO] [stdout]                                at /rustc/6067b36314ab5eb2eb47cecc464545ba58e1ad24/library/std/src/sys/backtrace.rs:168:18
[INFO] [stdout]   16:     0x64fabee1675d - rust_begin_unwind
[INFO] [stdout]                                at /rustc/6067b36314ab5eb2eb47cecc464545ba58e1ad24/library/std/src/panicking.rs:695:5
[INFO] [stdout]   17:     0x64fabee3cb50 - core::panicking::panic_fmt::h9e7c637e9e5f29c9
[INFO] [stdout]                                at /rustc/6067b36314ab5eb2eb47cecc464545ba58e1ad24/library/core/src/panicking.rs:75:14
[INFO] [stdout]   18:     0x64fabee3cf12 - core::panicking::assert_failed_inner::h538bec7c1374cd9c
[INFO] [stdout]   19:     0x64fabed9b162 - core::panicking::assert_failed::ha08ce983998410f6
[INFO] [stdout]                                at /rustc/6067b36314ab5eb2eb47cecc464545ba58e1ad24/library/core/src/panicking.rs:364:5
[INFO] [stdout]   20:     0x64fabeda0bb8 - lafmt::tokenizer::test::test_quoted_identifier_query::h7fbf5b0aa591843a
[INFO] [stdout]                                at /opt/rustwide/workdir/src/tokenizer/mod.rs:275:13
[INFO] [stdout]   21:     0x64fabeda0787 - lafmt::tokenizer::test::test_quoted_identifier_query::{{closure}}::haec930a3e1734cbd
[INFO] [stdout]                                at /opt/rustwide/workdir/src/tokenizer/mod.rs:271:42
[INFO] [stdout]   22:     0x64fabed99266 - core::ops::function::FnOnce::call_once::h6ee26e7df94d8bbf
[INFO] [stdout]                                at /rustc/6067b36314ab5eb2eb47cecc464545ba58e1ad24/library/core/src/ops/function.rs:250:5
[INFO] [stdout]   23:     0x64fabede46ab - core::ops::function::FnOnce::call_once::he27718dfdd183f43
[INFO] [stdout]                                at /rustc/6067b36314ab5eb2eb47cecc464545ba58e1ad24/library/core/src/ops/function.rs:250:5
[INFO] [stdout]   24:     0x64fabede46ab - test::__rust_begin_short_backtrace::h4e84902998457a5d
[INFO] [stdout]                                at /rustc/6067b36314ab5eb2eb47cecc464545ba58e1ad24/library/test/src/lib.rs:632:18
[INFO] [stdout]   25:     0x64fabede35e3 - test::run_test_in_process::{{closure}}::h7176fd18fc1feca0
[INFO] [stdout]                                at /rustc/6067b36314ab5eb2eb47cecc464545ba58e1ad24/library/test/src/lib.rs:655:60
[INFO] [stdout]   26:     0x64fabede35e3 - <core::panic::unwind_safe::AssertUnwindSafe<F> as core::ops::function::FnOnce<()>>::call_once::hf79cff2a624d8cf7
[INFO] [stdout]                                at /rustc/6067b36314ab5eb2eb47cecc464545ba58e1ad24/library/core/src/panic/unwind_safe.rs:272:9
[INFO] [stdout]   27:     0x64fabede35e3 - std::panicking::try::do_call::h3da0561d9ab99c25
[INFO] [stdout]                                at /rustc/6067b36314ab5eb2eb47cecc464545ba58e1ad24/library/std/src/panicking.rs:587:40
[INFO] [stdout]   28:     0x64fabede35e3 - std::panicking::try::h41c9fa508bc61df6
[INFO] [stdout]                                at /rustc/6067b36314ab5eb2eb47cecc464545ba58e1ad24/library/std/src/panicking.rs:550:19
[INFO] [stdout]   29:     0x64fabede35e3 - std::panic::catch_unwind::h6b3ff07bb5afad93
[INFO] [stdout]                                at /rustc/6067b36314ab5eb2eb47cecc464545ba58e1ad24/library/std/src/panic.rs:358:14
[INFO] [stdout]   30:     0x64fabede35e3 - test::run_test_in_process::hc7253dd11b39b9f4
[INFO] [stdout]                                at /rustc/6067b36314ab5eb2eb47cecc464545ba58e1ad24/library/test/src/lib.rs:655:27
[INFO] [stderr] error: test failed, to rerun pass `--lib`
[INFO] [stdout]   31:     0x64fabede35e3 - test::run_test::{{closure}}::hfb2007f8649c30bb
[INFO] [stdout]                                at /rustc/6067b36314ab5eb2eb47cecc464545ba58e1ad24/library/test/src/lib.rs:576:43
[INFO] [stdout]   32:     0x64fabeda66c5 - test::run_test::{{closure}}::h56a17aa7a282a9f4
[INFO] [stdout]                                at /rustc/6067b36314ab5eb2eb47cecc464545ba58e1ad24/library/test/src/lib.rs:606:41
[INFO] [stdout]   33:     0x64fabeda66c5 - std::sys::backtrace::__rust_begin_short_backtrace::hd2d2d2fb8e8c6aac
[INFO] [stdout]                                at /rustc/6067b36314ab5eb2eb47cecc464545ba58e1ad24/library/std/src/sys/backtrace.rs:152:18
[INFO] [stdout]   34:     0x64fabeda9faa - std::thread::Builder::spawn_unchecked_::{{closure}}::{{closure}}::h4faa3f9db6133423
[INFO] [stdout]                                at /rustc/6067b36314ab5eb2eb47cecc464545ba58e1ad24/library/std/src/thread/mod.rs:559:17
[INFO] [stdout]   35:     0x64fabeda9faa - <core::panic::unwind_safe::AssertUnwindSafe<F> as core::ops::function::FnOnce<()>>::call_once::hf2e855a36a4ea846
[INFO] [stdout]                                at /rustc/6067b36314ab5eb2eb47cecc464545ba58e1ad24/library/core/src/panic/unwind_safe.rs:272:9
[INFO] [stdout]   36:     0x64fabeda9faa - std::panicking::try::do_call::h2f73af3616c35465
[INFO] [stdout]                                at /rustc/6067b36314ab5eb2eb47cecc464545ba58e1ad24/library/std/src/panicking.rs:587:40
[INFO] [stdout]   37:     0x64fabeda9faa - std::panicking::try::hd1660ce9efadef5a
[INFO] [stdout]                                at /rustc/6067b36314ab5eb2eb47cecc464545ba58e1ad24/library/std/src/panicking.rs:550:19
[INFO] [stdout]   38:     0x64fabeda9faa - std::panic::catch_unwind::h5ee8d7823b8ca744
[INFO] [stdout]                                at /rustc/6067b36314ab5eb2eb47cecc464545ba58e1ad24/library/std/src/panic.rs:358:14
[INFO] [stdout]   39:     0x64fabeda9faa - std::thread::Builder::spawn_unchecked_::{{closure}}::h53c3a1894dce8407
[INFO] [stdout]                                at /rustc/6067b36314ab5eb2eb47cecc464545ba58e1ad24/library/std/src/thread/mod.rs:557:30
[INFO] [stdout]   40:     0x64fabeda9faa - core::ops::function::FnOnce::call_once{{vtable.shim}}::h048ce291ad4f62bf
[INFO] [stdout]                                at /rustc/6067b36314ab5eb2eb47cecc464545ba58e1ad24/library/core/src/ops/function.rs:250:5
[INFO] [stdout]   41:     0x64fabee1ad4b - <alloc::boxed::Box<F,A> as core::ops::function::FnOnce<Args>>::call_once::ha52bedf99a3b4981
[INFO] [stdout]                                at /rustc/6067b36314ab5eb2eb47cecc464545ba58e1ad24/library/alloc/src/boxed.rs:2013:9
[INFO] [stdout]   42:     0x64fabee1ad4b - <alloc::boxed::Box<F,A> as core::ops::function::FnOnce<Args>>::call_once::h567748934d80ccf8
[INFO] [stdout]                                at /rustc/6067b36314ab5eb2eb47cecc464545ba58e1ad24/library/alloc/src/boxed.rs:2013:9
[INFO] [stdout]   43:     0x64fabee1ad4b - std::sys::pal::unix::thread::Thread::new::thread_start::h2d970728ae887adc
[INFO] [stdout]                                at /rustc/6067b36314ab5eb2eb47cecc464545ba58e1ad24/library/std/src/sys/pal/unix/thread.rs:106:17
[INFO] [stdout]   44:     0x7da0b339fac3 - <unknown>
[INFO] [stdout]   45:     0x7da0b3430a04 - clone
[INFO] [stdout]   46:                0x0 - <unknown>
[INFO] [stdout] 
[INFO] [stdout] ---- tokenizer::test::test_simple_query stdout ----
[INFO] [stdout] 
[INFO] [stdout] thread 'tokenizer::test::test_simple_query' panicked at src/tokenizer/mod.rs:118:13:
[INFO] [stdout] assertion `left == right` failed
[INFO] [stdout]   left: [Keyword(Select), Asterisk('*'), Keyword(From), Identifier("kek"), Semicolon]
[INFO] [stdout]  right: [Keyword(Select), Asterisk('*'), Keyword(From), Identifier("kek"), Semicolon, EOF]
[INFO] [stdout] stack backtrace:
[INFO] [stdout]    0:     0x64fabee14efa - std::backtrace_rs::backtrace::libunwind::trace::hb059275cfc8d6126
[INFO] [stdout]                                at /rustc/6067b36314ab5eb2eb47cecc464545ba58e1ad24/library/std/src/../../backtrace/src/backtrace/libunwind.rs:116:5
[INFO] [stdout]    1:     0x64fabee14efa - std::backtrace_rs::backtrace::trace_unsynchronized::h2da071e4327ce3ee
[INFO] [stdout]                                at /rustc/6067b36314ab5eb2eb47cecc464545ba58e1ad24/library/std/src/../../backtrace/src/backtrace/mod.rs:66:5
[INFO] [stdout]    2:     0x64fabee14efa - std::sys::backtrace::_print_fmt::h842a1474e6f8d23f
[INFO] [stdout]                                at /rustc/6067b36314ab5eb2eb47cecc464545ba58e1ad24/library/std/src/sys/backtrace.rs:66:9
[INFO] [stdout]    3:     0x64fabee14efa - <std::sys::backtrace::BacktraceLock::print::DisplayBacktrace as core::fmt::Display>::fmt::h71a62eb3b9696b12
[INFO] [stdout]                                at /rustc/6067b36314ab5eb2eb47cecc464545ba58e1ad24/library/std/src/sys/backtrace.rs:39:26
[INFO] [stdout]    4:     0x64fabee3e143 - core::fmt::rt::Argument::fmt::hdb6b616786b41dc1
[INFO] [stdout]                                at /rustc/6067b36314ab5eb2eb47cecc464545ba58e1ad24/library/core/src/fmt/rt.rs:177:76
[INFO] [stdout]    5:     0x64fabee3e143 - core::fmt::write::h2cc1698af7e2d686
[INFO] [stdout]                                at /rustc/6067b36314ab5eb2eb47cecc464545ba58e1ad24/library/core/src/fmt/mod.rs:1440:21
[INFO] [stdout]    6:     0x64fabee11a53 - std::io::Write::write_fmt::hab1b4cd059a79022
[INFO] [stdout]                                at /rustc/6067b36314ab5eb2eb47cecc464545ba58e1ad24/library/std/src/io/mod.rs:1887:15
[INFO] [stdout]    7:     0x64fabee14d42 - std::sys::backtrace::BacktraceLock::print::h147fe35b4ea13b08
[INFO] [stdout]                                at /rustc/6067b36314ab5eb2eb47cecc464545ba58e1ad24/library/std/src/sys/backtrace.rs:42:9
[INFO] [stdout]    8:     0x64fabee1631f - std::panicking::default_hook::{{closure}}::hbd44223dbdc0d208
[INFO] [stdout]                                at /rustc/6067b36314ab5eb2eb47cecc464545ba58e1ad24/library/std/src/panicking.rs:298:22
[INFO] [stdout]    9:     0x64fabee16138 - std::panicking::default_hook::h20f81eb0576efcec
[INFO] [stdout]                                at /rustc/6067b36314ab5eb2eb47cecc464545ba58e1ad24/library/std/src/panicking.rs:322:9
[INFO] [stdout]   10:     0x64fabeddef53 - <alloc::boxed::Box<F,A> as core::ops::function::Fn<Args>>::call::hdb53814c496a4d34
[INFO] [stdout]                                at /rustc/6067b36314ab5eb2eb47cecc464545ba58e1ad24/library/alloc/src/boxed.rs:2027:9
[INFO] [stdout]   11:     0x64fabeddef53 - test::test_main::{{closure}}::hc0a4963c59427c24
[INFO] [stdout]                                at /rustc/6067b36314ab5eb2eb47cecc464545ba58e1ad24/library/test/src/lib.rs:134:21
[INFO] [stdout]   12:     0x64fabee16e13 - <alloc::boxed::Box<F,A> as core::ops::function::Fn<Args>>::call::h591b2225413a77e9
[INFO] [stdout]                                at /rustc/6067b36314ab5eb2eb47cecc464545ba58e1ad24/library/alloc/src/boxed.rs:2027:9
[INFO] [stdout]   13:     0x64fabee16e13 - std::panicking::rust_panic_with_hook::h625eea43051b2edc
[INFO] [stdout]                                at /rustc/6067b36314ab5eb2eb47cecc464545ba58e1ad24/library/std/src/panicking.rs:839:13
[INFO] [stdout]   14:     0x64fabee16aca - std::panicking::begin_panic_handler::{{closure}}::h4f9159cfbc3f6bd3
[INFO] [stdout]                                at /rustc/6067b36314ab5eb2eb47cecc464545ba58e1ad24/library/std/src/panicking.rs:704:13
[INFO] [stdout]   15:     0x64fabee153f9 - std::sys::backtrace::__rust_end_short_backtrace::h0390abce48353151
[INFO] [stdout]                                at /rustc/6067b36314ab5eb2eb47cecc464545ba58e1ad24/library/std/src/sys/backtrace.rs:168:18
[INFO] [stdout]   16:     0x64fabee1675d - rust_begin_unwind
[INFO] [stdout]                                at /rustc/6067b36314ab5eb2eb47cecc464545ba58e1ad24/library/std/src/panicking.rs:695:5
[INFO] [stdout]   17:     0x64fabee3cb50 - core::panicking::panic_fmt::h9e7c637e9e5f29c9
[INFO] [stdout]                                at /rustc/6067b36314ab5eb2eb47cecc464545ba58e1ad24/library/core/src/panicking.rs:75:14
[INFO] [stdout]   18:     0x64fabee3cf12 - core::panicking::assert_failed_inner::h538bec7c1374cd9c
[INFO] [stdout]   19:     0x64fabed9b162 - core::panicking::assert_failed::ha08ce983998410f6
[INFO] [stdout]                                at /rustc/6067b36314ab5eb2eb47cecc464545ba58e1ad24/library/core/src/panicking.rs:364:5
[INFO] [stdout]   20:     0x64fabed9e201 - lafmt::tokenizer::test::test_simple_query::hb6eeba58eaea6db9
[INFO] [stdout]                                at /opt/rustwide/workdir/src/tokenizer/mod.rs:118:13
[INFO] [stdout]   21:     0x64fabed9ded7 - lafmt::tokenizer::test::test_simple_query::{{closure}}::h968d49f0ec8d8968
[INFO] [stdout]                                at /opt/rustwide/workdir/src/tokenizer/mod.rs:114:31
[INFO] [stdout]   22:     0x64fabed992e6 - core::ops::function::FnOnce::call_once::h9acf1d283adc68df
[INFO] [stdout]                                at /rustc/6067b36314ab5eb2eb47cecc464545ba58e1ad24/library/core/src/ops/function.rs:250:5
[INFO] [stdout]   23:     0x64fabede46ab - core::ops::function::FnOnce::call_once::he27718dfdd183f43
[INFO] [stdout]                                at /rustc/6067b36314ab5eb2eb47cecc464545ba58e1ad24/library/core/src/ops/function.rs:250:5
[INFO] [stdout]   24:     0x64fabede46ab - test::__rust_begin_short_backtrace::h4e84902998457a5d
[INFO] [stdout]                                at /rustc/6067b36314ab5eb2eb47cecc464545ba58e1ad24/library/test/src/lib.rs:632:18
[INFO] [stdout]   25:     0x64fabede35e3 - test::run_test_in_process::{{closure}}::h7176fd18fc1feca0
[INFO] [stdout]                                at /rustc/6067b36314ab5eb2eb47cecc464545ba58e1ad24/library/test/src/lib.rs:655:60
[INFO] [stdout]   26:     0x64fabede35e3 - <core::panic::unwind_safe::AssertUnwindSafe<F> as core::ops::function::FnOnce<()>>::call_once::hf79cff2a624d8cf7
[INFO] [stdout]                                at /rustc/6067b36314ab5eb2eb47cecc464545ba58e1ad24/library/core/src/panic/unwind_safe.rs:272:9
[INFO] [stdout]   27:     0x64fabede35e3 - std::panicking::try::do_call::h3da0561d9ab99c25
[INFO] [stdout]                                at /rustc/6067b36314ab5eb2eb47cecc464545ba58e1ad24/library/std/src/panicking.rs:587:40
[INFO] [stdout]   28:     0x64fabede35e3 - std::panicking::try::h41c9fa508bc61df6
[INFO] [stdout]                                at /rustc/6067b36314ab5eb2eb47cecc464545ba58e1ad24/library/std/src/panicking.rs:550:19
[INFO] [stdout]   29:     0x64fabede35e3 - std::panic::catch_unwind::h6b3ff07bb5afad93
[INFO] [stdout]                                at /rustc/6067b36314ab5eb2eb47cecc464545ba58e1ad24/library/std/src/panic.rs:358:14
[INFO] [stdout]   30:     0x64fabede35e3 - test::run_test_in_process::hc7253dd11b39b9f4
[INFO] [stdout]                                at /rustc/6067b36314ab5eb2eb47cecc464545ba58e1ad24/library/test/src/lib.rs:655:27
[INFO] [stdout]   31:     0x64fabede35e3 - test::run_test::{{closure}}::hfb2007f8649c30bb
[INFO] [stdout]                                at /rustc/6067b36314ab5eb2eb47cecc464545ba58e1ad24/library/test/src/lib.rs:576:43
[INFO] [stdout]   32:     0x64fabeda66c5 - test::run_test::{{closure}}::h56a17aa7a282a9f4
[INFO] [stdout]                                at /rustc/6067b36314ab5eb2eb47cecc464545ba58e1ad24/library/test/src/lib.rs:606:41
[INFO] [stdout]   33:     0x64fabeda66c5 - std::sys::backtrace::__rust_begin_short_backtrace::hd2d2d2fb8e8c6aac
[INFO] [stdout]                                at /rustc/6067b36314ab5eb2eb47cecc464545ba58e1ad24/library/std/src/sys/backtrace.rs:152:18
[INFO] [stdout]   34:     0x64fabeda9faa - std::thread::Builder::spawn_unchecked_::{{closure}}::{{closure}}::h4faa3f9db6133423
[INFO] [stdout]                                at /rustc/6067b36314ab5eb2eb47cecc464545ba58e1ad24/library/std/src/thread/mod.rs:559:17
[INFO] [stdout]   35:     0x64fabeda9faa - <core::panic::unwind_safe::AssertUnwindSafe<F> as core::ops::function::FnOnce<()>>::call_once::hf2e855a36a4ea846
[INFO] [stdout]                                at /rustc/6067b36314ab5eb2eb47cecc464545ba58e1ad24/library/core/src/panic/unwind_safe.rs:272:9
[INFO] [stdout]   36:     0x64fabeda9faa - std::panicking::try::do_call::h2f73af3616c35465
[INFO] [stdout]                                at /rustc/6067b36314ab5eb2eb47cecc464545ba58e1ad24/library/std/src/panicking.rs:587:40
[INFO] [stdout]   37:     0x64fabeda9faa - std::panicking::try::hd1660ce9efadef5a
[INFO] [stdout]                                at /rustc/6067b36314ab5eb2eb47cecc464545ba58e1ad24/library/std/src/panicking.rs:550:19
[INFO] [stdout]   38:     0x64fabeda9faa - std::panic::catch_unwind::h5ee8d7823b8ca744
[INFO] [stdout]                                at /rustc/6067b36314ab5eb2eb47cecc464545ba58e1ad24/library/std/src/panic.rs:358:14
[INFO] [stdout]   39:     0x64fabeda9faa - std::thread::Builder::spawn_unchecked_::{{closure}}::h53c3a1894dce8407
[INFO] [stdout]                                at /rustc/6067b36314ab5eb2eb47cecc464545ba58e1ad24/library/std/src/thread/mod.rs:557:30
[INFO] [stdout]   40:     0x64fabeda9faa - core::ops::function::FnOnce::call_once{{vtable.shim}}::h048ce291ad4f62bf
[INFO] [stdout]                                at /rustc/6067b36314ab5eb2eb47cecc464545ba58e1ad24/library/core/src/ops/function.rs:250:5
[INFO] [stdout]   41:     0x64fabee1ad4b - <alloc::boxed::Box<F,A> as core::ops::function::FnOnce<Args>>::call_once::ha52bedf99a3b4981
[INFO] [stdout]                                at /rustc/6067b36314ab5eb2eb47cecc464545ba58e1ad24/library/alloc/src/boxed.rs:2013:9
[INFO] [stdout]   42:     0x64fabee1ad4b - <alloc::boxed::Box<F,A> as core::ops::function::FnOnce<Args>>::call_once::h567748934d80ccf8
[INFO] [stdout]                                at /rustc/6067b36314ab5eb2eb47cecc464545ba58e1ad24/library/alloc/src/boxed.rs:2013:9
[INFO] [stdout]   43:     0x64fabee1ad4b - std::sys::pal::unix::thread::Thread::new::thread_start::h2d970728ae887adc
[INFO] [stdout]                                at /rustc/6067b36314ab5eb2eb47cecc464545ba58e1ad24/library/std/src/sys/pal/unix/thread.rs:106:17
[INFO] [stdout]   44:     0x7da0b339fac3 - <unknown>
[INFO] [stdout]   45:     0x7da0b3430a04 - clone
[INFO] [stdout]   46:                0x0 - <unknown>
[INFO] [stdout] 
[INFO] [stdout] 
[INFO] [stdout] failures:
[INFO] [stdout]     tokenizer::test::test_alias_query
[INFO] [stdout]     tokenizer::test::test_complex_identifier
[INFO] [stdout]     tokenizer::test::test_f64_num_query
[INFO] [stdout]     tokenizer::test::test_i32_num_query
[INFO] [stdout]     tokenizer::test::test_join_query
[INFO] [stdout]     tokenizer::test::test_quoted_identifier_query
[INFO] [stdout]     tokenizer::test::test_simple_query
[INFO] [stdout]     tokenizer::test::test_string_literal_query
[INFO] [stdout] 
[INFO] [stdout] test result: FAILED. 3 passed; 8 failed; 0 ignored; 0 measured; 0 filtered out; finished in 0.12s
[INFO] [stdout] 
[INFO] running `Command { std: "docker" "inspect" "8505bbe63f33f38f6beab37d45eb95ce622c99bd31ed356aee7b46053e7c8dfc", kill_on_drop: false }`
[INFO] running `Command { std: "docker" "rm" "-f" "8505bbe63f33f38f6beab37d45eb95ce622c99bd31ed356aee7b46053e7c8dfc", kill_on_drop: false }`
[INFO] [stdout] 8505bbe63f33f38f6beab37d45eb95ce622c99bd31ed356aee7b46053e7c8dfc
