[INFO] cloning repository https://github.com/morphkurt/aoc-rust
[INFO] running `Command { std: "git" "-c" "credential.helper=" "-c" "credential.helper=/workspace/cargo-home/bin/git-credential-null" "clone" "--bare" "https://github.com/morphkurt/aoc-rust" "/workspace/cache/git-repos/https%3A%2F%2Fgithub.com%2Fmorphkurt%2Faoc-rust", kill_on_drop: false }`
[INFO] [stderr] Cloning into bare repository '/workspace/cache/git-repos/https%3A%2F%2Fgithub.com%2Fmorphkurt%2Faoc-rust'...
[INFO] running `Command { std: "git" "rev-parse" "HEAD", kill_on_drop: false }`
[INFO] [stdout] 13a5bccd386116d566b5f3be737c0332f7cd3cbb
[INFO] testing morphkurt/aoc-rust against nightly-2025-01-18 for randomize-layout-2
[INFO] running `Command { std: "git" "clone" "/workspace/cache/git-repos/https%3A%2F%2Fgithub.com%2Fmorphkurt%2Faoc-rust" "/workspace/builds/worker-3-tc1/source", kill_on_drop: false }`
[INFO] [stderr] Cloning into '/workspace/builds/worker-3-tc1/source'...
[INFO] [stderr] done.
[INFO] validating manifest of git repo https://github.com/morphkurt/aoc-rust on toolchain nightly-2025-01-18
[INFO] running `Command { std: CARGO_HOME="/workspace/cargo-home" RUSTUP_HOME="/workspace/rustup-home" "/workspace/cargo-home/bin/cargo" "+nightly-2025-01-18" "metadata" "--manifest-path" "Cargo.toml" "--no-deps", kill_on_drop: false }`
[INFO] removed /workspace/builds/worker-3-tc1/source/.cargo/config.toml
[INFO] started tweaking git repo https://github.com/morphkurt/aoc-rust
[INFO] finished tweaking git repo https://github.com/morphkurt/aoc-rust
[INFO] tweaked toml for git repo https://github.com/morphkurt/aoc-rust written to /workspace/builds/worker-3-tc1/source/Cargo.toml
[INFO] crate git repo https://github.com/morphkurt/aoc-rust already has a lockfile, it will not be regenerated
[INFO] running `Command { std: CARGO_HOME="/workspace/cargo-home" RUSTUP_HOME="/workspace/rustup-home" "/workspace/cargo-home/bin/cargo" "+nightly-2025-01-18" "fetch" "--manifest-path" "Cargo.toml", kill_on_drop: false }`
[INFO] [stderr]     Updating crates.io index
[INFO] [stderr]  Downloading crates ...
[INFO] [stderr]   Downloaded dhat v0.3.3
[INFO] [stderr]   Downloaded mintex v0.1.2
[INFO] [stderr]   Downloaded scanf v1.2.1
[INFO] [stderr]   Downloaded tinyjson v2.5.1
[INFO] running `Command { std: "docker" "create" "-v" "/var/lib/crater-agent-workspace/builds/worker-3-tc1/target:/opt/rustwide/target:rw,Z" "-v" "/var/lib/crater-agent-workspace/builds/worker-3-tc1/source:/opt/rustwide/workdir:ro,Z" "-v" "/var/lib/crater-agent-workspace/cargo-home:/opt/rustwide/cargo-home:ro,Z" "-v" "/var/lib/crater-agent-workspace/rustup-home:/opt/rustwide/rustup-home:ro,Z" "-e" "SOURCE_DIR=/opt/rustwide/workdir" "-e" "CARGO_TARGET_DIR=/opt/rustwide/target" "-e" "CARGO_HOME=/opt/rustwide/cargo-home" "-e" "RUSTUP_HOME=/opt/rustwide/rustup-home" "-w" "/opt/rustwide/workdir" "-m" "1610612736" "--user" "0:0" "--network" "none" "ghcr.io/rust-lang/crates-build-env/linux@sha256:819108c5571ea2e421544af4d832f968d213c87fbe3707a016657f43d2f853bc" "/opt/rustwide/cargo-home/bin/cargo" "+nightly-2025-01-18" "metadata" "--no-deps" "--format-version=1", kill_on_drop: false }`
[INFO] [stdout] 0caed26bc58a5355e8f6bd4ae4cc3c6e9c59d67f12f94d4ad22c6798012310e9
[INFO] running `Command { std: "docker" "start" "-a" "0caed26bc58a5355e8f6bd4ae4cc3c6e9c59d67f12f94d4ad22c6798012310e9", kill_on_drop: false }`
[INFO] running `Command { std: "docker" "inspect" "0caed26bc58a5355e8f6bd4ae4cc3c6e9c59d67f12f94d4ad22c6798012310e9", kill_on_drop: false }`
[INFO] running `Command { std: "docker" "rm" "-f" "0caed26bc58a5355e8f6bd4ae4cc3c6e9c59d67f12f94d4ad22c6798012310e9", kill_on_drop: false }`
[INFO] [stdout] 0caed26bc58a5355e8f6bd4ae4cc3c6e9c59d67f12f94d4ad22c6798012310e9
[INFO] running `Command { std: "docker" "create" "-v" "/var/lib/crater-agent-workspace/builds/worker-3-tc1/target:/opt/rustwide/target:rw,Z" "-v" "/var/lib/crater-agent-workspace/builds/worker-3-tc1/source:/opt/rustwide/workdir:ro,Z" "-v" "/var/lib/crater-agent-workspace/cargo-home:/opt/rustwide/cargo-home:ro,Z" "-v" "/var/lib/crater-agent-workspace/rustup-home:/opt/rustwide/rustup-home:ro,Z" "-e" "SOURCE_DIR=/opt/rustwide/workdir" "-e" "CARGO_TARGET_DIR=/opt/rustwide/target" "-e" "CARGO_INCREMENTAL=0" "-e" "RUST_BACKTRACE=full" "-e" "RUSTFLAGS=--cap-lints=forbid" "-e" "RUSTDOCFLAGS=--cap-lints=forbid" "-e" "CARGO_HOME=/opt/rustwide/cargo-home" "-e" "RUSTUP_HOME=/opt/rustwide/rustup-home" "-w" "/opt/rustwide/workdir" "-m" "1610612736" "--user" "0:0" "--network" "none" "ghcr.io/rust-lang/crates-build-env/linux@sha256:819108c5571ea2e421544af4d832f968d213c87fbe3707a016657f43d2f853bc" "/opt/rustwide/cargo-home/bin/cargo" "+nightly-2025-01-18" "build" "--frozen" "--message-format=json", kill_on_drop: false }`
[INFO] [stdout] 3bd51e7f77091d86d8dba35ee1fc365a10a0192171821f78fbb86be97e342bf8
[INFO] running `Command { std: "docker" "start" "-a" "3bd51e7f77091d86d8dba35ee1fc365a10a0192171821f78fbb86be97e342bf8", kill_on_drop: false }`
[INFO] [stderr]    Compiling crossbeam-utils v0.8.20
[INFO] [stderr]    Compiling memchr v2.6.4
[INFO] [stderr]    Compiling rayon-core v1.12.1
[INFO] [stderr]    Compiling regex-syntax v0.8.5
[INFO] [stderr]    Compiling either v1.13.0
[INFO] [stderr]    Compiling tinyjson v2.5.1
[INFO] [stderr]    Compiling pico-args v0.5.0
[INFO] [stderr]    Compiling aho-corasick v1.1.3
[INFO] [stderr]    Compiling nom v7.1.3
[INFO] [stderr]    Compiling crossbeam-epoch v0.9.18
[INFO] [stderr]    Compiling crossbeam-deque v0.8.5
[INFO] [stderr]    Compiling rayon v1.10.0
[INFO] [stderr]    Compiling scanf v1.2.1
[INFO] [stderr]    Compiling regex-automata v0.4.9
[INFO] [stderr]    Compiling regex v1.11.1
[INFO] [stderr]    Compiling advent_of_code v0.11.0 (/opt/rustwide/workdir)
[INFO] [stdout] warning: unused imports: `borrow::BorrowMut`, `iter`, and `rc::Rc`
[INFO] [stdout]  --> src/bin/15.rs:1:11
[INFO] [stdout]   |
[INFO] [stdout] 1 | use std::{borrow::BorrowMut, collections::HashMap, iter, rc::Rc};
[INFO] [stdout]   |           ^^^^^^^^^^^^^^^^^                        ^^^^  ^^^^^^
[INFO] [stdout]   |
[INFO] [stdout]   = note: `#[warn(unused_imports)]` on by default
[INFO] [stdout] 
[INFO] [stdout] 
[INFO] [stdout] warning: unused variable: `input`
[INFO] [stdout]   --> src/bin/14.rs:54:17
[INFO] [stdout]    |
[INFO] [stdout] 54 | pub fn part_two(input: &str) -> Option<u32> {
[INFO] [stdout]    |                 ^^^^^ help: if this is intentional, prefix it with an underscore: `_input`
[INFO] [stdout]    |
[INFO] [stdout]    = note: `#[warn(unused_variables)]` on by default
[INFO] [stdout] 
[INFO] [stdout] 
[INFO] [stdout] warning: unused variable: `x`
[INFO] [stdout]   --> src/bin/14.rs:58:28
[INFO] [stdout]    |
[INFO] [stdout] 58 | fn print_matrix_with_point(x: usize, y: usize, set: HashSet<String>) {
[INFO] [stdout]    |                            ^ help: if this is intentional, prefix it with an underscore: `_x`
[INFO] [stdout] 
[INFO] [stdout] 
[INFO] [stdout] warning: unused variable: `y`
[INFO] [stdout]   --> src/bin/14.rs:58:38
[INFO] [stdout]    |
[INFO] [stdout] 58 | fn print_matrix_with_point(x: usize, y: usize, set: HashSet<String>) {
[INFO] [stdout]    |                                      ^ help: if this is intentional, prefix it with an underscore: `_y`
[INFO] [stdout] 
[INFO] [stdout] 
[INFO] [stdout] warning: unused variable: `max_x`
[INFO] [stdout]    --> src/bin/12.rs:118:9
[INFO] [stdout]     |
[INFO] [stdout] 118 |     let max_x= region.points.iter().map(|f|f.0).max().unwrap();
[INFO] [stdout]     |         ^^^^^ help: if this is intentional, prefix it with an underscore: `_max_x`
[INFO] [stdout]     |
[INFO] [stdout]     = note: `#[warn(unused_variables)]` on by default
[INFO] [stdout] 
[INFO] [stdout] 
[INFO] [stdout] warning: unused variable: `max_y`
[INFO] [stdout]    --> src/bin/12.rs:119:9
[INFO] [stdout]     |
[INFO] [stdout] 119 |     let max_y= region.points.iter().map(|f: &(i32, i32)|f.1).max().unwrap();
[INFO] [stdout]     |         ^^^^^ help: if this is intentional, prefix it with an underscore: `_max_y`
[INFO] [stdout] 
[INFO] [stdout] 
[INFO] [stdout] warning: unused variable: `min_x`
[INFO] [stdout]    --> src/bin/12.rs:120:9
[INFO] [stdout]     |
[INFO] [stdout] 120 |     let min_x= region.points.iter().map(|f: &(i32, i32)|f.0).min().unwrap();
[INFO] [stdout]     |         ^^^^^ help: if this is intentional, prefix it with an underscore: `_min_x`
[INFO] [stdout] 
[INFO] [stdout] 
[INFO] [stdout] warning: unused variable: `min_y`
[INFO] [stdout]    --> src/bin/12.rs:121:9
[INFO] [stdout]     |
[INFO] [stdout] 121 |     let min_y= region.points.iter().map(|f: &(i32, i32)|f.1).min().unwrap();
[INFO] [stdout]     |         ^^^^^ help: if this is intentional, prefix it with an underscore: `_min_y`
[INFO] [stdout] 
[INFO] [stdout] 
[INFO] [stdout] warning: struct `Point` is never constructed
[INFO] [stdout]  --> src/bin/12.rs:6:8
[INFO] [stdout]   |
[INFO] [stdout] 6 | struct Point {
[INFO] [stdout]   |        ^^^^^
[INFO] [stdout]   |
[INFO] [stdout]   = note: `#[warn(dead_code)]` on by default
[INFO] [stdout] 
[INFO] [stdout] 
[INFO] [stdout] warning: struct `Region` is never constructed
[INFO] [stdout]   --> src/bin/12.rs:13:8
[INFO] [stdout]    |
[INFO] [stdout] 13 | struct Region {
[INFO] [stdout]    |        ^^^^^^
[INFO] [stdout] 
[INFO] [stdout] 
[INFO] [stdout] warning: function `search_region` is never used
[INFO] [stdout]    --> src/bin/12.rs:112:4
[INFO] [stdout]     |
[INFO] [stdout] 112 | fn search_region(id: i32, region_cluster: HashMap<i32,Region>) -> i32 {
[INFO] [stdout]     |    ^^^^^^^^^^^^^
[INFO] [stdout] 
[INFO] [stdout] 
[INFO] [stdout] warning: function `get_region_id` is never used
[INFO] [stdout]    --> src/bin/12.rs:141:4
[INFO] [stdout]     |
[INFO] [stdout] 141 | fn get_region_id(point: (i32,i32), map: HashMap<i32,Region>) -> i32 {
[INFO] [stdout]     |    ^^^^^^^^^^^^^
[INFO] [stdout] 
[INFO] [stdout] 
[INFO] [stdout] warning: unused variable: `dir`
[INFO] [stdout]   --> src/bin/15.rs:84:16
[INFO] [stdout]    |
[INFO] [stdout] 84 |     let (grid, dir,w,h) = parse_pt2(input);
[INFO] [stdout]    |                ^^^ help: if this is intentional, prefix it with an underscore: `_dir`
[INFO] [stdout]    |
[INFO] [stdout]    = note: `#[warn(unused_variables)]` on by default
[INFO] [stdout] 
[INFO] [stdout] 
[INFO] [stdout] warning: trait `Movable` is never used
[INFO] [stdout]   --> src/bin/15.rs:24:7
[INFO] [stdout]    |
[INFO] [stdout] 24 | trait Movable {
[INFO] [stdout]    |       ^^^^^^^
[INFO] [stdout]    |
[INFO] [stdout]    = note: `#[warn(dead_code)]` on by default
[INFO] [stdout] 
[INFO] [stdout] 
[INFO] [stdout] warning: unused imports: `char::MAX` and `result`
[INFO] [stdout]  --> src/bin/17.rs:1:11
[INFO] [stdout]   |
[INFO] [stdout] 1 | use std::{char::MAX, result};
[INFO] [stdout]   |           ^^^^^^^^^  ^^^^^^
[INFO] [stdout]   |
[INFO] [stdout]   = note: `#[warn(unused_imports)]` on by default
[INFO] [stdout] 
[INFO] [stdout] 
[INFO] [stdout] warning: unused imports: `IntoParallelIterator` and `StepBy`
[INFO] [stdout]  --> src/bin/17.rs:3:44
[INFO] [stdout]   |
[INFO] [stdout] 3 | use rayon::iter::{IndexedParallelIterator, IntoParallelIterator, ParallelIterator, StepBy};
[INFO] [stdout]   |                                            ^^^^^^^^^^^^^^^^^^^^                    ^^^^^^
[INFO] [stdout] 
[INFO] [stdout] 
[INFO] [stdout] warning: unused import: `IndexedParallelIterator`
[INFO] [stdout]  --> src/bin/17.rs:3:19
[INFO] [stdout]   |
[INFO] [stdout] 3 | use rayon::iter::{IndexedParallelIterator, IntoParallelIterator, ParallelIterator, StepBy};
[INFO] [stdout]   |                   ^^^^^^^^^^^^^^^^^^^^^^^
[INFO] [stdout] 
[INFO] [stdout] 
[INFO] [stdout] warning: unused import: `ParallelIterator`
[INFO] [stdout]  --> src/bin/17.rs:3:66
[INFO] [stdout]   |
[INFO] [stdout] 3 | use rayon::iter::{IndexedParallelIterator, IntoParallelIterator, ParallelIterator, StepBy};
[INFO] [stdout]   |                                                                  ^^^^^^^^^^^^^^^^
[INFO] [stdout] 
[INFO] [stdout] 
[INFO] [stdout] warning: unused variable: `result`
[INFO] [stdout]    --> src/bin/17.rs:102:9
[INFO] [stdout]     |
[INFO] [stdout] 102 |     let result: Vec<Vec<u64>> = (165323019388784..165363019388784)
[INFO] [stdout]     |         ^^^^^^ help: if this is intentional, prefix it with an underscore: `_result`
[INFO] [stdout]     |
[INFO] [stdout]     = note: `#[warn(unused_variables)]` on by default
[INFO] [stdout] 
[INFO] [stdout] 
[INFO] [stdout] warning: unused variable: `input`
[INFO] [stdout]   --> src/bin/13.rs:22:17
[INFO] [stdout]    |
[INFO] [stdout] 22 | pub fn part_two(input: &str) -> Option<u32> {
[INFO] [stdout]    |                 ^^^^^ help: if this is intentional, prefix it with an underscore: `_input`
[INFO] [stdout]    |
[INFO] [stdout]    = note: `#[warn(unused_variables)]` on by default
[INFO] [stdout] 
[INFO] [stdout] 
[INFO] [stderr]     Finished `dev` profile [unoptimized + debuginfo] target(s) in 16.59s
[INFO] running `Command { std: "docker" "inspect" "3bd51e7f77091d86d8dba35ee1fc365a10a0192171821f78fbb86be97e342bf8", kill_on_drop: false }`
[INFO] running `Command { std: "docker" "rm" "-f" "3bd51e7f77091d86d8dba35ee1fc365a10a0192171821f78fbb86be97e342bf8", kill_on_drop: false }`
[INFO] [stdout] 3bd51e7f77091d86d8dba35ee1fc365a10a0192171821f78fbb86be97e342bf8
[INFO] running `Command { std: "docker" "create" "-v" "/var/lib/crater-agent-workspace/builds/worker-3-tc1/target:/opt/rustwide/target:rw,Z" "-v" "/var/lib/crater-agent-workspace/builds/worker-3-tc1/source:/opt/rustwide/workdir:ro,Z" "-v" "/var/lib/crater-agent-workspace/cargo-home:/opt/rustwide/cargo-home:ro,Z" "-v" "/var/lib/crater-agent-workspace/rustup-home:/opt/rustwide/rustup-home:ro,Z" "-e" "SOURCE_DIR=/opt/rustwide/workdir" "-e" "CARGO_TARGET_DIR=/opt/rustwide/target" "-e" "CARGO_INCREMENTAL=0" "-e" "RUST_BACKTRACE=full" "-e" "RUSTFLAGS=--cap-lints=forbid" "-e" "RUSTDOCFLAGS=--cap-lints=forbid" "-e" "CARGO_HOME=/opt/rustwide/cargo-home" "-e" "RUSTUP_HOME=/opt/rustwide/rustup-home" "-w" "/opt/rustwide/workdir" "-m" "1610612736" "--user" "0:0" "--network" "none" "ghcr.io/rust-lang/crates-build-env/linux@sha256:819108c5571ea2e421544af4d832f968d213c87fbe3707a016657f43d2f853bc" "/opt/rustwide/cargo-home/bin/cargo" "+nightly-2025-01-18" "test" "--frozen" "--no-run" "--message-format=json", kill_on_drop: false }`
[INFO] [stdout] 0a7b7068fc519f3049af8f1f2717014e5058654e73ccf501f24c1042e3b8977a
[INFO] running `Command { std: "docker" "start" "-a" "0a7b7068fc519f3049af8f1f2717014e5058654e73ccf501f24c1042e3b8977a", kill_on_drop: false }`
[INFO] [stderr]    Compiling advent_of_code v0.11.0 (/opt/rustwide/workdir)
[INFO] [stdout] warning: unused imports: `borrow::BorrowMut`, `iter`, and `rc::Rc`
[INFO] [stdout]  --> src/bin/15.rs:1:11
[INFO] [stdout]   |
[INFO] [stdout] 1 | use std::{borrow::BorrowMut, collections::HashMap, iter, rc::Rc};
[INFO] [stdout]   |           ^^^^^^^^^^^^^^^^^                        ^^^^  ^^^^^^
[INFO] [stdout]   |
[INFO] [stdout]   = note: `#[warn(unused_imports)]` on by default
[INFO] [stdout] 
[INFO] [stdout] 
[INFO] [stdout] warning: unused variable: `max_x`
[INFO] [stdout]    --> src/bin/12.rs:118:9
[INFO] [stdout]     |
[INFO] [stdout] 118 |     let max_x= region.points.iter().map(|f|f.0).max().unwrap();
[INFO] [stdout]     |         ^^^^^ help: if this is intentional, prefix it with an underscore: `_max_x`
[INFO] [stdout]     |
[INFO] [stdout]     = note: `#[warn(unused_variables)]` on by default
[INFO] [stdout] 
[INFO] [stdout] 
[INFO] [stdout] warning: unused variable: `max_y`
[INFO] [stdout]    --> src/bin/12.rs:119:9
[INFO] [stdout]     |
[INFO] [stdout] 119 |     let max_y= region.points.iter().map(|f: &(i32, i32)|f.1).max().unwrap();
[INFO] [stdout]     |         ^^^^^ help: if this is intentional, prefix it with an underscore: `_max_y`
[INFO] [stdout] 
[INFO] [stdout] 
[INFO] [stdout] warning: unused variable: `min_x`
[INFO] [stdout]    --> src/bin/12.rs:120:9
[INFO] [stdout]     |
[INFO] [stdout] 120 |     let min_x= region.points.iter().map(|f: &(i32, i32)|f.0).min().unwrap();
[INFO] [stdout]     |         ^^^^^ help: if this is intentional, prefix it with an underscore: `_min_x`
[INFO] [stdout] 
[INFO] [stdout] 
[INFO] [stdout] warning: unused variable: `min_y`
[INFO] [stdout]    --> src/bin/12.rs:121:9
[INFO] [stdout]     |
[INFO] [stdout] 121 |     let min_y= region.points.iter().map(|f: &(i32, i32)|f.1).min().unwrap();
[INFO] [stdout]     |         ^^^^^ help: if this is intentional, prefix it with an underscore: `_min_y`
[INFO] [stdout] 
[INFO] [stdout] 
[INFO] [stdout] warning: struct `Point` is never constructed
[INFO] [stdout]  --> src/bin/12.rs:6:8
[INFO] [stdout]   |
[INFO] [stdout] 6 | struct Point {
[INFO] [stdout]   |        ^^^^^
[INFO] [stdout]   |
[INFO] [stdout]   = note: `#[warn(dead_code)]` on by default
[INFO] [stdout] 
[INFO] [stdout] 
[INFO] [stdout] warning: struct `Region` is never constructed
[INFO] [stdout]   --> src/bin/12.rs:13:8
[INFO] [stdout]    |
[INFO] [stdout] 13 | struct Region {
[INFO] [stdout]    |        ^^^^^^
[INFO] [stdout] 
[INFO] [stdout] 
[INFO] [stdout] warning: function `search_region` is never used
[INFO] [stdout]    --> src/bin/12.rs:112:4
[INFO] [stdout]     |
[INFO] [stdout] 112 | fn search_region(id: i32, region_cluster: HashMap<i32,Region>) -> i32 {
[INFO] [stdout]     |    ^^^^^^^^^^^^^
[INFO] [stdout] 
[INFO] [stdout] 
[INFO] [stdout] warning: function `get_region_id` is never used
[INFO] [stdout]    --> src/bin/12.rs:141:4
[INFO] [stdout]     |
[INFO] [stdout] 141 | fn get_region_id(point: (i32,i32), map: HashMap<i32,Region>) -> i32 {
[INFO] [stdout]     |    ^^^^^^^^^^^^^
[INFO] [stdout] 
[INFO] [stdout] 
[INFO] [stdout] warning: unused variable: `input`
[INFO] [stdout]   --> src/bin/14.rs:54:17
[INFO] [stdout]    |
[INFO] [stdout] 54 | pub fn part_two(input: &str) -> Option<u32> {
[INFO] [stdout]    |                 ^^^^^ help: if this is intentional, prefix it with an underscore: `_input`
[INFO] [stdout]    |
[INFO] [stdout]    = note: `#[warn(unused_variables)]` on by default
[INFO] [stdout] 
[INFO] [stdout] 
[INFO] [stdout] warning: unused variable: `x`
[INFO] [stdout]   --> src/bin/14.rs:58:28
[INFO] [stdout]    |
[INFO] [stdout] 58 | fn print_matrix_with_point(x: usize, y: usize, set: HashSet<String>) {
[INFO] [stdout]    |                            ^ help: if this is intentional, prefix it with an underscore: `_x`
[INFO] [stdout] 
[INFO] [stdout] 
[INFO] [stdout] warning: unused variable: `y`
[INFO] [stdout]   --> src/bin/14.rs:58:38
[INFO] [stdout]    |
[INFO] [stdout] 58 | fn print_matrix_with_point(x: usize, y: usize, set: HashSet<String>) {
[INFO] [stdout]    |                                      ^ help: if this is intentional, prefix it with an underscore: `_y`
[INFO] [stdout] 
[INFO] [stdout] 
[INFO] [stdout] warning: unused variable: `dir`
[INFO] [stdout]   --> src/bin/15.rs:84:16
[INFO] [stdout]    |
[INFO] [stdout] 84 |     let (grid, dir,w,h) = parse_pt2(input);
[INFO] [stdout]    |                ^^^ help: if this is intentional, prefix it with an underscore: `_dir`
[INFO] [stdout]    |
[INFO] [stdout]    = note: `#[warn(unused_variables)]` on by default
[INFO] [stdout] 
[INFO] [stdout] 
[INFO] [stdout] warning: trait `Movable` is never used
[INFO] [stdout]   --> src/bin/15.rs:24:7
[INFO] [stdout]    |
[INFO] [stdout] 24 | trait Movable {
[INFO] [stdout]    |       ^^^^^^^
[INFO] [stdout]    |
[INFO] [stdout]    = note: `#[warn(dead_code)]` on by default
[INFO] [stdout] 
[INFO] [stdout] 
[INFO] [stdout] warning: unused imports: `char::MAX` and `result`
[INFO] [stdout]  --> src/bin/17.rs:1:11
[INFO] [stdout]   |
[INFO] [stdout] 1 | use std::{char::MAX, result};
[INFO] [stdout]   |           ^^^^^^^^^  ^^^^^^
[INFO] [stdout]   |
[INFO] [stdout]   = note: `#[warn(unused_imports)]` on by default
[INFO] [stdout] 
[INFO] [stdout] 
[INFO] [stdout] warning: unused imports: `IntoParallelIterator` and `StepBy`
[INFO] [stdout]  --> src/bin/17.rs:3:44
[INFO] [stdout]   |
[INFO] [stdout] 3 | use rayon::iter::{IndexedParallelIterator, IntoParallelIterator, ParallelIterator, StepBy};
[INFO] [stdout]   |                                            ^^^^^^^^^^^^^^^^^^^^                    ^^^^^^
[INFO] [stdout] 
[INFO] [stdout] 
[INFO] [stdout] warning: unused import: `IndexedParallelIterator`
[INFO] [stdout]  --> src/bin/17.rs:3:19
[INFO] [stdout]   |
[INFO] [stdout] 3 | use rayon::iter::{IndexedParallelIterator, IntoParallelIterator, ParallelIterator, StepBy};
[INFO] [stdout]   |                   ^^^^^^^^^^^^^^^^^^^^^^^
[INFO] [stdout] 
[INFO] [stdout] 
[INFO] [stdout] warning: unused import: `ParallelIterator`
[INFO] [stdout]  --> src/bin/17.rs:3:66
[INFO] [stdout]   |
[INFO] [stdout] 3 | use rayon::iter::{IndexedParallelIterator, IntoParallelIterator, ParallelIterator, StepBy};
[INFO] [stdout]   |                                                                  ^^^^^^^^^^^^^^^^
[INFO] [stdout] 
[INFO] [stdout] 
[INFO] [stdout] warning: unused variable: `result`
[INFO] [stdout]    --> src/bin/17.rs:102:9
[INFO] [stdout]     |
[INFO] [stdout] 102 |     let result: Vec<Vec<u64>> = (165323019388784..165363019388784)
[INFO] [stdout]     |         ^^^^^^ help: if this is intentional, prefix it with an underscore: `_result`
[INFO] [stdout]     |
[INFO] [stdout]     = note: `#[warn(unused_variables)]` on by default
[INFO] [stdout] 
[INFO] [stdout] 
[INFO] [stdout] warning: unused variable: `input`
[INFO] [stdout]   --> src/bin/13.rs:22:17
[INFO] [stdout]    |
[INFO] [stdout] 22 | pub fn part_two(input: &str) -> Option<u32> {
[INFO] [stdout]    |                 ^^^^^ help: if this is intentional, prefix it with an underscore: `_input`
[INFO] [stdout]    |
[INFO] [stdout]    = note: `#[warn(unused_variables)]` on by default
[INFO] [stdout] 
[INFO] [stdout] 
[INFO] [stderr]     Finished `test` profile [unoptimized + debuginfo] target(s) in 4.83s
[INFO] running `Command { std: "docker" "inspect" "0a7b7068fc519f3049af8f1f2717014e5058654e73ccf501f24c1042e3b8977a", kill_on_drop: false }`
[INFO] running `Command { std: "docker" "rm" "-f" "0a7b7068fc519f3049af8f1f2717014e5058654e73ccf501f24c1042e3b8977a", kill_on_drop: false }`
[INFO] [stdout] 0a7b7068fc519f3049af8f1f2717014e5058654e73ccf501f24c1042e3b8977a
[INFO] running `Command { std: "docker" "create" "-v" "/var/lib/crater-agent-workspace/builds/worker-3-tc1/target:/opt/rustwide/target:rw,Z" "-v" "/var/lib/crater-agent-workspace/builds/worker-3-tc1/source:/opt/rustwide/workdir:ro,Z" "-v" "/var/lib/crater-agent-workspace/cargo-home:/opt/rustwide/cargo-home:ro,Z" "-v" "/var/lib/crater-agent-workspace/rustup-home:/opt/rustwide/rustup-home:ro,Z" "-e" "SOURCE_DIR=/opt/rustwide/workdir" "-e" "CARGO_TARGET_DIR=/opt/rustwide/target" "-e" "CARGO_INCREMENTAL=0" "-e" "RUST_BACKTRACE=full" "-e" "RUSTFLAGS=--cap-lints=forbid" "-e" "RUSTDOCFLAGS=--cap-lints=forbid" "-e" "CARGO_HOME=/opt/rustwide/cargo-home" "-e" "RUSTUP_HOME=/opt/rustwide/rustup-home" "-w" "/opt/rustwide/workdir" "-m" "1610612736" "--user" "0:0" "--network" "none" "ghcr.io/rust-lang/crates-build-env/linux@sha256:819108c5571ea2e421544af4d832f968d213c87fbe3707a016657f43d2f853bc" "/opt/rustwide/cargo-home/bin/cargo" "+nightly-2025-01-18" "test" "--frozen", kill_on_drop: false }`
[INFO] [stdout] 822833389c15c0e038de91a77f76e83ef151a3863f06bb0d0b63b14d0ac71727
[INFO] running `Command { std: "docker" "start" "-a" "822833389c15c0e038de91a77f76e83ef151a3863f06bb0d0b63b14d0ac71727", kill_on_drop: false }`
[INFO] [stderr] warning: unused imports: `char::MAX` and `result`
[INFO] [stderr]  --> src/bin/17.rs:1:11
[INFO] [stderr]   |
[INFO] [stderr] 1 | use std::{char::MAX, result};
[INFO] [stderr]   |           ^^^^^^^^^  ^^^^^^
[INFO] [stderr]   |
[INFO] [stderr]   = note: `#[warn(unused_imports)]` on by default
[INFO] [stderr] 
[INFO] [stderr] warning: unused imports: `IntoParallelIterator` and `StepBy`
[INFO] [stderr]  --> src/bin/17.rs:3:44
[INFO] [stderr]   |
[INFO] [stderr] 3 | use rayon::iter::{IndexedParallelIterator, IntoParallelIterator, ParallelIterator, StepBy};
[INFO] [stderr]   |                                            ^^^^^^^^^^^^^^^^^^^^                    ^^^^^^
[INFO] [stderr] 
[INFO] [stderr] warning: unused import: `IndexedParallelIterator`
[INFO] [stderr]  --> src/bin/17.rs:3:19
[INFO] [stderr]   |
[INFO] [stderr] 3 | use rayon::iter::{IndexedParallelIterator, IntoParallelIterator, ParallelIterator, StepBy};
[INFO] [stderr]   |                   ^^^^^^^^^^^^^^^^^^^^^^^
[INFO] [stderr] 
[INFO] [stderr] warning: unused import: `ParallelIterator`
[INFO] [stderr]  --> src/bin/17.rs:3:66
[INFO] [stderr]   |
[INFO] [stderr] 3 | use rayon::iter::{IndexedParallelIterator, IntoParallelIterator, ParallelIterator, StepBy};
[INFO] [stderr]   |                                                                  ^^^^^^^^^^^^^^^^
[INFO] [stderr] 
[INFO] [stderr] warning: unused variable: `result`
[INFO] [stderr]    --> src/bin/17.rs:102:9
[INFO] [stderr]     |
[INFO] [stderr] 102 |     let result: Vec<Vec<u64>> = (165323019388784..165363019388784)
[INFO] [stderr]     |         ^^^^^^ help: if this is intentional, prefix it with an underscore: `_result`
[INFO] [stderr]     |
[INFO] [stderr]     = note: `#[warn(unused_variables)]` on by default
[INFO] [stderr] 
[INFO] [stderr] warning: unused variable: `input`
[INFO] [stderr]   --> src/bin/13.rs:22:17
[INFO] [stderr]    |
[INFO] [stderr] 22 | pub fn part_two(input: &str) -> Option<u32> {
[INFO] [stderr]    |                 ^^^^^ help: if this is intentional, prefix it with an underscore: `_input`
[INFO] [stderr]    |
[INFO] [stderr]    = note: `#[warn(unused_variables)]` on by default
[INFO] [stderr] 
[INFO] [stderr] warning: unused variable: `input`
[INFO] [stderr]   --> src/bin/14.rs:54:17
[INFO] [stderr]    |
[INFO] [stderr] 54 | pub fn part_two(input: &str) -> Option<u32> {
[INFO] [stderr]    |                 ^^^^^ help: if this is intentional, prefix it with an underscore: `_input`
[INFO] [stderr]    |
[INFO] [stderr]    = note: `#[warn(unused_variables)]` on by default
[INFO] [stderr] 
[INFO] [stderr] warning: unused variable: `x`
[INFO] [stderr]   --> src/bin/14.rs:58:28
[INFO] [stderr]    |
[INFO] [stderr] 58 | fn print_matrix_with_point(x: usize, y: usize, set: HashSet<String>) {
[INFO] [stderr]    |                            ^ help: if this is intentional, prefix it with an underscore: `_x`
[INFO] [stderr] 
[INFO] [stderr] warning: unused variable: `y`
[INFO] [stderr]   --> src/bin/14.rs:58:38
[INFO] [stderr]    |
[INFO] [stderr] 58 | fn print_matrix_with_point(x: usize, y: usize, set: HashSet<String>) {
[INFO] [stderr]    |                                      ^ help: if this is intentional, prefix it with an underscore: `_y`
[INFO] [stderr] 
[INFO] [stderr] warning: unused imports: `borrow::BorrowMut`, `iter`, and `rc::Rc`
[INFO] [stderr]  --> src/bin/15.rs:1:11
[INFO] [stderr]   |
[INFO] [stderr] 1 | use std::{borrow::BorrowMut, collections::HashMap, iter, rc::Rc};
[INFO] [stderr]   |           ^^^^^^^^^^^^^^^^^                        ^^^^  ^^^^^^
[INFO] [stderr]   |
[INFO] [stderr]   = note: `#[warn(unused_imports)]` on by default
[INFO] [stderr] 
[INFO] [stderr] warning: unused variable: `dir`
[INFO] [stderr]   --> src/bin/15.rs:84:16
[INFO] [stderr]    |
[INFO] [stderr] 84 |     let (grid, dir,w,h) = parse_pt2(input);
[INFO] [stderr]    |                ^^^ help: if this is intentional, prefix it with an underscore: `_dir`
[INFO] [stderr]    |
[INFO] [stderr]    = note: `#[warn(unused_variables)]` on by default
[INFO] [stderr] 
[INFO] [stderr] warning: trait `Movable` is never used
[INFO] [stderr]   --> src/bin/15.rs:24:7
[INFO] [stderr]    |
[INFO] [stderr] 24 | trait Movable {
[INFO] [stderr]    |       ^^^^^^^
[INFO] [stderr]    |
[INFO] [stderr]    = note: `#[warn(dead_code)]` on by default
[INFO] [stderr] 
[INFO] [stderr] warning: `advent_of_code` (bin "17" test) generated 5 warnings (run `cargo fix --bin "17" --tests` to apply 2 suggestions)
[INFO] [stderr] warning: `advent_of_code` (bin "13" test) generated 1 warning
[INFO] [stderr] warning: `advent_of_code` (bin "14" test) generated 3 warnings
[INFO] [stderr] warning: `advent_of_code` (bin "15" test) generated 3 warnings (run `cargo fix --bin "15" --tests` to apply 1 suggestion)
[INFO] [stderr] warning: unused variable: `max_x`
[INFO] [stderr]    --> src/bin/12.rs:118:9
[INFO] [stderr]     |
[INFO] [stderr] 118 |     let max_x= region.points.iter().map(|f|f.0).max().unwrap();
[INFO] [stderr]     |         ^^^^^ help: if this is intentional, prefix it with an underscore: `_max_x`
[INFO] [stderr]     |
[INFO] [stderr]     = note: `#[warn(unused_variables)]` on by default
[INFO] [stderr] 
[INFO] [stderr] warning: unused variable: `max_y`
[INFO] [stderr]    --> src/bin/12.rs:119:9
[INFO] [stderr]     |
[INFO] [stderr] 119 |     let max_y= region.points.iter().map(|f: &(i32, i32)|f.1).max().unwrap();
[INFO] [stderr]     |         ^^^^^ help: if this is intentional, prefix it with an underscore: `_max_y`
[INFO] [stderr] 
[INFO] [stderr] warning: unused variable: `min_x`
[INFO] [stderr]    --> src/bin/12.rs:120:9
[INFO] [stderr]     |
[INFO] [stderr] 120 |     let min_x= region.points.iter().map(|f: &(i32, i32)|f.0).min().unwrap();
[INFO] [stderr]     |         ^^^^^ help: if this is intentional, prefix it with an underscore: `_min_x`
[INFO] [stderr] 
[INFO] [stderr] warning: unused variable: `min_y`
[INFO] [stderr]    --> src/bin/12.rs:121:9
[INFO] [stderr]     |
[INFO] [stderr] 121 |     let min_y= region.points.iter().map(|f: &(i32, i32)|f.1).min().unwrap();
[INFO] [stderr]     |         ^^^^^ help: if this is intentional, prefix it with an underscore: `_min_y`
[INFO] [stderr] 
[INFO] [stderr] warning: struct `Point` is never constructed
[INFO] [stderr]  --> src/bin/12.rs:6:8
[INFO] [stderr]   |
[INFO] [stderr] 6 | struct Point {
[INFO] [stderr]   |        ^^^^^
[INFO] [stderr]   |
[INFO] [stderr]   = note: `#[warn(dead_code)]` on by default
[INFO] [stderr] 
[INFO] [stderr] warning: struct `Region` is never constructed
[INFO] [stderr]   --> src/bin/12.rs:13:8
[INFO] [stderr]    |
[INFO] [stderr] 13 | struct Region {
[INFO] [stderr]    |        ^^^^^^
[INFO] [stderr] 
[INFO] [stderr] warning: function `search_region` is never used
[INFO] [stderr]    --> src/bin/12.rs:112:4
[INFO] [stderr]     |
[INFO] [stderr] 112 | fn search_region(id: i32, region_cluster: HashMap<i32,Region>) -> i32 {
[INFO] [stderr]     |    ^^^^^^^^^^^^^
[INFO] [stderr] 
[INFO] [stderr] warning: function `get_region_id` is never used
[INFO] [stderr]    --> src/bin/12.rs:141:4
[INFO] [stderr]     |
[INFO] [stderr] 141 | fn get_region_id(point: (i32,i32), map: HashMap<i32,Region>) -> i32 {
[INFO] [stderr]     |    ^^^^^^^^^^^^^
[INFO] [stderr] 
[INFO] [stderr] warning: `advent_of_code` (bin "12" test) generated 8 warnings
[INFO] [stderr]     Finished `test` profile [unoptimized + debuginfo] target(s) in 0.08s
[INFO] [stderr]      Running unittests src/lib.rs (/opt/rustwide/target/debug/deps/advent_of_code-2d28e26c2892ee00)
[INFO] [stdout] 
[INFO] [stdout] running 0 tests
[INFO] [stdout] 
[INFO] [stderr]      Running unittests src/bin/01.rs (/opt/rustwide/target/debug/deps/01-c984a7c54b5678ea)
[INFO] [stdout] test result: ok. 0 passed; 0 failed; 0 ignored; 0 measured; 0 filtered out; finished in 0.00s
[INFO] [stdout] 
[INFO] [stdout] 
[INFO] [stdout] running 2 tests
[INFO] [stdout] test tests::test_part_two ... ok
[INFO] [stdout] test tests::test_part_one ... ok
[INFO] [stdout] 
[INFO] [stdout] test result: ok. 2 passed; 0 failed; 0 ignored; 0 measured; 0 filtered out; finished in 0.00s
[INFO] [stdout] 
[INFO] [stderr]      Running unittests src/bin/02.rs (/opt/rustwide/target/debug/deps/02-0c6ab2a38fbf603e)
[INFO] [stdout] 
[INFO] [stdout] running 2 tests
[INFO] [stdout] test tests::test_part_two ... ok
[INFO] [stderr]      Running unittests src/bin/03.rs (/opt/rustwide/target/debug/deps/03-e8411fc5874f741a)
[INFO] [stdout] test tests::test_part_one ... ok
[INFO] [stdout] 
[INFO] [stdout] test result: ok. 2 passed; 0 failed; 0 ignored; 0 measured; 0 filtered out; finished in 0.01s
[INFO] [stdout] 
[INFO] [stdout] 
[INFO] [stdout] running 2 tests
[INFO] [stdout] test tests::test_part_one ... ok
[INFO] [stdout] test tests::test_part_two ... ok
[INFO] [stdout] 
[INFO] [stdout] test result: ok. 2 passed; 0 failed; 0 ignored; 0 measured; 0 filtered out; finished in 0.02s
[INFO] [stdout] 
[INFO] [stderr]      Running unittests src/bin/04.rs (/opt/rustwide/target/debug/deps/04-7d07c3a09605f04c)
[INFO] [stdout] 
[INFO] [stdout] running 2 tests
[INFO] [stdout] test tests::test_part_one ... ok
[INFO] [stdout] test tests::test_part_two ... ok
[INFO] [stdout] 
[INFO] [stdout] test result: ok. 2 passed; 0 failed; 0 ignored; 0 measured; 0 filtered out; finished in 0.01s
[INFO] [stdout] 
[INFO] [stderr]      Running unittests src/bin/05.rs (/opt/rustwide/target/debug/deps/05-c6191f3ccdd92fd4)
[INFO] [stdout] 
[INFO] [stdout] running 2 tests
[INFO] [stdout] test tests::test_part_one ... ok
[INFO] [stdout] test tests::test_part_two ... ok
[INFO] [stdout] 
[INFO] [stdout] test result: ok. 2 passed; 0 failed; 0 ignored; 0 measured; 0 filtered out; finished in 0.00s
[INFO] [stdout] 
[INFO] [stderr]      Running unittests src/bin/06.rs (/opt/rustwide/target/debug/deps/06-aabf1c5bfd98904d)
[INFO] [stdout] 
[INFO] [stdout] running 2 tests
[INFO] [stdout] test tests::test_part_one ... ok
[INFO] [stdout] test tests::test_part_two ... ok
[INFO] [stdout] 
[INFO] [stdout] test result: ok. 2 passed; 0 failed; 0 ignored; 0 measured; 0 filtered out; finished in 0.03s
[INFO] [stdout] 
[INFO] [stderr]      Running unittests src/bin/07.rs (/opt/rustwide/target/debug/deps/07-0d16ce9f103938a3)
[INFO] [stdout] 
[INFO] [stdout] running 2 tests
[INFO] [stdout] test tests::test_part_one ... ok
[INFO] [stdout] test tests::test_part_two ... ok
[INFO] [stdout] 
[INFO] [stdout] test result: ok. 2 passed; 0 failed; 0 ignored; 0 measured; 0 filtered out; finished in 0.00s
[INFO] [stdout] 
[INFO] [stderr]      Running unittests src/bin/08.rs (/opt/rustwide/target/debug/deps/08-180fbcbf4fd3b836)
[INFO] [stdout] 
[INFO] [stdout] running 2 tests
[INFO] [stdout] test tests::test_part_one ... ok
[INFO] [stdout] test tests::test_part_two ... ok
[INFO] [stdout] 
[INFO] [stdout] test result: ok. 2 passed; 0 failed; 0 ignored; 0 measured; 0 filtered out; finished in 0.02s
[INFO] [stdout] 
[INFO] [stderr]      Running unittests src/bin/09.rs (/opt/rustwide/target/debug/deps/09-f2dff7c66a931e06)
[INFO] [stdout] 
[INFO] [stdout] running 2 tests
[INFO] [stdout] test tests::test_part_two ... ok
[INFO] [stdout] test tests::test_part_one ... ok
[INFO] [stdout] 
[INFO] [stdout] test result: ok. 2 passed; 0 failed; 0 ignored; 0 measured; 0 filtered out; finished in 0.01s
[INFO] [stdout] 
[INFO] [stderr]      Running unittests src/bin/10.rs (/opt/rustwide/target/debug/deps/10-ae0a5d1069febf50)
[INFO] [stdout] 
[INFO] [stdout] running 2 tests
[INFO] [stderr]      Running unittests src/bin/11.rs (/opt/rustwide/target/debug/deps/11-6d8b0c9943553e5f)
[INFO] [stdout] test tests::test_part_two ... ok
[INFO] [stdout] test tests::test_part_one ... ok
[INFO] [stdout] 
[INFO] [stdout] test result: ok. 2 passed; 0 failed; 0 ignored; 0 measured; 0 filtered out; finished in 0.01s
[INFO] [stdout] 
[INFO] [stdout] 
[INFO] [stdout] running 2 tests
[INFO] [stdout] test tests::test_part_two ... FAILED
[INFO] [stdout] test tests::test_part_one ... ok
[INFO] [stdout] 
[INFO] [stdout] failures:
[INFO] [stdout] 
[INFO] [stdout] ---- tests::test_part_two stdout ----
[INFO] [stdout] 
[INFO] [stdout] thread 'tests::test_part_two' panicked at src/bin/11.rs:92:9:
[INFO] [stdout] assertion `left == right` failed
[INFO] [stdout]   left: Some(65601038650482)
[INFO] [stdout]  right: Some(55312)
[INFO] [stdout] stack backtrace:
[INFO] [stdout]    0:     0x6224246bfbaa - std::backtrace_rs::backtrace::libunwind::trace::hb059275cfc8d6126
[INFO] [stdout]                                at /rustc/6067b36314ab5eb2eb47cecc464545ba58e1ad24/library/std/src/../../backtrace/src/backtrace/libunwind.rs:116:5
[INFO] [stdout]    1:     0x6224246bfbaa - std::backtrace_rs::backtrace::trace_unsynchronized::h2da071e4327ce3ee
[INFO] [stdout]                                at /rustc/6067b36314ab5eb2eb47cecc464545ba58e1ad24/library/std/src/../../backtrace/src/backtrace/mod.rs:66:5
[INFO] [stdout]    2:     0x6224246bfbaa - std::sys::backtrace::_print_fmt::h842a1474e6f8d23f
[INFO] [stdout]                                at /rustc/6067b36314ab5eb2eb47cecc464545ba58e1ad24/library/std/src/sys/backtrace.rs:66:9
[INFO] [stdout]    3:     0x6224246bfbaa - <std::sys::backtrace::BacktraceLock::print::DisplayBacktrace as core::fmt::Display>::fmt::h71a62eb3b9696b12
[INFO] [stdout]                                at /rustc/6067b36314ab5eb2eb47cecc464545ba58e1ad24/library/std/src/sys/backtrace.rs:39:26
[INFO] [stdout]    4:     0x6224246e7293 - core::fmt::rt::Argument::fmt::hdb6b616786b41dc1
[INFO] [stdout]                                at /rustc/6067b36314ab5eb2eb47cecc464545ba58e1ad24/library/core/src/fmt/rt.rs:177:76
[INFO] [stdout]    5:     0x6224246e7293 - core::fmt::write::h2cc1698af7e2d686
[INFO] [stdout]                                at /rustc/6067b36314ab5eb2eb47cecc464545ba58e1ad24/library/core/src/fmt/mod.rs:1440:21
[INFO] [stdout]    6:     0x6224246bc563 - std::io::Write::write_fmt::hab1b4cd059a79022
[INFO] [stdout]                                at /rustc/6067b36314ab5eb2eb47cecc464545ba58e1ad24/library/std/src/io/mod.rs:1887:15
[INFO] [stdout]    7:     0x6224246bf9f2 - std::sys::backtrace::BacktraceLock::print::h147fe35b4ea13b08
[INFO] [stdout]                                at /rustc/6067b36314ab5eb2eb47cecc464545ba58e1ad24/library/std/src/sys/backtrace.rs:42:9
[INFO] [stdout]    8:     0x6224246c0fcf - std::panicking::default_hook::{{closure}}::hbd44223dbdc0d208
[INFO] [stdout]                                at /rustc/6067b36314ab5eb2eb47cecc464545ba58e1ad24/library/std/src/panicking.rs:298:22
[INFO] [stdout]    9:     0x6224246c0de8 - std::panicking::default_hook::h20f81eb0576efcec
[INFO] [stdout]                                at /rustc/6067b36314ab5eb2eb47cecc464545ba58e1ad24/library/std/src/panicking.rs:322:9
[INFO] [stdout]   10:     0x6224246819f3 - <alloc::boxed::Box<F,A> as core::ops::function::Fn<Args>>::call::hdb53814c496a4d34
[INFO] [stdout]                                at /rustc/6067b36314ab5eb2eb47cecc464545ba58e1ad24/library/alloc/src/boxed.rs:2027:9
[INFO] [stdout]   11:     0x6224246819f3 - test::test_main::{{closure}}::hc0a4963c59427c24
[INFO] [stdout]                                at /rustc/6067b36314ab5eb2eb47cecc464545ba58e1ad24/library/test/src/lib.rs:134:21
[INFO] [stdout]   12:     0x6224246c1ac3 - <alloc::boxed::Box<F,A> as core::ops::function::Fn<Args>>::call::h591b2225413a77e9
[INFO] [stdout]                                at /rustc/6067b36314ab5eb2eb47cecc464545ba58e1ad24/library/alloc/src/boxed.rs:2027:9
[INFO] [stdout]   13:     0x6224246c1ac3 - std::panicking::rust_panic_with_hook::h625eea43051b2edc
[INFO] [stdout]                                at /rustc/6067b36314ab5eb2eb47cecc464545ba58e1ad24/library/std/src/panicking.rs:839:13
[INFO] [stdout]   14:     0x6224246c177a - std::panicking::begin_panic_handler::{{closure}}::h4f9159cfbc3f6bd3
[INFO] [stdout]                                at /rustc/6067b36314ab5eb2eb47cecc464545ba58e1ad24/library/std/src/panicking.rs:704:13
[INFO] [stdout]   15:     0x6224246c00a9 - std::sys::backtrace::__rust_end_short_backtrace::h0390abce48353151
[INFO] [stdout]                                at /rustc/6067b36314ab5eb2eb47cecc464545ba58e1ad24/library/std/src/sys/backtrace.rs:168:18
[INFO] [stdout]   16:     0x6224246c140d - rust_begin_unwind
[INFO] [stdout]                                at /rustc/6067b36314ab5eb2eb47cecc464545ba58e1ad24/library/std/src/panicking.rs:695:5
[INFO] [stdout]   17:     0x6224246e5ca0 - core::panicking::panic_fmt::h9e7c637e9e5f29c9
[INFO] [stdout]                                at /rustc/6067b36314ab5eb2eb47cecc464545ba58e1ad24/library/core/src/panicking.rs:75:14
[INFO] [stdout]   18:     0x6224246e6062 - core::panicking::assert_failed_inner::h538bec7c1374cd9c
[INFO] [stdout]   19:     0x622424645cbc - core::panicking::assert_failed::h5671e1626ecddeb6
[INFO] [stdout]                                at /rustc/6067b36314ab5eb2eb47cecc464545ba58e1ad24/library/core/src/panicking.rs:364:5
[INFO] [stdout]   20:     0x622424647903 - _11::tests::test_part_two::h7a14d9ade96e479b
[INFO] [stdout]                                at /opt/rustwide/workdir/src/bin/11.rs:92:9
[INFO] [stdout]   21:     0x6224246477e7 - _11::tests::test_part_two::{{closure}}::hbe31a15a71c271c0
[INFO] [stdout]                                at /opt/rustwide/workdir/src/bin/11.rs:90:23
[INFO] [stdout]   22:     0x622424645226 - core::ops::function::FnOnce::call_once::hf4c752c93bafcdb0
[INFO] [stdout]                                at /rustc/6067b36314ab5eb2eb47cecc464545ba58e1ad24/library/core/src/ops/function.rs:250:5
[INFO] [stdout]   23:     0x62242468714b - core::ops::function::FnOnce::call_once::he27718dfdd183f43
[INFO] [stdout]                                at /rustc/6067b36314ab5eb2eb47cecc464545ba58e1ad24/library/core/src/ops/function.rs:250:5
[INFO] [stdout]   24:     0x62242468714b - test::__rust_begin_short_backtrace::h4e84902998457a5d
[INFO] [stdout]                                at /rustc/6067b36314ab5eb2eb47cecc464545ba58e1ad24/library/test/src/lib.rs:632:18
[INFO] [stdout]   25:     0x622424686083 - test::run_test_in_process::{{closure}}::h7176fd18fc1feca0
[INFO] [stdout]                                at /rustc/6067b36314ab5eb2eb47cecc464545ba58e1ad24/library/test/src/lib.rs:655:60
[INFO] [stdout]   26:     0x622424686083 - <core::panic::unwind_safe::AssertUnwindSafe<F> as core::ops::function::FnOnce<()>>::call_once::hf79cff2a624d8cf7
[INFO] [stdout]                                at /rustc/6067b36314ab5eb2eb47cecc464545ba58e1ad24/library/core/src/panic/unwind_safe.rs:272:9
[INFO] [stdout]   27:     0x622424686083 - std::panicking::try::do_call::h3da0561d9ab99c25
[INFO] [stdout]                                at /rustc/6067b36314ab5eb2eb47cecc464545ba58e1ad24/library/std/src/panicking.rs:587:40
[INFO] [stdout]   28:     0x622424686083 - std::panicking::try::h41c9fa508bc61df6
[INFO] [stdout]                                at /rustc/6067b36314ab5eb2eb47cecc464545ba58e1ad24/library/std/src/panicking.rs:550:19
[INFO] [stdout]   29:     0x622424686083 - std::panic::catch_unwind::h6b3ff07bb5afad93
[INFO] [stdout]                                at /rustc/6067b36314ab5eb2eb47cecc464545ba58e1ad24/library/std/src/panic.rs:358:14
[INFO] [stdout]   30:     0x622424686083 - test::run_test_in_process::hc7253dd11b39b9f4
[INFO] [stdout]                                at /rustc/6067b36314ab5eb2eb47cecc464545ba58e1ad24/library/test/src/lib.rs:655:27
[INFO] [stdout]   31:     0x622424686083 - test::run_test::{{closure}}::hfb2007f8649c30bb
[INFO] [stdout]                                at /rustc/6067b36314ab5eb2eb47cecc464545ba58e1ad24/library/test/src/lib.rs:576:43
[INFO] [stdout]   32:     0x622424649165 - test::run_test::{{closure}}::h56a17aa7a282a9f4
[INFO] [stdout]                                at /rustc/6067b36314ab5eb2eb47cecc464545ba58e1ad24/library/test/src/lib.rs:606:41
[INFO] [stdout]   33:     0x622424649165 - std::sys::backtrace::__rust_begin_short_backtrace::hd2d2d2fb8e8c6aac
[INFO] [stdout]                                at /rustc/6067b36314ab5eb2eb47cecc464545ba58e1ad24/library/std/src/sys/backtrace.rs:152:18
[INFO] [stdout]   34:     0x62242464ca4a - std::thread::Builder::spawn_unchecked_::{{closure}}::{{closure}}::h4faa3f9db6133423
[INFO] [stdout]                                at /rustc/6067b36314ab5eb2eb47cecc464545ba58e1ad24/library/std/src/thread/mod.rs:559:17
[INFO] [stdout]   35:     0x62242464ca4a - <core::panic::unwind_safe::AssertUnwindSafe<F> as core::ops::function::FnOnce<()>>::call_once::hf2e855a36a4ea846
[INFO] [stdout]                                at /rustc/6067b36314ab5eb2eb47cecc464545ba58e1ad24/library/core/src/panic/unwind_safe.rs:272:9
[INFO] [stdout]   36:     0x62242464ca4a - std::panicking::try::do_call::h2f73af3616c35465
[INFO] [stdout]                                at /rustc/6067b36314ab5eb2eb47cecc464545ba58e1ad24/library/std/src/panicking.rs:587:40
[INFO] [stdout]   37:     0x62242464ca4a - std::panicking::try::hd1660ce9efadef5a
[INFO] [stdout]                                at /rustc/6067b36314ab5eb2eb47cecc464545ba58e1ad24/library/std/src/panicking.rs:550:19
[INFO] [stdout]   38:     0x62242464ca4a - std::panic::catch_unwind::h5ee8d7823b8ca744
[INFO] [stdout]                                at /rustc/6067b36314ab5eb2eb47cecc464545ba58e1ad24/library/std/src/panic.rs:358:14
[INFO] [stdout]   39:     0x62242464ca4a - std::thread::Builder::spawn_unchecked_::{{closure}}::h53c3a1894dce8407
[INFO] [stdout]                                at /rustc/6067b36314ab5eb2eb47cecc464545ba58e1ad24/library/std/src/thread/mod.rs:557:30
[INFO] [stdout]   40:     0x62242464ca4a - core::ops::function::FnOnce::call_once{{vtable.shim}}::h048ce291ad4f62bf
[INFO] [stdout]                                at /rustc/6067b36314ab5eb2eb47cecc464545ba58e1ad24/library/core/src/ops/function.rs:250:5
[INFO] [stdout]   41:     0x6224246c59fb - <alloc::boxed::Box<F,A> as core::ops::function::FnOnce<Args>>::call_once::ha52bedf99a3b4981
[INFO] [stdout]                                at /rustc/6067b36314ab5eb2eb47cecc464545ba58e1ad24/library/alloc/src/boxed.rs:2013:9
[INFO] [stdout]   42:     0x6224246c59fb - <alloc::boxed::Box<F,A> as core::ops::function::FnOnce<Args>>::call_once::h567748934d80ccf8
[INFO] [stdout]                                at /rustc/6067b36314ab5eb2eb47cecc464545ba58e1ad24/library/alloc/src/boxed.rs:2013:9
[INFO] [stdout]   43:     0x6224246c59fb - std::sys::pal::unix::thread::Thread::new::thread_start::h2d970728ae887adc
[INFO] [stdout]                                at /rustc/6067b36314ab5eb2eb47cecc464545ba58e1ad24/library/std/src/sys/pal/unix/thread.rs:106:17
[INFO] [stdout]   44:     0x7e0398efeac3 - <unknown>
[INFO] [stdout]   45:     0x7e0398f8fa04 - clone
[INFO] [stdout]   46:                0x0 - <unknown>
[INFO] [stdout] 
[INFO] [stdout] 
[INFO] [stdout] failures:
[INFO] [stdout]     tests::test_part_two
[INFO] [stdout] 
[INFO] [stdout] test result: FAILED. 1 passed; 1 failed; 0 ignored; 0 measured; 0 filtered out; finished in 0.11s
[INFO] [stdout] 
[INFO] [stderr] error: test failed, to rerun pass `--bin 11`
[INFO] running `Command { std: "docker" "inspect" "822833389c15c0e038de91a77f76e83ef151a3863f06bb0d0b63b14d0ac71727", kill_on_drop: false }`
[INFO] running `Command { std: "docker" "rm" "-f" "822833389c15c0e038de91a77f76e83ef151a3863f06bb0d0b63b14d0ac71727", kill_on_drop: false }`
[INFO] [stdout] 822833389c15c0e038de91a77f76e83ef151a3863f06bb0d0b63b14d0ac71727
