[INFO] cloning repository https://github.com/moonrepo/starbase
[INFO] running `Command { std: "git" "-c" "credential.helper=" "-c" "credential.helper=/workspace/cargo-home/bin/git-credential-null" "clone" "--bare" "https://github.com/moonrepo/starbase" "/workspace/cache/git-repos/https%3A%2F%2Fgithub.com%2Fmoonrepo%2Fstarbase", kill_on_drop: false }`
[INFO] [stderr] Cloning into bare repository '/workspace/cache/git-repos/https%3A%2F%2Fgithub.com%2Fmoonrepo%2Fstarbase'...
[INFO] running `Command { std: "git" "rev-parse" "HEAD", kill_on_drop: false }`
[INFO] [stdout] 910b22ebfd388caae90fb3a6dcb982c6e2b5b161
[INFO] testing moonrepo/starbase against nightly-2025-01-18+rustflags=-Zrandomize-layout for randomize-layout-2
[INFO] running `Command { std: "git" "clone" "/workspace/cache/git-repos/https%3A%2F%2Fgithub.com%2Fmoonrepo%2Fstarbase" "/workspace/builds/worker-2-tc2/source", kill_on_drop: false }`
[INFO] [stderr] Cloning into '/workspace/builds/worker-2-tc2/source'...
[INFO] [stderr] done.
[INFO] validating manifest of git repo https://github.com/moonrepo/starbase on toolchain nightly-2025-01-18
[INFO] running `Command { std: CARGO_HOME="/workspace/cargo-home" RUSTUP_HOME="/workspace/rustup-home" "/workspace/cargo-home/bin/cargo" "+nightly-2025-01-18" "metadata" "--manifest-path" "Cargo.toml" "--no-deps", kill_on_drop: false }`
[INFO] removed /workspace/builds/worker-2-tc2/source/rust-toolchain.toml
[INFO] started tweaking git repo https://github.com/moonrepo/starbase
[INFO] finished tweaking git repo https://github.com/moonrepo/starbase
[INFO] tweaked toml for git repo https://github.com/moonrepo/starbase written to /workspace/builds/worker-2-tc2/source/Cargo.toml
[INFO] crate git repo https://github.com/moonrepo/starbase already has a lockfile, it will not be regenerated
[INFO] running `Command { std: CARGO_HOME="/workspace/cargo-home" RUSTUP_HOME="/workspace/rustup-home" "/workspace/cargo-home/bin/cargo" "+nightly-2025-01-18" "fetch" "--manifest-path" "Cargo.toml", kill_on_drop: false }`
[INFO] running `Command { std: "docker" "create" "-v" "/var/lib/crater-agent-workspace/builds/worker-2-tc2/target:/opt/rustwide/target:rw,Z" "-v" "/var/lib/crater-agent-workspace/builds/worker-2-tc2/source:/opt/rustwide/workdir:ro,Z" "-v" "/var/lib/crater-agent-workspace/cargo-home:/opt/rustwide/cargo-home:ro,Z" "-v" "/var/lib/crater-agent-workspace/rustup-home:/opt/rustwide/rustup-home:ro,Z" "-e" "SOURCE_DIR=/opt/rustwide/workdir" "-e" "CARGO_TARGET_DIR=/opt/rustwide/target" "-e" "CARGO_HOME=/opt/rustwide/cargo-home" "-e" "RUSTUP_HOME=/opt/rustwide/rustup-home" "-w" "/opt/rustwide/workdir" "-m" "1610612736" "--user" "0:0" "--network" "none" "ghcr.io/rust-lang/crates-build-env/linux@sha256:819108c5571ea2e421544af4d832f968d213c87fbe3707a016657f43d2f853bc" "/opt/rustwide/cargo-home/bin/cargo" "+nightly-2025-01-18" "metadata" "--no-deps" "--format-version=1", kill_on_drop: false }`
[INFO] [stdout] be7ce44089879b4b5d41b089a02f737d78ef918001cd1b6544d6628fa98f230a
[INFO] running `Command { std: "docker" "start" "-a" "be7ce44089879b4b5d41b089a02f737d78ef918001cd1b6544d6628fa98f230a", kill_on_drop: false }`
[INFO] running `Command { std: "docker" "inspect" "be7ce44089879b4b5d41b089a02f737d78ef918001cd1b6544d6628fa98f230a", kill_on_drop: false }`
[INFO] running `Command { std: "docker" "rm" "-f" "be7ce44089879b4b5d41b089a02f737d78ef918001cd1b6544d6628fa98f230a", kill_on_drop: false }`
[INFO] [stdout] be7ce44089879b4b5d41b089a02f737d78ef918001cd1b6544d6628fa98f230a
[INFO] running `Command { std: "docker" "create" "-v" "/var/lib/crater-agent-workspace/builds/worker-2-tc2/target:/opt/rustwide/target:rw,Z" "-v" "/var/lib/crater-agent-workspace/builds/worker-2-tc2/source:/opt/rustwide/workdir:ro,Z" "-v" "/var/lib/crater-agent-workspace/cargo-home:/opt/rustwide/cargo-home:ro,Z" "-v" "/var/lib/crater-agent-workspace/rustup-home:/opt/rustwide/rustup-home:ro,Z" "-e" "SOURCE_DIR=/opt/rustwide/workdir" "-e" "CARGO_TARGET_DIR=/opt/rustwide/target" "-e" "CARGO_INCREMENTAL=0" "-e" "RUST_BACKTRACE=full" "-e" "RUSTFLAGS=--cap-lints=forbid -Zrandomize-layout" "-e" "RUSTDOCFLAGS=--cap-lints=forbid" "-e" "CARGO_HOME=/opt/rustwide/cargo-home" "-e" "RUSTUP_HOME=/opt/rustwide/rustup-home" "-w" "/opt/rustwide/workdir" "-m" "1610612736" "--user" "0:0" "--network" "none" "ghcr.io/rust-lang/crates-build-env/linux@sha256:819108c5571ea2e421544af4d832f968d213c87fbe3707a016657f43d2f853bc" "/opt/rustwide/cargo-home/bin/cargo" "+nightly-2025-01-18" "build" "--frozen" "--message-format=json", kill_on_drop: false }`
[INFO] [stdout] eced1f9826b07b93bed6937fae39df7e9197d8b0acb3d3687b059be5ca0bd20d
[INFO] running `Command { std: "docker" "start" "-a" "eced1f9826b07b93bed6937fae39df7e9197d8b0acb3d3687b059be5ca0bd20d", kill_on_drop: false }`
[INFO] [stderr]    Compiling proc-macro2 v1.0.92
[INFO] [stderr]    Compiling unicode-ident v1.0.13
[INFO] [stderr]    Compiling memchr v2.7.4
[INFO] [stderr]    Compiling libc v0.2.169
[INFO] [stderr]    Compiling autocfg v1.4.0
[INFO] [stderr]    Compiling cfg-if v1.0.0
[INFO] [stderr]    Compiling log v0.4.22
[INFO] [stderr]    Compiling bitflags v2.6.0
[INFO] [stderr]    Compiling rustix v0.38.40
[INFO] [stderr]    Compiling regex-syntax v0.8.5
[INFO] [stderr]    Compiling linux-raw-sys v0.4.14
[INFO] [stderr]    Compiling once_cell v1.20.2
[INFO] [stderr]    Compiling pin-project-lite v0.2.15
[INFO] [stderr]    Compiling smallvec v1.13.2
[INFO] [stderr]    Compiling lock_api v0.4.12
[INFO] [stderr]    Compiling parking_lot_core v0.9.10
[INFO] [stderr]    Compiling aho-corasick v1.1.3
[INFO] [stderr]    Compiling scopeguard v1.2.0
[INFO] [stderr]    Compiling adler2 v2.0.0
[INFO] [stderr]    Compiling quote v1.0.38
[INFO] [stderr]    Compiling miniz_oxide v0.8.0
[INFO] [stderr]    Compiling syn v2.0.95
[INFO] [stderr]    Compiling signal-hook-registry v1.4.2
[INFO] [stderr]    Compiling num-traits v0.2.19
[INFO] [stderr]    Compiling gimli v0.31.1
[INFO] [stderr]    Compiling thiserror v1.0.69
[INFO] [stderr]    Compiling parking_lot v0.12.3
[INFO] [stderr]    Compiling mio v1.0.2
[INFO] [stderr]    Compiling object v0.36.5
[INFO] [stderr]    Compiling tracing-core v0.1.33
[INFO] [stderr]    Compiling regex-automata v0.4.9
[INFO] [stderr]    Compiling rustc-demangle v0.1.24
[INFO] [stderr]    Compiling unicode-linebreak v0.1.5
[INFO] [stderr]    Compiling smawk v0.3.2
[INFO] [stderr]    Compiling unicode-width v0.1.14
[INFO] [stderr]    Compiling owo-colors v4.1.0
[INFO] [stderr]    Compiling addr2line v0.24.2
[INFO] [stderr]    Compiling textwrap v0.16.1
[INFO] [stderr]    Compiling is_ci v1.2.0
[INFO] [stderr]    Compiling supports-color v3.0.2
[INFO] [stderr]    Compiling terminal_size v0.4.1
[INFO] [stderr]    Compiling supports-hyperlinks v3.0.0
[INFO] [stderr]    Compiling option-ext v0.2.0
[INFO] [stderr]    Compiling supports-unicode v3.0.0
[INFO] [stderr]    Compiling dirs-sys v0.4.1
[INFO] [stderr]    Compiling socket2 v0.5.7
[INFO] [stderr]    Compiling same-file v1.0.6
[INFO] [stderr]    Compiling bytes v1.8.0
[INFO] [stderr]    Compiling walkdir v2.5.0
[INFO] [stderr]    Compiling dirs v5.0.1
[INFO] [stderr]    Compiling regex v1.11.1
[INFO] [stderr]    Compiling lazy_static v1.5.0
[INFO] [stderr]    Compiling thiserror v2.0.10
[INFO] [stderr]    Compiling slab v0.4.9
[INFO] [stderr]    Compiling futures-core v0.3.31
[INFO] [stderr]    Compiling minimal-lexical v0.2.1
[INFO] [stderr]    Compiling unicode-xid v0.2.6
[INFO] [stderr]    Compiling crossbeam-utils v0.8.20
[INFO] [stderr]    Compiling const_format_proc_macros v0.2.33
[INFO] [stderr]    Compiling nom v7.1.3
[INFO] [stderr]    Compiling serde v1.0.217
[INFO] [stderr]    Compiling futures-sink v0.3.31
[INFO] [stderr]    Compiling version_check v0.1.5
[INFO] [stderr]    Compiling regex-syntax v0.6.29
[INFO] [stderr]    Compiling either v1.13.0
[INFO] [stderr]    Compiling version_check v0.9.5
[INFO] [stderr]    Compiling signal-hook v0.3.17
[INFO] [stderr]    Compiling itertools v0.11.0
[INFO] [stderr]    Compiling backtrace v0.3.74
[INFO] [stderr]    Compiling const_format v0.2.33
[INFO] [stderr]    Compiling slotmap v1.0.7
[INFO] [stderr]    Compiling debugit v0.1.2
[INFO] [stderr]    Compiling backtrace-ext v0.2.1
[INFO] [stderr]    Compiling futures-channel v0.3.31
[INFO] [stderr]    Compiling bstr v1.10.0
[INFO] [stderr]    Compiling pin-utils v0.1.0
[INFO] [stderr]    Compiling serde_json v1.0.135
[INFO] [stderr]    Compiling futures-task v0.3.31
[INFO] [stderr]    Compiling futures-io v0.3.31
[INFO] [stderr]    Compiling thiserror-impl v1.0.69
[INFO] [stderr]    Compiling tracing-attributes v0.1.28
[INFO] [stderr]    Compiling miette-derive v7.4.0
[INFO] [stderr]    Compiling tokio-macros v2.5.0
[INFO] [stderr]    Compiling thiserror-impl v2.0.10
[INFO] [stderr]    Compiling regex-automata v0.1.10
[INFO] [stderr]    Compiling pori v0.0.0
[INFO] [stderr]    Compiling futures-macro v0.3.31
[INFO] [stderr]    Compiling tokio v1.43.0
[INFO] [stderr]    Compiling overload v0.1.1
[INFO] [stderr]    Compiling nu-ansi-term v0.46.0
[INFO] [stderr]    Compiling futures-util v0.3.31
[INFO] [stderr]    Compiling tracing v0.1.41
[INFO] [stderr]    Compiling miette v7.4.0
[INFO] [stderr]    Compiling wax v0.6.0
[INFO] [stderr]    Compiling matchers v0.1.0
[INFO] [stderr]    Compiling crossbeam-epoch v0.9.18
[INFO] [stderr]    Compiling getrandom v0.2.15
[INFO] [stderr]    Compiling sharded-slab v0.1.7
[INFO] [stderr]    Compiling fs4 v0.12.0
[INFO] [stderr]    Compiling tracing-log v0.2.0
[INFO] [stderr]    Compiling thread_local v1.1.8
[INFO] [stderr]    Compiling starbase_styles v0.4.11 (/opt/rustwide/workdir/crates/styles)
[INFO] [stderr]    Compiling fnv v1.0.7
[INFO] [stderr]    Compiling ryu v1.0.18
[INFO] [stderr]    Compiling ident_case v1.0.1
[INFO] [stderr]    Compiling predicates-core v1.0.8
[INFO] [stderr]    Compiling strsim v0.11.1
[INFO] [stderr]    Compiling doc-comment v0.3.3
[INFO] [stderr]    Compiling itoa v1.0.11
[INFO] [stderr]    Compiling darling_core v0.20.10
[INFO] [stderr]    Compiling tracing-subscriber v0.3.19
[INFO] [stderr]    Compiling signal-hook-mio v0.2.4
[INFO] [stderr]    Compiling crossbeam-deque v0.8.5
[INFO] [stderr]    Compiling uuid v1.11.0
[INFO] [stderr]    Compiling globset v0.4.15
[INFO] [stderr]    Compiling async-trait v0.1.85
[INFO] [stderr]    Compiling float-cmp v0.10.0
[INFO] [stderr]    Compiling mopa v0.2.2
[INFO] [stderr]    Compiling arrayvec v0.7.6
[INFO] [stderr]    Compiling normalize-line-endings v0.3.0
[INFO] [stderr]    Compiling termtree v0.4.1
[INFO] [stderr]    Compiling futures-executor v0.3.31
[INFO] [stderr]    Compiling iana-time-zone v0.1.61
[INFO] [stderr]    Compiling anstyle v1.0.10
[INFO] [stderr]    Compiling difflib v0.4.0
[INFO] [stderr]    Compiling chrono v0.4.39
[INFO] [stderr]    Compiling futures v0.3.31
[INFO] [stderr]    Compiling predicates-tree v1.0.11
[INFO] [stderr]    Compiling predicates v3.1.3
[INFO] [stderr]    Compiling taffy v0.5.2
[INFO] [stderr]    Compiling darling_macro v0.20.10
[INFO] [stderr]    Compiling tracing-chrome v0.7.2
[INFO] [stderr]    Compiling any_key v0.1.1
[INFO] [stderr]    Compiling starbase_utils v0.9.4 (/opt/rustwide/workdir/crates/utils)
[INFO] [stderr]    Compiling ignore v0.4.23
[INFO] [stderr]    Compiling iocraft-macros v0.2.0
[INFO] [stderr]    Compiling crossterm v0.28.1
[INFO] [stderr]    Compiling generational-box v0.5.6
[INFO] [stderr]    Compiling assert_cmd v2.0.16
[INFO] [stderr]    Compiling fastrand v2.2.0
[INFO] [stderr]    Compiling globwalk v0.9.1
[INFO] [stderr]    Compiling starbase v0.9.8 (/opt/rustwide/workdir/crates/app)
[INFO] [stderr]    Compiling iocraft v0.6.1
[INFO] [stderr]    Compiling tempfile v3.14.0
[INFO] [stderr]    Compiling darling v0.20.10
[INFO] [stderr]    Compiling console v0.15.8
[INFO] [stderr]    Compiling xattr v1.3.1
[INFO] [stderr]    Compiling wait-timeout v0.2.0
[INFO] [stderr]    Compiling filetime v0.2.25
[INFO] [stderr]    Compiling crc32fast v1.4.2
[INFO] [stderr]    Compiling linked-hash-map v0.5.6
[INFO] [stderr]    Compiling yansi v1.0.1
[INFO] [stderr]    Compiling diff v0.1.13
[INFO] [stderr]    Compiling similar v2.6.0
[INFO] [stderr]    Compiling binstall-tar v0.4.42
[INFO] [stderr]    Compiling pretty_assertions v1.4.1
[INFO] [stderr]    Compiling flate2 v1.0.35
[INFO] [stderr]    Compiling starbase_console v0.4.4 (/opt/rustwide/workdir/crates/console)
[INFO] [stderr]    Compiling starbase_macros v0.7.10 (/opt/rustwide/workdir/crates/macros)
[INFO] [stderr]    Compiling insta v1.42.0
[INFO] [stderr]    Compiling assert_fs v1.1.2
[INFO] [stderr]    Compiling example_lib v0.5.8 (/opt/rustwide/workdir/examples/lib)
[INFO] [stderr]    Compiling starbase_shell v0.6.12 (/opt/rustwide/workdir/crates/shell)
[INFO] [stderr]    Compiling clean-path v0.2.1
[INFO] [stderr]    Compiling rustc-hash v2.1.0
[INFO] [stderr]    Compiling starbase_archive v0.9.1 (/opt/rustwide/workdir/crates/archive)
[INFO] [stderr]    Compiling starbase_events v0.6.7 (/opt/rustwide/workdir/crates/events)
[INFO] [stderr]    Compiling starbase_sandbox v0.8.1 (/opt/rustwide/workdir/crates/sandbox)
[INFO] [stderr]    Compiling example_app v0.5.8 (/opt/rustwide/workdir/examples/app)
[INFO] [stderr]    Compiling example_term v0.0.1 (/opt/rustwide/workdir/examples/term)
[INFO] [stderr]     Finished `dev` profile [unoptimized + debuginfo] target(s) in 2m 14s
[INFO] running `Command { std: "docker" "inspect" "eced1f9826b07b93bed6937fae39df7e9197d8b0acb3d3687b059be5ca0bd20d", kill_on_drop: false }`
[INFO] running `Command { std: "docker" "rm" "-f" "eced1f9826b07b93bed6937fae39df7e9197d8b0acb3d3687b059be5ca0bd20d", kill_on_drop: false }`
[INFO] [stdout] eced1f9826b07b93bed6937fae39df7e9197d8b0acb3d3687b059be5ca0bd20d
[INFO] running `Command { std: "docker" "create" "-v" "/var/lib/crater-agent-workspace/builds/worker-2-tc2/target:/opt/rustwide/target:rw,Z" "-v" "/var/lib/crater-agent-workspace/builds/worker-2-tc2/source:/opt/rustwide/workdir:ro,Z" "-v" "/var/lib/crater-agent-workspace/cargo-home:/opt/rustwide/cargo-home:ro,Z" "-v" "/var/lib/crater-agent-workspace/rustup-home:/opt/rustwide/rustup-home:ro,Z" "-e" "SOURCE_DIR=/opt/rustwide/workdir" "-e" "CARGO_TARGET_DIR=/opt/rustwide/target" "-e" "CARGO_INCREMENTAL=0" "-e" "RUST_BACKTRACE=full" "-e" "RUSTFLAGS=--cap-lints=forbid -Zrandomize-layout" "-e" "RUSTDOCFLAGS=--cap-lints=forbid" "-e" "CARGO_HOME=/opt/rustwide/cargo-home" "-e" "RUSTUP_HOME=/opt/rustwide/rustup-home" "-w" "/opt/rustwide/workdir" "-m" "1610612736" "--user" "0:0" "--network" "none" "ghcr.io/rust-lang/crates-build-env/linux@sha256:819108c5571ea2e421544af4d832f968d213c87fbe3707a016657f43d2f853bc" "/opt/rustwide/cargo-home/bin/cargo" "+nightly-2025-01-18" "test" "--frozen" "--no-run" "--message-format=json", kill_on_drop: false }`
[INFO] [stdout] 1491ab63f74b949524c748190e2061fb120a6fd151227de6e8f11e517fd0587b
[INFO] running `Command { std: "docker" "start" "-a" "1491ab63f74b949524c748190e2061fb120a6fd151227de6e8f11e517fd0587b", kill_on_drop: false }`
[INFO] [stderr]    Compiling smallvec v1.13.2
[INFO] [stderr]    Compiling syn v2.0.95
[INFO] [stderr]    Compiling jobserver v0.1.32
[INFO] [stderr]    Compiling shlex v1.3.0
[INFO] [stderr]    Compiling futures-core v0.3.31
[INFO] [stderr]    Compiling fnv v1.0.7
[INFO] [stderr]    Compiling serde v1.0.217
[INFO] [stderr]    Compiling getrandom v0.2.15
[INFO] [stderr]    Compiling stable_deref_trait v1.2.0
[INFO] [stderr]    Compiling futures-channel v0.3.31
[INFO] [stderr]    Compiling litemap v0.7.3
[INFO] [stderr]    Compiling writeable v0.5.5
[INFO] [stderr]    Compiling rustls-pki-types v1.10.0
[INFO] [stderr]    Compiling icu_locid_transform_data v1.5.0
[INFO] [stderr]    Compiling http v1.1.0
[INFO] [stderr]    Compiling parking_lot_core v0.9.10
[INFO] [stderr]    Compiling cc v1.1.37
[INFO] [stderr]    Compiling parking_lot v0.12.3
[INFO] [stderr]    Compiling spin v0.9.8
[INFO] [stderr]    Compiling httparse v1.9.5
[INFO] [stderr]    Compiling icu_properties_data v1.5.0
[INFO] [stderr]    Compiling untrusted v0.9.0
[INFO] [stderr]    Compiling try-lock v0.2.5
[INFO] [stderr]    Compiling utf16_iter v1.0.5
[INFO] [stderr]    Compiling utf8_iter v1.0.4
[INFO] [stderr]    Compiling hashbrown v0.15.1
[INFO] [stderr]    Compiling equivalent v1.0.1
[INFO] [stderr]    Compiling write16 v1.0.0
[INFO] [stderr]    Compiling icu_normalizer_data v1.5.0
[INFO] [stderr]    Compiling rustls v0.23.18
[INFO] [stderr]    Compiling want v0.3.1
[INFO] [stderr]    Compiling percent-encoding v2.3.1
[INFO] [stderr]    Compiling zeroize v1.8.1
[INFO] [stderr]    Compiling tower-service v0.3.3
[INFO] [stderr]    Compiling subtle v2.6.1
[INFO] [stderr]    Compiling form_urlencoded v1.2.1
[INFO] [stderr]    Compiling rustls-pemfile v2.2.0
[INFO] [stderr]    Compiling http-body v1.0.1
[INFO] [stderr]    Compiling openssl-probe v0.1.5
[INFO] [stderr]    Compiling sync_wrapper v1.0.1
[INFO] [stderr]    Compiling winnow v0.6.20
[INFO] [stderr]    Compiling rustls-native-certs v0.8.0
[INFO] [stderr]    Compiling tower-layer v0.3.3
[INFO] [stderr]    Compiling base64 v0.22.1
[INFO] [stderr]    Compiling indexmap v2.6.0
[INFO] [stderr]    Compiling mime v0.3.17
[INFO] [stderr]    Compiling ipnet v2.10.1
[INFO] [stderr]    Compiling unsafe-libyaml v0.2.11
[INFO] [stderr]    Compiling json-strip-comments v1.0.4
[INFO] [stderr]    Compiling ec4rs v1.1.1
[INFO] [stderr]    Compiling pkg-config v0.3.31
[INFO] [stderr]    Compiling zstd-safe v7.2.1
[INFO] [stderr]    Compiling bumpalo v3.16.0
[INFO] [stderr]    Compiling lockfree-object-pool v0.1.6
[INFO] [stderr]    Compiling zip v2.2.2
[INFO] [stderr]    Compiling simd-adler32 v0.3.7
[INFO] [stderr]    Compiling uuid v1.11.0
[INFO] [stderr]    Compiling crossterm v0.28.1
[INFO] [stderr]    Compiling generational-box v0.5.6
[INFO] [stderr]    Compiling sdd v3.0.4
[INFO] [stderr]    Compiling ring v0.17.8
[INFO] [stderr]    Compiling zstd-sys v2.0.13+zstd.1.5.6
[INFO] [stderr]    Compiling bzip2-sys v0.1.11+1.0.8
[INFO] [stderr]    Compiling lzma-sys v0.1.20
[INFO] [stderr]    Compiling zopfli v0.8.1
[INFO] [stderr]    Compiling scc v2.2.4
[INFO] [stderr]    Compiling xz2 v0.1.7
[INFO] [stderr]    Compiling bzip2 v0.4.4
[INFO] [stderr]    Compiling synstructure v0.13.1
[INFO] [stderr]    Compiling darling_core v0.20.10
[INFO] [stderr]    Compiling thiserror-impl v1.0.69
[INFO] [stderr]    Compiling tokio-macros v2.5.0
[INFO] [stderr]    Compiling tokio v1.43.0
[INFO] [stderr]    Compiling miette-derive v7.4.0
[INFO] [stderr]    Compiling tracing-attributes v0.1.28
[INFO] [stderr]    Compiling futures-macro v0.3.31
[INFO] [stderr]    Compiling thiserror v1.0.69
[INFO] [stderr]    Compiling serde_derive v1.0.217
[INFO] [stderr]    Compiling zerofrom-derive v0.1.4
[INFO] [stderr]    Compiling miette v7.4.0
[INFO] [stderr]    Compiling futures-util v0.3.31
[INFO] [stderr]    Compiling tracing v0.1.41
[INFO] [stderr]    Compiling yoke-derive v0.7.4
[INFO] [stderr]    Compiling zerovec-derive v0.10.3
[INFO] [stderr]    Compiling displaydoc v0.2.5
[INFO] [stderr]    Compiling zerofrom v0.1.4
[INFO] [stderr]    Compiling async-trait v0.1.85
[INFO] [stderr]    Compiling starbase_styles v0.4.11 (/opt/rustwide/workdir/crates/styles)
[INFO] [stderr]    Compiling thiserror-impl v2.0.10
[INFO] [stderr]    Compiling yoke v0.7.4
[INFO] [stderr]    Compiling icu_provider_macros v1.5.0
[INFO] [stderr]    Compiling zerovec v0.10.4
[INFO] [stderr]    Compiling wax v0.6.0
[INFO] [stderr]    Compiling tinystr v0.7.6
[INFO] [stderr]    Compiling icu_locid v1.5.0
[INFO] [stderr]    Compiling icu_collections v1.5.0
[INFO] [stderr]    Compiling http-body-util v0.1.2
[INFO] [stderr]    Compiling thiserror v2.0.10
[INFO] [stderr]    Compiling hyper v1.5.0
[INFO] [stderr]    Compiling tower v0.5.2
[INFO] [stderr]    Compiling icu_provider v1.5.0
[INFO] [stderr]    Compiling rustls-webpki v0.102.8
[INFO] [stderr]    Compiling futures-executor v0.3.31
[INFO] [stderr]    Compiling icu_locid_transform v1.5.0
[INFO] [stderr]    Compiling futures v0.3.31
[INFO] [stderr]    Compiling hyper-util v0.1.10
[INFO] [stderr]    Compiling zstd v0.13.2
[INFO] [stderr]    Compiling icu_properties v1.5.1
[INFO] [stderr]    Compiling darling_macro v0.20.10
[INFO] [stderr]    Compiling darling v0.20.10
[INFO] [stderr]    Compiling tracing-subscriber v0.3.19
[INFO] [stderr]    Compiling starbase_macros v0.7.10 (/opt/rustwide/workdir/crates/macros)
[INFO] [stderr]    Compiling iocraft-macros v0.2.0
[INFO] [stderr]    Compiling serial_test_derive v3.2.0
[INFO] [stderr]    Compiling serde_json v1.0.135
[INFO] [stderr]    Compiling toml_datetime v0.6.8
[INFO] [stderr]    Compiling serde_spanned v0.6.8
[INFO] [stderr]    Compiling serde_urlencoded v0.7.1
[INFO] [stderr]    Compiling serde_yaml v0.9.34+deprecated
[INFO] [stderr]    Compiling toml_edit v0.22.22
[INFO] [stderr]    Compiling iocraft v0.6.1
[INFO] [stderr]    Compiling icu_normalizer v1.5.0
[INFO] [stderr]    Compiling tokio-rustls v0.26.0
[INFO] [stderr]    Compiling hyper-rustls v0.27.3
[INFO] [stderr]    Compiling idna_adapter v1.2.0
[INFO] [stderr]    Compiling idna v1.0.3
[INFO] [stderr]    Compiling toml v0.8.19
[INFO] [stderr]    Compiling url v2.5.4
[INFO] [stderr]    Compiling tracing-chrome v0.7.2
[INFO] [stderr]    Compiling starbase_console v0.4.4 (/opt/rustwide/workdir/crates/console)
[INFO] [stderr]    Compiling serial_test v3.2.0
[INFO] [stderr]    Compiling starbase_events v0.6.7 (/opt/rustwide/workdir/crates/events)
[INFO] [stderr]    Compiling starbase_shell v0.6.12 (/opt/rustwide/workdir/crates/shell)
[INFO] [stderr]    Compiling reqwest v0.12.12
[INFO] [stderr]    Compiling starbase v0.9.8 (/opt/rustwide/workdir/crates/app)
[INFO] [stderr]    Compiling starbase_utils v0.9.4 (/opt/rustwide/workdir/crates/utils)
[INFO] [stderr]    Compiling starbase_sandbox v0.8.1 (/opt/rustwide/workdir/crates/sandbox)
[INFO] [stderr]    Compiling starbase_archive v0.9.1 (/opt/rustwide/workdir/crates/archive)
[INFO] [stderr]    Compiling example_lib v0.5.8 (/opt/rustwide/workdir/examples/lib)
[INFO] [stderr]    Compiling example_term v0.0.1 (/opt/rustwide/workdir/examples/term)
[INFO] [stderr]    Compiling example_app v0.5.8 (/opt/rustwide/workdir/examples/app)
[INFO] [stderr]     Finished `test` profile [unoptimized + debuginfo] target(s) in 2m 37s
[INFO] running `Command { std: "docker" "inspect" "1491ab63f74b949524c748190e2061fb120a6fd151227de6e8f11e517fd0587b", kill_on_drop: false }`
[INFO] running `Command { std: "docker" "rm" "-f" "1491ab63f74b949524c748190e2061fb120a6fd151227de6e8f11e517fd0587b", kill_on_drop: false }`
[INFO] [stdout] 1491ab63f74b949524c748190e2061fb120a6fd151227de6e8f11e517fd0587b
[INFO] running `Command { std: "docker" "create" "-v" "/var/lib/crater-agent-workspace/builds/worker-2-tc2/target:/opt/rustwide/target:rw,Z" "-v" "/var/lib/crater-agent-workspace/builds/worker-2-tc2/source:/opt/rustwide/workdir:ro,Z" "-v" "/var/lib/crater-agent-workspace/cargo-home:/opt/rustwide/cargo-home:ro,Z" "-v" "/var/lib/crater-agent-workspace/rustup-home:/opt/rustwide/rustup-home:ro,Z" "-e" "SOURCE_DIR=/opt/rustwide/workdir" "-e" "CARGO_TARGET_DIR=/opt/rustwide/target" "-e" "CARGO_INCREMENTAL=0" "-e" "RUST_BACKTRACE=full" "-e" "RUSTFLAGS=--cap-lints=forbid -Zrandomize-layout" "-e" "RUSTDOCFLAGS=--cap-lints=forbid" "-e" "CARGO_HOME=/opt/rustwide/cargo-home" "-e" "RUSTUP_HOME=/opt/rustwide/rustup-home" "-w" "/opt/rustwide/workdir" "-m" "1610612736" "--user" "0:0" "--network" "none" "ghcr.io/rust-lang/crates-build-env/linux@sha256:819108c5571ea2e421544af4d832f968d213c87fbe3707a016657f43d2f853bc" "/opt/rustwide/cargo-home/bin/cargo" "+nightly-2025-01-18" "test" "--frozen", kill_on_drop: false }`
[INFO] [stdout] cc45e506a2e744b2617d4a07db200713b3375214d104921cdfd1041f569195be
[INFO] running `Command { std: "docker" "start" "-a" "cc45e506a2e744b2617d4a07db200713b3375214d104921cdfd1041f569195be", kill_on_drop: false }`
[INFO] [stderr]     Finished `test` profile [unoptimized + debuginfo] target(s) in 0.68s
[INFO] [stderr]      Running unittests src/main.rs (/opt/rustwide/target/debug/deps/example_app-8e929b0c755f8a11)
[INFO] [stderr]      Running unittests src/lib.rs (/opt/rustwide/target/debug/deps/example_lib-a83498ef8b5e88b9)
[INFO] [stdout] 
[INFO] [stdout] running 0 tests
[INFO] [stdout] 
[INFO] [stdout] test result: ok. 0 passed; 0 failed; 0 ignored; 0 measured; 0 filtered out; finished in 0.00s
[INFO] [stdout] 
[INFO] [stdout] 
[INFO] [stdout] running 0 tests
[INFO] [stdout] 
[INFO] [stdout] test result: ok. 0 passed; 0 failed; 0 ignored; 0 measured; 0 filtered out; finished in 0.00s
[INFO] [stdout] 
[INFO] [stderr]      Running unittests src/main.rs (/opt/rustwide/target/debug/deps/example_term-28e98f1356c98fcf)
[INFO] [stdout] 
[INFO] [stdout] running 0 tests
[INFO] [stdout] 
[INFO] [stdout] test result: ok. 0 passed; 0 failed; 0 ignored; 0 measured; 0 filtered out; finished in 0.00s
[INFO] [stdout] 
[INFO] [stderr]      Running unittests src/lib.rs (/opt/rustwide/target/debug/deps/starbase-49ad8d107ce376eb)
[INFO] [stdout] 
[INFO] [stdout] running 0 tests
[INFO] [stdout] 
[INFO] [stdout] test result: ok. 0 passed; 0 failed; 0 ignored; 0 measured; 0 filtered out; finished in 0.00s
[INFO] [stdout] 
[INFO] [stderr]      Running tests/app_test.rs (/opt/rustwide/target/debug/deps/app_test-4d6a1296175b1c99)
[INFO] [stdout] 
[INFO] [stdout] running 11 tests
[INFO] [stdout] test analyze::bubbles_up_error ... ok
[INFO] [stdout] test execute::returns_exit_code_5 ... ok
[INFO] [stdout] test runs_in_order ... ok
[INFO] [stdout] test execute::bubbles_up_error ... ok
[INFO] [stdout] test runs_other_contexts ... ok
[INFO] [stdout] test analyze::returns_exit_code_2 ... ok
[INFO] [stdout] test shutdown::bubbles_up_error ... ok
[INFO] [stdout] test execute::returns_exit_code_3 ... ok
[INFO] [stdout] test shutdown::returns_exit_code_4 ... ok
[INFO] [stdout] test startup::bubbles_up_error ... ok
[INFO] [stdout] test startup::returns_exit_code_1 ... ok
[INFO] [stdout] 
[INFO] [stdout] test result: ok. 11 passed; 0 failed; 0 ignored; 0 measured; 0 filtered out; finished in 0.02s
[INFO] [stdout] 
[INFO] [stderr]      Running unittests src/lib.rs (/opt/rustwide/target/debug/deps/starbase_archive-29dce8074878fb75)
[INFO] [stdout] 
[INFO] [stdout] running 0 tests
[INFO] [stdout] 
[INFO] [stdout] test result: ok. 0 passed; 0 failed; 0 ignored; 0 measured; 0 filtered out; finished in 0.00s
[INFO] [stdout] 
[INFO] [stderr]      Running tests/archive_test.rs (/opt/rustwide/target/debug/deps/archive_test-18381e448a2b8be5)
[INFO] [stdout] 
[INFO] [stdout] running 8 tests
[INFO] [stdout] test can_add_files ... ok
[INFO] [stdout] test can_add_files_with_prefix ... ok
[INFO] [stdout] test can_add_files_with_prefix_and_remove_when_unpacking ... ok
[INFO] [stdout] test can_use_negated_globs ... ok
[INFO] [stdout] test can_add_globs ... ok
[INFO] [stdout] test can_add_globs_with_prefix_and_remove_when_unpacking ... ok
[INFO] [stdout] test errors_unknown_ext - should panic ... ok
[INFO] [stdout] test errors_no_ext - should panic ... ok
[INFO] [stdout] 
[INFO] [stdout] test result: ok. 8 passed; 0 failed; 0 ignored; 0 measured; 0 filtered out; finished in 0.28s
[INFO] [stdout] 
[INFO] [stderr]      Running tests/gz_test.rs (/opt/rustwide/target/debug/deps/gz_test-f23ce2bbdbf63fe5)
[INFO] [stdout] 
[INFO] [stdout] running 2 tests
[INFO] [stdout] test gz::file ... ok
[INFO] [stdout] test gz::file_ignores_prefix ... ok
[INFO] [stdout] 
[INFO] [stdout] test result: ok. 2 passed; 0 failed; 0 ignored; 0 measured; 0 filtered out; finished in 0.01s
[INFO] [stdout] 
[INFO] [stderr]      Running tests/tar_test.rs (/opt/rustwide/target/debug/deps/tar_test-2c2308e2a006e461)
[INFO] [stdout] 
[INFO] [stdout] running 65 tests
[INFO] [stdout] test tar::dir ... ok
[INFO] [stdout] test tar::dir_with_prefix ... ok
[INFO] [stdout] test tar::file_and_dir_explicitly ... ok
[INFO] [stdout] test tar::file ... ok
[INFO] [stdout] test tar::file_with_prefix_thats_removed_when_unpacked ... ok
[INFO] [stdout] test tar::dir_with_prefix_thats_removed_when_unpacked ... ok
[INFO] [stdout] test tar::file_via_glob_with_prefix ... ok
[INFO] [stdout] test tar::nested_file_and_preserves_path ... ok
[INFO] [stdout] test tar::file_with_prefix ... ok
[INFO] [stdout] test tar::dir_via_glob_with_prefix ... ok
[INFO] [stdout] test tar::dir_via_glob ... ok
[INFO] [stdout] test tar_bz2::dir ... ok
[INFO] [stdout] test tar_bz2::file ... ok
[INFO] [stdout] test tar_bz2::dir_with_prefix_thats_removed_when_unpacked ... ok
[INFO] [stdout] test tar::dir_with_negated_glob ... ok
[INFO] [stdout] test tar_bz2::dir_with_negated_glob ... ok
[INFO] [stdout] test tar_bz2::dir_with_prefix ... ok
[INFO] [stdout] test tar_bz2::dir_via_glob ... ok
[INFO] [stdout] test tar_bz2::dir_via_glob_with_prefix ... ok
[INFO] [stdout] test tar_bz2::file_with_prefix ... ok
[INFO] [stdout] test tar_bz2::file_and_dir_explicitly ... ok
[INFO] [stdout] test tar_bz2::file_with_prefix_thats_removed_when_unpacked ... ok
[INFO] [stdout] test tar_bz2::nested_file_and_preserves_path ... ok
[INFO] [stdout] test tar_bz2::file_via_glob ... ok
[INFO] [stdout] test tar::file_via_glob ... ok
[INFO] [stdout] test tar_gz::dir_with_negated_glob ... ok
[INFO] [stdout] test tar_bz2::file_via_glob_with_prefix ... ok
[INFO] [stdout] test tar_gz::file ... ok
[INFO] [stdout] test tar_gz::dir_with_prefix ... ok
[INFO] [stdout] test tar_gz::dir ... ok
[INFO] [stdout] test tar_gz::file_with_prefix ... ok
[INFO] [stdout] test tar_gz::file_with_prefix_thats_removed_when_unpacked ... ok
[INFO] [stdout] test tar_gz::dir_via_glob ... ok
[INFO] [stdout] test tar_xz::dir ... ok
[INFO] [stdout] test tar_gz::nested_file_and_preserves_path ... ok
[INFO] [stdout] test tar_gz::dir_with_prefix_thats_removed_when_unpacked ... ok
[INFO] [stdout] test tar_gz::dir_via_glob_with_prefix ... ok
[INFO] [stdout] test tar_gz::file_via_glob_with_prefix ... ok
[INFO] [stdout] test tar_gz::file_and_dir_explicitly ... ok
[INFO] [stdout] test tar_xz::dir_via_glob ... ok
[INFO] [stdout] test tar_xz::dir_with_negated_glob ... ok
[INFO] [stdout] test tar_xz::file ... ok
[INFO] [stdout] test tar_xz::dir_with_prefix_thats_removed_when_unpacked ... ok
[INFO] [stdout] test tar_gz::file_via_glob ... ok
[INFO] [stdout] test tar_xz::file_and_dir_explicitly ... ok
[INFO] [stdout] test tar_zstd::dir ... ok
[INFO] [stdout] test tar_xz::dir_with_prefix ... ok
[INFO] [stdout] test tar_xz::file_with_prefix_thats_removed_when_unpacked ... ok
[INFO] [stdout] test tar_xz::nested_file_and_preserves_path ... ok
[INFO] [stdout] test tar_xz::file_via_glob ... ok
[INFO] [stdout] test tar_xz::dir_via_glob_with_prefix ... ok
[INFO] [stdout] test tar_zstd::dir_with_negated_glob ... ok
[INFO] [stdout] test tar_zstd::file_and_dir_explicitly ... ok
[INFO] [stdout] test tar_zstd::dir_with_prefix ... ok
[INFO] [stdout] test tar_zstd::dir_with_prefix_thats_removed_when_unpacked ... ok
[INFO] [stdout] test tar_zstd::file ... ok
[INFO] [stdout] test tar_zstd::dir_via_glob ... ok
[INFO] [stdout] test tar_zstd::file_with_prefix ... ok
[INFO] [stdout] test tar_zstd::file_with_prefix_thats_removed_when_unpacked ... ok
[INFO] [stdout] test tar_zstd::nested_file_and_preserves_path ... ok
[INFO] [stdout] test tar_xz::file_via_glob_with_prefix ... ok
[INFO] [stdout] test tar_xz::file_with_prefix ... ok
[INFO] [stdout] test tar_zstd::dir_via_glob_with_prefix ... ok
[INFO] [stdout] test tar_zstd::file_via_glob_with_prefix ... ok
[INFO] [stdout] test tar_zstd::file_via_glob ... ok
[INFO] [stdout] 
[INFO] [stdout] test result: ok. 65 passed; 0 failed; 0 ignored; 0 measured; 0 filtered out; finished in 0.53s
[INFO] [stdout] 
[INFO] [stderr]      Running tests/tree_differ_test.rs (/opt/rustwide/target/debug/deps/tree_differ_test-1bc7eb3741d6d134)
[INFO] [stdout] 
[INFO] [stdout] running 7 tests
[INFO] [stdout] test equal_check::returns_true_if_equal ... ok
[INFO] [stdout] test doesnt_remove_dir_locks ... ok
[INFO] [stdout] test equal_check::returns_false_if_diff_data ... ok
[INFO] [stdout] test loads_all_files ... ok
[INFO] [stdout] test removes_stale_files ... ok
[INFO] [stdout] test loads_using_globs ... ok
[INFO] [stdout] test equal_check::returns_false_if_diff_sizes ... ok
[INFO] [stderr]      Running tests/utils.rs (/opt/rustwide/target/debug/deps/utils-9781c9950db7b3cd)
[INFO] [stdout] 
[INFO] [stdout] test result: ok. 7 passed; 0 failed; 0 ignored; 0 measured; 0 filtered out; finished in 0.10s
[INFO] [stdout] 
[INFO] [stdout] 
[INFO] [stdout] running 0 tests
[INFO] [stdout] 
[INFO] [stdout] test result: ok. 0 passed; 0 failed; 0 ignored; 0 measured; 0 filtered out; finished in 0.00s
[INFO] [stdout] 
[INFO] [stderr]      Running tests/zip_test.rs (/opt/rustwide/target/debug/deps/zip_test-0db4f001643315d5)
[INFO] [stdout] 
[INFO] [stdout] running 26 tests
[INFO] [stdout] test zip::dir ... ok
[INFO] [stdout] test zip::dir_with_prefix ... ok
[INFO] [stdout] test zip::file ... ok
[INFO] [stdout] test zip::dir_with_negated_glob ... ok
[INFO] [stdout] test zip::file_and_dir_explicitly ... ok
[INFO] [stdout] test zip::file_with_prefix_thats_removed_when_unpacked ... ok
[INFO] [stdout] test zip::dir_via_glob_with_prefix ... ok
[INFO] [stdout] test zip::dir_with_prefix_thats_removed_when_unpacked ... ok
[INFO] [stdout] test zip::dir_via_glob ... ok
[INFO] [stdout] test zip::file_with_prefix ... ok
[INFO] [stdout] test zip::nested_file_and_preserves_path ... ok
[INFO] [stdout] test zip::file_via_glob ... ok
[INFO] [stdout] test zip::file_via_glob_with_prefix ... ok
[INFO] [stdout] test zip_deflate::file ... ok
[INFO] [stdout] test zip_deflate::dir ... ok
[INFO] [stdout] test zip_deflate::file_and_dir_explicitly ... ok
[INFO] [stdout] test zip_deflate::dir_via_glob ... ok
[INFO] [stdout] test zip_deflate::dir_via_glob_with_prefix ... ok
[INFO] [stdout] test zip_deflate::file_with_prefix ... ok
[INFO] [stdout] test zip_deflate::dir_with_prefix ... ok
[INFO] [stdout] test zip_deflate::file_with_prefix_thats_removed_when_unpacked ... ok
[INFO] [stdout] test zip_deflate::nested_file_and_preserves_path ... ok
[INFO] [stdout] test zip_deflate::file_via_glob ... ok
[INFO] [stdout] test zip_deflate::file_via_glob_with_prefix ... ok
[INFO] [stdout] test zip_deflate::dir_with_prefix_thats_removed_when_unpacked ... ok
[INFO] [stdout] test zip_deflate::dir_with_negated_glob ... ok
[INFO] [stdout] 
[INFO] [stdout] test result: ok. 26 passed; 0 failed; 0 ignored; 0 measured; 0 filtered out; finished in 0.21s
[INFO] [stdout] 
[INFO] [stderr]      Running unittests src/lib.rs (/opt/rustwide/target/debug/deps/starbase_console-cd23fc8f66e2513e)
[INFO] [stdout] 
[INFO] [stdout] running 0 tests
[INFO] [stdout] 
[INFO] [stdout] test result: ok. 0 passed; 0 failed; 0 ignored; 0 measured; 0 filtered out; finished in 0.00s
[INFO] [stdout] 
[INFO] [stderr]      Running unittests src/lib.rs (/opt/rustwide/target/debug/deps/starbase_events-bd9e1de67fb55632)
[INFO] [stdout] 
[INFO] [stdout] running 0 tests
[INFO] [stdout] 
[INFO] [stdout] test result: ok. 0 passed; 0 failed; 0 ignored; 0 measured; 0 filtered out; finished in 0.00s
[INFO] [stdout] 
[INFO] [stderr]      Running tests/event_macros_test.rs (/opt/rustwide/target/debug/deps/event_macros_test-e7d6e363b2caa10b)
[INFO] [stdout] 
[INFO] [stdout] running 0 tests
[INFO] [stdout] 
[INFO] [stdout] test result: ok. 0 passed; 0 failed; 0 ignored; 0 measured; 0 filtered out; finished in 0.00s
[INFO] [stdout] 
[INFO] [stderr]      Running tests/events_test.rs (/opt/rustwide/target/debug/deps/events_test-b339753f81270939)
[INFO] [stdout] 
[INFO] [stdout] running 7 tests
[INFO] [stdout] test subscriber_stop ... ok
[INFO] [stdout] test callbacks_once ... ok
[INFO] [stdout] test subscriber_once ... ok
[INFO] [stdout] test callbacks_stop ... ok
[INFO] [stdout] test preserves_onces_that_didnt_run ... ok
[INFO] [stdout] test subscriber ... ok
[INFO] [stdout] test callbacks ... ok
[INFO] [stdout] 
[INFO] [stdout] test result: ok. 7 passed; 0 failed; 0 ignored; 0 measured; 0 filtered out; finished in 0.01s
[INFO] [stdout] 
[INFO] [stderr]      Running unittests src/lib.rs (/opt/rustwide/target/debug/deps/starbase_macros-e53c1f9650f8474c)
[INFO] [stdout] 
[INFO] [stdout] running 0 tests
[INFO] [stdout] 
[INFO] [stdout] test result: ok. 0 passed; 0 failed; 0 ignored; 0 measured; 0 filtered out; finished in 0.00s
[INFO] [stdout] 
[INFO] [stderr]      Running unittests src/lib.rs (/opt/rustwide/target/debug/deps/starbase_sandbox-cf4946a44e9ff18c)
[INFO] [stdout] 
[INFO] [stdout] running 0 tests
[INFO] [stdout] 
[INFO] [stdout] test result: ok. 0 passed; 0 failed; 0 ignored; 0 measured; 0 filtered out; finished in 0.00s
[INFO] [stdout] 
[INFO] [stderr]      Running unittests src/lib.rs (/opt/rustwide/target/debug/deps/starbase_shell-7668aff893debcab)
[INFO] [stdout] 
[INFO] [stdout] running 46 tests
[INFO] [stdout] test shells::bash::tests::test_profile_paths ... ok
[INFO] [stdout] test shells::bash::tests::test_bash_quoting ... ok
[INFO] [stdout] test shells::bash::tests::formats_path ... ok
[INFO] [stdout] test shells::bash::tests::formats_env_var ... ok
[INFO] [stdout] test shells::fish::tests::formats_env_var ... ok
[INFO] [stdout] test shells::elvish::tests::test_profile_paths ... ok
[INFO] [stdout] test shells::elvish::tests::test_elvish_quoting ... ok
[INFO] [stdout] test shells::fish::tests::formats_path ... ok
[INFO] [stdout] test shells::fish::tests::test_profile_paths ... ok
[INFO] [stdout] test shells::ion::tests::formats_path ... ok
[INFO] [stdout] test shells::fish::tests::test_fish_quoting ... ok
[INFO] [stdout] test shells::ion::tests::test_ion_quoting ... ok
[INFO] [stdout] test shells::ion::tests::formats_env_var ... ok
[INFO] [stdout] test shells::ion::tests::test_profile_paths ... ok
[INFO] [stdout] test shells::murex::tests::formats_env_var ... ok
[INFO] [stdout] test shells::murex::tests::formats_path ... ok
[INFO] [stdout] test shells::murex::tests::test_murex_quoting ... ok
[INFO] [stdout] test shells::murex::tests::test_profile_paths ... ok
[INFO] [stdout] test shells::nu::tests::formats_env_var ... ok
[INFO] [stdout] test shells::nu::tests::formats_path ... ok
[INFO] [stdout] test shells::elvish::tests::formats_env_var ... ok
[INFO] [stdout] test shells::nu::tests::test_nu_quoting ... ok
[INFO] [stdout] test shells::nu::tests::test_profile_paths ... ok
[INFO] [stdout] test shells::pwsh::tests::formats_env_var ... ok
[INFO] [stdout] test shells::elvish::tests::formats_path ... ok
[INFO] [stdout] test shells::pwsh::tests::test_profile_paths ... ok
[INFO] [stdout] test shells::pwsh::tests::formats_path ... ok
[INFO] [stdout] test shells::pwsh::tests::test_pwsh_quoting ... ok
[INFO] [stdout] test shells::sh::tests::formats_path ... ok
[INFO] [stdout] test shells::sh::tests::test_sh_quoting ... ok
[INFO] [stdout] test shells::xonsh::tests::formats_env_var ... ok
[INFO] [stdout] test shells::xonsh::tests::formats_path ... ok
[INFO] [stdout] test shells::sh::tests::formats_env_var ... ok
[INFO] [stdout] test shells::xonsh::tests::test_xonsh_quoting ... ok
[INFO] [stdout] test shells::xonsh::tests::test_profile_paths ... ok
[INFO] [stdout] test shells::zsh::tests::formats_env_var ... ok
[INFO] [stdout] test shells::zsh::tests::formats_path ... ok
[INFO] [stdout] test shells::zsh::tests::test_profile_paths ... ok
[INFO] [stdout] test shells::zsh::tests::test_zsh_quoting ... ok
[INFO] [stdout] test shells::fish::tests::formats_cd_hook ... ok
[INFO] [stdout] test shells::bash::tests::formats_cd_hook ... ok
[INFO] [stdout] test shells::zsh::tests::formats_cd_hook ... ok
[INFO] [stdout] test shells::elvish::tests::formats_cd_hook ... ok
[INFO] [stdout] test shells::nu::tests::formats_cd_hook ... ok
[INFO] [stdout] test shells::pwsh::tests::formats_cd_hook ... ok
[INFO] [stdout] test shells::murex::tests::formats_cd_hook ... ok
[INFO] [stdout] 
[INFO] [stdout] test result: ok. 46 passed; 0 failed; 0 ignored; 0 measured; 0 filtered out; finished in 0.15s
[INFO] [stdout] 
[INFO] [stderr]      Running tests/shell_test.rs (/opt/rustwide/target/debug/deps/shell_test-f47346a70a5f87bd)
[INFO] [stdout] 
[INFO] [stdout] running 2 tests
[INFO] [stdout] test detects_a_shell_with_env_var ... ok
[INFO] [stdout] test detects_a_shell_from_os ... FAILED
[INFO] [stdout] 
[INFO] [stdout] failures:
[INFO] [stdout] 
[INFO] [stdout] ---- detects_a_shell_from_os stdout ----
[INFO] [stdout] 
[INFO] [stdout] thread 'detects_a_shell_from_os' panicked at crates/shell/tests/shell_test.rs:18:5:
[INFO] [stdout] assertion failed: ShellType::detect().is_some()
[INFO] [stdout] stack backtrace:
[INFO] [stdout]    0:     0x60778b79ed8a - std::backtrace_rs::backtrace::libunwind::trace::hb059275cfc8d6126
[INFO] [stdout]                                at /rustc/6067b36314ab5eb2eb47cecc464545ba58e1ad24/library/std/src/../../backtrace/src/backtrace/libunwind.rs:116:5
[INFO] [stdout]    1:     0x60778b79ed8a - std::backtrace_rs::backtrace::trace_unsynchronized::h2da071e4327ce3ee
[INFO] [stdout]                                at /rustc/6067b36314ab5eb2eb47cecc464545ba58e1ad24/library/std/src/../../backtrace/src/backtrace/mod.rs:66:5
[INFO] [stdout]    2:     0x60778b79ed8a - std::sys::backtrace::_print_fmt::h842a1474e6f8d23f
[INFO] [stdout]                                at /rustc/6067b36314ab5eb2eb47cecc464545ba58e1ad24/library/std/src/sys/backtrace.rs:66:9
[INFO] [stdout]    3:     0x60778b79ed8a - <std::sys::backtrace::BacktraceLock::print::DisplayBacktrace as core::fmt::Display>::fmt::h71a62eb3b9696b12
[INFO] [stdout]                                at /rustc/6067b36314ab5eb2eb47cecc464545ba58e1ad24/library/std/src/sys/backtrace.rs:39:26
[INFO] [stdout]    4:     0x60778b7c6c73 - core::fmt::rt::Argument::fmt::hdb6b616786b41dc1
[INFO] [stdout]                                at /rustc/6067b36314ab5eb2eb47cecc464545ba58e1ad24/library/core/src/fmt/rt.rs:177:76
[INFO] [stdout]    5:     0x60778b7c6c73 - core::fmt::write::h2cc1698af7e2d686
[INFO] [stdout]                                at /rustc/6067b36314ab5eb2eb47cecc464545ba58e1ad24/library/core/src/fmt/mod.rs:1440:21
[INFO] [stdout]    6:     0x60778b79b723 - std::io::Write::write_fmt::hab1b4cd059a79022
[INFO] [stdout]                                at /rustc/6067b36314ab5eb2eb47cecc464545ba58e1ad24/library/std/src/io/mod.rs:1887:15
[INFO] [stdout]    7:     0x60778b79ebd2 - std::sys::backtrace::BacktraceLock::print::h147fe35b4ea13b08
[INFO] [stdout]                                at /rustc/6067b36314ab5eb2eb47cecc464545ba58e1ad24/library/std/src/sys/backtrace.rs:42:9
[INFO] [stdout]    8:     0x60778b7a01af - std::panicking::default_hook::{{closure}}::hbd44223dbdc0d208
[INFO] [stdout]                                at /rustc/6067b36314ab5eb2eb47cecc464545ba58e1ad24/library/std/src/panicking.rs:298:22
[INFO] [stdout]    9:     0x60778b79ffc8 - std::panicking::default_hook::h20f81eb0576efcec
[INFO] [stdout]                                at /rustc/6067b36314ab5eb2eb47cecc464545ba58e1ad24/library/std/src/panicking.rs:322:9
[INFO] [stdout]   10:     0x60778b71a4f3 - <alloc::boxed::Box<F,A> as core::ops::function::Fn<Args>>::call::hdb53814c496a4d34
[INFO] [stdout]                                at /rustc/6067b36314ab5eb2eb47cecc464545ba58e1ad24/library/alloc/src/boxed.rs:2027:9
[INFO] [stdout]   11:     0x60778b71a4f3 - test::test_main::{{closure}}::hc0a4963c59427c24
[INFO] [stdout]                                at /rustc/6067b36314ab5eb2eb47cecc464545ba58e1ad24/library/test/src/lib.rs:134:21
[INFO] [stdout]   12:     0x60778b7a0ca3 - <alloc::boxed::Box<F,A> as core::ops::function::Fn<Args>>::call::h591b2225413a77e9
[INFO] [stdout]                                at /rustc/6067b36314ab5eb2eb47cecc464545ba58e1ad24/library/alloc/src/boxed.rs:2027:9
[INFO] [stdout]   13:     0x60778b7a0ca3 - std::panicking::rust_panic_with_hook::h625eea43051b2edc
[INFO] [stdout]                                at /rustc/6067b36314ab5eb2eb47cecc464545ba58e1ad24/library/std/src/panicking.rs:839:13
[INFO] [stdout]   14:     0x60778b7a0926 - std::panicking::begin_panic_handler::{{closure}}::h4f9159cfbc3f6bd3
[INFO] [stdout]                                at /rustc/6067b36314ab5eb2eb47cecc464545ba58e1ad24/library/std/src/panicking.rs:697:13
[INFO] [stdout]   15:     0x60778b79f289 - std::sys::backtrace::__rust_end_short_backtrace::h0390abce48353151
[INFO] [stdout]                                at /rustc/6067b36314ab5eb2eb47cecc464545ba58e1ad24/library/std/src/sys/backtrace.rs:168:18
[INFO] [stdout]   16:     0x60778b7a05ed - rust_begin_unwind
[INFO] [stdout]                                at /rustc/6067b36314ab5eb2eb47cecc464545ba58e1ad24/library/std/src/panicking.rs:695:5
[INFO] [stdout]   17:     0x60778b7c5630 - core::panicking::panic_fmt::h9e7c637e9e5f29c9
[INFO] [stdout]                                at /rustc/6067b36314ab5eb2eb47cecc464545ba58e1ad24/library/core/src/panicking.rs:75:14
[INFO] [stdout]   18:     0x60778b7c56bc - core::panicking::panic::haa3255ea20181a33
[INFO] [stdout]                                at /rustc/6067b36314ab5eb2eb47cecc464545ba58e1ad24/library/core/src/panicking.rs:145:5
[INFO] [stdout]   19:     0x60778b6e03de - shell_test::detects_a_shell_from_os::{{closure}}::h50c23176596ce8e7
[INFO] [stdout]                                at /opt/rustwide/workdir/crates/shell/tests/shell_test.rs:18:5
[INFO] [stdout]   20:     0x60778b6df72e - core::ops::function::FnOnce::call_once::h23c766709515e839
[INFO] [stdout]                                at /rustc/6067b36314ab5eb2eb47cecc464545ba58e1ad24/library/core/src/ops/function.rs:250:5
[INFO] [stdout]   21:     0x60778b7409c3 - serial_test::serial_code_lock::local_serial_core::h286dd8d48bd4c15d
[INFO] [stdout]                                at /opt/rustwide/cargo-home/registry/src/index.crates.io-1949cf8c6b5b557f/serial_test-3.2.0/src/serial_code_lock.rs:36:5
[INFO] [stdout]   22:     0x60778b6e036b - shell_test::detects_a_shell_from_os::hb6bcc7093bbd2570
[INFO] [stdout]                                at /opt/rustwide/workdir/crates/shell/tests/shell_test.rs:14:1
[INFO] [stdout]   23:     0x60778b6e02e7 - shell_test::detects_a_shell_from_os::{{closure}}::h60ac293a78db06b1
[INFO] [stdout]                                at /opt/rustwide/workdir/crates/shell/tests/shell_test.rs:15:29
[INFO] [stdout]   24:     0x60778b6df6f6 - core::ops::function::FnOnce::call_once::h0474e427f250b734
[INFO] [stdout]                                at /rustc/6067b36314ab5eb2eb47cecc464545ba58e1ad24/library/core/src/ops/function.rs:250:5
[INFO] [stdout]   25:     0x60778b71fc4b - core::ops::function::FnOnce::call_once::he27718dfdd183f43
[INFO] [stdout]                                at /rustc/6067b36314ab5eb2eb47cecc464545ba58e1ad24/library/core/src/ops/function.rs:250:5
[INFO] [stdout]   26:     0x60778b71fc4b - test::__rust_begin_short_backtrace::h4e84902998457a5d
[INFO] [stdout]                                at /rustc/6067b36314ab5eb2eb47cecc464545ba58e1ad24/library/test/src/lib.rs:632:18
[INFO] [stdout]   27:     0x60778b71eb83 - test::run_test_in_process::{{closure}}::h7176fd18fc1feca0
[INFO] [stdout]                                at /rustc/6067b36314ab5eb2eb47cecc464545ba58e1ad24/library/test/src/lib.rs:655:60
[INFO] [stdout]   28:     0x60778b71eb83 - <core::panic::unwind_safe::AssertUnwindSafe<F> as core::ops::function::FnOnce<()>>::call_once::hf79cff2a624d8cf7
[INFO] [stdout]                                at /rustc/6067b36314ab5eb2eb47cecc464545ba58e1ad24/library/core/src/panic/unwind_safe.rs:272:9
[INFO] [stdout]   29:     0x60778b71eb83 - std::panicking::try::do_call::h3da0561d9ab99c25
[INFO] [stdout]                                at /rustc/6067b36314ab5eb2eb47cecc464545ba58e1ad24/library/std/src/panicking.rs:587:40
[INFO] [stdout]   30:     0x60778b71eb83 - std::panicking::try::h41c9fa508bc61df6
[INFO] [stdout]                                at /rustc/6067b36314ab5eb2eb47cecc464545ba58e1ad24/library/std/src/panicking.rs:550:19
[INFO] [stdout]   31:     0x60778b71eb83 - std::panic::catch_unwind::h6b3ff07bb5afad93
[INFO] [stdout]                                at /rustc/6067b36314ab5eb2eb47cecc464545ba58e1ad24/library/std/src/panic.rs:358:14
[INFO] [stdout]   32:     0x60778b71eb83 - test::run_test_in_process::hc7253dd11b39b9f4
[INFO] [stdout]                                at /rustc/6067b36314ab5eb2eb47cecc464545ba58e1ad24/library/test/src/lib.rs:655:27
[INFO] [stdout]   33:     0x60778b71eb83 - test::run_test::{{closure}}::hfb2007f8649c30bb
[INFO] [stdout]                                at /rustc/6067b36314ab5eb2eb47cecc464545ba58e1ad24/library/test/src/lib.rs:576:43
[INFO] [stdout]   34:     0x60778b6e1c65 - test::run_test::{{closure}}::h56a17aa7a282a9f4
[INFO] [stdout]                                at /rustc/6067b36314ab5eb2eb47cecc464545ba58e1ad24/library/test/src/lib.rs:606:41
[INFO] [stdout]   35:     0x60778b6e1c65 - std::sys::backtrace::__rust_begin_short_backtrace::hd2d2d2fb8e8c6aac
[INFO] [stdout]                                at /rustc/6067b36314ab5eb2eb47cecc464545ba58e1ad24/library/std/src/sys/backtrace.rs:152:18
[INFO] [stdout]   36:     0x60778b6e554a - std::thread::Builder::spawn_unchecked_::{{closure}}::{{closure}}::h4faa3f9db6133423
[INFO] [stdout]                                at /rustc/6067b36314ab5eb2eb47cecc464545ba58e1ad24/library/std/src/thread/mod.rs:559:17
[INFO] [stdout]   37:     0x60778b6e554a - <core::panic::unwind_safe::AssertUnwindSafe<F> as core::ops::function::FnOnce<()>>::call_once::hf2e855a36a4ea846
[INFO] [stdout]                                at /rustc/6067b36314ab5eb2eb47cecc464545ba58e1ad24/library/core/src/panic/unwind_safe.rs:272:9
[INFO] [stdout]   38:     0x60778b6e554a - std::panicking::try::do_call::h2f73af3616c35465
[INFO] [stdout]                                at /rustc/6067b36314ab5eb2eb47cecc464545ba58e1ad24/library/std/src/panicking.rs:587:40
[INFO] [stdout]   39:     0x60778b6e554a - std::panicking::try::hd1660ce9efadef5a
[INFO] [stdout]                                at /rustc/6067b36314ab5eb2eb47cecc464545ba58e1ad24/library/std/src/panicking.rs:550:19
[INFO] [stdout]   40:     0x60778b6e554a - std::panic::catch_unwind::h5ee8d7823b8ca744
[INFO] [stdout]                                at /rustc/6067b36314ab5eb2eb47cecc464545ba58e1ad24/library/std/src/panic.rs:358:14
[INFO] [stdout]   41:     0x60778b6e554a - std::thread::Builder::spawn_unchecked_::{{closure}}::h53c3a1894dce8407
[INFO] [stdout]                                at /rustc/6067b36314ab5eb2eb47cecc464545ba58e1ad24/library/std/src/thread/mod.rs:557:30
[INFO] [stdout]   42:     0x60778b6e554a - core::ops::function::FnOnce::call_once{{vtable.shim}}::h048ce291ad4f62bf
[INFO] [stdout]                                at /rustc/6067b36314ab5eb2eb47cecc464545ba58e1ad24/library/core/src/ops/function.rs:250:5
[INFO] [stdout]   43:     0x60778b7a51cb - <alloc::boxed::Box<F,A> as core::ops::function::FnOnce<Args>>::call_once::ha52bedf99a3b4981
[INFO] [stdout]                                at /rustc/6067b36314ab5eb2eb47cecc464545ba58e1ad24/library/alloc/src/boxed.rs:2013:9
[INFO] [stdout]   44:     0x60778b7a51cb - <alloc::boxed::Box<F,A> as core::ops::function::FnOnce<Args>>::call_once::h567748934d80ccf8
[INFO] [stdout]                                at /rustc/6067b36314ab5eb2eb47cecc464545ba58e1ad24/library/alloc/src/boxed.rs:2013:9
[INFO] [stdout]   45:     0x60778b7a51cb - std::sys::pal::unix::thread::Thread::new::thread_start::h2d970728ae887adc
[INFO] [stdout]                                at /rustc/6067b36314ab5eb2eb47cecc464545ba58e1ad24/library/std/src/sys/pal/unix/thread.rs:106:17
[INFO] [stdout]   46:     0x7b8d64a9bac3 - <unknown>
[INFO] [stdout]   47:     0x7b8d64b2ca04 - clone
[INFO] [stdout]   48:                0x0 - <unknown>
[INFO] [stdout] 
[INFO] [stdout] 
[INFO] [stdout] failures:
[INFO] [stdout]     detects_a_shell_from_os
[INFO] [stdout] 
[INFO] [stdout] test result: FAILED. 1 passed; 1 failed; 0 ignored; 0 measured; 0 filtered out; finished in 0.19s
[INFO] [stdout] 
[INFO] [stderr] error: test failed, to rerun pass `-p starbase_shell --test shell_test`
[INFO] running `Command { std: "docker" "inspect" "cc45e506a2e744b2617d4a07db200713b3375214d104921cdfd1041f569195be", kill_on_drop: false }`
[INFO] running `Command { std: "docker" "rm" "-f" "cc45e506a2e744b2617d4a07db200713b3375214d104921cdfd1041f569195be", kill_on_drop: false }`
[INFO] [stdout] cc45e506a2e744b2617d4a07db200713b3375214d104921cdfd1041f569195be
