[INFO] cloning repository https://github.com/moba1/amethyst
[INFO] running `Command { std: "git" "-c" "credential.helper=" "-c" "credential.helper=/workspace/cargo-home/bin/git-credential-null" "clone" "--bare" "https://github.com/moba1/amethyst" "/workspace/cache/git-repos/https%3A%2F%2Fgithub.com%2Fmoba1%2Famethyst", kill_on_drop: false }`
[INFO] [stderr] Cloning into bare repository '/workspace/cache/git-repos/https%3A%2F%2Fgithub.com%2Fmoba1%2Famethyst'...
[INFO] running `Command { std: "git" "rev-parse" "HEAD", kill_on_drop: false }`
[INFO] [stdout] e683af31d415777fc0cd45efa7e4fb53059e4082
[INFO] testing moba1/amethyst against nightly-2025-01-18 for randomize-layout-2
[INFO] running `Command { std: "git" "clone" "/workspace/cache/git-repos/https%3A%2F%2Fgithub.com%2Fmoba1%2Famethyst" "/workspace/builds/worker-7-tc1/source", kill_on_drop: false }`
[INFO] [stderr] Cloning into '/workspace/builds/worker-7-tc1/source'...
[INFO] [stderr] done.
[INFO] validating manifest of git repo https://github.com/moba1/amethyst on toolchain nightly-2025-01-18
[INFO] running `Command { std: CARGO_HOME="/workspace/cargo-home" RUSTUP_HOME="/workspace/rustup-home" "/workspace/cargo-home/bin/cargo" "+nightly-2025-01-18" "metadata" "--manifest-path" "Cargo.toml" "--no-deps", kill_on_drop: false }`
[INFO] started tweaking git repo https://github.com/moba1/amethyst
[INFO] finished tweaking git repo https://github.com/moba1/amethyst
[INFO] tweaked toml for git repo https://github.com/moba1/amethyst written to /workspace/builds/worker-7-tc1/source/Cargo.toml
[INFO] crate git repo https://github.com/moba1/amethyst already has a lockfile, it will not be regenerated
[INFO] running `Command { std: CARGO_HOME="/workspace/cargo-home" RUSTUP_HOME="/workspace/rustup-home" "/workspace/cargo-home/bin/cargo" "+nightly-2025-01-18" "fetch" "--manifest-path" "Cargo.toml", kill_on_drop: false }`
[INFO] [stderr]  Downloading crates ...
[INFO] [stderr]   Downloaded os_str_bytes v6.0.0
[INFO] [stderr]   Downloaded clap_lex v0.1.1
[INFO] [stderr]   Downloaded reqwest v0.11.10
[INFO] [stderr]   Downloaded assert_cmd v2.0.4
[INFO] [stderr]   Downloaded clap_derive v3.1.7
[INFO] [stderr]   Downloaded serde_yaml v0.8.24
[INFO] [stderr]   Downloaded rustls-pemfile v0.3.0
[INFO] [stderr]   Downloaded wasm-bindgen-futures v0.4.30
[INFO] [stderr]   Downloaded clap v3.1.10
[INFO] [stderr]   Downloaded rustls v0.20.4
[INFO] running `Command { std: "docker" "create" "-v" "/var/lib/crater-agent-workspace/builds/worker-7-tc1/target:/opt/rustwide/target:rw,Z" "-v" "/var/lib/crater-agent-workspace/builds/worker-7-tc1/source:/opt/rustwide/workdir:ro,Z" "-v" "/var/lib/crater-agent-workspace/cargo-home:/opt/rustwide/cargo-home:ro,Z" "-v" "/var/lib/crater-agent-workspace/rustup-home:/opt/rustwide/rustup-home:ro,Z" "-e" "SOURCE_DIR=/opt/rustwide/workdir" "-e" "CARGO_TARGET_DIR=/opt/rustwide/target" "-e" "CARGO_HOME=/opt/rustwide/cargo-home" "-e" "RUSTUP_HOME=/opt/rustwide/rustup-home" "-w" "/opt/rustwide/workdir" "-m" "1610612736" "--user" "0:0" "--network" "none" "ghcr.io/rust-lang/crates-build-env/linux@sha256:819108c5571ea2e421544af4d832f968d213c87fbe3707a016657f43d2f853bc" "/opt/rustwide/cargo-home/bin/cargo" "+nightly-2025-01-18" "metadata" "--no-deps" "--format-version=1", kill_on_drop: false }`
[INFO] [stdout] 2d6988ab51d44080dfb92f0f2e31142391bd8e131d865307acaa03fb48f7b975
[INFO] running `Command { std: "docker" "start" "-a" "2d6988ab51d44080dfb92f0f2e31142391bd8e131d865307acaa03fb48f7b975", kill_on_drop: false }`
[INFO] running `Command { std: "docker" "inspect" "2d6988ab51d44080dfb92f0f2e31142391bd8e131d865307acaa03fb48f7b975", kill_on_drop: false }`
[INFO] running `Command { std: "docker" "rm" "-f" "2d6988ab51d44080dfb92f0f2e31142391bd8e131d865307acaa03fb48f7b975", kill_on_drop: false }`
[INFO] [stdout] 2d6988ab51d44080dfb92f0f2e31142391bd8e131d865307acaa03fb48f7b975
[INFO] running `Command { std: "docker" "create" "-v" "/var/lib/crater-agent-workspace/builds/worker-7-tc1/target:/opt/rustwide/target:rw,Z" "-v" "/var/lib/crater-agent-workspace/builds/worker-7-tc1/source:/opt/rustwide/workdir:ro,Z" "-v" "/var/lib/crater-agent-workspace/cargo-home:/opt/rustwide/cargo-home:ro,Z" "-v" "/var/lib/crater-agent-workspace/rustup-home:/opt/rustwide/rustup-home:ro,Z" "-e" "SOURCE_DIR=/opt/rustwide/workdir" "-e" "CARGO_TARGET_DIR=/opt/rustwide/target" "-e" "CARGO_INCREMENTAL=0" "-e" "RUST_BACKTRACE=full" "-e" "RUSTFLAGS=--cap-lints=forbid" "-e" "RUSTDOCFLAGS=--cap-lints=forbid" "-e" "CARGO_HOME=/opt/rustwide/cargo-home" "-e" "RUSTUP_HOME=/opt/rustwide/rustup-home" "-w" "/opt/rustwide/workdir" "-m" "1610612736" "--user" "0:0" "--network" "none" "ghcr.io/rust-lang/crates-build-env/linux@sha256:819108c5571ea2e421544af4d832f968d213c87fbe3707a016657f43d2f853bc" "/opt/rustwide/cargo-home/bin/cargo" "+nightly-2025-01-18" "build" "--frozen" "--message-format=json", kill_on_drop: false }`
[INFO] [stdout] 2a3ffe393ef054282cb18cc440a99fc0ea291480e10034421fc4a8ae5fd4b005
[INFO] running `Command { std: "docker" "start" "-a" "2a3ffe393ef054282cb18cc440a99fc0ea291480e10034421fc4a8ae5fd4b005", kill_on_drop: false }`
[INFO] [stderr]    Compiling proc-macro2 v1.0.37
[INFO] [stderr]    Compiling unicode-xid v0.2.2
[INFO] [stderr]    Compiling syn v1.0.91
[INFO] [stderr]    Compiling libc v0.2.124
[INFO] [stderr]    Compiling serde_derive v1.0.136
[INFO] [stderr]    Compiling serde v1.0.136
[INFO] [stderr]    Compiling once_cell v1.10.0
[INFO] [stderr]    Compiling cc v1.0.73
[INFO] [stderr]    Compiling futures-core v0.3.21
[INFO] [stderr]    Compiling spin v0.5.2
[INFO] [stderr]    Compiling indexmap v1.8.1
[INFO] [stderr]    Compiling untrusted v0.7.1
[INFO] [stderr]    Compiling lazy_static v1.4.0
[INFO] [stderr]    Compiling itoa v1.0.1
[INFO] [stderr]    Compiling futures-task v0.3.21
[INFO] [stderr]    Compiling hashbrown v0.11.2
[INFO] [stderr]    Compiling futures-util v0.3.21
[INFO] [stderr]    Compiling tracing-core v0.1.26
[INFO] [stderr]    Compiling fnv v1.0.7
[INFO] [stderr]    Compiling proc-macro-error-attr v1.0.4
[INFO] [stderr]    Compiling futures-channel v0.3.21
[INFO] [stderr]    Compiling futures-io v0.3.21
[INFO] [stderr]    Compiling slab v0.4.6
[INFO] [stderr]    Compiling rustls v0.20.4
[INFO] [stderr]    Compiling matches v0.1.9
[INFO] [stderr]    Compiling futures-sink v0.3.21
[INFO] [stderr]    Compiling httparse v1.7.1
[INFO] [stderr]    Compiling tinyvec_macros v0.1.0
[INFO] [stderr]    Compiling proc-macro-error v1.0.4
[INFO] [stderr]    Compiling try-lock v0.2.3
[INFO] [stderr]    Compiling tinyvec v1.6.0
[INFO] [stderr]    Compiling percent-encoding v2.1.0
[INFO] [stderr]    Compiling ryu v1.0.9
[INFO] [stderr]    Compiling want v0.3.0
[INFO] [stderr]    Compiling encoding_rs v0.8.31
[INFO] [stderr]    Compiling serde_json v1.0.81
[INFO] [stderr]    Compiling httpdate v1.0.2
[INFO] [stderr]    Compiling form_urlencoded v1.0.1
[INFO] [stderr]    Compiling tower-service v0.3.1
[INFO] [stderr]    Compiling unicode-bidi v0.3.8
[INFO] [stderr]    Compiling linked-hash-map v0.5.4
[INFO] [stderr]    Compiling heck v0.4.0
[INFO] [stderr]    Compiling base64 v0.13.0
[INFO] [stderr]    Compiling os_str_bytes v6.0.0
[INFO] [stderr]    Compiling yaml-rust v0.4.5
[INFO] [stderr]    Compiling textwrap v0.15.0
[INFO] [stderr]    Compiling quote v1.0.18
[INFO] [stderr]    Compiling ipnet v2.5.0
[INFO] [stderr]    Compiling termcolor v1.1.3
[INFO] [stderr]    Compiling rustls-pemfile v0.3.0
[INFO] [stderr]    Compiling clap_lex v0.1.1
[INFO] [stderr]    Compiling unicode-normalization v0.1.19
[INFO] [stderr]    Compiling mio v0.8.3
[INFO] [stderr]    Compiling num_cpus v1.13.1
[INFO] [stderr]    Compiling socket2 v0.4.4
[INFO] [stderr]    Compiling atty v0.2.14
[INFO] [stderr]    Compiling strsim v0.10.0
[INFO] [stderr]    Compiling ring v0.16.20
[INFO] [stderr]    Compiling mime v0.3.16
[INFO] [stderr]    Compiling idna v0.2.3
[INFO] [stderr]    Compiling url v2.2.2
[INFO] [stderr]    Compiling webpki v0.22.0
[INFO] [stderr]    Compiling sct v0.7.0
[INFO] [stderr]    Compiling webpki-roots v0.22.3
[INFO] [stderr]    Compiling tracing-attributes v0.1.21
[INFO] [stderr]    Compiling clap_derive v3.1.7
[INFO] [stderr]    Compiling tracing v0.1.34
[INFO] [stderr]    Compiling clap v3.1.10
[INFO] [stderr]    Compiling bytes v1.1.0
[INFO] [stderr]    Compiling serde_urlencoded v0.7.1
[INFO] [stderr]    Compiling serde_yaml v0.8.24
[INFO] [stderr]    Compiling tokio v1.18.2
[INFO] [stderr]    Compiling http v0.2.7
[INFO] [stderr]    Compiling http-body v0.4.4
[INFO] [stderr]    Compiling tokio-util v0.7.1
[INFO] [stderr]    Compiling tokio-rustls v0.23.4
[INFO] [stderr]    Compiling h2 v0.3.13
[INFO] [stderr]    Compiling hyper v0.14.18
[INFO] [stderr]    Compiling hyper-rustls v0.23.0
[INFO] [stderr]    Compiling reqwest v0.11.10
[INFO] [stderr]    Compiling amethyst v0.1.0 (/opt/rustwide/workdir)
[INFO] [stdout] warning: fields `media_type` and `size` are never read
[INFO] [stdout]  --> src/registry/docker_hub/manifest.rs:8:9
[INFO] [stdout]   |
[INFO] [stdout] 6 | pub struct Config {
[INFO] [stdout]   |            ------ fields in this struct
[INFO] [stdout] 7 |     #[serde(rename = "mediaType")]
[INFO] [stdout] 8 |     pub media_type: String,
[INFO] [stdout]   |         ^^^^^^^^^^
[INFO] [stdout] 9 |     pub size: usize,
[INFO] [stdout]   |         ^^^^
[INFO] [stdout]   |
[INFO] [stdout]   = note: `Config` has a derived impl for the trait `Debug`, but this is intentionally ignored during dead code analysis
[INFO] [stdout]   = note: `#[warn(dead_code)]` on by default
[INFO] [stdout] 
[INFO] [stdout] 
[INFO] [stdout] warning: fields `media_type` and `size` are never read
[INFO] [stdout]   --> src/registry/docker_hub/manifest.rs:16:9
[INFO] [stdout]    |
[INFO] [stdout] 14 | pub struct Layer {
[INFO] [stdout]    |            ----- fields in this struct
[INFO] [stdout] 15 |     #[serde(rename = "mediaType")]
[INFO] [stdout] 16 |     pub media_type: String,
[INFO] [stdout]    |         ^^^^^^^^^^
[INFO] [stdout] 17 |     pub size: usize,
[INFO] [stdout]    |         ^^^^
[INFO] [stdout]    |
[INFO] [stdout]    = note: `Layer` has a derived impl for the trait `Debug`, but this is intentionally ignored during dead code analysis
[INFO] [stdout] 
[INFO] [stdout] 
[INFO] [stdout] warning: fields `schema_version` and `media_type` are never read
[INFO] [stdout]   --> src/registry/docker_hub/manifest.rs:24:9
[INFO] [stdout]    |
[INFO] [stdout] 22 | pub struct Manifest {
[INFO] [stdout]    |            -------- fields in this struct
[INFO] [stdout] 23 |     #[serde(rename = "schemaVersion")]
[INFO] [stdout] 24 |     pub schema_version: u32,
[INFO] [stdout]    |         ^^^^^^^^^^^^^^
[INFO] [stdout] 25 |     #[serde(rename = "mediaType")]
[INFO] [stdout] 26 |     pub media_type: String,
[INFO] [stdout]    |         ^^^^^^^^^^
[INFO] [stdout]    |
[INFO] [stdout]    = note: `Manifest` has a derived impl for the trait `Debug`, but this is intentionally ignored during dead code analysis
[INFO] [stdout] 
[INFO] [stdout] 
[INFO] [stdout] warning: variant `JWT` is never constructed
[INFO] [stdout]  --> src/registry/docker_hub/token.rs:5:5
[INFO] [stdout]   |
[INFO] [stdout] 4 | pub enum Token {
[INFO] [stdout]   |          ----- variant in this enum
[INFO] [stdout] 5 |     JWT(String),
[INFO] [stdout]   |     ^^^
[INFO] [stdout]   |
[INFO] [stdout]   = note: `Token` has derived impls for the traits `Clone` and `Debug`, but these are intentionally ignored during dead code analysis
[INFO] [stdout] 
[INFO] [stdout] 
[INFO] [stderr]     Finished `dev` profile [unoptimized + debuginfo] target(s) in 41.27s
[INFO] running `Command { std: "docker" "inspect" "2a3ffe393ef054282cb18cc440a99fc0ea291480e10034421fc4a8ae5fd4b005", kill_on_drop: false }`
[INFO] running `Command { std: "docker" "rm" "-f" "2a3ffe393ef054282cb18cc440a99fc0ea291480e10034421fc4a8ae5fd4b005", kill_on_drop: false }`
[INFO] [stdout] 2a3ffe393ef054282cb18cc440a99fc0ea291480e10034421fc4a8ae5fd4b005
[INFO] running `Command { std: "docker" "create" "-v" "/var/lib/crater-agent-workspace/builds/worker-7-tc1/target:/opt/rustwide/target:rw,Z" "-v" "/var/lib/crater-agent-workspace/builds/worker-7-tc1/source:/opt/rustwide/workdir:ro,Z" "-v" "/var/lib/crater-agent-workspace/cargo-home:/opt/rustwide/cargo-home:ro,Z" "-v" "/var/lib/crater-agent-workspace/rustup-home:/opt/rustwide/rustup-home:ro,Z" "-e" "SOURCE_DIR=/opt/rustwide/workdir" "-e" "CARGO_TARGET_DIR=/opt/rustwide/target" "-e" "CARGO_INCREMENTAL=0" "-e" "RUST_BACKTRACE=full" "-e" "RUSTFLAGS=--cap-lints=forbid" "-e" "RUSTDOCFLAGS=--cap-lints=forbid" "-e" "CARGO_HOME=/opt/rustwide/cargo-home" "-e" "RUSTUP_HOME=/opt/rustwide/rustup-home" "-w" "/opt/rustwide/workdir" "-m" "1610612736" "--user" "0:0" "--network" "none" "ghcr.io/rust-lang/crates-build-env/linux@sha256:819108c5571ea2e421544af4d832f968d213c87fbe3707a016657f43d2f853bc" "/opt/rustwide/cargo-home/bin/cargo" "+nightly-2025-01-18" "test" "--frozen" "--no-run" "--message-format=json", kill_on_drop: false }`
[INFO] [stdout] 044cb405be33d5c09393261a2c6fe834a8dc91b796438126972cca3b9ba706f1
[INFO] running `Command { std: "docker" "start" "-a" "044cb405be33d5c09393261a2c6fe834a8dc91b796438126972cca3b9ba706f1", kill_on_drop: false }`
[INFO] [stderr]    Compiling predicates-core v1.0.3
[INFO] [stderr]    Compiling doc-comment v0.3.3
[INFO] [stderr]    Compiling either v1.6.1
[INFO] [stderr]    Compiling regex-automata v0.1.10
[INFO] [stderr]    Compiling difflib v0.4.0
[INFO] [stderr]    Compiling termtree v0.2.4
[INFO] [stderr]    Compiling wait-timeout v0.2.0
[INFO] [stderr]    Compiling fastrand v1.7.0
[INFO] [stderr]    Compiling remove_dir_all v0.5.3
[INFO] [stdout] warning: fields `media_type` and `size` are never read
[INFO] [stdout]  --> src/registry/docker_hub/manifest.rs:8:9
[INFO] [stdout]   |
[INFO] [stdout] 6 | pub struct Config {
[INFO] [stdout]   |            ------ fields in this struct
[INFO] [stdout] 7 |     #[serde(rename = "mediaType")]
[INFO] [stdout] 8 |     pub media_type: String,
[INFO] [stdout]   |         ^^^^^^^^^^
[INFO] [stdout] 9 |     pub size: usize,
[INFO] [stdout]   |         ^^^^
[INFO] [stdout]   |
[INFO] [stdout]   = note: `Config` has a derived impl for the trait `Debug`, but this is intentionally ignored during dead code analysis
[INFO] [stdout]   = note: `#[warn(dead_code)]` on by default
[INFO] [stdout] 
[INFO] [stdout] 
[INFO] [stdout] warning: fields `media_type` and `size` are never read
[INFO] [stdout]   --> src/registry/docker_hub/manifest.rs:16:9
[INFO] [stdout]    |
[INFO] [stdout] 14 | pub struct Layer {
[INFO] [stdout]    |            ----- fields in this struct
[INFO] [stdout] 15 |     #[serde(rename = "mediaType")]
[INFO] [stdout] 16 |     pub media_type: String,
[INFO] [stdout]    |         ^^^^^^^^^^
[INFO] [stdout] 17 |     pub size: usize,
[INFO] [stdout]    |         ^^^^
[INFO] [stdout]    |
[INFO] [stdout]    = note: `Layer` has a derived impl for the trait `Debug`, but this is intentionally ignored during dead code analysis
[INFO] [stdout] 
[INFO] [stdout] 
[INFO] [stdout] warning: fields `schema_version` and `media_type` are never read
[INFO] [stdout]   --> src/registry/docker_hub/manifest.rs:24:9
[INFO] [stdout]    |
[INFO] [stdout] 22 | pub struct Manifest {
[INFO] [stdout]    |            -------- fields in this struct
[INFO] [stdout] 23 |     #[serde(rename = "schemaVersion")]
[INFO] [stdout] 24 |     pub schema_version: u32,
[INFO] [stdout]    |         ^^^^^^^^^^^^^^
[INFO] [stdout] 25 |     #[serde(rename = "mediaType")]
[INFO] [stdout] 26 |     pub media_type: String,
[INFO] [stdout]    |         ^^^^^^^^^^
[INFO] [stdout]    |
[INFO] [stdout]    = note: `Manifest` has a derived impl for the trait `Debug`, but this is intentionally ignored during dead code analysis
[INFO] [stdout] 
[INFO] [stdout] 
[INFO] [stdout] warning: variant `JWT` is never constructed
[INFO] [stdout]  --> src/registry/docker_hub/token.rs:5:5
[INFO] [stdout]   |
[INFO] [stdout] 4 | pub enum Token {
[INFO] [stdout]   |          ----- variant in this enum
[INFO] [stdout] 5 |     JWT(String),
[INFO] [stdout]   |     ^^^
[INFO] [stdout]   |
[INFO] [stdout]   = note: `Token` has derived impls for the traits `Clone` and `Debug`, but these are intentionally ignored during dead code analysis
[INFO] [stdout] 
[INFO] [stdout] 
[INFO] [stderr]    Compiling bstr v0.2.17
[INFO] [stderr]    Compiling predicates-tree v1.0.5
[INFO] [stderr]    Compiling itertools v0.10.3
[INFO] [stderr]    Compiling tempfile v3.3.0
[INFO] [stderr]    Compiling predicates v2.1.1
[INFO] [stderr]    Compiling assert_cmd v2.0.4
[INFO] [stderr]    Compiling amethyst v0.1.0 (/opt/rustwide/workdir)
[INFO] [stdout] warning: fields `media_type` and `size` are never read
[INFO] [stdout]  --> src/registry/docker_hub/manifest.rs:8:9
[INFO] [stdout]   |
[INFO] [stdout] 6 | pub struct Config {
[INFO] [stdout]   |            ------ fields in this struct
[INFO] [stdout] 7 |     #[serde(rename = "mediaType")]
[INFO] [stdout] 8 |     pub media_type: String,
[INFO] [stdout]   |         ^^^^^^^^^^
[INFO] [stdout] 9 |     pub size: usize,
[INFO] [stdout]   |         ^^^^
[INFO] [stdout]   |
[INFO] [stdout]   = note: `Config` has a derived impl for the trait `Debug`, but this is intentionally ignored during dead code analysis
[INFO] [stdout]   = note: `#[warn(dead_code)]` on by default
[INFO] [stdout] 
[INFO] [stdout] 
[INFO] [stdout] warning: fields `media_type` and `size` are never read
[INFO] [stdout]   --> src/registry/docker_hub/manifest.rs:16:9
[INFO] [stdout]    |
[INFO] [stdout] 14 | pub struct Layer {
[INFO] [stdout]    |            ----- fields in this struct
[INFO] [stdout] 15 |     #[serde(rename = "mediaType")]
[INFO] [stdout] 16 |     pub media_type: String,
[INFO] [stdout]    |         ^^^^^^^^^^
[INFO] [stdout] 17 |     pub size: usize,
[INFO] [stdout]    |         ^^^^
[INFO] [stdout]    |
[INFO] [stdout]    = note: `Layer` has a derived impl for the trait `Debug`, but this is intentionally ignored during dead code analysis
[INFO] [stdout] 
[INFO] [stdout] 
[INFO] [stdout] warning: fields `schema_version` and `media_type` are never read
[INFO] [stdout]   --> src/registry/docker_hub/manifest.rs:24:9
[INFO] [stdout]    |
[INFO] [stdout] 22 | pub struct Manifest {
[INFO] [stdout]    |            -------- fields in this struct
[INFO] [stdout] 23 |     #[serde(rename = "schemaVersion")]
[INFO] [stdout] 24 |     pub schema_version: u32,
[INFO] [stdout]    |         ^^^^^^^^^^^^^^
[INFO] [stdout] 25 |     #[serde(rename = "mediaType")]
[INFO] [stdout] 26 |     pub media_type: String,
[INFO] [stdout]    |         ^^^^^^^^^^
[INFO] [stdout]    |
[INFO] [stdout]    = note: `Manifest` has a derived impl for the trait `Debug`, but this is intentionally ignored during dead code analysis
[INFO] [stdout] 
[INFO] [stdout] 
[INFO] [stdout] warning: variant `JWT` is never constructed
[INFO] [stdout]  --> src/registry/docker_hub/token.rs:5:5
[INFO] [stdout]   |
[INFO] [stdout] 4 | pub enum Token {
[INFO] [stdout]   |          ----- variant in this enum
[INFO] [stdout] 5 |     JWT(String),
[INFO] [stdout]   |     ^^^
[INFO] [stdout]   |
[INFO] [stdout]   = note: `Token` has derived impls for the traits `Clone` and `Debug`, but these are intentionally ignored during dead code analysis
[INFO] [stdout] 
[INFO] [stdout] 
[INFO] [stderr]     Finished `test` profile [unoptimized + debuginfo] target(s) in 6.70s
[INFO] running `Command { std: "docker" "inspect" "044cb405be33d5c09393261a2c6fe834a8dc91b796438126972cca3b9ba706f1", kill_on_drop: false }`
[INFO] running `Command { std: "docker" "rm" "-f" "044cb405be33d5c09393261a2c6fe834a8dc91b796438126972cca3b9ba706f1", kill_on_drop: false }`
[INFO] [stdout] 044cb405be33d5c09393261a2c6fe834a8dc91b796438126972cca3b9ba706f1
[INFO] running `Command { std: "docker" "create" "-v" "/var/lib/crater-agent-workspace/builds/worker-7-tc1/target:/opt/rustwide/target:rw,Z" "-v" "/var/lib/crater-agent-workspace/builds/worker-7-tc1/source:/opt/rustwide/workdir:ro,Z" "-v" "/var/lib/crater-agent-workspace/cargo-home:/opt/rustwide/cargo-home:ro,Z" "-v" "/var/lib/crater-agent-workspace/rustup-home:/opt/rustwide/rustup-home:ro,Z" "-e" "SOURCE_DIR=/opt/rustwide/workdir" "-e" "CARGO_TARGET_DIR=/opt/rustwide/target" "-e" "CARGO_INCREMENTAL=0" "-e" "RUST_BACKTRACE=full" "-e" "RUSTFLAGS=--cap-lints=forbid" "-e" "RUSTDOCFLAGS=--cap-lints=forbid" "-e" "CARGO_HOME=/opt/rustwide/cargo-home" "-e" "RUSTUP_HOME=/opt/rustwide/rustup-home" "-w" "/opt/rustwide/workdir" "-m" "1610612736" "--user" "0:0" "--network" "none" "ghcr.io/rust-lang/crates-build-env/linux@sha256:819108c5571ea2e421544af4d832f968d213c87fbe3707a016657f43d2f853bc" "/opt/rustwide/cargo-home/bin/cargo" "+nightly-2025-01-18" "test" "--frozen", kill_on_drop: false }`
[INFO] [stdout] 3a56ca9ef080ab6ef7be6ce36499c0df2f2a05dff796c4aeeba827d815c5ccc4
[INFO] running `Command { std: "docker" "start" "-a" "3a56ca9ef080ab6ef7be6ce36499c0df2f2a05dff796c4aeeba827d815c5ccc4", kill_on_drop: false }`
[INFO] [stderr] warning: fields `media_type` and `size` are never read
[INFO] [stderr]  --> src/registry/docker_hub/manifest.rs:8:9
[INFO] [stderr]   |
[INFO] [stderr] 6 | pub struct Config {
[INFO] [stderr]   |            ------ fields in this struct
[INFO] [stderr] 7 |     #[serde(rename = "mediaType")]
[INFO] [stderr] 8 |     pub media_type: String,
[INFO] [stderr]   |         ^^^^^^^^^^
[INFO] [stderr] 9 |     pub size: usize,
[INFO] [stderr]   |         ^^^^
[INFO] [stderr]   |
[INFO] [stderr]   = note: `Config` has a derived impl for the trait `Debug`, but this is intentionally ignored during dead code analysis
[INFO] [stderr]   = note: `#[warn(dead_code)]` on by default
[INFO] [stderr] 
[INFO] [stderr] warning: fields `media_type` and `size` are never read
[INFO] [stderr]   --> src/registry/docker_hub/manifest.rs:16:9
[INFO] [stderr]    |
[INFO] [stderr] 14 | pub struct Layer {
[INFO] [stderr]    |            ----- fields in this struct
[INFO] [stderr] 15 |     #[serde(rename = "mediaType")]
[INFO] [stderr] 16 |     pub media_type: String,
[INFO] [stderr]    |         ^^^^^^^^^^
[INFO] [stderr] 17 |     pub size: usize,
[INFO] [stderr]    |         ^^^^
[INFO] [stderr]    |
[INFO] [stderr]    = note: `Layer` has a derived impl for the trait `Debug`, but this is intentionally ignored during dead code analysis
[INFO] [stderr] 
[INFO] [stderr] warning: fields `schema_version` and `media_type` are never read
[INFO] [stderr]   --> src/registry/docker_hub/manifest.rs:24:9
[INFO] [stderr]    |
[INFO] [stderr] 22 | pub struct Manifest {
[INFO] [stderr]    |            -------- fields in this struct
[INFO] [stderr] 23 |     #[serde(rename = "schemaVersion")]
[INFO] [stderr] 24 |     pub schema_version: u32,
[INFO] [stderr]    |         ^^^^^^^^^^^^^^
[INFO] [stderr] 25 |     #[serde(rename = "mediaType")]
[INFO] [stderr] 26 |     pub media_type: String,
[INFO] [stderr]    |         ^^^^^^^^^^
[INFO] [stderr]    |
[INFO] [stderr]    = note: `Manifest` has a derived impl for the trait `Debug`, but this is intentionally ignored during dead code analysis
[INFO] [stderr] 
[INFO] [stderr] warning: variant `JWT` is never constructed
[INFO] [stderr]  --> src/registry/docker_hub/token.rs:5:5
[INFO] [stderr]   |
[INFO] [stderr] 4 | pub enum Token {
[INFO] [stderr]   |          ----- variant in this enum
[INFO] [stderr] 5 |     JWT(String),
[INFO] [stderr]   |     ^^^
[INFO] [stderr]   |
[INFO] [stderr]   = note: `Token` has derived impls for the traits `Clone` and `Debug`, but these are intentionally ignored during dead code analysis
[INFO] [stderr] 
[INFO] [stderr] warning: `amethyst` (bin "amethyst") generated 4 warnings
[INFO] [stderr] warning: `amethyst` (bin "amethyst" test) generated 4 warnings (4 duplicates)
[INFO] [stderr]     Finished `test` profile [unoptimized + debuginfo] target(s) in 0.14s
[INFO] [stderr]      Running unittests src/main.rs (/opt/rustwide/target/debug/deps/amethyst-da15a8374bccb0e3)
[INFO] [stdout] 
[INFO] [stdout] running 23 tests
[INFO] [stdout] test config::image::tests::deserializability::deserializable::minimum_set ... ok
[INFO] [stdout] test config::image::tests::deserializability::deserializable::full_set ... ok
[INFO] [stdout] test config::image::typ::tests::default_value_is_scratch ... ok
[INFO] [stdout] test config::image::tests::slurp_scriptlets::cannot_slurp_scriptlets_by_unloadable_file_module ... ok
[INFO] [stdout] test config::image::tests::deserializability::undeserializable::no_scripts_attribute ... ok
[INFO] [stdout] test config::image::tests::deserializability::undeserializable::no_name_attribute ... ok
[INFO] [stdout] test config::image::typ::tests::deserializability::deserializable::non_scrach_image_with_custom_tag ... ok
[INFO] [stdout] test config::image::typ::tests::deserializability::deserializable::latest_non_scrach_image ... ok
[INFO] [stdout] test config::image::tests::serializable_minimum_attributes ... ok
[INFO] [stdout] test config::image::typ::tests::serializability::serializable::non_scrach_image ... ok
[INFO] [stdout] test config::image::typ::tests::serializability::serializable::scrach_image ... ok
[INFO] [stdout] test config::module::tests::script_load_error_function::create_script_load_error ... ok
[INFO] [stdout] test config::image::tests::slurp_scriptlets::scriptlets_slurpable ... ok
[INFO] [stdout] test config::image::typ::tests::deserializability::deserializable::scrach_image ... ok
[INFO] [stdout] test config::module::tests::deserializable::inline_module ... ok
[INFO] [stdout] test config::module::tests::deserializable::file_module ... ok
[INFO] [stdout] test config::scriptlet::tests::add::deserializability::undeserializable ... ok
[INFO] [stdout] test config::module::tests::to_scriptlets_method::inline_module::to_scriptlets ... ok
[INFO] [stdout] test config::module::tests::to_scriptlets_method::file_module::unloadable ... ok
[INFO] [stdout] test config::module::tests::to_scriptlets_method::file_module::cannot_deserialize_scriptlets_from_file ... ok
[INFO] [stdout] test config::scriptlet::tests::add::deserializability::deserializable ... ok
[INFO] [stdout] test config::module::tests::to_scriptlets_method::file_module::to_scriptlets ... ok
[INFO] [stdout] test config::scriptlet::tests::add::serializable ... ok
[INFO] [stdout] 
[INFO] [stderr]      Running tests/build.rs (/opt/rustwide/target/debug/deps/build-2767d2c8f970b8fd)
[INFO] [stdout] test result: ok. 23 passed; 0 failed; 0 ignored; 0 measured; 0 filtered out; finished in 0.02s
[INFO] [stdout] 
[INFO] [stdout] 
[INFO] [stdout] running 5 tests
[INFO] [stdout] test io_error::cannot_run_build_command_since_unable_to_read_non_config_file ... ok
[INFO] [stdout] test build_minimum_set ... FAILED
[INFO] [stdout] test deserialize_error::cannot_deserialize_image_which_has_invalid_image_name ... ok
[INFO] [stdout] test build_multi_image ... FAILED
[INFO] [stdout] test io_error::cannot_run_build_command_in_empty_directory ... ok
[INFO] [stdout] 
[INFO] [stdout] failures:
[INFO] [stdout] 
[INFO] [stdout] ---- build_minimum_set stdout ----
[INFO] [stdout] 
[INFO] [stdout] thread 'build_minimum_set' panicked at /rustc/6067b36314ab5eb2eb47cecc464545ba58e1ad24/library/core/src/ops/function.rs:250:5:
[INFO] [stdout] Unexpected failure.
[INFO] [stdout] code-101
[INFO] [stdout] stderr=```"\nthread \'main\' panicked at src/main.rs:29:52:\ncalled `Result::unwrap()` on an `Err` value: reqwest::Error { kind: Request, url: Url { scheme: \"https\", cannot_be_a_base: false, username: \"\", password: None, host: Some(Domain(\"hub.docker.com\")), port: None, path: \"/v2/repositories/library/ubuntu\", query: None, fragment: None }, source: hyper::Error(Connect, ConnectError(\"dns error\", Custom { kind: Uncategorized, error: \"failed to lookup address information: Temporary failure in name resolution\" })) }\nstack backtrace:\n   0:     0x5b81dbaa7eba - std::backtrace_rs::backtrace::libunwind::trace::hb059275cfc8d6126\n                               at /rustc/6067b36314ab5eb2eb47cecc464545ba58e1ad24/library/std/src/../../backtrace/src/backtrace/libunwind.rs:116:5\n   1:     0x5b81dbaa7eba - std::backtrace_rs::backtrace::trace_unsynchronized::h2da071e4327ce3ee\n                               at /rustc/6067b36314ab5eb2eb47cecc464545ba58e1ad24/library/std/src/../../backtrace/src/backtrace/mod.rs:66:5\n   2:     0x5b81dbaa7eba - std::sys::backtrace::_print_fmt::h842a1474e6f8d23f\n                               at /rustc/6067b36314ab5eb2eb47cecc464545ba58e1ad24/library/std/src/sys/backtrace.rs:66:9\n   3:     0x5b81dbaa7eba - <std::sys::backtrace::BacktraceLock::print::DisplayBacktrace as core::fmt::Display>::fmt::h71a62eb3b9696b12\n                               at /rustc/6067b36314ab5eb2eb47cecc464545ba58e1ad24/library/std/src/sys/backtrace.rs:39:26\n   4:     0x5b81dbacf2b3 - core::fmt::rt::Argument::fmt::hdb6b616786b41dc1\n                               at /rustc/6067b36314ab5eb2eb47cecc464545ba58e1ad24/library/core/src/fmt/rt.rs:177:76\n   5:     0x5b81dbacf2b3 - core::fmt::write::h2cc1698af7e2d686\n                               at /rustc/6067b36314ab5eb2eb47cecc464545ba58e1ad24/library/core/src/fmt/mod.rs:1440:21\n   6:     0x5b81dbaa3de3 - std::io::Write::write_fmt::h00c8700df393f328\n                               at /rustc/6067b36314ab5eb2eb47cecc464545ba58e1ad24/library/std/src/io/mod.rs:1887:15\n   7:     0x5b81dbaa7d02 - std::sys::backtrace::BacktraceLock::print::h147fe35b4ea13b08\n                               at /rustc/6067b36314ab5eb2eb47cecc464545ba58e1ad24/library/std/src/sys/backtrace.rs:42:9\n   8:     0x5b81dbaa8c5f - std::panicking::default_hook::{{closure}}::hbd44223dbdc0d208\n                               at /rustc/6067b36314ab5eb2eb47cecc464545ba58e1ad24/library/std/src/panicking.rs:298:22\n   9:     0x5b81dbaa8aca - std::panicking::default_hook::h20f81eb0576efcec\n                               at /rustc/6067b36314ab5eb2eb47cecc464545ba58e1ad24/library/std/src/panicking.rs:325:9\n  10:     0x5b81dbaa9682 - std::panicking::rust_panic_with_hook::h625eea43051b2edc\n                               at /rustc/6067b36314ab5eb2eb47cecc464545ba58e1ad24/library/std/src/panicking.rs:831:13\n  11:     0x5b81dbaa940a - std::panicking::begin_panic_handler::{{closure}}::h4f9159cfbc3f6bd3\n                               at /rustc/6067b36314ab5eb2eb47cecc464545ba58e1ad24/library/std/src/panicking.rs:704:13\n  12:     0x5b81dbaa83b9 - std::sys::backtrace::__rust_end_short_backtrace::h0390abce48353151\n                               at /rustc/6067b36314ab5eb2eb47cecc464545ba58e1ad24/library/std/src/sys/backtrace.rs:168:18\n  13:     0x5b81dbaa909d - rust_begin_unwind\n                               at /rustc/6067b36314ab5eb2eb47cecc464545ba58e1ad24/library/std/src/panicking.rs:695:5\n  14:     0x5b81dbaccfb0 - core::panicking::panic_fmt::h9e7c637e9e5f29c9\n                               at /rustc/6067b36314ab5eb2eb47cecc464545ba58e1ad24/library/core/src/panicking.rs:75:14\n  15:     0x5b81dbacd426 - core::result::unwrap_failed::h7979f09313fe1849\n                               at /rustc/6067b36314ab5eb2eb47cecc464545ba58e1ad24/library/core/src/result.rs:1704:5\n  16:     0x5b81db44f437 - core::result::Result<T,E>::unwrap::h9e7ad8c932e97628\n                               at /rustc/6067b36314ab5eb2eb47cecc464545ba58e1ad24/library/core/src/result.rs:1109:23\n  17:     0x5b81db44f437 - amethyst::main::h3b926962240c12f4\n                               at /opt/rustwide/workdir/src/main.rs:29:5\n  18:     0x5b81db43fd3b - core::ops::function::FnOnce::call_once::h9c27d19cfb4c1407\n                               at /rustc/6067b36314ab5eb2eb47cecc464545ba58e1ad24/library/core/src/ops/function.rs:250:5\n  19:     0x5b81db4397ee - std::sys::backtrace::__rust_begin_short_backtrace::h0c3b5dce4edb668f\n                               at /rustc/6067b36314ab5eb2eb47cecc464545ba58e1ad24/library/std/src/sys/backtrace.rs:152:18\n  20:     0x5b81db450e21 - std::rt::lang_start::{{closure}}::h0f90fe2fc3b214d5\n                               at /rustc/6067b36314ab5eb2eb47cecc464545ba58e1ad24/library/std/src/rt.rs:194:18\n  21:     0x5b81dba9de90 - core::ops::function::impls::<impl core::ops::function::FnOnce<A> for &F>::call_once::h1b085b6c1d2518b2\n                               at /rustc/6067b36314ab5eb2eb47cecc464545ba58e1ad24/library/core/src/ops/function.rs:284:13\n  22:     0x5b81dba9de90 - std::panicking::try::do_call::h382f964a5a23b565\n                               at /rustc/6067b36314ab5eb2eb47cecc464545ba58e1ad24/library/std/src/panicking.rs:587:40\n  23:     0x5b81dba9de90 - std::panicking::try::h57f991055eb622f9\n                               at /rustc/6067b36314ab5eb2eb47cecc464545ba58e1ad24/library/std/src/panicking.rs:550:19\n  24:     0x5b81dba9de90 - std::panic::catch_unwind::h4d9a74ef04456343\n                               at /rustc/6067b36314ab5eb2eb47cecc464545ba58e1ad24/library/std/src/panic.rs:358:14\n  25:     0x5b81dba9de90 - std::rt::lang_start_internal::{{closure}}::h2faa8ae84a93f314\n                               at /rustc/6067b36314ab5eb2eb47cecc464545ba58e1ad24/library/std/src/rt.rs:163:24\n  26:     0x5b81dba9de90 - std::panicking::try::do_call::h0f8932bf638a9bf5\n                               at /rustc/6067b36314ab5eb2eb47cecc464545ba58e1ad24/library/std/src/panicking.rs:587:40\n  27:     0x5b81dba9de90 - std::panicking::try::h683416ea756b175d\n                               at /rustc/6067b36314ab5eb2eb47cecc464545ba58e1ad24/library/std/src/panicking.rs:550:19\n  28:     0x5b81dba9de90 - std::panic::catch_unwind::h56189fac8994979f\n                               at /rustc/6067b36314ab5eb2eb47cecc464545ba58e1ad24/library/std/src/panic.rs:358:14\n  29:     0x5b81dba9de90 - std::rt::lang_start_internal::h8bbc1061691274fe\n                               at /rustc/6067b36314ab5eb2eb47cecc464545ba58e1ad24/library/std/src/rt.rs:159:5\n  30:     0x5b81db450e07 - std::rt::lang_start::h8220faac93ca2a78\n                               at /rustc/6067b36314ab5eb2eb47cecc464545ba58e1ad24/library/std/src/rt.rs:193:5\n  31:     0x5b81db45087e - main\n  32:     0x7e967ec57d90 - <unknown>\n  33:     0x7e967ec57e40 - __libc_start_main\n  34:     0x5b81db402aa5 - _start\n  35:                0x0 - <unknown>\n"```
[INFO] [stdout] command=`"/opt/rustwide/target/debug/amethyst" "build" "tests/build/minimum-set"`
[INFO] [stdout] code=101
[INFO] [stdout] stdout=""
[INFO] [stdout] stderr="\nthread \'main\' panicked at src/main.rs:29:52:\ncalled `Result::unwrap()` on an `Err` value: reqwest::Error { kind: Request, url: Url { scheme: \"https\", cannot_be_a_base: false, username: \"\", password: None, host: Some(Domain(\"hub.docker.com\")), port: None, path: \"/v2/repositories/library/ubuntu\", query: None, fragment: None }, source: hyper::Error(Connect, ConnectError(\"dns error\", Custom { kind: Uncategorized, error: \"failed to lookup address information: Temporary failure in name resolution\" })) }\nstack backtrace:\n   0:     0x5b81dbaa7eba - std::backtrace_rs::backtrace::libunwind::trace::hb059275cfc8d6126\n                               at /rustc/6067b36314ab5eb2eb47cecc464545ba58e1ad24/library/std/src/../../backtrace/src/backtrace/libunwind.rs:116:5\n   1:     0x5b81dbaa7eba - std::backtrace_rs::backtrace::trace_unsynchronized::h2da071e4327ce3ee\n                               at /rustc/6067b36314ab5eb2eb47cecc464545ba58e1ad24/library/std/src/../../backtrace/src/backtrace/mod.rs:66:5\n   2:     0x5b81dbaa7eba - std::sys::backtrace::_print_fmt::h842a1474e6f8d23f\n                               at /rustc/6067b36314ab5eb2eb47cecc464545ba58e1ad24/library/std/src/sys/backtrace.rs:66:9\n   3:     0x5b81dbaa7eba - <std::sys::backtrace::BacktraceLock::print::DisplayBacktrace as core::fmt::Display>::fmt::h71a62eb3b9696b12\n                               at /rustc/6067b36314ab5eb2eb47cecc464545ba58e1ad24/library/std/src/sys/backtrace.rs:39:26\n   4:     0x5b81dbacf2b3 - core::fmt::rt::Argument::fmt::hdb6b616786b41dc1\n                               at /rustc/6067b36314ab5eb2eb47cecc464545ba58e1ad24/library/core/src/fmt/rt.rs:177:76\n   5:     0x5b81dbacf2b3 - core::fmt::write::h2cc1698af7e2d686\n                               at /rustc/6067b36314ab5eb2eb47cecc464545ba58e1ad24/library/core/src/fmt/mod.rs:1440:21\n   6:     0x5b81dbaa3de3 - std::io::Write::write_fmt::h00c8700df393f328\n                               at /rustc/6067b36314ab5eb2eb47cecc464545ba58e1ad24/library/std/src/io/mod.rs:1887:15\n   7:     0x5b81dbaa7d02 - std::sys::backtrace::BacktraceLock::print::h147fe35b4ea13b08\n                               at /rustc/6067b36314ab5eb2eb47cecc464545ba58e1ad24/library/std/src/sys/backtrace.rs:42:9\n   8:     0x5b81dbaa8c5f - std::panicking::default_hook::{{closure}}::hbd44223dbdc0d208\n                               at /rustc/6067b36314ab5eb2eb47cecc464545ba58e1ad24/library/std/src/panicking.rs:298:22\n   9:     0x5b81dbaa8aca - std::panicking::default_hook::h20f81eb0576efcec\n                               at /rustc/6067b36314ab5eb2eb47cecc464545ba58e1ad24/library/std/src/panicking.rs:325:9\n  10:     0x5b81dbaa9682 - std::panicking::rust_panic_with_hook::h625eea43051b2edc\n                               at /rustc/6067b36314ab5eb2eb47cecc464545ba58e1ad24/library/std/src/panicking.rs:831:13\n  11:     0x5b81dbaa940a - std::panicking::begin_panic_handler::{{closure}}::h4f9159cfbc3f6bd3\n                               at /rustc/6067b36314ab5eb2eb47cecc464545ba58e1ad24/library/std/src/panicking.rs:704:13\n  12:     0x5b81dbaa83b9 - std::sys::backtrace::__rust_end_short_backtrace::h0390abce48353151\n                               at /rustc/6067b36314ab5eb2eb47cecc464545ba58e1ad24/library/std/src/sys/backtrace.rs:168:18\n  13:     0x5b81dbaa909d - rust_begin_unwind\n                               at /rustc/6067b36314ab5eb2eb47cecc464545ba58e1ad24/library/std/src/panicking.rs:695:5\n  14:     0x5b81dbaccfb0 - core::panicking::panic_fmt::h9e7c637e9e5f29c9\n                               at /rustc/6067b36314ab5eb2eb47cecc464545ba58e1ad24/library/core/src/panicking.rs:75:14\n  15:     0x5b81dbacd426 - core::result::unwrap_failed::h7979f09313fe1849\n                               at /rustc/6067b36314ab5eb2eb47cecc464545ba58e1ad24/library/core/src/result.rs:1704:5\n  16:     0x5b81db44f437 - core::result::Result<T,E>::unwrap::h9e7ad8c932e97628\n                               at /rustc/6067b36314ab5eb2eb47cecc464545ba58e1ad24/library/core/src/result.rs:1109:23\n  17:     0x5b81db44f437 - amethyst::main::h3b926962240c12f4\n                               at /opt/rustwide/workdir/src/main.rs:29:5\n  18:     0x5b81db43fd3b - core::ops::function::FnOnce::call_once::h9c27d19cfb4c1407\n                               at /rustc/6067b36314ab5eb2eb47cecc464545ba58e1ad24/library/core/src/ops/function.rs:250:5\n  19:     0x5b81db4397ee - std::sys::backtrace::__rust_begin_short_backtrace::h0c3b5dce4edb668f\n                               at /rustc/6067b36314ab5eb2eb47cecc464545ba58e1ad24/library/std/src/sys/backtrace.rs:152:18\n  20:     0x5b81db450e21 - std::rt::lang_start::{{closure}}::h0f90fe2fc3b214d5\n                               at /rustc/6067b36314ab5eb2eb47cecc464545ba58e1ad24/library/std/src/rt.rs:194:18\n  21:     0x5b81dba9de90 - core::ops::function::impls::<impl core::ops::function::FnOnce<A> for &F>::call_once::h1b085b6c1d2518b2\n                               at /rustc/6067b36314ab5eb2eb47cecc464545ba58e1ad24/library/core/src/ops/function.rs:284:13\n  22:     0x5b81dba9de90 - std::panicking::try::do_call::h382f964a5a23b565\n                               at /rustc/6067b36314ab5eb2eb47cecc464545ba58e1ad24/library/std/src/panicking.rs:587:40\n  23:     0x5b81dba9de90 - std::panicking::try::h57f991055eb622f9\n                               at /rustc/6067b36314ab5eb2eb47cecc464545ba58e1ad24/library/std/src/panicking.rs:550:19\n  24:     0x5b81dba9de90 - std::panic::catch_unwind::h4d9a74ef04456343\n                               at /rustc/6067b36314ab5eb2eb47cecc464545ba58e1ad24/library/std/src/panic.rs:358:14\n  25:     0x5b81dba9de90 - std::rt::lang_start_internal::{{closure}}::h2faa8ae84a93f314\n                               at /rustc/6067b36314ab5eb2eb47cecc464545ba58e1ad24/library/std/src/rt.rs:163:24\n  26:     0x5b81dba9de90 - std::panicking::try::do_call::h0f8932bf638a9bf5\n                               at /rustc/6067b36314ab5eb2eb47cecc464545ba58e1ad24/library/std/src/panicking.rs:587:40\n  27:     0x5b81dba9de90 - std::panicking::try::h683416ea756b175d\n                               at /rustc/6067b36314ab5eb2eb47cecc464545ba58e1ad24/library/std/src/panicking.rs:550:19\n  28:     0x5b81dba9de90 - std::panic::catch_unwind::h56189fac8994979f\n                               at /rustc/6067b36314ab5eb2eb47cecc464545ba58e1ad24/library/std/src/panic.rs:358:14\n  29:     0x5b81dba9de90 - std::rt::lang_start_internal::h8bbc1061691274fe\n                               at /rustc/6067b36314ab5eb2eb47cecc464545ba58e1ad24/library/std/src/rt.rs:159:5\n  30:     0x5b81db450e07 - std::rt::lang_start::h8220faac93ca2a78\n                               at /rustc/6067b36314ab5eb2eb47cecc464545ba58e1ad24/library/std/src/rt.rs:193:5\n  31:     0x5b81db45087e - main\n  32:     0x7e967ec57d90 - <unknown>\n  33:     0x7e967ec57e40 - __libc_start_main\n  34:     0x5b81db402aa5 - _start\n  35:                0x0 - <unknown>\n"
[INFO] [stdout] 
[INFO] [stdout] stack backtrace:
[INFO] [stdout]    0:     0x5ffc9e833fda - std::backtrace_rs::backtrace::libunwind::trace::hb059275cfc8d6126
[INFO] [stdout]                                at /rustc/6067b36314ab5eb2eb47cecc464545ba58e1ad24/library/std/src/../../backtrace/src/backtrace/libunwind.rs:116:5
[INFO] [stdout]    1:     0x5ffc9e833fda - std::backtrace_rs::backtrace::trace_unsynchronized::h2da071e4327ce3ee
[INFO] [stdout]                                at /rustc/6067b36314ab5eb2eb47cecc464545ba58e1ad24/library/std/src/../../backtrace/src/backtrace/mod.rs:66:5
[INFO] [stdout]    2:     0x5ffc9e833fda - std::sys::backtrace::_print_fmt::h842a1474e6f8d23f
[INFO] [stdout]                                at /rustc/6067b36314ab5eb2eb47cecc464545ba58e1ad24/library/std/src/sys/backtrace.rs:66:9
[INFO] [stdout]    3:     0x5ffc9e833fda - <std::sys::backtrace::BacktraceLock::print::DisplayBacktrace as core::fmt::Display>::fmt::h71a62eb3b9696b12
[INFO] [stdout]                                at /rustc/6067b36314ab5eb2eb47cecc464545ba58e1ad24/library/std/src/sys/backtrace.rs:39:26
[INFO] [stdout]    4:     0x5ffc9e85c823 - core::fmt::rt::Argument::fmt::hdb6b616786b41dc1
[INFO] [stdout]                                at /rustc/6067b36314ab5eb2eb47cecc464545ba58e1ad24/library/core/src/fmt/rt.rs:177:76
[INFO] [stdout]    5:     0x5ffc9e85c823 - core::fmt::write::h2cc1698af7e2d686
[INFO] [stdout]                                at /rustc/6067b36314ab5eb2eb47cecc464545ba58e1ad24/library/core/src/fmt/mod.rs:1440:21
[INFO] [stdout]    6:     0x5ffc9e830403 - std::io::Write::write_fmt::hab1b4cd059a79022
[INFO] [stdout]                                at /rustc/6067b36314ab5eb2eb47cecc464545ba58e1ad24/library/std/src/io/mod.rs:1887:15
[INFO] [stdout]    7:     0x5ffc9e833e22 - std::sys::backtrace::BacktraceLock::print::h147fe35b4ea13b08
[INFO] [stdout]                                at /rustc/6067b36314ab5eb2eb47cecc464545ba58e1ad24/library/std/src/sys/backtrace.rs:42:9
[INFO] [stdout]    8:     0x5ffc9e83547f - std::panicking::default_hook::{{closure}}::hbd44223dbdc0d208
[INFO] [stdout]                                at /rustc/6067b36314ab5eb2eb47cecc464545ba58e1ad24/library/std/src/panicking.rs:298:22
[INFO] [stdout]    9:     0x5ffc9e835298 - std::panicking::default_hook::h20f81eb0576efcec
[INFO] [stdout]                                at /rustc/6067b36314ab5eb2eb47cecc464545ba58e1ad24/library/std/src/panicking.rs:322:9
[INFO] [stdout]   10:     0x5ffc9e7fd083 - <alloc::boxed::Box<F,A> as core::ops::function::Fn<Args>>::call::hdb53814c496a4d34
[INFO] [stdout]                                at /rustc/6067b36314ab5eb2eb47cecc464545ba58e1ad24/library/alloc/src/boxed.rs:2027:9
[INFO] [stdout]   11:     0x5ffc9e7fd083 - test::test_main::{{closure}}::hc0a4963c59427c24
[INFO] [stdout]                                at /rustc/6067b36314ab5eb2eb47cecc464545ba58e1ad24/library/test/src/lib.rs:134:21
[INFO] [stdout]   12:     0x5ffc9e835f73 - <alloc::boxed::Box<F,A> as core::ops::function::Fn<Args>>::call::h591b2225413a77e9
[INFO] [stdout]                                at /rustc/6067b36314ab5eb2eb47cecc464545ba58e1ad24/library/alloc/src/boxed.rs:2027:9
[INFO] [stdout]   13:     0x5ffc9e835f73 - std::panicking::rust_panic_with_hook::h625eea43051b2edc
[INFO] [stdout]                                at /rustc/6067b36314ab5eb2eb47cecc464545ba58e1ad24/library/std/src/panicking.rs:839:13
[INFO] [stdout]   14:     0x5ffc9e835c2a - std::panicking::begin_panic_handler::{{closure}}::h4f9159cfbc3f6bd3
[INFO] [stdout]                                at /rustc/6067b36314ab5eb2eb47cecc464545ba58e1ad24/library/std/src/panicking.rs:704:13
[INFO] [stdout]   15:     0x5ffc9e8344d9 - std::sys::backtrace::__rust_end_short_backtrace::h0390abce48353151
[INFO] [stdout]                                at /rustc/6067b36314ab5eb2eb47cecc464545ba58e1ad24/library/std/src/sys/backtrace.rs:168:18
[INFO] [stdout]   16:     0x5ffc9e8358bd - rust_begin_unwind
[INFO] [stdout]                                at /rustc/6067b36314ab5eb2eb47cecc464545ba58e1ad24/library/std/src/panicking.rs:695:5
[INFO] [stdout]   17:     0x5ffc9e85aef0 - core::panicking::panic_fmt::h9e7c637e9e5f29c9
[INFO] [stdout]                                at /rustc/6067b36314ab5eb2eb47cecc464545ba58e1ad24/library/core/src/panicking.rs:75:14
[INFO] [stdout]   18:     0x5ffc9e7754a3 - core::panicking::panic_display::h48facd4f2592ec08
[INFO] [stdout]                                at /rustc/6067b36314ab5eb2eb47cecc464545ba58e1ad24/library/core/src/panicking.rs:261:5
[INFO] [stdout]   19:     0x5ffc9e785967 - assert_cmd::assert::AssertError::panic::h6e79926a759751a1
[INFO] [stdout]                                at /opt/rustwide/cargo-home/registry/src/index.crates.io-1949cf8c6b5b557f/assert_cmd-2.0.4/src/assert.rs:1036:9
[INFO] [stdout]   20:     0x5ffc9e773917 - core::ops::function::FnOnce::call_once::h51a5746f177929eb
[INFO] [stdout]                                at /rustc/6067b36314ab5eb2eb47cecc464545ba58e1ad24/library/core/src/ops/function.rs:250:5
[INFO] [stdout]   21:     0x5ffc9e77b870 - core::result::Result<T,E>::unwrap_or_else::he11c6d0479144b2c
[INFO] [stdout]                                at /rustc/6067b36314ab5eb2eb47cecc464545ba58e1ad24/library/core/src/result.rs:1463:23
[INFO] [stdout]   22:     0x5ffc9e784f36 - assert_cmd::assert::Assert::success::h237b974f88ccdfb3
[INFO] [stdout]                                at /opt/rustwide/cargo-home/registry/src/index.crates.io-1949cf8c6b5b557f/assert_cmd-2.0.4/src/assert.rs:156:9
[INFO] [stdout]   23:     0x5ffc9e772020 - build::build_minimum_set::hf1fd43787bcda077
[INFO] [stdout]                                at /opt/rustwide/workdir/tests/build.rs:64:5
[INFO] [stdout]   24:     0x5ffc9e771de7 - build::build_minimum_set::{{closure}}::h90172be9d93401e0
[INFO] [stdout]                                at /opt/rustwide/workdir/tests/build.rs:51:23
[INFO] [stdout]   25:     0x5ffc9e770516 - core::ops::function::FnOnce::call_once::h17b46663d4b8c444
[INFO] [stdout]                                at /rustc/6067b36314ab5eb2eb47cecc464545ba58e1ad24/library/core/src/ops/function.rs:250:5
[INFO] [stdout]   26:     0x5ffc9e8027db - core::ops::function::FnOnce::call_once::he27718dfdd183f43
[INFO] [stdout]                                at /rustc/6067b36314ab5eb2eb47cecc464545ba58e1ad24/library/core/src/ops/function.rs:250:5
[INFO] [stdout]   27:     0x5ffc9e8027db - test::__rust_begin_short_backtrace::h4e84902998457a5d
[INFO] [stdout]                                at /rustc/6067b36314ab5eb2eb47cecc464545ba58e1ad24/library/test/src/lib.rs:632:18
[INFO] [stdout]   28:     0x5ffc9e801713 - test::run_test_in_process::{{closure}}::h7176fd18fc1feca0
[INFO] [stdout]                                at /rustc/6067b36314ab5eb2eb47cecc464545ba58e1ad24/library/test/src/lib.rs:655:60
[INFO] [stdout]   29:     0x5ffc9e801713 - <core::panic::unwind_safe::AssertUnwindSafe<F> as core::ops::function::FnOnce<()>>::call_once::hf79cff2a624d8cf7
[INFO] [stdout]                                at /rustc/6067b36314ab5eb2eb47cecc464545ba58e1ad24/library/core/src/panic/unwind_safe.rs:272:9
[INFO] [stdout]   30:     0x5ffc9e801713 - std::panicking::try::do_call::h3da0561d9ab99c25
[INFO] [stdout]                                at /rustc/6067b36314ab5eb2eb47cecc464545ba58e1ad24/library/std/src/panicking.rs:587:40
[INFO] [stdout]   31:     0x5ffc9e801713 - std::panicking::try::h41c9fa508bc61df6
[INFO] [stdout]                                at /rustc/6067b36314ab5eb2eb47cecc464545ba58e1ad24/library/std/src/panicking.rs:550:19
[INFO] [stdout]   32:     0x5ffc9e801713 - std::panic::catch_unwind::h6b3ff07bb5afad93
[INFO] [stdout]                                at /rustc/6067b36314ab5eb2eb47cecc464545ba58e1ad24/library/std/src/panic.rs:358:14
[INFO] [stdout]   33:     0x5ffc9e801713 - test::run_test_in_process::hc7253dd11b39b9f4
[INFO] [stdout]                                at /rustc/6067b36314ab5eb2eb47cecc464545ba58e1ad24/library/test/src/lib.rs:655:27
[INFO] [stdout]   34:     0x5ffc9e801713 - test::run_test::{{closure}}::hfb2007f8649c30bb
[INFO] [stdout]                                at /rustc/6067b36314ab5eb2eb47cecc464545ba58e1ad24/library/test/src/lib.rs:576:43
[INFO] [stdout]   35:     0x5ffc9e7c47f5 - test::run_test::{{closure}}::h56a17aa7a282a9f4
[INFO] [stdout]                                at /rustc/6067b36314ab5eb2eb47cecc464545ba58e1ad24/library/test/src/lib.rs:606:41
[INFO] [stdout]   36:     0x5ffc9e7c47f5 - std::sys::backtrace::__rust_begin_short_backtrace::hd2d2d2fb8e8c6aac
[INFO] [stdout]                                at /rustc/6067b36314ab5eb2eb47cecc464545ba58e1ad24/library/std/src/sys/backtrace.rs:152:18
[INFO] [stdout]   37:     0x5ffc9e7c80da - std::thread::Builder::spawn_unchecked_::{{closure}}::{{closure}}::h4faa3f9db6133423
[INFO] [stdout]                                at /rustc/6067b36314ab5eb2eb47cecc464545ba58e1ad24/library/std/src/thread/mod.rs:559:17
[INFO] [stdout]   38:     0x5ffc9e7c80da - <core::panic::unwind_safe::AssertUnwindSafe<F> as core::ops::function::FnOnce<()>>::call_once::hf2e855a36a4ea846
[INFO] [stdout]                                at /rustc/6067b36314ab5eb2eb47cecc464545ba58e1ad24/library/core/src/panic/unwind_safe.rs:272:9
[INFO] [stdout]   39:     0x5ffc9e7c80da - std::panicking::try::do_call::h2f73af3616c35465
[INFO] [stdout]                                at /rustc/6067b36314ab5eb2eb47cecc464545ba58e1ad24/library/std/src/panicking.rs:587:40
[INFO] [stdout]   40:     0x5ffc9e7c80da - std::panicking::try::hd1660ce9efadef5a
[INFO] [stdout]                                at /rustc/6067b36314ab5eb2eb47cecc464545ba58e1ad24/library/std/src/panicking.rs:550:19
[INFO] [stdout]   41:     0x5ffc9e7c80da - std::panic::catch_unwind::h5ee8d7823b8ca744
[INFO] [stdout]                                at /rustc/6067b36314ab5eb2eb47cecc464545ba58e1ad24/library/std/src/panic.rs:358:14
[INFO] [stdout]   42:     0x5ffc9e7c80da - std::thread::Builder::spawn_unchecked_::{{closure}}::h53c3a1894dce8407
[INFO] [stdout]                                at /rustc/6067b36314ab5eb2eb47cecc464545ba58e1ad24/library/std/src/thread/mod.rs:557:30
[INFO] [stdout]   43:     0x5ffc9e7c80da - core::ops::function::FnOnce::call_once{{vtable.shim}}::h048ce291ad4f62bf
[INFO] [stdout]                                at /rustc/6067b36314ab5eb2eb47cecc464545ba58e1ad24/library/core/src/ops/function.rs:250:5
[INFO] [stdout]   44:     0x5ffc9e83aa2b - <alloc::boxed::Box<F,A> as core::ops::function::FnOnce<Args>>::call_once::ha52bedf99a3b4981
[INFO] [stdout]                                at /rustc/6067b36314ab5eb2eb47cecc464545ba58e1ad24/library/alloc/src/boxed.rs:2013:9
[INFO] [stdout]   45:     0x5ffc9e83aa2b - <alloc::boxed::Box<F,A> as core::ops::function::FnOnce<Args>>::call_once::h567748934d80ccf8
[INFO] [stdout]                                at /rustc/6067b36314ab5eb2eb47cecc464545ba58e1ad24/library/alloc/src/boxed.rs:2013:9
[INFO] [stdout]   46:     0x5ffc9e83aa2b - std::sys::pal::unix::thread::Thread::new::thread_start::h2d970728ae887adc
[INFO] [stdout]                                at /rustc/6067b36314ab5eb2eb47cecc464545ba58e1ad24/library/std/src/sys/pal/unix/thread.rs:106:17
[INFO] [stdout]   47:     0x769d6fc51ac3 - <unknown>
[INFO] [stdout]   48:     0x769d6fce2a04 - clone
[INFO] [stdout]   49:                0x0 - <unknown>
[INFO] [stdout] 
[INFO] [stdout] ---- build_multi_image stdout ----
[INFO] [stdout] 
[INFO] [stdout] thread 'build_multi_image' panicked at /rustc/6067b36314ab5eb2eb47cecc464545ba58e1ad24/library/core/src/ops/function.rs:250:5:
[INFO] [stdout] Unexpected failure.
[INFO] [stdout] code-101
[INFO] [stdout] stderr=```"\nthread \'main\' panicked at src/main.rs:29:52:\ncalled `Result::unwrap()` on an `Err` value: reqwest::Error { kind: Request, url: Url { scheme: \"https\", cannot_be_a_base: false, username: \"\", password: None, host: Some(Domain(\"hub.docker.com\")), port: None, path: \"/v2/repositories/library/ubuntu\", query: None, fragment: None }, source: hyper::Error(Connect, ConnectError(\"dns error\", Custom { kind: Uncategorized, error: \"failed to lookup address information: Temporary failure in name resolution\" })) }\nstack backtrace:\n   0:     0x6010b2887eba - std::backtrace_rs::backtrace::libunwind::trace::hb059275cfc8d6126\n                               at /rustc/6067b36314ab5eb2eb47cecc464545ba58e1ad24/library/std/src/../../backtrace/src/backtrace/libunwind.rs:116:5\n   1:     0x6010b2887eba - std::backtrace_rs::backtrace::trace_unsynchronized::h2da071e4327ce3ee\n                               at /rustc/6067b36314ab5eb2eb47cecc464545ba58e1ad24/library/std/src/../../backtrace/src/backtrace/mod.rs:66:5\n   2:     0x6010b2887eba - std::sys::backtrace::_print_fmt::h842a1474e6f8d23f\n                               at /rustc/6067b36314ab5eb2eb47cecc464545ba58e1ad24/library/std/src/sys/backtrace.rs:66:9\n   3:     0x6010b2887eba - <std::sys::backtrace::BacktraceLock::print::DisplayBacktrace as core::fmt::Display>::fmt::h71a62eb3b9696b12\n                               at /rustc/6067b36314ab5eb2eb47cecc464545ba58e1ad24/library/std/src/sys/backtrace.rs:39:26\n   4:     0x6010b28af2b3 - core::fmt::rt::Argument::fmt::hdb6b616786b41dc1\n                               at /rustc/6067b36314ab5eb2eb47cecc464545ba58e1ad24/library/core/src/fmt/rt.rs:177:76\n   5:     0x6010b28af2b3 - core::fmt::write::h2cc1698af7e2d686\n                               at /rustc/6067b36314ab5eb2eb47cecc464545ba58e1ad24/library/core/src/fmt/mod.rs:1440:21\n   6:     0x6010b2883de3 - std::io::Write::write_fmt::h00c8700df393f328\n                               at /rustc/6067b36314ab5eb2eb47cecc464545ba58e1ad24/library/std/src/io/mod.rs:1887:15\n   7:     0x6010b2887d02 - std::sys::backtrace::BacktraceLock::print::h147fe35b4ea13b08\n                               at /rustc/6067b36314ab5eb2eb47cecc464545ba58e1ad24/library/std/src/sys/backtrace.rs:42:9\n   8:     0x6010b2888c5f - std::panicking::default_hook::{{closure}}::hbd44223dbdc0d208\n                               at /rustc/6067b36314ab5eb2eb47cecc464545ba58e1ad24/library/std/src/panicking.rs:298:22\n   9:     0x6010b2888aca - std::panicking::default_hook::h20f81eb0576efcec\n                               at /rustc/6067b36314ab5eb2eb47cecc464545ba58e1ad24/library/std/src/panicking.rs:325:9\n  10:     0x6010b2889682 - std::panicking::rust_panic_with_hook::h625eea43051b2edc\n                               at /rustc/6067b36314ab5eb2eb47cecc464545ba58e1ad24/library/std/src/panicking.rs:831:13\n  11:     0x6010b288940a - std::panicking::begin_panic_handler::{{closure}}::h4f9159cfbc3f6bd3\n                               at /rustc/6067b36314ab5eb2eb47cecc464545ba58e1ad24/library/std/src/panicking.rs:704:13\n  12:     0x6010b28883b9 - std::sys::backtrace::__rust_end_short_backtrace::h0390abce48353151\n                               at /rustc/6067b36314ab5eb2eb47cecc464545ba58e1ad24/library/std/src/sys/backtrace.rs:168:18\n  13:     0x6010b288909d - rust_begin_unwind\n                               at /rustc/6067b36314ab5eb2eb47cecc464545ba58e1ad24/library/std/src/panicking.rs:695:5\n  14:     0x6010b28acfb0 - core::panicking::panic_fmt::h9e7c637e9e5f29c9\n                               at /rustc/6067b36314ab5eb2eb47cecc464545ba58e1ad24/library/core/src/panicking.rs:75:14\n  15:     0x6010b28ad426 - core::result::unwrap_failed::h7979f09313fe1849\n                               at /rustc/6067b36314ab5eb2eb47cecc464545ba58e1ad24/library/core/src/result.rs:1704:5\n  16:     0x6010b222f437 - core::result::Result<T,E>::unwrap::h9e7ad8c932e97628\n                               at /rustc/6067b36314ab5eb2eb47cecc464545ba58e1ad24/library/core/src/result.rs:1109:23\n  17:     0x6010b222f437 - amethyst::main::h3b926962240c12f4\n                               at /opt/rustwide/workdir/src/main.rs:29:5\n  18:     0x6010b221fd3b - core::ops::function::FnOnce::call_once::h9c27d19cfb4c1407\n                               at /rustc/6067b36314ab5eb2eb47cecc464545ba58e1ad24/library/core/src/ops/function.rs:250:5\n  19:     0x6010b22197ee - std::sys::backtrace::__rust_begin_short_backtrace::h0c3b5dce4edb668f\n                               at /rustc/6067b36314ab5eb2eb47cecc464545ba58e1ad24/library/std/src/sys/backtrace.rs:152:18\n  20:     0x6010b2230e21 - std::rt::lang_start::{{closure}}::h0f90fe2fc3b214d5\n                               at /rustc/6067b36314ab5eb2eb47cecc464545ba58e1ad24/library/std/src/rt.rs:194:18\n  21:     0x6010b287de90 - core::ops::function::impls::<impl core::ops::function::FnOnce<A> for &F>::call_once::h1b085b6c1d2518b2\n                               at /rustc/6067b36314ab5eb2eb47cecc464545ba58e1ad24/library/core/src/ops/function.rs:284:13\n  22:     0x6010b287de90 - std::panicking::try::do_call::h382f964a5a23b565\n                               at /rustc/6067b36314ab5eb2eb47cecc464545ba58e1ad24/library/std/src/panicking.rs:587:40\n  23:     0x6010b287de90 - std::panicking::try::h57f991055eb622f9\n                               at /rustc/6067b36314ab5eb2eb47cecc464545ba58e1ad24/library/std/src/panicking.rs:550:19\n  24:     0x6010b287de90 - std::panic::catch_unwind::h4d9a74ef04456343\n                               at /rustc/6067b36314ab5eb2eb47cecc464545ba58e1ad24/library/std/src/panic.rs:358:14\n  25:     0x6010b287de90 - std::rt::lang_start_internal::{{closure}}::h2faa8ae84a93f314\n                               at /rustc/6067b36314ab5eb2eb47cecc464545ba58e1ad24/library/std/src/rt.rs:163:24\n  26:     0x6010b287de90 - std::panicking::try::do_call::h0f8932bf638a9bf5\n                               at /rustc/6067b36314ab5eb2eb47cecc464545ba58e1ad24/library/std/src/panicking.rs:587:40\n  27:     0x6010b287de90 - std::panicking::try::h683416ea756b175d\n                               at /rustc/6067b36314ab5eb2eb47cecc464545ba58e1ad24/library/std/src/panicking.rs:550:19\n  28:     0x6010b287de90 - std::panic::catch_unwind::h56189fac8994979f\n                               at /rustc/6067b36314ab5eb2eb47cecc464545ba58e1ad24/library/std/src/panic.rs:358:14\n  29:     0x6010b287de90 - std::rt::lang_start_internal::h8bbc1061691274fe\n                               at /rustc/6067b36314ab5eb2eb47cecc464545ba58e1ad24/library/std/src/rt.rs:159:5\n  30:     0x6010b2230e07 - std::rt::lang_start::h8220faac93ca2a78\n                               at /rustc/6067b36314ab5eb2eb47cecc464545ba58e1ad24/library/std/src/rt.rs:193:5\n  31:     0x6010b223087e - main\n  32:     0x73e183a46d90 - <unknown>\n  33:     0x73e183a46e40 - __libc_start_main\n  34:     0x6010b21e2aa5 - _start\n  35:                0x0 - <unknown>\n"```
[INFO] [stdout] command=`"/opt/rustwide/target/debug/amethyst" "build" "tests/build/multi-image"`
[INFO] [stdout] code=101
[INFO] [stdout] stdout=""
[INFO] [stdout] stderr="\nthread \'main\' panicked at src/main.rs:29:52:\ncalled `Result::unwrap()` on an `Err` value: reqwest::Error { kind: Request, url: Url { scheme: \"https\", cannot_be_a_base: false, username: \"\", password: None, host: Some(Domain(\"hub.docker.com\")), port: None, path: \"/v2/repositories/library/ubuntu\", query: None, fragment: None }, source: hyper::Error(Connect, ConnectError(\"dns error\", Custom { kind: Uncategorized, error: \"failed to lookup address information: Temporary failure in name resolution\" })) }\nstack backtrace:\n   0:     0x6010b2887eba - std::backtrace_rs::backtrace::libunwind::trace::hb059275cfc8d6126\n                               at /rustc/6067b36314ab5eb2eb47cecc464545ba58e1ad24/library/std/src/../../backtrace/src/backtrace/libunwind.rs:116:5\n   1:     0x6010b2887eba - std::backtrace_rs::backtrace::trace_unsynchronized::h2da071e4327ce3ee\n                               at /rustc/6067b36314ab5eb2eb47cecc464545ba58e1ad24/library/std/src/../../backtrace/src/backtrace/mod.rs:66:5\n   2:     0x6010b2887eba - std::sys::backtrace::_print_fmt::h842a1474e6f8d23f\n                               at /rustc/6067b36314ab5eb2eb47cecc464545ba58e1ad24/library/std/src/sys/backtrace.rs:66:9\n   3:     0x6010b2887eba - <std::sys::backtrace::BacktraceLock::print::DisplayBacktrace as core::fmt::Display>::fmt::h71a62eb3b9696b12\n                               at /rustc/6067b36314ab5eb2eb47cecc464545ba58e1ad24/library/std/src/sys/backtrace.rs:39:26\n   4:     0x6010b28af2b3 - core::fmt::rt::Argument::fmt::hdb6b616786b41dc1\n                               at /rustc/6067b36314ab5eb2eb47cecc464545ba58e1ad24/library/core/src/fmt/rt.rs:177:76\n   5:     0x6010b28af2b3 - core::fmt::write::h2cc1698af7e2d686\n                               at /rustc/6067b36314ab5eb2eb47cecc464545ba58e1ad24/library/core/src/fmt/mod.rs:1440:21\n   6:     0x6010b2883de3 - std::io::Write::write_fmt::h00c8700df393f328\n                               at /rustc/6067b36314ab5eb2eb47cecc464545ba58e1ad24/library/std/src/io/mod.rs:1887:15\n   7:     0x6010b2887d02 - std::sys::backtrace::BacktraceLock::print::h147fe35b4ea13b08\n                               at /rustc/6067b36314ab5eb2eb47cecc464545ba58e1ad24/library/std/src/sys/backtrace.rs:42:9\n   8:     0x6010b2888c5f - std::panicking::default_hook::{{closure}}::hbd44223dbdc0d208\n                               at /rustc/6067b36314ab5eb2eb47cecc464545ba58e1ad24/library/std/src/panicking.rs:298:22\n   9:     0x6010b2888aca - std::panicking::default_hook::h20f81eb0576efcec\n                               at /rustc/6067b36314ab5eb2eb47cecc464545ba58e1ad24/library/std/src/panicking.rs:325:9\n  10:     0x6010b2889682 - std::panicking::rust_panic_with_hook::h625eea43051b2edc\n                               at /rustc/6067b36314ab5eb2eb47cecc464545ba58e1ad24/library/std/src/panicking.rs:831:13\n  11:     0x6010b288940a - std::panicking::begin_panic_handler::{{closure}}::h4f9159cfbc3f6bd3\n                               at /rustc/6067b36314ab5eb2eb47cecc464545ba58e1ad24/library/std/src/panicking.rs:704:13\n  12:     0x6010b28883b9 - std::sys::backtrace::__rust_end_short_backtrace::h0390abce48353151\n                               at /rustc/6067b36314ab5eb2eb47cecc464545ba58e1ad24/library/std/src/sys/backtrace.rs:168:18\n  13:     0x6010b288909d - rust_begin_unwind\n                               at /rustc/6067b36314ab5eb2eb47cecc464545ba58e1ad24/library/std/src/panicking.rs:695:5\n  14:     0x6010b28acfb0 - core::panicking::panic_fmt::h9e7c637e9e5f29c9\n                               at /rustc/6067b36314ab5eb2eb47cecc464545ba58e1ad24/library/core/src/panicking.rs:75:14\n  15:     0x6010b28ad426 - core::result::unwrap_failed::h7979f09313fe1849\n                               at /rustc/6067b36314ab5eb2eb47cecc464545ba58e1ad24/library/core/src/result.rs:1704:5\n  16:     0x6010b222f437 - core::result::Result<T,E>::unwrap::h9e7ad8c932e97628\n                               at /rustc/6067b36314ab5eb2eb47cecc464545ba58e1ad24/library/core/src/result.rs:1109:23\n  17:     0x6010b222f437 - amethyst::main::h3b926962240c12f4\n                               at /opt/rustwide/workdir/src/main.rs:29:5\n  18:     0x6010b221fd3b - core::ops::function::FnOnce::call_once::h9c27d19cfb4c1407\n                               at /rustc/6067b36314ab5eb2eb47cecc464545ba58e1ad24/library/core/src/ops/function.rs:250:5\n  19:     0x6010b22197ee - std::sys::backtrace::__rust_begin_short_backtrace::h0c3b5dce4edb668f\n                               at /rustc/6067b36314ab5eb2eb47cecc464545ba58e1ad24/library/std/src/sys/backtrace.rs:152:18\n  20:     0x6010b2230e21 - std::rt::lang_start::{{closure}}::h0f90fe2fc3b214d5\n                               at /rustc/6067b36314ab5eb2eb47cecc464545ba58e1ad24/library/std/src/rt.rs:194:18\n  21:     0x6010b287de90 - core::ops::function::impls::<impl core::ops::function::FnOnce<A> for &F>::call_once::h1b085b6c1d2518b2\n                               at /rustc/6067b36314ab5eb2eb47cecc464545ba58e1ad24/library/core/src/ops/function.rs:284:13\n  22:     0x6010b287de90 - std::panicking::try::do_call::h382f964a5a23b565\n                               at /rustc/6067b36314ab5eb2eb47cecc464545ba58e1ad24/library/std/src/panicking.rs:587:40\n  23:     0x6010b287de90 - std::panicking::try::h57f991055eb622f9\n                               at /rustc/6067b36314ab5eb2eb47cecc464545ba58e1ad24/library/std/src/panicking.rs:550:19\n  24:     0x6010b287de90 - std::panic::catch_unwind::h4d9a74ef04456343\n                               at /rustc/6067b36314ab5eb2eb47cecc464545ba58e1ad24/library/std/src/panic.rs:358:14\n  25:     0x6010b287de90 - std::rt::lang_start_internal::{{closure}}::h2faa8ae84a93f314\n                               at /rustc/6067b36314ab5eb2eb47cecc464545ba58e1ad24/library/std/src/rt.rs:163:24\n  26:     0x6010b287de90 - std::panicking::try::do_call::h0f8932bf638a9bf5\n                               at /rustc/6067b36314ab5eb2eb47cecc464545ba58e1ad24/library/std/src/panicking.rs:587:40\n  27:     0x6010b287de90 - std::panicking::try::h683416ea756b175d\n                               at /rustc/6067b36314ab5eb2eb47cecc464545ba58e1ad24/library/std/src/panicking.rs:550:19\n  28:     0x6010b287de90 - std::panic::catch_unwind::h56189fac8994979f\n                               at /rustc/6067b36314ab5eb2eb47cecc464545ba58e1ad24/library/std/src/panic.rs:358:14\n  29:     0x6010b287de90 - std::rt::lang_start_internal::h8bbc1061691274fe\n                               at /rustc/6067b36314ab5eb2eb47cecc464545ba58e1ad24/library/std/src/rt.rs:159:5\n  30:     0x6010b2230e07 - std::rt::lang_start::h8220faac93ca2a78\n                               at /rustc/6067b36314ab5eb2eb47cecc464545ba58e1ad24/library/std/src/rt.rs:193:5\n  31:     0x6010b223087e - main\n  32:     0x73e183a46d90 - <unknown>\n  33:     0x73e183a46e40 - __libc_start_main\n  34:     0x6010b21e2aa5 - _start\n  35:                0x0 - <unknown>\n"
[INFO] [stdout] 
[INFO] [stdout] stack backtrace:
[INFO] [stdout]    0:     0x5ffc9e833fda - std::backtrace_rs::backtrace::libunwind::trace::hb059275cfc8d6126
[INFO] [stdout]                                at /rustc/6067b36314ab5eb2eb47cecc464545ba58e1ad24/library/std/src/../../backtrace/src/backtrace/libunwind.rs:116:5
[INFO] [stdout]    1:     0x5ffc9e833fda - std::backtrace_rs::backtrace::trace_unsynchronized::h2da071e4327ce3ee
[INFO] [stdout]                                at /rustc/6067b36314ab5eb2eb47cecc464545ba58e1ad24/library/std/src/../../backtrace/src/backtrace/mod.rs:66:5
[INFO] [stdout]    2:     0x5ffc9e833fda - std::sys::backtrace::_print_fmt::h842a1474e6f8d23f
[INFO] [stdout]                                at /rustc/6067b36314ab5eb2eb47cecc464545ba58e1ad24/library/std/src/sys/backtrace.rs:66:9
[INFO] [stdout]    3:     0x5ffc9e833fda - <std::sys::backtrace::BacktraceLock::print::DisplayBacktrace as core::fmt::Display>::fmt::h71a62eb3b9696b12
[INFO] [stdout]                                at /rustc/6067b36314ab5eb2eb47cecc464545ba58e1ad24/library/std/src/sys/backtrace.rs:39:26
[INFO] [stdout]    4:     0x5ffc9e85c823 - core::fmt::rt::Argument::fmt::hdb6b616786b41dc1
[INFO] [stdout]                                at /rustc/6067b36314ab5eb2eb47cecc464545ba58e1ad24/library/core/src/fmt/rt.rs:177:76
[INFO] [stdout]    5:     0x5ffc9e85c823 - core::fmt::write::h2cc1698af7e2d686
[INFO] [stdout]                                at /rustc/6067b36314ab5eb2eb47cecc464545ba58e1ad24/library/core/src/fmt/mod.rs:1440:21
[INFO] [stdout]    6:     0x5ffc9e830403 - std::io::Write::write_fmt::hab1b4cd059a79022
[INFO] [stdout]                                at /rustc/6067b36314ab5eb2eb47cecc464545ba58e1ad24/library/std/src/io/mod.rs:1887:15
[INFO] [stdout]    7:     0x5ffc9e833e22 - std::sys::backtrace::BacktraceLock::print::h147fe35b4ea13b08
[INFO] [stdout]                                at /rustc/6067b36314ab5eb2eb47cecc464545ba58e1ad24/library/std/src/sys/backtrace.rs:42:9
[INFO] [stdout]    8:     0x5ffc9e83547f - std::panicking::default_hook::{{closure}}::hbd44223dbdc0d208
[INFO] [stdout]                                at /rustc/6067b36314ab5eb2eb47cecc464545ba58e1ad24/library/std/src/panicking.rs:298:22
[INFO] [stdout]    9:     0x5ffc9e835298 - std::panicking::default_hook::h20f81eb0576efcec
[INFO] [stdout]                                at /rustc/6067b36314ab5eb2eb47cecc464545ba58e1ad24/library/std/src/panicking.rs:322:9
[INFO] [stdout]   10:     0x5ffc9e7fd083 - <alloc::boxed::Box<F,A> as core::ops::function::Fn<Args>>::call::hdb53814c496a4d34
[INFO] [stdout]                                at /rustc/6067b36314ab5eb2eb47cecc464545ba58e1ad24/library/alloc/src/boxed.rs:2027:9
[INFO] [stdout]   11:     0x5ffc9e7fd083 - test::test_main::{{closure}}::hc0a4963c59427c24
[INFO] [stdout]                                at /rustc/6067b36314ab5eb2eb47cecc464545ba58e1ad24/library/test/src/lib.rs:134:21
[INFO] [stdout]   12:     0x5ffc9e835f73 - <alloc::boxed::Box<F,A> as core::ops::function::Fn<Args>>::call::h591b2225413a77e9
[INFO] [stdout]                                at /rustc/6067b36314ab5eb2eb47cecc464545ba58e1ad24/library/alloc/src/boxed.rs:2027:9
[INFO] [stdout]   13:     0x5ffc9e835f73 - std::panicking::rust_panic_with_hook::h625eea43051b2edc
[INFO] [stdout]                                at /rustc/6067b36314ab5eb2eb47cecc464545ba58e1ad24/library/std/src/panicking.rs:839:13
[INFO] [stdout]   14:     0x5ffc9e835c2a - std::panicking::begin_panic_handler::{{closure}}::h4f9159cfbc3f6bd3
[INFO] [stdout]                                at /rustc/6067b36314ab5eb2eb47cecc464545ba58e1ad24/library/std/src/panicking.rs:704:13
[INFO] [stdout]   15:     0x5ffc9e8344d9 - std::sys::backtrace::__rust_end_short_backtrace::h0390abce48353151
[INFO] [stdout]                                at /rustc/6067b36314ab5eb2eb47cecc464545ba58e1ad24/library/std/src/sys/backtrace.rs:168:18
[INFO] [stdout]   16:     0x5ffc9e8358bd - rust_begin_unwind
[INFO] [stdout]                                at /rustc/6067b36314ab5eb2eb47cecc464545ba58e1ad24/library/std/src/panicking.rs:695:5
[INFO] [stdout]   17:     0x5ffc9e85aef0 - core::panicking::panic_fmt::h9e7c637e9e5f29c9
[INFO] [stdout]                                at /rustc/6067b36314ab5eb2eb47cecc464545ba58e1ad24/library/core/src/panicking.rs:75:14
[INFO] [stdout]   18:     0x5ffc9e7754a3 - core::panicking::panic_display::h48facd4f2592ec08
[INFO] [stdout]                                at /rustc/6067b36314ab5eb2eb47cecc464545ba58e1ad24/library/core/src/panicking.rs:261:5
[INFO] [stdout]   19:     0x5ffc9e785967 - assert_cmd::assert::AssertError::panic::h6e79926a759751a1
[INFO] [stdout]                                at /opt/rustwide/cargo-home/registry/src/index.crates.io-1949cf8c6b5b557f/assert_cmd-2.0.4/src/assert.rs:1036:9
[INFO] [stdout]   20:     0x5ffc9e773917 - core::ops::function::FnOnce::call_once::h51a5746f177929eb
[INFO] [stdout]                                at /rustc/6067b36314ab5eb2eb47cecc464545ba58e1ad24/library/core/src/ops/function.rs:250:5
[INFO] [stdout]   21:     0x5ffc9e77b870 - core::result::Result<T,E>::unwrap_or_else::he11c6d0479144b2c
[INFO] [stdout]                                at /rustc/6067b36314ab5eb2eb47cecc464545ba58e1ad24/library/core/src/result.rs:1463:23
[INFO] [stdout]   22:     0x5ffc9e784f36 - assert_cmd::assert::Assert::success::h237b974f88ccdfb3
[INFO] [stdout]                                at /opt/rustwide/cargo-home/registry/src/index.crates.io-1949cf8c6b5b557f/assert_cmd-2.0.4/src/assert.rs:156:9
[INFO] [stdout]   23:     0x5ffc9e7722e9 - build::build_multi_image::h574fea0d5f79e5e8
[INFO] [stdout]                                at /opt/rustwide/workdir/tests/build.rs:97:5
[INFO] [stdout]   24:     0x5ffc9e7720e7 - build::build_multi_image::{{closure}}::h973f9caa8b46710d
[INFO] [stdout]                                at /opt/rustwide/workdir/tests/build.rs:72:23
[INFO] [stdout]   25:     0x5ffc9e770616 - core::ops::function::FnOnce::call_once::h5800d97f28922137
[INFO] [stdout]                                at /rustc/6067b36314ab5eb2eb47cecc464545ba58e1ad24/library/core/src/ops/function.rs:250:5
[INFO] [stdout]   26:     0x5ffc9e8027db - core::ops::function::FnOnce::call_once::he27718dfdd183f43
[INFO] [stdout]                                at /rustc/6067b36314ab5eb2eb47cecc464545ba58e1ad24/library/core/src/ops/function.rs:250:5
[INFO] [stdout]   27:     0x5ffc9e8027db - test::__rust_begin_short_backtrace::h4e84902998457a5d
[INFO] [stdout]                                at /rustc/6067b36314ab5eb2eb47cecc464545ba58e1ad24/library/test/src/lib.rs:632:18
[INFO] [stdout]   28:     0x5ffc9e801713 - test::run_test_in_process::{{closure}}::h7176fd18fc1feca0
[INFO] [stdout]                                at /rustc/6067b36314ab5eb2eb47cecc464545ba58e1ad24/library/test/src/lib.rs:655:60
[INFO] [stdout]   29:     0x5ffc9e801713 - <core::panic::unwind_safe::AssertUnwindSafe<F> as core::ops::function::FnOnce<()>>::call_once::hf79cff2a624d8cf7
[INFO] [stdout]                                at /rustc/6067b36314ab5eb2eb47cecc464545ba58e1ad24/library/core/src/panic/unwind_safe.rs:272:9
[INFO] [stdout]   30:     0x5ffc9e801713 - std::panicking::try::do_call::h3da0561d9ab99c25
[INFO] [stdout]                                at /rustc/6067b36314ab5eb2eb47cecc464545ba58e1ad24/library/std/src/panicking.rs:587:40
[INFO] [stdout]   31:     0x5ffc9e801713 - std::panicking::try::h41c9fa508bc61df6
[INFO] [stdout]                                at /rustc/6067b36314ab5eb2eb47cecc464545ba58e1ad24/library/std/src/panicking.rs:550:19
[INFO] [stdout]   32:     0x5ffc9e801713 - std::panic::catch_unwind::h6b3ff07bb5afad93
[INFO] [stdout]                                at /rustc/6067b36314ab5eb2eb47cecc464545ba58e1ad24/library/std/src/panic.rs:358:14
[INFO] [stdout]   33:     0x5ffc9e801713 - test::run_test_in_process::hc7253dd11b39b9f4
[INFO] [stdout]                                at /rustc/6067b36314ab5eb2eb47cecc464545ba58e1ad24/library/test/src/lib.rs:655:27
[INFO] [stdout]   34:     0x5ffc9e801713 - test::run_test::{{closure}}::hfb2007f8649c30bb
[INFO] [stdout]                                at /rustc/6067b36314ab5eb2eb47cecc464545ba58e1ad24/library/test/src/lib.rs:576:43
[INFO] [stdout]   35:     0x5ffc9e7c47f5 - test::run_test::{{closure}}::h56a17aa7a282a9f4
[INFO] [stdout]                                at /rustc/6067b36314ab5eb2eb47cecc464545ba58e1ad24/library/test/src/lib.rs:606:41
[INFO] [stdout]   36:     0x5ffc9e7c47f5 - std::sys::backtrace::__rust_begin_short_backtrace::hd2d2d2fb8e8c6aac
[INFO] [stdout]                                at /rustc/6067b36314ab5eb2eb47cecc464545ba58e1ad24/library/std/src/sys/backtrace.rs:152:18
[INFO] [stdout]   37:     0x5ffc9e7c80da - std::thread::Builder::spawn_unchecked_::{{closure}}::{{closure}}::h4faa3f9db6133423
[INFO] [stdout]                                at /rustc/6067b36314ab5eb2eb47cecc464545ba58e1ad24/library/std/src/thread/mod.rs:559:17
[INFO] [stdout]   38:     0x5ffc9e7c80da - <core::panic::unwind_safe::AssertUnwindSafe<F> as core::ops::function::FnOnce<()>>::call_once::hf2e855a36a4ea846
[INFO] [stdout]                                at /rustc/6067b36314ab5eb2eb47cecc464545ba58e1ad24/library/core/src/panic/unwind_safe.rs:272:9
[INFO] [stdout]   39:     0x5ffc9e7c80da - std::panicking::try::do_call::h2f73af3616c35465
[INFO] [stdout]                                at /rustc/6067b36314ab5eb2eb47cecc464545ba58e1ad24/library/std/src/panicking.rs:587:40
[INFO] [stdout]   40:     0x5ffc9e7c80da - std::panicking::try::hd1660ce9efadef5a
[INFO] [stdout]                                at /rustc/6067b36314ab5eb2eb47cecc464545ba58e1ad24/library/std/src/panicking.rs:550:19
[INFO] [stdout]   41:     0x5ffc9e7c80da - std::panic::catch_unwind::h5ee8d7823b8ca744
[INFO] [stdout]                                at /rustc/6067b36314ab5eb2eb47cecc464545ba58e1ad24/library/std/src/panic.rs:358:14
[INFO] [stdout]   42:     0x5ffc9e7c80da - std::thread::Builder::spawn_unchecked_::{{closure}}::h53c3a1894dce8407
[INFO] [stdout]                                at /rustc/6067b36314ab5eb2eb47cecc464545ba58e1ad24/library/std/src/thread/mod.rs:557:30
[INFO] [stdout]   43:     0x5ffc9e7c80da - core::ops::function::FnOnce::call_once{{vtable.shim}}::h048ce291ad4f62bf
[INFO] [stdout]                                at /rustc/6067b36314ab5eb2eb47cecc464545ba58e1ad24/library/core/src/ops/function.rs:250:5
[INFO] [stdout]   44:     0x5ffc9e83aa2b - <alloc::boxed::Box<F,A> as core::ops::function::FnOnce<Args>>::call_once::ha52bedf99a3b4981
[INFO] [stdout]                                at /rustc/6067b36314ab5eb2eb47cecc464545ba58e1ad24/library/alloc/src/boxed.rs:2013:9
[INFO] [stdout]   45:     0x5ffc9e83aa2b - <alloc::boxed::Box<F,A> as core::ops::function::FnOnce<Args>>::call_once::h567748934d80ccf8
[INFO] [stdout]                                at /rustc/6067b36314ab5eb2eb47cecc464545ba58e1ad24/library/alloc/src/boxed.rs:2013:9
[INFO] [stdout]   46:     0x5ffc9e83aa2b - std::sys::pal::unix::thread::Thread::new::thread_start::h2d970728ae887adc
[INFO] [stdout]                                at /rustc/6067b36314ab5eb2eb47cecc464545ba58e1ad24/library/std/src/sys/pal/unix/thread.rs:106:17
[INFO] [stdout]   47:     0x769d6fc51ac3 - <unknown>
[INFO] [stdout]   48:     0x769d6fce2a04 - clone
[INFO] [stdout]   49:                0x0 - <unknown>
[INFO] [stdout] 
[INFO] [stdout] 
[INFO] [stdout] failures:
[INFO] [stdout]     build_minimum_set
[INFO] [stdout]     build_multi_image
[INFO] [stdout] 
[INFO] [stdout] test result: FAILED. 3 passed; 2 failed; 0 ignored; 0 measured; 0 filtered out; finished in 0.19s
[INFO] [stdout] 
[INFO] [stderr] error: test failed, to rerun pass `--test build`
[INFO] running `Command { std: "docker" "inspect" "3a56ca9ef080ab6ef7be6ce36499c0df2f2a05dff796c4aeeba827d815c5ccc4", kill_on_drop: false }`
[INFO] running `Command { std: "docker" "rm" "-f" "3a56ca9ef080ab6ef7be6ce36499c0df2f2a05dff796c4aeeba827d815c5ccc4", kill_on_drop: false }`
[INFO] [stdout] 3a56ca9ef080ab6ef7be6ce36499c0df2f2a05dff796c4aeeba827d815c5ccc4
