[INFO] cloning repository https://github.com/mineichen/ouster-rs-ce
[INFO] running `Command { std: "git" "-c" "credential.helper=" "-c" "credential.helper=/workspace/cargo-home/bin/git-credential-null" "clone" "--bare" "https://github.com/mineichen/ouster-rs-ce" "/workspace/cache/git-repos/https%3A%2F%2Fgithub.com%2Fmineichen%2Fouster-rs-ce", kill_on_drop: false }`
[INFO] [stderr] Cloning into bare repository '/workspace/cache/git-repos/https%3A%2F%2Fgithub.com%2Fmineichen%2Fouster-rs-ce'...
[INFO] running `Command { std: "git" "rev-parse" "HEAD", kill_on_drop: false }`
[INFO] [stdout] 495fabfa0a653b00fe46bd96b86f66f9680b8e47
[INFO] testing mineichen/ouster-rs-ce against nightly-2025-01-18+rustflags=-Zrandomize-layout for randomize-layout-2
[INFO] running `Command { std: "git" "clone" "/workspace/cache/git-repos/https%3A%2F%2Fgithub.com%2Fmineichen%2Fouster-rs-ce" "/workspace/builds/worker-3-tc2/source", kill_on_drop: false }`
[INFO] [stderr] Cloning into '/workspace/builds/worker-3-tc2/source'...
[INFO] [stderr] done.
[INFO] validating manifest of git repo https://github.com/mineichen/ouster-rs-ce on toolchain nightly-2025-01-18
[INFO] running `Command { std: CARGO_HOME="/workspace/cargo-home" RUSTUP_HOME="/workspace/rustup-home" "/workspace/cargo-home/bin/cargo" "+nightly-2025-01-18" "metadata" "--manifest-path" "Cargo.toml" "--no-deps", kill_on_drop: false }`
[INFO] started tweaking git repo https://github.com/mineichen/ouster-rs-ce
[INFO] finished tweaking git repo https://github.com/mineichen/ouster-rs-ce
[INFO] tweaked toml for git repo https://github.com/mineichen/ouster-rs-ce written to /workspace/builds/worker-3-tc2/source/Cargo.toml
[INFO] running `Command { std: CARGO_HOME="/workspace/cargo-home" RUSTUP_HOME="/workspace/rustup-home" "/workspace/cargo-home/bin/cargo" "+nightly-2025-01-18" "generate-lockfile" "--manifest-path" "Cargo.toml", kill_on_drop: false }`
[INFO] [stderr]     Updating crates.io index
[INFO] [stderr]      Locking 160 packages to latest compatible versions
[INFO] [stderr]       Adding imageproc v0.24.0 (available: v0.25.0)
[INFO] [stderr]       Adding pcap v1.3.0 (available: v2.2.0)
[INFO] [stderr]       Adding pcd-rs v0.10.0 (available: v0.12.0)
[INFO] [stderr]       Adding thiserror v1.0.69 (available: v2.0.11)
[INFO] running `Command { std: CARGO_HOME="/workspace/cargo-home" RUSTUP_HOME="/workspace/rustup-home" "/workspace/cargo-home/bin/cargo" "+nightly-2025-01-18" "fetch" "--manifest-path" "Cargo.toml", kill_on_drop: false }`
[INFO] running `Command { std: "docker" "create" "-v" "/var/lib/crater-agent-workspace/builds/worker-3-tc2/target:/opt/rustwide/target:rw,Z" "-v" "/var/lib/crater-agent-workspace/builds/worker-3-tc2/source:/opt/rustwide/workdir:ro,Z" "-v" "/var/lib/crater-agent-workspace/cargo-home:/opt/rustwide/cargo-home:ro,Z" "-v" "/var/lib/crater-agent-workspace/rustup-home:/opt/rustwide/rustup-home:ro,Z" "-e" "SOURCE_DIR=/opt/rustwide/workdir" "-e" "CARGO_TARGET_DIR=/opt/rustwide/target" "-e" "CARGO_HOME=/opt/rustwide/cargo-home" "-e" "RUSTUP_HOME=/opt/rustwide/rustup-home" "-w" "/opt/rustwide/workdir" "-m" "1610612736" "--user" "0:0" "--network" "none" "ghcr.io/rust-lang/crates-build-env/linux@sha256:819108c5571ea2e421544af4d832f968d213c87fbe3707a016657f43d2f853bc" "/opt/rustwide/cargo-home/bin/cargo" "+nightly-2025-01-18" "metadata" "--no-deps" "--format-version=1", kill_on_drop: false }`
[INFO] [stdout] aac342cebd5a0ca0e44951778e63de1e672abf6f18b97acbe439e8f09c7274a8
[INFO] running `Command { std: "docker" "start" "-a" "aac342cebd5a0ca0e44951778e63de1e672abf6f18b97acbe439e8f09c7274a8", kill_on_drop: false }`
[INFO] running `Command { std: "docker" "inspect" "aac342cebd5a0ca0e44951778e63de1e672abf6f18b97acbe439e8f09c7274a8", kill_on_drop: false }`
[INFO] running `Command { std: "docker" "rm" "-f" "aac342cebd5a0ca0e44951778e63de1e672abf6f18b97acbe439e8f09c7274a8", kill_on_drop: false }`
[INFO] [stdout] aac342cebd5a0ca0e44951778e63de1e672abf6f18b97acbe439e8f09c7274a8
[INFO] running `Command { std: "docker" "create" "-v" "/var/lib/crater-agent-workspace/builds/worker-3-tc2/target:/opt/rustwide/target:rw,Z" "-v" "/var/lib/crater-agent-workspace/builds/worker-3-tc2/source:/opt/rustwide/workdir:ro,Z" "-v" "/var/lib/crater-agent-workspace/cargo-home:/opt/rustwide/cargo-home:ro,Z" "-v" "/var/lib/crater-agent-workspace/rustup-home:/opt/rustwide/rustup-home:ro,Z" "-e" "SOURCE_DIR=/opt/rustwide/workdir" "-e" "CARGO_TARGET_DIR=/opt/rustwide/target" "-e" "CARGO_INCREMENTAL=0" "-e" "RUST_BACKTRACE=full" "-e" "RUSTFLAGS=--cap-lints=forbid -Zrandomize-layout" "-e" "RUSTDOCFLAGS=--cap-lints=forbid" "-e" "CARGO_HOME=/opt/rustwide/cargo-home" "-e" "RUSTUP_HOME=/opt/rustwide/rustup-home" "-w" "/opt/rustwide/workdir" "-m" "1610612736" "--user" "0:0" "--network" "none" "ghcr.io/rust-lang/crates-build-env/linux@sha256:819108c5571ea2e421544af4d832f968d213c87fbe3707a016657f43d2f853bc" "/opt/rustwide/cargo-home/bin/cargo" "+nightly-2025-01-18" "build" "--frozen" "--message-format=json", kill_on_drop: false }`
[INFO] [stdout] de2f59a947d5232774114d0c9d65ac53971f5a35918b2c543e95ffec14afb5b4
[INFO] running `Command { std: "docker" "start" "-a" "de2f59a947d5232774114d0c9d65ac53971f5a35918b2c543e95ffec14afb5b4", kill_on_drop: false }`
[INFO] [stderr]    Compiling proc-macro2 v1.0.93
[INFO] [stderr]    Compiling unicode-ident v1.0.14
[INFO] [stderr]    Compiling serde v1.0.217
[INFO] [stderr]    Compiling log v0.4.25
[INFO] [stderr]    Compiling quote v1.0.38
[INFO] [stderr]    Compiling syn v2.0.96
[INFO] [stderr]    Compiling serde_derive v1.0.217
[INFO] [stderr]    Compiling bytemuck_derive v1.8.1
[INFO] [stderr]    Compiling thiserror-impl v1.0.69
[INFO] [stderr]    Compiling thiserror v1.0.69
[INFO] [stderr]    Compiling bytemuck v1.21.0
[INFO] [stderr]    Compiling ouster-rs-ce v0.1.0 (/opt/rustwide/workdir)
[INFO] [stdout] warning: elided lifetime has a name
[INFO] [stdout]    --> src/aggregator.rs:209:36
[INFO] [stdout]     |
[INFO] [stdout] 205 |     pub fn iter_flat<'a, T>(
[INFO] [stdout]     |                      -- lifetime `'a` declared here
[INFO] [stdout] ...
[INFO] [stdout] 209 |     ) -> impl Iterator<Item = T> + '_ {
[INFO] [stdout]     |                                    ^^ this elided lifetime gets resolved as `'a`
[INFO] [stdout]     |
[INFO] [stdout]     = note: `#[warn(elided_named_lifetimes)]` on by default
[INFO] [stdout] 
[INFO] [stdout] 
[INFO] [stderr]     Finished `dev` profile [unoptimized + debuginfo] target(s) in 17.33s
[INFO] running `Command { std: "docker" "inspect" "de2f59a947d5232774114d0c9d65ac53971f5a35918b2c543e95ffec14afb5b4", kill_on_drop: false }`
[INFO] running `Command { std: "docker" "rm" "-f" "de2f59a947d5232774114d0c9d65ac53971f5a35918b2c543e95ffec14afb5b4", kill_on_drop: false }`
[INFO] [stdout] de2f59a947d5232774114d0c9d65ac53971f5a35918b2c543e95ffec14afb5b4
[INFO] running `Command { std: "docker" "create" "-v" "/var/lib/crater-agent-workspace/builds/worker-3-tc2/target:/opt/rustwide/target:rw,Z" "-v" "/var/lib/crater-agent-workspace/builds/worker-3-tc2/source:/opt/rustwide/workdir:ro,Z" "-v" "/var/lib/crater-agent-workspace/cargo-home:/opt/rustwide/cargo-home:ro,Z" "-v" "/var/lib/crater-agent-workspace/rustup-home:/opt/rustwide/rustup-home:ro,Z" "-e" "SOURCE_DIR=/opt/rustwide/workdir" "-e" "CARGO_TARGET_DIR=/opt/rustwide/target" "-e" "CARGO_INCREMENTAL=0" "-e" "RUST_BACKTRACE=full" "-e" "RUSTFLAGS=--cap-lints=forbid -Zrandomize-layout" "-e" "RUSTDOCFLAGS=--cap-lints=forbid" "-e" "CARGO_HOME=/opt/rustwide/cargo-home" "-e" "RUSTUP_HOME=/opt/rustwide/rustup-home" "-w" "/opt/rustwide/workdir" "-m" "1610612736" "--user" "0:0" "--network" "none" "ghcr.io/rust-lang/crates-build-env/linux@sha256:819108c5571ea2e421544af4d832f968d213c87fbe3707a016657f43d2f853bc" "/opt/rustwide/cargo-home/bin/cargo" "+nightly-2025-01-18" "test" "--frozen" "--no-run" "--message-format=json", kill_on_drop: false }`
[INFO] [stdout] 7603d1e7ca2a2d2386c0349ff8c3ef6c1d7978d9b2931a213e95342dd44fc5ae
[INFO] running `Command { std: "docker" "start" "-a" "7603d1e7ca2a2d2386c0349ff8c3ef6c1d7978d9b2931a213e95342dd44fc5ae", kill_on_drop: false }`
[INFO] [stderr]    Compiling syn v2.0.96
[INFO] [stderr]    Compiling libm v0.2.11
[INFO] [stderr]    Compiling num-traits v0.2.19
[INFO] [stderr]    Compiling memchr v2.7.4
[INFO] [stderr]    Compiling libc v0.2.169
[INFO] [stderr]    Compiling crossbeam-utils v0.8.21
[INFO] [stderr]    Compiling either v1.13.0
[INFO] [stderr]    Compiling rayon-core v1.12.1
[INFO] [stderr]    Compiling simd-adler32 v0.3.7
[INFO] [stderr]    Compiling anyhow v1.0.95
[INFO] [stderr]    Compiling regex-syntax v0.8.5
[INFO] [stderr]    Compiling miniz_oxide v0.8.3
[INFO] [stderr]    Compiling crossbeam-epoch v0.9.18
[INFO] [stderr]    Compiling aho-corasick v1.1.3
[INFO] [stderr]    Compiling arrayvec v0.7.6
[INFO] [stderr]    Compiling crossbeam-deque v0.8.6
[INFO] [stderr]    Compiling built v0.7.5
[INFO] [stderr]    Compiling aligned-vec v0.5.0
[INFO] [stderr]    Compiling nom v7.1.3
[INFO] [stderr]    Compiling getrandom v0.2.15
[INFO] [stderr]    Compiling syn v1.0.109
[INFO] [stderr]    Compiling rav1e v0.7.1
[INFO] [stderr]    Compiling num-integer v0.1.46
[INFO] [stderr]    Compiling v_frame v0.3.8
[INFO] [stderr]    Compiling num-complex v0.4.6
[INFO] [stderr]    Compiling rayon v1.10.0
[INFO] [stderr]    Compiling num-bigint v0.4.6
[INFO] [stderr]    Compiling flate2 v1.0.35
[INFO] [stderr]    Compiling rand_core v0.6.4
[INFO] [stderr]    Compiling itertools v0.12.1
[INFO] [stderr]    Compiling regex-automata v0.4.9
[INFO] [stderr]    Compiling matrixmultiply v0.3.9
[INFO] [stderr]    Compiling num-rational v0.4.2
[INFO] [stderr]    Compiling av1-grain v0.2.3
[INFO] [stderr]    Compiling maybe-rayon v0.1.1
[INFO] [stderr]    Compiling simd_helpers v0.1.0
[INFO] [stderr]    Compiling typenum v1.17.0
[INFO] [stderr]    Compiling new_debug_unreachable v1.0.6
[INFO] [stderr]    Compiling imgref v1.11.0
[INFO] [stderr]    Compiling weezl v0.1.8
[INFO] [stderr]    Compiling quick-error v2.0.1
[INFO] [stderr]    Compiling bitflags v1.3.2
[INFO] [stderr]    Compiling bitstream-io v2.6.0
[INFO] [stderr]    Compiling noop_proc_macro v0.3.0
[INFO] [stderr]    Compiling loop9 v0.1.5
[INFO] [stderr]    Compiling approx v0.5.1
[INFO] [stderr]    Compiling avif-serialize v0.8.2
[INFO] [stderr]    Compiling fdeflate v0.3.7
[INFO] [stderr]    Compiling zune-inflate v0.2.54
[INFO] [stderr]    Compiling half v2.4.1
[INFO] [stderr]    Compiling regex v1.11.1
[INFO] [stderr]    Compiling libloading v0.6.7
[INFO] [stderr]    Compiling smallvec v1.13.2
[INFO] [stderr]    Compiling color_quant v1.1.0
[INFO] [stderr]    Compiling ttf-parser v0.25.1
[INFO] [stderr]    Compiling jpeg-decoder v0.3.1
[INFO] [stderr]    Compiling zune-core v0.4.12
[INFO] [stderr]    Compiling byteorder-lite v0.1.0
[INFO] [stderr]    Compiling rgb v0.8.50
[INFO] [stderr]    Compiling bit_field v0.10.2
[INFO] [stderr]    Compiling rawpointer v0.2.1
[INFO] [stderr]    Compiling lebe v0.5.2
[INFO] [stderr]    Compiling image-webp v0.2.1
[INFO] [stderr]    Compiling exr v1.73.0
[INFO] [stderr]    Compiling bytemuck_derive v1.8.1
[INFO] [stderr]    Compiling thiserror-impl v1.0.69
[INFO] [stderr]    Compiling zerocopy-derive v0.7.35
[INFO] [stderr]    Compiling bytemuck v1.21.0
[INFO] [stderr]    Compiling profiling-procmacros v1.0.16
[INFO] [stderr]    Compiling safe_arch v0.7.4
[INFO] [stderr]    Compiling arg_enum_proc_macro v0.3.4
[INFO] [stderr]    Compiling zerocopy v0.7.35
[INFO] [stderr]    Compiling profiling v1.0.16
[INFO] [stderr]    Compiling num-derive v0.4.2
[INFO] [stderr]    Compiling serde_derive v1.0.217
[INFO] [stderr]    Compiling thiserror v1.0.69
[INFO] [stderr]    Compiling wide v0.7.32
[INFO] [stderr]    Compiling unzip-n v0.1.2
[INFO] [stderr]    Compiling pcap v1.3.0
[INFO] [stderr]    Compiling qoi v0.4.1
[INFO] [stderr]    Compiling ppv-lite86 v0.2.20
[INFO] [stderr]    Compiling owned_ttf_parser v0.25.0
[INFO] [stderr]    Compiling tiff v0.9.1
[INFO] [stderr]    Compiling zune-jpeg v0.4.14
[INFO] [stderr]    Compiling gif v0.13.1
[INFO] [stderr]    Compiling rand_chacha v0.3.1
[INFO] [stderr]    Compiling rand v0.8.5
[INFO] [stderr]    Compiling simba v0.8.1
[INFO] [stderr]    Compiling png v0.17.16
[INFO] [stderr]    Compiling num-iter v0.1.45
[INFO] [stderr]    Compiling itertools v0.10.5
[INFO] [stderr]    Compiling custom_derive v0.1.7
[INFO] [stderr]    Compiling serde_json v1.0.137
[INFO] [stderr]    Compiling ab_glyph_rasterizer v0.1.8
[INFO] [stderr]    Compiling ab_glyph v0.2.29
[INFO] [stderr]    Compiling conv v0.3.3
[INFO] [stderr]    Compiling rand_distr v0.4.3
[INFO] [stderr]    Compiling num v0.4.3
[INFO] [stderr]    Compiling errno v0.2.8
[INFO] [stderr]    Compiling itoa v1.0.14
[INFO] [stderr]    Compiling serde v1.0.217
[INFO] [stderr]    Compiling pcd-rs-derive v0.6.1
[INFO] [stderr]    Compiling pcd-rs v0.10.0
[INFO] [stderr]    Compiling ouster-rs-ce v0.1.0 (/opt/rustwide/workdir)
[INFO] [stdout] warning: elided lifetime has a name
[INFO] [stdout]    --> src/aggregator.rs:209:36
[INFO] [stdout]     |
[INFO] [stdout] 205 |     pub fn iter_flat<'a, T>(
[INFO] [stdout]     |                      -- lifetime `'a` declared here
[INFO] [stdout] ...
[INFO] [stdout] 209 |     ) -> impl Iterator<Item = T> + '_ {
[INFO] [stdout]     |                                    ^^ this elided lifetime gets resolved as `'a`
[INFO] [stdout]     |
[INFO] [stdout]     = note: `#[warn(elided_named_lifetimes)]` on by default
[INFO] [stdout] 
[INFO] [stdout] 
[INFO] [stderr]    Compiling ravif v0.11.11
[INFO] [stderr]    Compiling nalgebra v0.32.6
[INFO] [stderr]    Compiling image v0.25.5
[INFO] [stderr]    Compiling imageproc v0.24.0
[INFO] [stdout] warning: elided lifetime has a name
[INFO] [stdout]    --> src/aggregator.rs:209:36
[INFO] [stdout]     |
[INFO] [stdout] 205 |     pub fn iter_flat<'a, T>(
[INFO] [stdout]     |                      -- lifetime `'a` declared here
[INFO] [stdout] ...
[INFO] [stdout] 209 |     ) -> impl Iterator<Item = T> + '_ {
[INFO] [stdout]     |                                    ^^ this elided lifetime gets resolved as `'a`
[INFO] [stdout]     |
[INFO] [stdout]     = note: `#[warn(elided_named_lifetimes)]` on by default
[INFO] [stdout] 
[INFO] [stdout] 
[INFO] [stderr]     Finished `test` profile [unoptimized + debuginfo] target(s) in 2m 02s
[INFO] running `Command { std: "docker" "inspect" "7603d1e7ca2a2d2386c0349ff8c3ef6c1d7978d9b2931a213e95342dd44fc5ae", kill_on_drop: false }`
[INFO] running `Command { std: "docker" "rm" "-f" "7603d1e7ca2a2d2386c0349ff8c3ef6c1d7978d9b2931a213e95342dd44fc5ae", kill_on_drop: false }`
[INFO] [stdout] 7603d1e7ca2a2d2386c0349ff8c3ef6c1d7978d9b2931a213e95342dd44fc5ae
[INFO] running `Command { std: "docker" "create" "-v" "/var/lib/crater-agent-workspace/builds/worker-3-tc2/target:/opt/rustwide/target:rw,Z" "-v" "/var/lib/crater-agent-workspace/builds/worker-3-tc2/source:/opt/rustwide/workdir:ro,Z" "-v" "/var/lib/crater-agent-workspace/cargo-home:/opt/rustwide/cargo-home:ro,Z" "-v" "/var/lib/crater-agent-workspace/rustup-home:/opt/rustwide/rustup-home:ro,Z" "-e" "SOURCE_DIR=/opt/rustwide/workdir" "-e" "CARGO_TARGET_DIR=/opt/rustwide/target" "-e" "CARGO_INCREMENTAL=0" "-e" "RUST_BACKTRACE=full" "-e" "RUSTFLAGS=--cap-lints=forbid -Zrandomize-layout" "-e" "RUSTDOCFLAGS=--cap-lints=forbid" "-e" "CARGO_HOME=/opt/rustwide/cargo-home" "-e" "RUSTUP_HOME=/opt/rustwide/rustup-home" "-w" "/opt/rustwide/workdir" "-m" "1610612736" "--user" "0:0" "--network" "none" "ghcr.io/rust-lang/crates-build-env/linux@sha256:819108c5571ea2e421544af4d832f968d213c87fbe3707a016657f43d2f853bc" "/opt/rustwide/cargo-home/bin/cargo" "+nightly-2025-01-18" "test" "--frozen", kill_on_drop: false }`
[INFO] [stdout] e19905767add381cabeeca3e268e1a4a573ae0cd6b837d03cf1305859c4e7def
[INFO] running `Command { std: "docker" "start" "-a" "e19905767add381cabeeca3e268e1a4a573ae0cd6b837d03cf1305859c4e7def", kill_on_drop: false }`
[INFO] [stderr] warning: elided lifetime has a name
[INFO] [stderr]    --> src/aggregator.rs:209:36
[INFO] [stderr]     |
[INFO] [stderr] 205 |     pub fn iter_flat<'a, T>(
[INFO] [stderr]     |                      -- lifetime `'a` declared here
[INFO] [stderr] ...
[INFO] [stderr] 209 |     ) -> impl Iterator<Item = T> + '_ {
[INFO] [stderr]     |                                    ^^ this elided lifetime gets resolved as `'a`
[INFO] [stderr]     |
[INFO] [stderr]     = note: `#[warn(elided_named_lifetimes)]` on by default
[INFO] [stderr] 
[INFO] [stderr] warning: `ouster-rs-ce` (lib) generated 1 warning
[INFO] [stderr] warning: `ouster-rs-ce` (lib test) generated 1 warning (1 duplicate)
[INFO] [stderr]     Finished `test` profile [unoptimized + debuginfo] target(s) in 0.32s
[INFO] [stderr]      Running unittests src/lib.rs (/opt/rustwide/target/debug/deps/ouster_rs_ce-24e5d157b8534fbd)
[INFO] [stdout] 
[INFO] [stdout] running 21 tests
[INFO] [stdout] test config::config_params::azimuth_window::tests::simple_angel ... ok
[INFO] [stdout] test config::config_params::azimuth_window::tests::overflow_angel ... ok
[INFO] [stdout] test aggregator::tests::ignore_old_frame ... ok
[INFO] [stdout] test config::lidar_data_format::valid_window::tests::calc_33_remaining ... ok
[INFO] [stdout] test config::lidar_data_format::valid_window::tests::calc_complete_cols_evenly_aligned ... ok
[INFO] [stdout] test config::lidar_data_format::valid_window::tests::complete_cols_wrapping ... ok
[INFO] [stdout] test config::lidar_data_format::valid_window::tests::calc_17_remaining ... ok
[INFO] [stdout] test aggregator::tests::high_start_measurement_id ... ok
[INFO] [stdout] test config::lidar_data_format::valid_window::tests::calc_32_remaining ... ok
[INFO] [stdout] test cartesian_iterator::tests::iter_all ... ok
[INFO] [stdout] test config::lidar_data_format::valid_window::tests::small_doesnt_panic ... ok
[INFO] [stdout] test config::lidar_data_format::valid_window::tests::wrapping_end_in_same ... ok
[INFO] [stdout] test aggregator::tests::bellow_start_measurement_id ... ok
[INFO] [stdout] test packet::tests::assert_correct_structsize ... ok
[INFO] [stdout] test aggregator::tests::with_unordered ... ok
[INFO] [stdout] test pixel_position_iterator::tests::fill_all_fields ... ok
[INFO] [stdout] test pixel_position_iterator::tests::col_len_zero_returns_empty_iterator ... ok
[INFO] [stdout] test pixel_position_iterator::tests::simple ... ok
[INFO] [stdout] test config::lidar_data_format::valid_window::tests::wrapping_without_packet_overlap ... ok
[INFO] [stdout] test pixel_position_iterator::tests::upper_overflow ... ok
[INFO] [stderr]      Running tests/process_pcap.rs (/opt/rustwide/target/debug/deps/process_pcap-b02d031811655bcd)
[INFO] [stdout] test aggregator::tests::without_missing ... ok
[INFO] [stdout] 
[INFO] [stdout] test result: ok. 21 passed; 0 failed; 0 ignored; 0 measured; 0 filtered out; finished in 0.05s
[INFO] [stdout] 
[INFO] [stdout] 
[INFO] [stdout] running 6 tests
[INFO] [stdout] test ouster_pcd_128 ... FAILED
[INFO] [stdout] test low_128 ... FAILED
[INFO] [stdout] test ouster_pcd_128rows_18_feb ... FAILED
[INFO] [stdout] test ouster_pcd_64 ... FAILED
[INFO] [stdout] test ouster_pcd_128_single ... FAILED
[INFO] [stdout] test ouster_pcd_2047 ... FAILED
[INFO] [stdout] 
[INFO] [stdout] failures:
[INFO] [stdout] 
[INFO] [stdout] ---- ouster_pcd_128 stdout ----
[INFO] [stdout] Error: Os { code: 2, kind: NotFound, message: "No such file or directory" }
[INFO] [stdout] 
[INFO] [stdout] ---- low_128 stdout ----
[INFO] [stdout] Error: Os { code: 2, kind: NotFound, message: "No such file or directory" }
[INFO] [stdout] 
[INFO] [stdout] ---- ouster_pcd_128rows_18_feb stdout ----
[INFO] [stdout] Error: Os { code: 2, kind: NotFound, message: "No such file or directory" }
[INFO] [stdout] 
[INFO] [stdout] ---- ouster_pcd_64 stdout ----
[INFO] [stdout] Error: Os { code: 2, kind: NotFound, message: "No such file or directory" }
[INFO] [stdout] 
[INFO] [stdout] ---- ouster_pcd_128_single stdout ----
[INFO] [stdout] Error: Os { code: 2, kind: NotFound, message: "No such file or directory" }
[INFO] [stdout] 
[INFO] [stdout] ---- ouster_pcd_2047 stdout ----
[INFO] [stdout] Error: Os { code: 2, kind: NotFound, message: "No such file or directory" }
[INFO] [stdout] 
[INFO] [stdout] 
[INFO] [stdout] failures:
[INFO] [stdout]     low_128
[INFO] [stdout]     ouster_pcd_128
[INFO] [stdout]     ouster_pcd_128_single
[INFO] [stdout]     ouster_pcd_128rows_18_feb
[INFO] [stdout]     ouster_pcd_2047
[INFO] [stdout]     ouster_pcd_64
[INFO] [stdout] 
[INFO] [stdout] test result: FAILED. 0 passed; 6 failed; 0 ignored; 0 measured; 0 filtered out; finished in 0.00s
[INFO] [stdout] 
[INFO] [stderr] error: test failed, to rerun pass `--test process_pcap`
[INFO] running `Command { std: "docker" "inspect" "e19905767add381cabeeca3e268e1a4a573ae0cd6b837d03cf1305859c4e7def", kill_on_drop: false }`
[INFO] running `Command { std: "docker" "rm" "-f" "e19905767add381cabeeca3e268e1a4a573ae0cd6b837d03cf1305859c4e7def", kill_on_drop: false }`
[INFO] [stdout] e19905767add381cabeeca3e268e1a4a573ae0cd6b837d03cf1305859c4e7def
