[INFO] cloning repository https://github.com/miguelsndc/raytracer
[INFO] running `Command { std: "git" "-c" "credential.helper=" "-c" "credential.helper=/workspace/cargo-home/bin/git-credential-null" "clone" "--bare" "https://github.com/miguelsndc/raytracer" "/workspace/cache/git-repos/https%3A%2F%2Fgithub.com%2Fmiguelsndc%2Fraytracer", kill_on_drop: false }`
[INFO] [stderr] Cloning into bare repository '/workspace/cache/git-repos/https%3A%2F%2Fgithub.com%2Fmiguelsndc%2Fraytracer'...
[INFO] running `Command { std: "git" "rev-parse" "HEAD", kill_on_drop: false }`
[INFO] [stdout] f0c0d1cb238ca47e49ec8d6fcee44800a92dc910
[INFO] testing miguelsndc/raytracer against nightly-2025-01-18 for randomize-layout-2
[INFO] running `Command { std: "git" "clone" "/workspace/cache/git-repos/https%3A%2F%2Fgithub.com%2Fmiguelsndc%2Fraytracer" "/workspace/builds/worker-6-tc1/source", kill_on_drop: false }`
[INFO] [stderr] Cloning into '/workspace/builds/worker-6-tc1/source'...
[INFO] [stderr] done.
[INFO] validating manifest of git repo https://github.com/miguelsndc/raytracer on toolchain nightly-2025-01-18
[INFO] running `Command { std: CARGO_HOME="/workspace/cargo-home" RUSTUP_HOME="/workspace/rustup-home" "/workspace/cargo-home/bin/cargo" "+nightly-2025-01-18" "metadata" "--manifest-path" "Cargo.toml" "--no-deps", kill_on_drop: false }`
[INFO] started tweaking git repo https://github.com/miguelsndc/raytracer
[INFO] finished tweaking git repo https://github.com/miguelsndc/raytracer
[INFO] tweaked toml for git repo https://github.com/miguelsndc/raytracer written to /workspace/builds/worker-6-tc1/source/Cargo.toml
[INFO] crate git repo https://github.com/miguelsndc/raytracer already has a lockfile, it will not be regenerated
[INFO] running `Command { std: CARGO_HOME="/workspace/cargo-home" RUSTUP_HOME="/workspace/rustup-home" "/workspace/cargo-home/bin/cargo" "+nightly-2025-01-18" "fetch" "--manifest-path" "Cargo.toml", kill_on_drop: false }`
[INFO] running `Command { std: "docker" "create" "-v" "/var/lib/crater-agent-workspace/builds/worker-6-tc1/target:/opt/rustwide/target:rw,Z" "-v" "/var/lib/crater-agent-workspace/builds/worker-6-tc1/source:/opt/rustwide/workdir:ro,Z" "-v" "/var/lib/crater-agent-workspace/cargo-home:/opt/rustwide/cargo-home:ro,Z" "-v" "/var/lib/crater-agent-workspace/rustup-home:/opt/rustwide/rustup-home:ro,Z" "-e" "SOURCE_DIR=/opt/rustwide/workdir" "-e" "CARGO_TARGET_DIR=/opt/rustwide/target" "-e" "CARGO_HOME=/opt/rustwide/cargo-home" "-e" "RUSTUP_HOME=/opt/rustwide/rustup-home" "-w" "/opt/rustwide/workdir" "-m" "1610612736" "--user" "0:0" "--network" "none" "ghcr.io/rust-lang/crates-build-env/linux@sha256:819108c5571ea2e421544af4d832f968d213c87fbe3707a016657f43d2f853bc" "/opt/rustwide/cargo-home/bin/cargo" "+nightly-2025-01-18" "metadata" "--no-deps" "--format-version=1", kill_on_drop: false }`
[INFO] [stdout] 79e678d43f510d9b364ad23b3ed8e2664eaf01773494a95c223c4e4ec3a68a3e
[INFO] running `Command { std: "docker" "start" "-a" "79e678d43f510d9b364ad23b3ed8e2664eaf01773494a95c223c4e4ec3a68a3e", kill_on_drop: false }`
[INFO] running `Command { std: "docker" "inspect" "79e678d43f510d9b364ad23b3ed8e2664eaf01773494a95c223c4e4ec3a68a3e", kill_on_drop: false }`
[INFO] running `Command { std: "docker" "rm" "-f" "79e678d43f510d9b364ad23b3ed8e2664eaf01773494a95c223c4e4ec3a68a3e", kill_on_drop: false }`
[INFO] [stdout] 79e678d43f510d9b364ad23b3ed8e2664eaf01773494a95c223c4e4ec3a68a3e
[INFO] running `Command { std: "docker" "create" "-v" "/var/lib/crater-agent-workspace/builds/worker-6-tc1/target:/opt/rustwide/target:rw,Z" "-v" "/var/lib/crater-agent-workspace/builds/worker-6-tc1/source:/opt/rustwide/workdir:ro,Z" "-v" "/var/lib/crater-agent-workspace/cargo-home:/opt/rustwide/cargo-home:ro,Z" "-v" "/var/lib/crater-agent-workspace/rustup-home:/opt/rustwide/rustup-home:ro,Z" "-e" "SOURCE_DIR=/opt/rustwide/workdir" "-e" "CARGO_TARGET_DIR=/opt/rustwide/target" "-e" "CARGO_INCREMENTAL=0" "-e" "RUST_BACKTRACE=full" "-e" "RUSTFLAGS=--cap-lints=forbid" "-e" "RUSTDOCFLAGS=--cap-lints=forbid" "-e" "CARGO_HOME=/opt/rustwide/cargo-home" "-e" "RUSTUP_HOME=/opt/rustwide/rustup-home" "-w" "/opt/rustwide/workdir" "-m" "1610612736" "--user" "0:0" "--network" "none" "ghcr.io/rust-lang/crates-build-env/linux@sha256:819108c5571ea2e421544af4d832f968d213c87fbe3707a016657f43d2f853bc" "/opt/rustwide/cargo-home/bin/cargo" "+nightly-2025-01-18" "build" "--frozen" "--message-format=json", kill_on_drop: false }`
[INFO] [stdout] c7546081318f3d655e5199f09175b5d5c7077fa1d2d734f6b85dbc834f80cd02
[INFO] running `Command { std: "docker" "start" "-a" "c7546081318f3d655e5199f09175b5d5c7077fa1d2d734f6b85dbc834f80cd02", kill_on_drop: false }`
[INFO] [stderr]    Compiling autocfg v1.3.0
[INFO] [stderr]    Compiling num-traits v0.2.19
[INFO] [stderr]    Compiling float-cmp v0.9.0
[INFO] [stderr]    Compiling the-ray-tracer-challenge v0.1.0 (/opt/rustwide/workdir)
[INFO] [stdout] warning: elided lifetime has a name
[INFO] [stdout]   --> src/core/object.rs:49:67
[INFO] [stdout]    |
[INFO] [stdout] 48 | impl<'a> IntersectionResult<'a> {
[INFO] [stdout]    |      -- lifetime `'a` declared here
[INFO] [stdout] 49 |     pub fn new(ok: bool, intersections: Vec<Intersection<'a>>) -> IntersectionResult {
[INFO] [stdout]    |                                                                   ^^^^^^^^^^^^^^^^^^ this elided lifetime gets resolved as `'a`
[INFO] [stdout]    |
[INFO] [stdout]    = note: `#[warn(elided_named_lifetimes)]` on by default
[INFO] [stdout] 
[INFO] [stdout] 
[INFO] [stdout] warning: unused import: `sphere::Sphere`
[INFO] [stdout]  --> src/core/ray.rs:1:13
[INFO] [stdout]   |
[INFO] [stdout] 1 | use super::{sphere::Sphere, transforms::Transform};
[INFO] [stdout]   |             ^^^^^^^^^^^^^^
[INFO] [stdout]   |
[INFO] [stdout]   = note: `#[warn(unused_imports)]` on by default
[INFO] [stdout] 
[INFO] [stdout] 
[INFO] [stdout] warning: unused import: `tuple::Tuple`
[INFO] [stdout]  --> src/core/ray.rs:2:39
[INFO] [stdout]   |
[INFO] [stdout] 2 | use crate::primitives::{point::Point, tuple::Tuple, vec3::Vec3};
[INFO] [stdout]   |                                       ^^^^^^^^^^^^
[INFO] [stdout] 
[INFO] [stdout] 
[INFO] [stdout] warning: value assigned to `diffuse` is never read
[INFO] [stdout]   --> src/core/light.rs:34:13
[INFO] [stdout]    |
[INFO] [stdout] 34 |     let mut diffuse = Color::black();
[INFO] [stdout]    |             ^^^^^^^
[INFO] [stdout]    |
[INFO] [stdout]    = help: maybe it is overwritten before being read?
[INFO] [stdout]    = note: `#[warn(unused_assignments)]` on by default
[INFO] [stdout] 
[INFO] [stdout] 
[INFO] [stdout] warning: value assigned to `ambient` is never read
[INFO] [stdout]   --> src/core/light.rs:35:13
[INFO] [stdout]    |
[INFO] [stdout] 35 |     let mut ambient = Color::black();
[INFO] [stdout]    |             ^^^^^^^
[INFO] [stdout]    |
[INFO] [stdout]    = help: maybe it is overwritten before being read?
[INFO] [stdout] 
[INFO] [stdout] 
[INFO] [stdout] warning: value assigned to `specular` is never read
[INFO] [stdout]   --> src/core/light.rs:36:13
[INFO] [stdout]    |
[INFO] [stdout] 36 |     let mut specular = Color::black();
[INFO] [stdout]    |             ^^^^^^^^
[INFO] [stdout]    |
[INFO] [stdout]    = help: maybe it is overwritten before being read?
[INFO] [stdout] 
[INFO] [stdout] 
[INFO] [stdout] warning: struct `Camera` is never constructed
[INFO] [stdout]  --> src/core/camera.rs:3:8
[INFO] [stdout]   |
[INFO] [stdout] 3 | struct Camera {
[INFO] [stdout]   |        ^^^^^^
[INFO] [stdout]   |
[INFO] [stdout]   = note: `#[warn(dead_code)]` on by default
[INFO] [stdout] 
[INFO] [stdout] 
[INFO] [stdout] warning: associated function `new` is never used
[INFO] [stdout]   --> src/core/camera.rs:11:12
[INFO] [stdout]    |
[INFO] [stdout] 10 | impl Camera {
[INFO] [stdout]    | ----------- associated function in this implementation
[INFO] [stdout] 11 |     pub fn new(hsize: f64, vsize: f64, fov: f64) -> Camera {
[INFO] [stdout]    |            ^^^
[INFO] [stdout] 
[INFO] [stdout] 
[INFO] [stdout] warning: unused imports: `light::Material`, `point::Point`, `ray::Ray`, `tuple::Tuple`, `vec3::Vec3`, and `world::World`
[INFO] [stdout]   --> src/main.rs:68:12
[INFO] [stdout]    |
[INFO] [stdout] 68 |     core::{light::Material, ray::Ray, world::World},
[INFO] [stdout]    |            ^^^^^^^^^^^^^^^  ^^^^^^^^  ^^^^^^^^^^^^
[INFO] [stdout] 69 |     primitives::{point::Point, tuple::Tuple, vec3::Vec3},
[INFO] [stdout]    |                  ^^^^^^^^^^^^  ^^^^^^^^^^^^  ^^^^^^^^^^
[INFO] [stdout]    |
[INFO] [stdout]    = note: `#[warn(unused_imports)]` on by default
[INFO] [stdout] 
[INFO] [stdout] 
[INFO] [stderr]     Finished `dev` profile [unoptimized + debuginfo] target(s) in 3.02s
[INFO] running `Command { std: "docker" "inspect" "c7546081318f3d655e5199f09175b5d5c7077fa1d2d734f6b85dbc834f80cd02", kill_on_drop: false }`
[INFO] running `Command { std: "docker" "rm" "-f" "c7546081318f3d655e5199f09175b5d5c7077fa1d2d734f6b85dbc834f80cd02", kill_on_drop: false }`
[INFO] [stdout] c7546081318f3d655e5199f09175b5d5c7077fa1d2d734f6b85dbc834f80cd02
[INFO] running `Command { std: "docker" "create" "-v" "/var/lib/crater-agent-workspace/builds/worker-6-tc1/target:/opt/rustwide/target:rw,Z" "-v" "/var/lib/crater-agent-workspace/builds/worker-6-tc1/source:/opt/rustwide/workdir:ro,Z" "-v" "/var/lib/crater-agent-workspace/cargo-home:/opt/rustwide/cargo-home:ro,Z" "-v" "/var/lib/crater-agent-workspace/rustup-home:/opt/rustwide/rustup-home:ro,Z" "-e" "SOURCE_DIR=/opt/rustwide/workdir" "-e" "CARGO_TARGET_DIR=/opt/rustwide/target" "-e" "CARGO_INCREMENTAL=0" "-e" "RUST_BACKTRACE=full" "-e" "RUSTFLAGS=--cap-lints=forbid" "-e" "RUSTDOCFLAGS=--cap-lints=forbid" "-e" "CARGO_HOME=/opt/rustwide/cargo-home" "-e" "RUSTUP_HOME=/opt/rustwide/rustup-home" "-w" "/opt/rustwide/workdir" "-m" "1610612736" "--user" "0:0" "--network" "none" "ghcr.io/rust-lang/crates-build-env/linux@sha256:819108c5571ea2e421544af4d832f968d213c87fbe3707a016657f43d2f853bc" "/opt/rustwide/cargo-home/bin/cargo" "+nightly-2025-01-18" "test" "--frozen" "--no-run" "--message-format=json", kill_on_drop: false }`
[INFO] [stdout] 884302025a4bd2cbcc98b779f366b089d8c8a9994767809a6a648ba1886228ba
[INFO] running `Command { std: "docker" "start" "-a" "884302025a4bd2cbcc98b779f366b089d8c8a9994767809a6a648ba1886228ba", kill_on_drop: false }`
[INFO] [stderr]    Compiling the-ray-tracer-challenge v0.1.0 (/opt/rustwide/workdir)
[INFO] [stdout] warning: elided lifetime has a name
[INFO] [stdout]   --> src/core/object.rs:49:67
[INFO] [stdout]    |
[INFO] [stdout] 48 | impl<'a> IntersectionResult<'a> {
[INFO] [stdout]    |      -- lifetime `'a` declared here
[INFO] [stdout] 49 |     pub fn new(ok: bool, intersections: Vec<Intersection<'a>>) -> IntersectionResult {
[INFO] [stdout]    |                                                                   ^^^^^^^^^^^^^^^^^^ this elided lifetime gets resolved as `'a`
[INFO] [stdout]    |
[INFO] [stdout]    = note: `#[warn(elided_named_lifetimes)]` on by default
[INFO] [stdout] 
[INFO] [stdout] 
[INFO] [stdout] warning: unused import: `sphere::Sphere`
[INFO] [stdout]  --> src/core/ray.rs:1:13
[INFO] [stdout]   |
[INFO] [stdout] 1 | use super::{sphere::Sphere, transforms::Transform};
[INFO] [stdout]   |             ^^^^^^^^^^^^^^
[INFO] [stdout]   |
[INFO] [stdout]   = note: `#[warn(unused_imports)]` on by default
[INFO] [stdout] 
[INFO] [stdout] 
[INFO] [stdout] warning: unused import: `tuple::Tuple`
[INFO] [stdout]  --> src/core/ray.rs:2:39
[INFO] [stdout]   |
[INFO] [stdout] 2 | use crate::primitives::{point::Point, tuple::Tuple, vec3::Vec3};
[INFO] [stdout]   |                                       ^^^^^^^^^^^^
[INFO] [stdout] 
[INFO] [stdout] 
[INFO] [stdout] warning: value assigned to `diffuse` is never read
[INFO] [stdout]   --> src/core/light.rs:34:13
[INFO] [stdout]    |
[INFO] [stdout] 34 |     let mut diffuse = Color::black();
[INFO] [stdout]    |             ^^^^^^^
[INFO] [stdout]    |
[INFO] [stdout]    = help: maybe it is overwritten before being read?
[INFO] [stdout]    = note: `#[warn(unused_assignments)]` on by default
[INFO] [stdout] 
[INFO] [stdout] 
[INFO] [stdout] warning: value assigned to `ambient` is never read
[INFO] [stdout]   --> src/core/light.rs:35:13
[INFO] [stdout]    |
[INFO] [stdout] 35 |     let mut ambient = Color::black();
[INFO] [stdout]    |             ^^^^^^^
[INFO] [stdout]    |
[INFO] [stdout]    = help: maybe it is overwritten before being read?
[INFO] [stdout] 
[INFO] [stdout] 
[INFO] [stdout] warning: value assigned to `specular` is never read
[INFO] [stdout]   --> src/core/light.rs:36:13
[INFO] [stdout]    |
[INFO] [stdout] 36 |     let mut specular = Color::black();
[INFO] [stdout]    |             ^^^^^^^^
[INFO] [stdout]    |
[INFO] [stdout]    = help: maybe it is overwritten before being read?
[INFO] [stdout] 
[INFO] [stdout] 
[INFO] [stdout] warning: struct `Camera` is never constructed
[INFO] [stdout]  --> src/core/camera.rs:3:8
[INFO] [stdout]   |
[INFO] [stdout] 3 | struct Camera {
[INFO] [stdout]   |        ^^^^^^
[INFO] [stdout]   |
[INFO] [stdout]   = note: `#[warn(dead_code)]` on by default
[INFO] [stdout] 
[INFO] [stdout] 
[INFO] [stdout] warning: associated function `new` is never used
[INFO] [stdout]   --> src/core/camera.rs:11:12
[INFO] [stdout]    |
[INFO] [stdout] 10 | impl Camera {
[INFO] [stdout]    | ----------- associated function in this implementation
[INFO] [stdout] 11 |     pub fn new(hsize: f64, vsize: f64, fov: f64) -> Camera {
[INFO] [stdout]    |            ^^^
[INFO] [stdout] 
[INFO] [stdout] 
[INFO] [stdout] warning: unused imports: `light::Material`, `point::Point`, `ray::Ray`, `tuple::Tuple`, `vec3::Vec3`, and `world::World`
[INFO] [stdout]   --> src/main.rs:68:12
[INFO] [stdout]    |
[INFO] [stdout] 68 |     core::{light::Material, ray::Ray, world::World},
[INFO] [stdout]    |            ^^^^^^^^^^^^^^^  ^^^^^^^^  ^^^^^^^^^^^^
[INFO] [stdout] 69 |     primitives::{point::Point, tuple::Tuple, vec3::Vec3},
[INFO] [stdout]    |                  ^^^^^^^^^^^^  ^^^^^^^^^^^^  ^^^^^^^^^^
[INFO] [stdout]    |
[INFO] [stdout]    = note: `#[warn(unused_imports)]` on by default
[INFO] [stdout] 
[INFO] [stdout] 
[INFO] [stdout] warning: elided lifetime has a name
[INFO] [stdout]   --> src/core/object.rs:49:67
[INFO] [stdout]    |
[INFO] [stdout] 48 | impl<'a> IntersectionResult<'a> {
[INFO] [stdout]    |      -- lifetime `'a` declared here
[INFO] [stdout] 49 |     pub fn new(ok: bool, intersections: Vec<Intersection<'a>>) -> IntersectionResult {
[INFO] [stdout]    |                                                                   ^^^^^^^^^^^^^^^^^^ this elided lifetime gets resolved as `'a`
[INFO] [stdout]    |
[INFO] [stdout]    = note: `#[warn(elided_named_lifetimes)]` on by default
[INFO] [stdout] 
[INFO] [stdout] 
[INFO] [stdout] warning: unused import: `sphere::Sphere`
[INFO] [stdout]  --> src/core/ray.rs:1:13
[INFO] [stdout]   |
[INFO] [stdout] 1 | use super::{sphere::Sphere, transforms::Transform};
[INFO] [stdout]   |             ^^^^^^^^^^^^^^
[INFO] [stdout]   |
[INFO] [stdout]   = note: `#[warn(unused_imports)]` on by default
[INFO] [stdout] 
[INFO] [stdout] 
[INFO] [stdout] warning: value assigned to `diffuse` is never read
[INFO] [stdout]   --> src/core/light.rs:34:13
[INFO] [stdout]    |
[INFO] [stdout] 34 |     let mut diffuse = Color::black();
[INFO] [stdout]    |             ^^^^^^^
[INFO] [stdout]    |
[INFO] [stdout]    = help: maybe it is overwritten before being read?
[INFO] [stdout]    = note: `#[warn(unused_assignments)]` on by default
[INFO] [stdout] 
[INFO] [stdout] 
[INFO] [stdout] warning: value assigned to `ambient` is never read
[INFO] [stdout]   --> src/core/light.rs:35:13
[INFO] [stdout]    |
[INFO] [stdout] 35 |     let mut ambient = Color::black();
[INFO] [stdout]    |             ^^^^^^^
[INFO] [stdout]    |
[INFO] [stdout]    = help: maybe it is overwritten before being read?
[INFO] [stdout] 
[INFO] [stdout] 
[INFO] [stdout] warning: value assigned to `specular` is never read
[INFO] [stdout]   --> src/core/light.rs:36:13
[INFO] [stdout]    |
[INFO] [stdout] 36 |     let mut specular = Color::black();
[INFO] [stdout]    |             ^^^^^^^^
[INFO] [stdout]    |
[INFO] [stdout]    = help: maybe it is overwritten before being read?
[INFO] [stdout] 
[INFO] [stdout] 
[INFO] [stdout] warning: variable does not need to be mutable
[INFO] [stdout]    --> src/core/sphere.rs:216:13
[INFO] [stdout]     |
[INFO] [stdout] 216 |         let mut s = Object::sphere();
[INFO] [stdout]     |             ----^
[INFO] [stdout]     |             |
[INFO] [stdout]     |             help: remove this `mut`
[INFO] [stdout]     |
[INFO] [stdout]     = note: `#[warn(unused_mut)]` on by default
[INFO] [stdout] 
[INFO] [stdout] 
[INFO] [stderr]     Finished `test` profile [unoptimized + debuginfo] target(s) in 1.19s
[INFO] running `Command { std: "docker" "inspect" "884302025a4bd2cbcc98b779f366b089d8c8a9994767809a6a648ba1886228ba", kill_on_drop: false }`
[INFO] running `Command { std: "docker" "rm" "-f" "884302025a4bd2cbcc98b779f366b089d8c8a9994767809a6a648ba1886228ba", kill_on_drop: false }`
[INFO] [stdout] 884302025a4bd2cbcc98b779f366b089d8c8a9994767809a6a648ba1886228ba
[INFO] running `Command { std: "docker" "create" "-v" "/var/lib/crater-agent-workspace/builds/worker-6-tc1/target:/opt/rustwide/target:rw,Z" "-v" "/var/lib/crater-agent-workspace/builds/worker-6-tc1/source:/opt/rustwide/workdir:ro,Z" "-v" "/var/lib/crater-agent-workspace/cargo-home:/opt/rustwide/cargo-home:ro,Z" "-v" "/var/lib/crater-agent-workspace/rustup-home:/opt/rustwide/rustup-home:ro,Z" "-e" "SOURCE_DIR=/opt/rustwide/workdir" "-e" "CARGO_TARGET_DIR=/opt/rustwide/target" "-e" "CARGO_INCREMENTAL=0" "-e" "RUST_BACKTRACE=full" "-e" "RUSTFLAGS=--cap-lints=forbid" "-e" "RUSTDOCFLAGS=--cap-lints=forbid" "-e" "CARGO_HOME=/opt/rustwide/cargo-home" "-e" "RUSTUP_HOME=/opt/rustwide/rustup-home" "-w" "/opt/rustwide/workdir" "-m" "1610612736" "--user" "0:0" "--network" "none" "ghcr.io/rust-lang/crates-build-env/linux@sha256:819108c5571ea2e421544af4d832f968d213c87fbe3707a016657f43d2f853bc" "/opt/rustwide/cargo-home/bin/cargo" "+nightly-2025-01-18" "test" "--frozen", kill_on_drop: false }`
[INFO] [stdout] f7d4dde33f9be10b841ec6bfaf2184eb9207ea82427c7bc1561b6aa7ef2ecc26
[INFO] running `Command { std: "docker" "start" "-a" "f7d4dde33f9be10b841ec6bfaf2184eb9207ea82427c7bc1561b6aa7ef2ecc26", kill_on_drop: false }`
[INFO] [stderr] warning: elided lifetime has a name
[INFO] [stderr]   --> src/core/object.rs:49:67
[INFO] [stderr]    |
[INFO] [stderr] 48 | impl<'a> IntersectionResult<'a> {
[INFO] [stderr]    |      -- lifetime `'a` declared here
[INFO] [stderr] 49 |     pub fn new(ok: bool, intersections: Vec<Intersection<'a>>) -> IntersectionResult {
[INFO] [stderr]    |                                                                   ^^^^^^^^^^^^^^^^^^ this elided lifetime gets resolved as `'a`
[INFO] [stderr]    |
[INFO] [stderr]    = note: `#[warn(elided_named_lifetimes)]` on by default
[INFO] [stderr] 
[INFO] [stderr] warning: unused import: `sphere::Sphere`
[INFO] [stderr]  --> src/core/ray.rs:1:13
[INFO] [stderr]   |
[INFO] [stderr] 1 | use super::{sphere::Sphere, transforms::Transform};
[INFO] [stderr]   |             ^^^^^^^^^^^^^^
[INFO] [stderr]   |
[INFO] [stderr]   = note: `#[warn(unused_imports)]` on by default
[INFO] [stderr] 
[INFO] [stderr] warning: unused import: `tuple::Tuple`
[INFO] [stderr]  --> src/core/ray.rs:2:39
[INFO] [stderr]   |
[INFO] [stderr] 2 | use crate::primitives::{point::Point, tuple::Tuple, vec3::Vec3};
[INFO] [stderr]   |                                       ^^^^^^^^^^^^
[INFO] [stderr] 
[INFO] [stderr] warning: value assigned to `diffuse` is never read
[INFO] [stderr]   --> src/core/light.rs:34:13
[INFO] [stderr]    |
[INFO] [stderr] 34 |     let mut diffuse = Color::black();
[INFO] [stderr]    |             ^^^^^^^
[INFO] [stderr]    |
[INFO] [stderr]    = help: maybe it is overwritten before being read?
[INFO] [stderr]    = note: `#[warn(unused_assignments)]` on by default
[INFO] [stderr] 
[INFO] [stderr] warning: value assigned to `ambient` is never read
[INFO] [stderr]   --> src/core/light.rs:35:13
[INFO] [stderr]    |
[INFO] [stderr] 35 |     let mut ambient = Color::black();
[INFO] [stderr]    |             ^^^^^^^
[INFO] [stderr]    |
[INFO] [stderr]    = help: maybe it is overwritten before being read?
[INFO] [stderr] 
[INFO] [stderr] warning: value assigned to `specular` is never read
[INFO] [stderr]   --> src/core/light.rs:36:13
[INFO] [stderr]    |
[INFO] [stderr] 36 |     let mut specular = Color::black();
[INFO] [stderr]    |             ^^^^^^^^
[INFO] [stderr]    |
[INFO] [stderr]    = help: maybe it is overwritten before being read?
[INFO] [stderr] 
[INFO] [stderr] warning: struct `Camera` is never constructed
[INFO] [stderr]  --> src/core/camera.rs:3:8
[INFO] [stderr]   |
[INFO] [stderr] 3 | struct Camera {
[INFO] [stderr]   |        ^^^^^^
[INFO] [stderr]   |
[INFO] [stderr]   = note: `#[warn(dead_code)]` on by default
[INFO] [stderr] 
[INFO] [stderr] warning: associated function `new` is never used
[INFO] [stderr]   --> src/core/camera.rs:11:12
[INFO] [stderr]    |
[INFO] [stderr] 10 | impl Camera {
[INFO] [stderr]    | ----------- associated function in this implementation
[INFO] [stderr] 11 |     pub fn new(hsize: f64, vsize: f64, fov: f64) -> Camera {
[INFO] [stderr]    |            ^^^
[INFO] [stderr] 
[INFO] [stderr] warning: `the-ray-tracer-challenge` (lib) generated 8 warnings (run `cargo fix --lib -p the-ray-tracer-challenge` to apply 2 suggestions)
[INFO] [stderr] warning: unused imports: `light::Material`, `point::Point`, `ray::Ray`, `tuple::Tuple`, `vec3::Vec3`, and `world::World`
[INFO] [stderr]   --> src/main.rs:68:12
[INFO] [stderr]    |
[INFO] [stderr] 68 |     core::{light::Material, ray::Ray, world::World},
[INFO] [stderr]    |            ^^^^^^^^^^^^^^^  ^^^^^^^^  ^^^^^^^^^^^^
[INFO] [stderr] 69 |     primitives::{point::Point, tuple::Tuple, vec3::Vec3},
[INFO] [stderr]    |                  ^^^^^^^^^^^^  ^^^^^^^^^^^^  ^^^^^^^^^^
[INFO] [stderr]    |
[INFO] [stderr]    = note: `#[warn(unused_imports)]` on by default
[INFO] [stderr] 
[INFO] [stderr] warning: `the-ray-tracer-challenge` (bin "the-ray-tracer-challenge" test) generated 1 warning (run `cargo fix --bin "the-ray-tracer-challenge" --tests` to apply 1 suggestion)
[INFO] [stderr] warning: variable does not need to be mutable
[INFO] [stderr]    --> src/core/sphere.rs:216:13
[INFO] [stderr]     |
[INFO] [stderr] 216 |         let mut s = Object::sphere();
[INFO] [stderr]     |             ----^
[INFO] [stderr]     |             |
[INFO] [stderr]     |             help: remove this `mut`
[INFO] [stderr]     |
[INFO] [stderr]     = note: `#[warn(unused_mut)]` on by default
[INFO] [stderr] 
[INFO] [stderr] warning: `the-ray-tracer-challenge` (lib test) generated 6 warnings (5 duplicates) (run `cargo fix --lib -p the-ray-tracer-challenge --tests` to apply 1 suggestion)
[INFO] [stderr]     Finished `test` profile [unoptimized + debuginfo] target(s) in 0.02s
[INFO] [stderr]      Running unittests src/lib.rs (/opt/rustwide/target/debug/deps/the_ray_tracer_challenge-031ee87a4dd05dfd)
[INFO] [stdout] 
[INFO] [stdout] running 89 tests
[INFO] [stdout] test core::canvas::tests::canvas_initialization ... ok
[INFO] [stdout] test core::canvas::tests::canvas_pixel_io ... ok
[INFO] [stdout] test core::light::tests::lighting_with_eye_behind_surface ... ok
[INFO] [stdout] test core::light::tests::point_light_initialization ... ok
[INFO] [stdout] test core::object::tests::aggregating_intersections ... ok
[INFO] [stdout] test core::object::tests::hit_is_always_the_first_nonnegative_intersection ... ok
[INFO] [stdout] test core::object::tests::hit_with_mixed_t_values ... ok
[INFO] [stdout] test core::object::tests::hit_with_negative_t_values ... ok
[INFO] [stdout] test core::object::tests::hit_with_positive_t_only ... ok
[INFO] [stdout] test core::object::tests::intersection ... ok
[INFO] [stdout] test core::object::tests::intersection_encapsulates_t_and_object ... ok
[INFO] [stdout] test core::object::tests::precomputing_intersection_states ... ok
[INFO] [stdout] test core::ray::tests::ray_initialization ... ok
[INFO] [stdout] test core::ray::tests::ray_position_at_t ... ok
[INFO] [stdout] test core::ray::tests::ray_transformable ... ok
[INFO] [stdout] test core::light::tests::lighting_with_eye_in_path_of_reflection_vector ... ok
[INFO] [stdout] test core::light::tests::light_with_eye_between_normal_and_source ... ok
[INFO] [stdout] test core::light::tests::light_with_eye_offset_45_deg_normal_unchanged ... ok
[INFO] [stdout] test core::light::tests::lighting_with_eye_opposite_surface_light_45deg ... ok
[INFO] [stdout] test core::light::tests::default_material ... ok
[INFO] [stdout] test core::sphere::tests::can_change_sphere_transformation ... ok
[INFO] [stdout] test core::sphere::tests::normal_on_a_sphere_at_x_axis ... ok
[INFO] [stdout] test core::sphere::tests::normal_on_a_sphere_at_y_axis ... ok
[INFO] [stdout] test core::sphere::tests::normal_on_a_sphere_at_z_axis ... ok
[INFO] [stdout] test core::sphere::tests::normal_on_a_sphere_should_be_normalized ... ok
[INFO] [stdout] test core::sphere::tests::intersecting_scaled_sphere_with_ray ... ok
[INFO] [stdout] test core::sphere::tests::intersecting_translated_sphere_with_ray ... ok
[INFO] [stdout] test core::sphere::tests::normal_on_translated_sphere ... ok
[INFO] [stdout] test core::sphere::tests::sphere_can_be_assigned_a_material ... ok
[INFO] [stdout] test core::sphere::tests::ray_sphere_intersection ... ok
[INFO] [stdout] test core::transforms::tests::reflection_is_scaling_by_negative_value ... ok
[INFO] [stdout] test core::transforms::tests::rotation_around_x ... ok
[INFO] [stdout] test core::transforms::tests::scales_vector ... ok
[INFO] [stdout] test core::transforms::tests::composing_transformations ... ok
[INFO] [stdout] test core::sphere::tests::sphere_default_transform_is_identity ... ok
[INFO] [stdout] test core::transforms::tests::inverse_of_scale_shrinks_vector ... ok
[INFO] [stdout] test core::transforms::tests::inverse_of_translate_goes_in_opposite_direction ... ok
[INFO] [stdout] test core::transforms::tests::shear ... ok
[INFO] [stdout] test core::sphere::tests::normal_on_transformed_sphere ... ok
[INFO] [stdout] test core::sphere::tests::sphere_has_default_material ... ok
[INFO] [stdout] test core::transforms::tests::translates ... ok
[INFO] [stdout] test core::transforms::tests::vector_preserved_by_translation ... ok
[INFO] [stdout] test core::transforms::tests::view_transform_moves_world ... ok
[INFO] [stdout] test core::world::tests::default_world ... ok
[INFO] [stdout] test core::world::tests::shading_an_intersection_from_inside ... ok
[INFO] [stdout] test core::world::tests::intersect_world_with_ray ... ok
[INFO] [stdout] test core::world::tests::shading_an_intersection_from_outside ... ok
[INFO] [stdout] test core::world::tests::world_initialization ... ok
[INFO] [stdout] test primitives::color::tests::color_addition ... ok
[INFO] [stdout] test primitives::color::tests::color_blending ... ok
[INFO] [stdout] test primitives::color::tests::color_initialization ... ok
[INFO] [stdout] test primitives::color::tests::color_primitives ... ok
[INFO] [stdout] test primitives::color::tests::color_scaling ... ok
[INFO] [stdout] test core::transforms::tests::view_transformation_for_default_orientation ... ok
[INFO] [stdout] test primitives::matrix2f::tests::matrix2f_identity ... ok
[INFO] [stdout] test primitives::color::tests::color_subtraction ... ok
[INFO] [stdout] test primitives::matrix2f::tests::matrix2f_determinant ... ok
[INFO] [stdout] test primitives::matrix3f::tests::matrix3f_cofactor ... ok
[INFO] [stdout] test primitives::matrix3f::tests::matrix3f_determinant ... ok
[INFO] [stdout] test primitives::matrix3f::tests::matrix3f_identity ... ok
[INFO] [stdout] test primitives::matrix3f::tests::matrix3f_initialization ... ok
[INFO] [stdout] test primitives::matrix2f::tests::matrix2f_initialization ... ok
[INFO] [stdout] test primitives::matrix3f::tests::matrix3f_minor ... ok
[INFO] [stdout] test primitives::matrix3f::tests::matrix3f_submatrix ... ok
[INFO] [stdout] test core::world::tests::color_when_ray_hits ... ok
[INFO] [stdout] test core::world::tests::color_with_intersection_behind_ray ... ok
[INFO] [stdout] test primitives::matrix4f::tests::matrix4f_equality ... ok
[INFO] [stdout] test primitives::matrix4f::tests::matrix4f_identity ... ok
[INFO] [stdout] test primitives::matrix4f::tests::matrix4f_determinant ... ok
[INFO] [stdout] test core::world::tests::color_when_ray_misses ... ok
[INFO] [stdout] test primitives::matrix4f::tests::matrix4f_identity_multiplication ... ok
[INFO] [stdout] test primitives::matrix4f::tests::matrix4f_identity_transposition ... ok
[INFO] [stdout] test primitives::matrix4f::tests::matrix4f_initialization ... ok
[INFO] [stdout] test primitives::matrix4f::tests::matrix4f_identity_inverse_is_identity ... ok
[INFO] [stdout] test primitives::matrix4f::tests::matrix4f_inversion ... ok
[INFO] [stdout] test core::camera::tests::camera_initialization ... FAILED
[INFO] [stdout] test core::transforms::tests::view_transformation_for_positive_z_axis ... ok
[INFO] [stdout] test primitives::matrix4f::tests::matrix4f_inversion_undoes_multiplication ... ok
[INFO] [stdout] test primitives::matrix4f::tests::matrix4f_multiplication ... ok
[INFO] [stdout] test primitives::matrix4f::tests::matrix4f_submatrix ... ok
[INFO] [stdout] test primitives::matrix4f::tests::matrix4f_multiplication_by_inverse_is_identity ... ok
[INFO] [stdout] test primitives::matrix4f::tests::matrix4f_transposition ... ok
[INFO] [stdout] test primitives::vec3::tests::cross_product ... ok
[INFO] [stdout] test primitives::vec3::tests::dot_product ... ok
[INFO] [stdout] test primitives::vec3::tests::vec3_four_operations ... ok
[INFO] [stdout] test primitives::vec3::tests::magnitude_of_normalized_vector ... ok
[INFO] [stdout] test primitives::vec3::tests::normalization ... ok
[INFO] [stdout] test primitives::matrix4f::tests::matrix4f_point_multiplication ... ok
[INFO] [stdout] test primitives::vec3::tests::magnitude ... ok
[INFO] [stdout] 
[INFO] [stdout] failures:
[INFO] [stdout] 
[INFO] [stdout] ---- core::camera::tests::camera_initialization stdout ----
[INFO] [stdout] 
[INFO] [stdout] thread 'core::camera::tests::camera_initialization' panicked at src/core/camera.rs:28:9:
[INFO] [stdout] assertion `left == right` failed
[INFO] [stdout]   left: 150.0
[INFO] [stdout]  right: 150.09
[INFO] [stdout] stack backtrace:
[INFO] [stdout]    0:     0x6526e7f8fc6a - std::backtrace_rs::backtrace::libunwind::trace::hb059275cfc8d6126
[INFO] [stdout]                                at /rustc/6067b36314ab5eb2eb47cecc464545ba58e1ad24/library/std/src/../../backtrace/src/backtrace/libunwind.rs:116:5
[INFO] [stdout]    1:     0x6526e7f8fc6a - std::backtrace_rs::backtrace::trace_unsynchronized::h2da071e4327ce3ee
[INFO] [stdout]                                at /rustc/6067b36314ab5eb2eb47cecc464545ba58e1ad24/library/std/src/../../backtrace/src/backtrace/mod.rs:66:5
[INFO] [stdout]    2:     0x6526e7f8fc6a - std::sys::backtrace::_print_fmt::h842a1474e6f8d23f
[INFO] [stdout]                                at /rustc/6067b36314ab5eb2eb47cecc464545ba58e1ad24/library/std/src/sys/backtrace.rs:66:9
[INFO] [stdout]    3:     0x6526e7f8fc6a - <std::sys::backtrace::BacktraceLock::print::DisplayBacktrace as core::fmt::Display>::fmt::h71a62eb3b9696b12
[INFO] [stdout]                                at /rustc/6067b36314ab5eb2eb47cecc464545ba58e1ad24/library/std/src/sys/backtrace.rs:39:26
[INFO] [stdout]    4:     0x6526e7fb7753 - core::fmt::rt::Argument::fmt::hdb6b616786b41dc1
[INFO] [stdout]                                at /rustc/6067b36314ab5eb2eb47cecc464545ba58e1ad24/library/core/src/fmt/rt.rs:177:76
[INFO] [stdout]    5:     0x6526e7fb7753 - core::fmt::write::h2cc1698af7e2d686
[INFO] [stdout]                                at /rustc/6067b36314ab5eb2eb47cecc464545ba58e1ad24/library/core/src/fmt/mod.rs:1440:21
[INFO] [stdout]    6:     0x6526e7f8c7c3 - std::io::Write::write_fmt::hab1b4cd059a79022
[INFO] [stdout]                                at /rustc/6067b36314ab5eb2eb47cecc464545ba58e1ad24/library/std/src/io/mod.rs:1887:15
[INFO] [stdout]    7:     0x6526e7f8fab2 - std::sys::backtrace::BacktraceLock::print::h147fe35b4ea13b08
[INFO] [stdout]                                at /rustc/6067b36314ab5eb2eb47cecc464545ba58e1ad24/library/std/src/sys/backtrace.rs:42:9
[INFO] [stdout]    8:     0x6526e7f9108f - std::panicking::default_hook::{{closure}}::hbd44223dbdc0d208
[INFO] [stdout]                                at /rustc/6067b36314ab5eb2eb47cecc464545ba58e1ad24/library/std/src/panicking.rs:298:22
[INFO] [stdout]    9:     0x6526e7f90ea8 - std::panicking::default_hook::h20f81eb0576efcec
[INFO] [stdout]                                at /rustc/6067b36314ab5eb2eb47cecc464545ba58e1ad24/library/std/src/panicking.rs:322:9
[INFO] [stdout]   10:     0x6526e7f59b33 - <alloc::boxed::Box<F,A> as core::ops::function::Fn<Args>>::call::hdb53814c496a4d34
[INFO] [stdout]                                at /rustc/6067b36314ab5eb2eb47cecc464545ba58e1ad24/library/alloc/src/boxed.rs:2027:9
[INFO] [stdout]   11:     0x6526e7f59b33 - test::test_main::{{closure}}::hc0a4963c59427c24
[INFO] [stdout]                                at /rustc/6067b36314ab5eb2eb47cecc464545ba58e1ad24/library/test/src/lib.rs:134:21
[INFO] [stdout]   12:     0x6526e7f91b83 - <alloc::boxed::Box<F,A> as core::ops::function::Fn<Args>>::call::h591b2225413a77e9
[INFO] [stdout]                                at /rustc/6067b36314ab5eb2eb47cecc464545ba58e1ad24/library/alloc/src/boxed.rs:2027:9
[INFO] [stdout]   13:     0x6526e7f91b83 - std::panicking::rust_panic_with_hook::h625eea43051b2edc
[INFO] [stdout]                                at /rustc/6067b36314ab5eb2eb47cecc464545ba58e1ad24/library/std/src/panicking.rs:839:13
[INFO] [stdout]   14:     0x6526e7f9183a - std::panicking::begin_panic_handler::{{closure}}::h4f9159cfbc3f6bd3
[INFO] [stdout]                                at /rustc/6067b36314ab5eb2eb47cecc464545ba58e1ad24/library/std/src/panicking.rs:704:13
[INFO] [stdout]   15:     0x6526e7f90169 - std::sys::backtrace::__rust_end_short_backtrace::h0390abce48353151
[INFO] [stdout]                                at /rustc/6067b36314ab5eb2eb47cecc464545ba58e1ad24/library/std/src/sys/backtrace.rs:168:18
[INFO] [stdout]   16:     0x6526e7f914cd - rust_begin_unwind
[INFO] [stdout]                                at /rustc/6067b36314ab5eb2eb47cecc464545ba58e1ad24/library/std/src/panicking.rs:695:5
[INFO] [stdout]   17:     0x6526e7fb5d80 - core::panicking::panic_fmt::h9e7c637e9e5f29c9
[INFO] [stdout]                                at /rustc/6067b36314ab5eb2eb47cecc464545ba58e1ad24/library/core/src/panicking.rs:75:14
[INFO] [stdout]   18:     0x6526e7fb6172 - core::panicking::assert_failed_inner::h538bec7c1374cd9c
[INFO] [stdout]   19:     0x6526e7f180a0 - core::panicking::assert_failed::he96ffaa42970ac55
[INFO] [stdout]                                at /rustc/6067b36314ab5eb2eb47cecc464545ba58e1ad24/library/core/src/panicking.rs:364:5
[INFO] [stdout]   20:     0x6526e7f0542d - the_ray_tracer_challenge::core::camera::tests::camera_initialization::hfdb4118e658e8b62
[INFO] [stdout]                                at /opt/rustwide/workdir/src/core/camera.rs:28:9
[INFO] [stdout]   21:     0x6526e7f052f7 - the_ray_tracer_challenge::core::camera::tests::camera_initialization::{{closure}}::h4d6397a1f79394b5
[INFO] [stdout]                                at /opt/rustwide/workdir/src/core/camera.rs:25:31
[INFO] [stdout]   22:     0x6526e7f164a6 - core::ops::function::FnOnce::call_once::hd602e37e6208f226
[INFO] [stdout]                                at /rustc/6067b36314ab5eb2eb47cecc464545ba58e1ad24/library/core/src/ops/function.rs:250:5
[INFO] [stdout]   23:     0x6526e7f5f28b - core::ops::function::FnOnce::call_once::he27718dfdd183f43
[INFO] [stdout]                                at /rustc/6067b36314ab5eb2eb47cecc464545ba58e1ad24/library/core/src/ops/function.rs:250:5
[INFO] [stdout]   24:     0x6526e7f5f28b - test::__rust_begin_short_backtrace::h4e84902998457a5d
[INFO] [stdout]                                at /rustc/6067b36314ab5eb2eb47cecc464545ba58e1ad24/library/test/src/lib.rs:632:18
[INFO] [stdout]   25:     0x6526e7f5e1c3 - test::run_test_in_process::{{closure}}::h7176fd18fc1feca0
[INFO] [stdout]                                at /rustc/6067b36314ab5eb2eb47cecc464545ba58e1ad24/library/test/src/lib.rs:655:60
[INFO] [stdout]   26:     0x6526e7f5e1c3 - <core::panic::unwind_safe::AssertUnwindSafe<F> as core::ops::function::FnOnce<()>>::call_once::hf79cff2a624d8cf7
[INFO] [stdout]                                at /rustc/6067b36314ab5eb2eb47cecc464545ba58e1ad24/library/core/src/panic/unwind_safe.rs:272:9
[INFO] [stdout]   27:     0x6526e7f5e1c3 - std::panicking::try::do_call::h3da0561d9ab99c25
[INFO] [stdout]                                at /rustc/6067b36314ab5eb2eb47cecc464545ba58e1ad24/library/std/src/panicking.rs:587:40
[INFO] [stdout]   28:     0x6526e7f5e1c3 - std::panicking::try::h41c9fa508bc61df6
[INFO] [stdout]                                at /rustc/6067b36314ab5eb2eb47cecc464545ba58e1ad24/library/std/src/panicking.rs:550:19
[INFO] [stdout]   29:     0x6526e7f5e1c3 - std::panic::catch_unwind::h6b3ff07bb5afad93
[INFO] [stdout]                                at /rustc/6067b36314ab5eb2eb47cecc464545ba58e1ad24/library/std/src/panic.rs:358:14
[INFO] [stdout]   30:     0x6526e7f5e1c3 - test::run_test_in_process::hc7253dd11b39b9f4
[INFO] [stdout]                                at /rustc/6067b36314ab5eb2eb47cecc464545ba58e1ad24/library/test/src/lib.rs:655:27
[INFO] [stdout]   31:     0x6526e7f5e1c3 - test::run_test::{{closure}}::hfb2007f8649c30bb
[INFO] [stdout]                                at /rustc/6067b36314ab5eb2eb47cecc464545ba58e1ad24/library/test/src/lib.rs:576:43
[INFO] [stdout]   32:     0x6526e7f212a5 - test::run_test::{{closure}}::h56a17aa7a282a9f4
[INFO] [stdout]                                at /rustc/6067b36314ab5eb2eb47cecc464545ba58e1ad24/library/test/src/lib.rs:606:41
[INFO] [stdout]   33:     0x6526e7f212a5 - std::sys::backtrace::__rust_begin_short_backtrace::hd2d2d2fb8e8c6aac
[INFO] [stdout]                                at /rustc/6067b36314ab5eb2eb47cecc464545ba58e1ad24/library/std/src/sys/backtrace.rs:152:18
[INFO] [stdout]   34:     0x6526e7f24b8a - std::thread::Builder::spawn_unchecked_::{{closure}}::{{closure}}::h4faa3f9db6133423
[INFO] [stdout]                                at /rustc/6067b36314ab5eb2eb47cecc464545ba58e1ad24/library/std/src/thread/mod.rs:559:17
[INFO] [stdout]   35:     0x6526e7f24b8a - <core::panic::unwind_safe::AssertUnwindSafe<F> as core::ops::function::FnOnce<()>>::call_once::hf2e855a36a4ea846
[INFO] [stdout]                                at /rustc/6067b36314ab5eb2eb47cecc464545ba58e1ad24/library/core/src/panic/unwind_safe.rs:272:9
[INFO] [stdout]   36:     0x6526e7f24b8a - std::panicking::try::do_call::h2f73af3616c35465
[INFO] [stdout]                                at /rustc/6067b36314ab5eb2eb47cecc464545ba58e1ad24/library/std/src/panicking.rs:587:40
[INFO] [stdout]   37:     0x6526e7f24b8a - std::panicking::try::hd1660ce9efadef5a
[INFO] [stdout]                                at /rustc/6067b36314ab5eb2eb47cecc464545ba58e1ad24/library/std/src/panicking.rs:550:19
[INFO] [stdout]   38:     0x6526e7f24b8a - std::panic::catch_unwind::h5ee8d7823b8ca744
[INFO] [stdout]                                at /rustc/6067b36314ab5eb2eb47cecc464545ba58e1ad24/library/std/src/panic.rs:358:14
[INFO] [stdout]   39:     0x6526e7f24b8a - std::thread::Builder::spawn_unchecked_::{{closure}}::h53c3a1894dce8407
[INFO] [stdout]                                at /rustc/6067b36314ab5eb2eb47cecc464545ba58e1ad24/library/std/src/thread/mod.rs:557:30
[INFO] [stdout]   40:     0x6526e7f24b8a - core::ops::function::FnOnce::call_once{{vtable.shim}}::h048ce291ad4f62bf
[INFO] [stdout]                                at /rustc/6067b36314ab5eb2eb47cecc464545ba58e1ad24/library/core/src/ops/function.rs:250:5
[INFO] [stdout]   41:     0x6526e7f95abb - <alloc::boxed::Box<F,A> as core::ops::function::FnOnce<Args>>::call_once::ha52bedf99a3b4981
[INFO] [stdout]                                at /rustc/6067b36314ab5eb2eb47cecc464545ba58e1ad24/library/alloc/src/boxed.rs:2013:9
[INFO] [stdout]   42:     0x6526e7f95abb - <alloc::boxed::Box<F,A> as core::ops::function::FnOnce<Args>>::call_once::h567748934d80ccf8
[INFO] [stdout]                                at /rustc/6067b36314ab5eb2eb47cecc464545ba58e1ad24/library/alloc/src/boxed.rs:2013:9
[INFO] [stdout]   43:     0x6526e7f95abb - std::sys::pal::unix::thread::Thread::new::thread_start::h2d970728ae887adc
[INFO] [stdout]                                at /rustc/6067b36314ab5eb2eb47cecc464545ba58e1ad24/library/std/src/sys/pal/unix/thread.rs:106:17
[INFO] [stdout]   44:     0x7ab94cf1bac3 - <unknown>
[INFO] [stdout]   45:     0x7ab94cfaca04 - clone
[INFO] [stdout]   46:                0x0 - <unknown>
[INFO] [stdout] 
[INFO] [stdout] 
[INFO] [stdout] failures:
[INFO] [stdout]     core::camera::tests::camera_initialization
[INFO] [stdout] 
[INFO] [stdout] test result: FAILED. 88 passed; 1 failed; 0 ignored; 0 measured; 0 filtered out; finished in 0.10s
[INFO] [stdout] 
[INFO] [stderr] error: test failed, to rerun pass `--lib`
[INFO] running `Command { std: "docker" "inspect" "f7d4dde33f9be10b841ec6bfaf2184eb9207ea82427c7bc1561b6aa7ef2ecc26", kill_on_drop: false }`
[INFO] running `Command { std: "docker" "rm" "-f" "f7d4dde33f9be10b841ec6bfaf2184eb9207ea82427c7bc1561b6aa7ef2ecc26", kill_on_drop: false }`
[INFO] [stdout] f7d4dde33f9be10b841ec6bfaf2184eb9207ea82427c7bc1561b6aa7ef2ecc26
