[INFO] cloning repository https://github.com/micronoyau/aoc-2024
[INFO] running `Command { std: "git" "-c" "credential.helper=" "-c" "credential.helper=/workspace/cargo-home/bin/git-credential-null" "clone" "--bare" "https://github.com/micronoyau/aoc-2024" "/workspace/cache/git-repos/https%3A%2F%2Fgithub.com%2Fmicronoyau%2Faoc-2024", kill_on_drop: false }`
[INFO] [stderr] Cloning into bare repository '/workspace/cache/git-repos/https%3A%2F%2Fgithub.com%2Fmicronoyau%2Faoc-2024'...
[INFO] running `Command { std: "git" "rev-parse" "HEAD", kill_on_drop: false }`
[INFO] [stdout] c35bacdbc36c85bf3db66f36060c62c8a0646453
[INFO] testing micronoyau/aoc-2024 against nightly-2025-01-18+rustflags=-Zrandomize-layout for randomize-layout-2
[INFO] running `Command { std: "git" "clone" "/workspace/cache/git-repos/https%3A%2F%2Fgithub.com%2Fmicronoyau%2Faoc-2024" "/workspace/builds/worker-0-tc2/source", kill_on_drop: false }`
[INFO] [stderr] Cloning into '/workspace/builds/worker-0-tc2/source'...
[INFO] [stderr] done.
[INFO] validating manifest of git repo https://github.com/micronoyau/aoc-2024 on toolchain nightly-2025-01-18
[INFO] running `Command { std: CARGO_HOME="/workspace/cargo-home" RUSTUP_HOME="/workspace/rustup-home" "/workspace/cargo-home/bin/cargo" "+nightly-2025-01-18" "metadata" "--manifest-path" "Cargo.toml" "--no-deps", kill_on_drop: false }`
[INFO] removed /workspace/builds/worker-0-tc2/source/.cargo/config.toml
[INFO] started tweaking git repo https://github.com/micronoyau/aoc-2024
[INFO] finished tweaking git repo https://github.com/micronoyau/aoc-2024
[INFO] tweaked toml for git repo https://github.com/micronoyau/aoc-2024 written to /workspace/builds/worker-0-tc2/source/Cargo.toml
[INFO] crate git repo https://github.com/micronoyau/aoc-2024 already has a lockfile, it will not be regenerated
[INFO] running `Command { std: CARGO_HOME="/workspace/cargo-home" RUSTUP_HOME="/workspace/rustup-home" "/workspace/cargo-home/bin/cargo" "+nightly-2025-01-18" "fetch" "--manifest-path" "Cargo.toml", kill_on_drop: false }`
[INFO] running `Command { std: "docker" "create" "-v" "/var/lib/crater-agent-workspace/builds/worker-0-tc2/target:/opt/rustwide/target:rw,Z" "-v" "/var/lib/crater-agent-workspace/builds/worker-0-tc2/source:/opt/rustwide/workdir:ro,Z" "-v" "/var/lib/crater-agent-workspace/cargo-home:/opt/rustwide/cargo-home:ro,Z" "-v" "/var/lib/crater-agent-workspace/rustup-home:/opt/rustwide/rustup-home:ro,Z" "-e" "SOURCE_DIR=/opt/rustwide/workdir" "-e" "CARGO_TARGET_DIR=/opt/rustwide/target" "-e" "CARGO_HOME=/opt/rustwide/cargo-home" "-e" "RUSTUP_HOME=/opt/rustwide/rustup-home" "-w" "/opt/rustwide/workdir" "-m" "1610612736" "--user" "0:0" "--network" "none" "ghcr.io/rust-lang/crates-build-env/linux@sha256:819108c5571ea2e421544af4d832f968d213c87fbe3707a016657f43d2f853bc" "/opt/rustwide/cargo-home/bin/cargo" "+nightly-2025-01-18" "metadata" "--no-deps" "--format-version=1", kill_on_drop: false }`
[INFO] [stdout] b4ad2a84850af01537e58894cb22b18fcbf484b6561b860acbb9349de89407cb
[INFO] running `Command { std: "docker" "start" "-a" "b4ad2a84850af01537e58894cb22b18fcbf484b6561b860acbb9349de89407cb", kill_on_drop: false }`
[INFO] running `Command { std: "docker" "inspect" "b4ad2a84850af01537e58894cb22b18fcbf484b6561b860acbb9349de89407cb", kill_on_drop: false }`
[INFO] running `Command { std: "docker" "rm" "-f" "b4ad2a84850af01537e58894cb22b18fcbf484b6561b860acbb9349de89407cb", kill_on_drop: false }`
[INFO] [stdout] b4ad2a84850af01537e58894cb22b18fcbf484b6561b860acbb9349de89407cb
[INFO] running `Command { std: "docker" "create" "-v" "/var/lib/crater-agent-workspace/builds/worker-0-tc2/target:/opt/rustwide/target:rw,Z" "-v" "/var/lib/crater-agent-workspace/builds/worker-0-tc2/source:/opt/rustwide/workdir:ro,Z" "-v" "/var/lib/crater-agent-workspace/cargo-home:/opt/rustwide/cargo-home:ro,Z" "-v" "/var/lib/crater-agent-workspace/rustup-home:/opt/rustwide/rustup-home:ro,Z" "-e" "SOURCE_DIR=/opt/rustwide/workdir" "-e" "CARGO_TARGET_DIR=/opt/rustwide/target" "-e" "CARGO_INCREMENTAL=0" "-e" "RUST_BACKTRACE=full" "-e" "RUSTFLAGS=--cap-lints=forbid -Zrandomize-layout" "-e" "RUSTDOCFLAGS=--cap-lints=forbid" "-e" "CARGO_HOME=/opt/rustwide/cargo-home" "-e" "RUSTUP_HOME=/opt/rustwide/rustup-home" "-w" "/opt/rustwide/workdir" "-m" "1610612736" "--user" "0:0" "--network" "none" "ghcr.io/rust-lang/crates-build-env/linux@sha256:819108c5571ea2e421544af4d832f968d213c87fbe3707a016657f43d2f853bc" "/opt/rustwide/cargo-home/bin/cargo" "+nightly-2025-01-18" "build" "--frozen" "--message-format=json", kill_on_drop: false }`
[INFO] [stdout] 978e383cf1e6e0c6ffd9d89aa55bc167553bf94ecc79bda4ebce5842dd5625f8
[INFO] running `Command { std: "docker" "start" "-a" "978e383cf1e6e0c6ffd9d89aa55bc167553bf94ecc79bda4ebce5842dd5625f8", kill_on_drop: false }`
[INFO] [stderr]    Compiling autocfg v1.1.0
[INFO] [stderr]    Compiling proc-macro2 v1.0.92
[INFO] [stderr]    Compiling semver v1.0.24
[INFO] [stderr]    Compiling memchr v2.6.4
[INFO] [stderr]    Compiling thiserror v2.0.8
[INFO] [stderr]    Compiling anyhow v1.0.94
[INFO] [stderr]    Compiling heck v0.5.0
[INFO] [stderr]    Compiling equivalent v1.0.1
[INFO] [stderr]    Compiling rawpointer v0.2.1
[INFO] [stderr]    Compiling hashbrown v0.15.2
[INFO] [stderr]    Compiling regex-syntax v0.8.5
[INFO] [stderr]    Compiling rustc-hash v2.1.0
[INFO] [stderr]    Compiling pico-args v0.5.0
[INFO] [stderr]    Compiling tinyjson v2.5.1
[INFO] [stderr]    Compiling bumpalo v3.16.0
[INFO] [stderr]    Compiling num-traits v0.2.19
[INFO] [stderr]    Compiling matrixmultiply v0.3.9
[INFO] [stderr]    Compiling quote v1.0.37
[INFO] [stderr]    Compiling indexmap v2.7.0
[INFO] [stderr]    Compiling aho-corasick v1.1.3
[INFO] [stderr]    Compiling syn v2.0.90
[INFO] [stderr]    Compiling num-complex v0.4.6
[INFO] [stderr]    Compiling num-integer v0.1.46
[INFO] [stderr]    Compiling integer-sqrt v0.1.5
[INFO] [stderr]    Compiling ndarray v0.16.1
[INFO] [stderr]    Compiling thiserror-impl v2.0.8
[INFO] [stderr]    Compiling deprecate-until v0.1.1
[INFO] [stderr]    Compiling strum_macros v0.26.4
[INFO] [stderr]    Compiling regex-automata v0.4.9
[INFO] [stderr]    Compiling pathfinding v4.12.0
[INFO] [stderr]    Compiling strum v0.26.3
[INFO] [stderr]    Compiling regex v1.11.1
[INFO] [stderr]    Compiling advent_of_code v0.11.0 (/opt/rustwide/workdir)
[INFO] [stdout] warning: unused imports: `bfs` and `directed::bfs`
[INFO] [stdout]  --> src/bin/18.rs:5:5
[INFO] [stdout]   |
[INFO] [stdout] 5 |     directed::bfs,
[INFO] [stdout]   |     ^^^^^^^^^^^^^
[INFO] [stdout] 6 |     prelude::{bfs, dfs, dijkstra},
[INFO] [stdout]   |               ^^^
[INFO] [stdout]   |
[INFO] [stdout]   = note: `#[warn(unused_imports)]` on by default
[INFO] [stdout] 
[INFO] [stdout] 
[INFO] [stdout] warning: unused import: `Array`
[INFO] [stdout]  --> src/bin/13.rs:2:21
[INFO] [stdout]   |
[INFO] [stdout] 2 | use ndarray::{arr2, Array};
[INFO] [stdout]   |                     ^^^^^
[INFO] [stdout]   |
[INFO] [stdout]   = note: `#[warn(unused_imports)]` on by default
[INFO] [stdout] 
[INFO] [stdout] 
[INFO] [stdout] warning: unused variable: `input`
[INFO] [stdout]   --> src/bin/11.rs:89:17
[INFO] [stdout]    |
[INFO] [stdout] 89 | pub fn part_two(input: &str) -> Option<u32> {
[INFO] [stdout]    |                 ^^^^^ help: if this is intentional, prefix it with an underscore: `_input`
[INFO] [stdout]    |
[INFO] [stdout]    = note: `#[warn(unused_variables)]` on by default
[INFO] [stdout] 
[INFO] [stdout] 
[INFO] [stdout] warning: unused variable: `input`
[INFO] [stdout]    --> src/bin/15.rs:267:17
[INFO] [stdout]     |
[INFO] [stdout] 267 | pub fn part_two(input: &str) -> Option<u32> {
[INFO] [stdout]     |                 ^^^^^ help: if this is intentional, prefix it with an underscore: `_input`
[INFO] [stdout]     |
[INFO] [stdout]     = note: `#[warn(unused_variables)]` on by default
[INFO] [stdout] 
[INFO] [stdout] 
[INFO] [stdout] warning: unused variable: `input`
[INFO] [stdout]    --> src/bin/16.rs:343:17
[INFO] [stdout]     |
[INFO] [stdout] 343 | pub fn part_two(input: &str) -> Option<u32> {
[INFO] [stdout]     |                 ^^^^^ help: if this is intentional, prefix it with an underscore: `_input`
[INFO] [stdout]     |
[INFO] [stdout]     = note: `#[warn(unused_variables)]` on by default
[INFO] [stdout] 
[INFO] [stdout] 
[INFO] [stdout] warning: unused variable: `i`
[INFO] [stdout]    --> src/bin/17.rs:276:9
[INFO] [stdout]     |
[INFO] [stdout] 276 |     for i in 0..1000 {
[INFO] [stdout]     |         ^ help: if this is intentional, prefix it with an underscore: `_i`
[INFO] [stdout]     |
[INFO] [stdout]     = note: `#[warn(unused_variables)]` on by default
[INFO] [stdout] 
[INFO] [stdout] 
[INFO] [stdout] warning: unused variable: `input`
[INFO] [stdout]    --> src/bin/19.rs:139:17
[INFO] [stdout]     |
[INFO] [stdout] 139 | pub fn part_two(input: &str) -> Option<u32> {
[INFO] [stdout]     |                 ^^^^^ help: if this is intentional, prefix it with an underscore: `_input`
[INFO] [stdout]     |
[INFO] [stdout]     = note: `#[warn(unused_variables)]` on by default
[INFO] [stdout] 
[INFO] [stdout] 
[INFO] [stdout] warning: variants `Start` and `Transition` are never constructed
[INFO] [stdout]   --> src/bin/19.rs:36:5
[INFO] [stdout]    |
[INFO] [stdout] 35 | enum State {
[INFO] [stdout]    |      ----- variants in this enum
[INFO] [stdout] 36 |     Start(RefCell<HashMap<char, Vec<Weak<State>>>>), // The `start` state S is also the final state
[INFO] [stdout]    |     ^^^^^
[INFO] [stdout] 37 |     Transition(HashMap<char, Rc<State>>), // A `transitional` state is every state except S
[INFO] [stdout]    |     ^^^^^^^^^^
[INFO] [stdout]    |
[INFO] [stdout]    = note: `State` has a derived impl for the trait `Debug`, but this is intentionally ignored during dead code analysis
[INFO] [stdout]    = note: `#[warn(dead_code)]` on by default
[INFO] [stdout] 
[INFO] [stdout] 
[INFO] [stdout] warning: associated items `parse` and `count` are never used
[INFO] [stdout]    --> src/bin/19.rs:48:8
[INFO] [stdout]     |
[INFO] [stdout] 47  | impl NFA {
[INFO] [stdout]     | -------- associated items in this implementation
[INFO] [stdout] 48  |     fn parse(line: &str) -> Result<Self> {
[INFO] [stdout]     |        ^^^^^
[INFO] [stdout] ...
[INFO] [stdout] 134 |     fn count(&self, design: &str) -> Result<u32> {
[INFO] [stdout]     |        ^^^^^
[INFO] [stdout] 
[INFO] [stdout] 
[INFO] [stderr]     Finished `dev` profile [unoptimized + debuginfo] target(s) in 35.17s
[INFO] running `Command { std: "docker" "inspect" "978e383cf1e6e0c6ffd9d89aa55bc167553bf94ecc79bda4ebce5842dd5625f8", kill_on_drop: false }`
[INFO] running `Command { std: "docker" "rm" "-f" "978e383cf1e6e0c6ffd9d89aa55bc167553bf94ecc79bda4ebce5842dd5625f8", kill_on_drop: false }`
[INFO] [stdout] 978e383cf1e6e0c6ffd9d89aa55bc167553bf94ecc79bda4ebce5842dd5625f8
[INFO] running `Command { std: "docker" "create" "-v" "/var/lib/crater-agent-workspace/builds/worker-0-tc2/target:/opt/rustwide/target:rw,Z" "-v" "/var/lib/crater-agent-workspace/builds/worker-0-tc2/source:/opt/rustwide/workdir:ro,Z" "-v" "/var/lib/crater-agent-workspace/cargo-home:/opt/rustwide/cargo-home:ro,Z" "-v" "/var/lib/crater-agent-workspace/rustup-home:/opt/rustwide/rustup-home:ro,Z" "-e" "SOURCE_DIR=/opt/rustwide/workdir" "-e" "CARGO_TARGET_DIR=/opt/rustwide/target" "-e" "CARGO_INCREMENTAL=0" "-e" "RUST_BACKTRACE=full" "-e" "RUSTFLAGS=--cap-lints=forbid -Zrandomize-layout" "-e" "RUSTDOCFLAGS=--cap-lints=forbid" "-e" "CARGO_HOME=/opt/rustwide/cargo-home" "-e" "RUSTUP_HOME=/opt/rustwide/rustup-home" "-w" "/opt/rustwide/workdir" "-m" "1610612736" "--user" "0:0" "--network" "none" "ghcr.io/rust-lang/crates-build-env/linux@sha256:819108c5571ea2e421544af4d832f968d213c87fbe3707a016657f43d2f853bc" "/opt/rustwide/cargo-home/bin/cargo" "+nightly-2025-01-18" "test" "--frozen" "--no-run" "--message-format=json", kill_on_drop: false }`
[INFO] [stdout] 3939f6f4763a6e5ced1b13b6b5c73eacaa6bfc51a1b479ad81ff868a1f061775
[INFO] running `Command { std: "docker" "start" "-a" "3939f6f4763a6e5ced1b13b6b5c73eacaa6bfc51a1b479ad81ff868a1f061775", kill_on_drop: false }`
[INFO] [stderr]    Compiling advent_of_code v0.11.0 (/opt/rustwide/workdir)
[INFO] [stdout] warning: unused variable: `input`
[INFO] [stdout]    --> src/bin/16.rs:343:17
[INFO] [stdout]     |
[INFO] [stdout] 343 | pub fn part_two(input: &str) -> Option<u32> {
[INFO] [stdout]     |                 ^^^^^ help: if this is intentional, prefix it with an underscore: `_input`
[INFO] [stdout]     |
[INFO] [stdout]     = note: `#[warn(unused_variables)]` on by default
[INFO] [stdout] 
[INFO] [stdout] 
[INFO] [stdout] warning: unused variable: `input`
[INFO] [stdout]    --> src/bin/19.rs:139:17
[INFO] [stdout]     |
[INFO] [stdout] 139 | pub fn part_two(input: &str) -> Option<u32> {
[INFO] [stdout]     |                 ^^^^^ help: if this is intentional, prefix it with an underscore: `_input`
[INFO] [stdout]     |
[INFO] [stdout]     = note: `#[warn(unused_variables)]` on by default
[INFO] [stdout] 
[INFO] [stdout] 
[INFO] [stdout] warning: variants `Start` and `Transition` are never constructed
[INFO] [stdout]   --> src/bin/19.rs:36:5
[INFO] [stdout]    |
[INFO] [stdout] 35 | enum State {
[INFO] [stdout]    |      ----- variants in this enum
[INFO] [stdout] 36 |     Start(RefCell<HashMap<char, Vec<Weak<State>>>>), // The `start` state S is also the final state
[INFO] [stdout]    |     ^^^^^
[INFO] [stdout] 37 |     Transition(HashMap<char, Rc<State>>), // A `transitional` state is every state except S
[INFO] [stdout]    |     ^^^^^^^^^^
[INFO] [stdout]    |
[INFO] [stdout]    = note: `State` has a derived impl for the trait `Debug`, but this is intentionally ignored during dead code analysis
[INFO] [stdout]    = note: `#[warn(dead_code)]` on by default
[INFO] [stdout] 
[INFO] [stdout] 
[INFO] [stdout] warning: associated items `parse` and `count` are never used
[INFO] [stdout]    --> src/bin/19.rs:48:8
[INFO] [stdout]     |
[INFO] [stdout] 47  | impl NFA {
[INFO] [stdout]     | -------- associated items in this implementation
[INFO] [stdout] 48  |     fn parse(line: &str) -> Result<Self> {
[INFO] [stdout]     |        ^^^^^
[INFO] [stdout] ...
[INFO] [stdout] 134 |     fn count(&self, design: &str) -> Result<u32> {
[INFO] [stdout]     |        ^^^^^
[INFO] [stdout] 
[INFO] [stdout] 
[INFO] [stdout] warning: unused variable: `input`
[INFO] [stdout]    --> src/bin/15.rs:267:17
[INFO] [stdout]     |
[INFO] [stdout] 267 | pub fn part_two(input: &str) -> Option<u32> {
[INFO] [stdout]     |                 ^^^^^ help: if this is intentional, prefix it with an underscore: `_input`
[INFO] [stdout]     |
[INFO] [stdout]     = note: `#[warn(unused_variables)]` on by default
[INFO] [stdout] 
[INFO] [stdout] 
[INFO] [stdout] warning: unused variable: `input`
[INFO] [stdout]   --> src/bin/11.rs:89:17
[INFO] [stdout]    |
[INFO] [stdout] 89 | pub fn part_two(input: &str) -> Option<u32> {
[INFO] [stdout]    |                 ^^^^^ help: if this is intentional, prefix it with an underscore: `_input`
[INFO] [stdout]    |
[INFO] [stdout]    = note: `#[warn(unused_variables)]` on by default
[INFO] [stdout] 
[INFO] [stdout] 
[INFO] [stdout] warning: unused variable: `i`
[INFO] [stdout]    --> src/bin/17.rs:276:9
[INFO] [stdout]     |
[INFO] [stdout] 276 |     for i in 0..1000 {
[INFO] [stdout]     |         ^ help: if this is intentional, prefix it with an underscore: `_i`
[INFO] [stdout]     |
[INFO] [stdout]     = note: `#[warn(unused_variables)]` on by default
[INFO] [stdout] 
[INFO] [stdout] 
[INFO] [stdout] warning: unused imports: `bfs` and `directed::bfs`
[INFO] [stdout]  --> src/bin/18.rs:5:5
[INFO] [stdout]   |
[INFO] [stdout] 5 |     directed::bfs,
[INFO] [stdout]   |     ^^^^^^^^^^^^^
[INFO] [stdout] 6 |     prelude::{bfs, dfs, dijkstra},
[INFO] [stdout]   |               ^^^
[INFO] [stdout]   |
[INFO] [stdout]   = note: `#[warn(unused_imports)]` on by default
[INFO] [stdout] 
[INFO] [stdout] 
[INFO] [stdout] warning: unused import: `Array`
[INFO] [stdout]  --> src/bin/13.rs:2:21
[INFO] [stdout]   |
[INFO] [stdout] 2 | use ndarray::{arr2, Array};
[INFO] [stdout]   |                     ^^^^^
[INFO] [stdout]   |
[INFO] [stdout]   = note: `#[warn(unused_imports)]` on by default
[INFO] [stdout] 
[INFO] [stdout] 
[INFO] [stderr]     Finished `test` profile [unoptimized + debuginfo] target(s) in 6.35s
[INFO] running `Command { std: "docker" "inspect" "3939f6f4763a6e5ced1b13b6b5c73eacaa6bfc51a1b479ad81ff868a1f061775", kill_on_drop: false }`
[INFO] running `Command { std: "docker" "rm" "-f" "3939f6f4763a6e5ced1b13b6b5c73eacaa6bfc51a1b479ad81ff868a1f061775", kill_on_drop: false }`
[INFO] [stdout] 3939f6f4763a6e5ced1b13b6b5c73eacaa6bfc51a1b479ad81ff868a1f061775
[INFO] running `Command { std: "docker" "create" "-v" "/var/lib/crater-agent-workspace/builds/worker-0-tc2/target:/opt/rustwide/target:rw,Z" "-v" "/var/lib/crater-agent-workspace/builds/worker-0-tc2/source:/opt/rustwide/workdir:ro,Z" "-v" "/var/lib/crater-agent-workspace/cargo-home:/opt/rustwide/cargo-home:ro,Z" "-v" "/var/lib/crater-agent-workspace/rustup-home:/opt/rustwide/rustup-home:ro,Z" "-e" "SOURCE_DIR=/opt/rustwide/workdir" "-e" "CARGO_TARGET_DIR=/opt/rustwide/target" "-e" "CARGO_INCREMENTAL=0" "-e" "RUST_BACKTRACE=full" "-e" "RUSTFLAGS=--cap-lints=forbid -Zrandomize-layout" "-e" "RUSTDOCFLAGS=--cap-lints=forbid" "-e" "CARGO_HOME=/opt/rustwide/cargo-home" "-e" "RUSTUP_HOME=/opt/rustwide/rustup-home" "-w" "/opt/rustwide/workdir" "-m" "1610612736" "--user" "0:0" "--network" "none" "ghcr.io/rust-lang/crates-build-env/linux@sha256:819108c5571ea2e421544af4d832f968d213c87fbe3707a016657f43d2f853bc" "/opt/rustwide/cargo-home/bin/cargo" "+nightly-2025-01-18" "test" "--frozen", kill_on_drop: false }`
[INFO] [stdout] f4e3e828150317c99e8f3f1e0d42e24383f9142465c5b4f6f2499313ddf7cf3c
[INFO] running `Command { std: "docker" "start" "-a" "f4e3e828150317c99e8f3f1e0d42e24383f9142465c5b4f6f2499313ddf7cf3c", kill_on_drop: false }`
[INFO] [stderr] warning: unused variable: `input`
[INFO] [stderr]   --> src/bin/11.rs:89:17
[INFO] [stderr]    |
[INFO] [stderr] 89 | pub fn part_two(input: &str) -> Option<u32> {
[INFO] [stderr]    |                 ^^^^^ help: if this is intentional, prefix it with an underscore: `_input`
[INFO] [stderr]    |
[INFO] [stderr]    = note: `#[warn(unused_variables)]` on by default
[INFO] [stderr] 
[INFO] [stderr] warning: unused variable: `input`
[INFO] [stderr]    --> src/bin/19.rs:139:17
[INFO] [stderr]     |
[INFO] [stderr] 139 | pub fn part_two(input: &str) -> Option<u32> {
[INFO] [stderr]     |                 ^^^^^ help: if this is intentional, prefix it with an underscore: `_input`
[INFO] [stderr]     |
[INFO] [stderr]     = note: `#[warn(unused_variables)]` on by default
[INFO] [stderr] 
[INFO] [stderr] warning: variants `Start` and `Transition` are never constructed
[INFO] [stderr]   --> src/bin/19.rs:36:5
[INFO] [stderr]    |
[INFO] [stderr] 35 | enum State {
[INFO] [stderr]    |      ----- variants in this enum
[INFO] [stderr] 36 |     Start(RefCell<HashMap<char, Vec<Weak<State>>>>), // The `start` state S is also the final state
[INFO] [stderr]    |     ^^^^^
[INFO] [stderr] 37 |     Transition(HashMap<char, Rc<State>>), // A `transitional` state is every state except S
[INFO] [stderr]    |     ^^^^^^^^^^
[INFO] [stderr]    |
[INFO] [stderr]    = note: `State` has a derived impl for the trait `Debug`, but this is intentionally ignored during dead code analysis
[INFO] [stderr]    = note: `#[warn(dead_code)]` on by default
[INFO] [stderr] 
[INFO] [stderr] warning: associated items `parse` and `count` are never used
[INFO] [stderr]    --> src/bin/19.rs:48:8
[INFO] [stderr]     |
[INFO] [stderr] 47  | impl NFA {
[INFO] [stderr]     | -------- associated items in this implementation
[INFO] [stderr] 48  |     fn parse(line: &str) -> Result<Self> {
[INFO] [stderr]     |        ^^^^^
[INFO] [stderr] ...
[INFO] [stderr] 134 |     fn count(&self, design: &str) -> Result<u32> {
[INFO] [stderr]     |        ^^^^^
[INFO] [stderr] 
[INFO] [stderr] warning: unused variable: `i`
[INFO] [stderr]    --> src/bin/17.rs:276:9
[INFO] [stderr]     |
[INFO] [stderr] 276 |     for i in 0..1000 {
[INFO] [stderr]     |         ^ help: if this is intentional, prefix it with an underscore: `_i`
[INFO] [stderr]     |
[INFO] [stderr]     = note: `#[warn(unused_variables)]` on by default
[INFO] [stderr] 
[INFO] [stderr] warning: unused import: `Array`
[INFO] [stderr]  --> src/bin/13.rs:2:21
[INFO] [stderr]   |
[INFO] [stderr] 2 | use ndarray::{arr2, Array};
[INFO] [stderr]   |                     ^^^^^
[INFO] [stderr]   |
[INFO] [stderr]   = note: `#[warn(unused_imports)]` on by default
[INFO] [stderr] 
[INFO] [stderr] warning: unused imports: `bfs` and `directed::bfs`
[INFO] [stderr]  --> src/bin/18.rs:5:5
[INFO] [stderr]   |
[INFO] [stderr] 5 |     directed::bfs,
[INFO] [stderr]   |     ^^^^^^^^^^^^^
[INFO] [stderr] 6 |     prelude::{bfs, dfs, dijkstra},
[INFO] [stderr]   |               ^^^
[INFO] [stderr]   |
[INFO] [stderr]   = note: `#[warn(unused_imports)]` on by default
[INFO] [stderr] 
[INFO] [stderr] warning: unused variable: `input`
[INFO] [stderr]    --> src/bin/16.rs:343:17
[INFO] [stderr]     |
[INFO] [stderr] 343 | pub fn part_two(input: &str) -> Option<u32> {
[INFO] [stderr]     |                 ^^^^^ help: if this is intentional, prefix it with an underscore: `_input`
[INFO] [stderr]     |
[INFO] [stderr]     = note: `#[warn(unused_variables)]` on by default
[INFO] [stderr] 
[INFO] [stderr] warning: unused variable: `input`
[INFO] [stderr]    --> src/bin/15.rs:267:17
[INFO] [stderr]     |
[INFO] [stderr] 267 | pub fn part_two(input: &str) -> Option<u32> {
[INFO] [stderr]     |                 ^^^^^ help: if this is intentional, prefix it with an underscore: `_input`
[INFO] [stderr]     |
[INFO] [stderr]     = note: `#[warn(unused_variables)]` on by default
[INFO] [stderr] 
[INFO] [stderr] warning: `advent_of_code` (bin "11" test) generated 1 warning
[INFO] [stderr] warning: `advent_of_code` (bin "19" test) generated 3 warnings
[INFO] [stderr] warning: `advent_of_code` (bin "17" test) generated 1 warning
[INFO] [stderr] warning: `advent_of_code` (bin "13" test) generated 1 warning (run `cargo fix --bin "13" --tests` to apply 1 suggestion)
[INFO] [stderr] warning: `advent_of_code` (bin "18" test) generated 1 warning (run `cargo fix --bin "18" --tests` to apply 1 suggestion)
[INFO] [stderr] warning: `advent_of_code` (bin "16" test) generated 1 warning
[INFO] [stderr] warning: `advent_of_code` (bin "15" test) generated 1 warning
[INFO] [stderr]     Finished `test` profile [unoptimized + debuginfo] target(s) in 0.08s
[INFO] [stderr]      Running unittests src/lib.rs (/opt/rustwide/target/debug/deps/advent_of_code-7921671adf416a0f)
[INFO] [stderr]      Running unittests src/bin/01.rs (/opt/rustwide/target/debug/deps/01-648eaef72afbe342)
[INFO] [stdout] 
[INFO] [stdout] running 0 tests
[INFO] [stdout] 
[INFO] [stdout] test result: ok. 0 passed; 0 failed; 0 ignored; 0 measured; 0 filtered out; finished in 0.00s
[INFO] [stdout] 
[INFO] [stdout] 
[INFO] [stdout] running 2 tests
[INFO] [stdout] test tests::test_part_one ... ok
[INFO] [stdout] test tests::test_part_two ... ok
[INFO] [stdout] 
[INFO] [stdout] test result: ok. 2 passed; 0 failed; 0 ignored; 0 measured; 0 filtered out; finished in 0.03s
[INFO] [stdout] 
[INFO] [stderr]      Running unittests src/bin/02.rs (/opt/rustwide/target/debug/deps/02-bdf19c01e20f0413)
[INFO] [stdout] 
[INFO] [stdout] running 2 tests
[INFO] [stdout] test tests::test_part_one ... ok
[INFO] [stdout] test tests::test_part_two ... FAILED
[INFO] [stderr] error: test failed, to rerun pass `--bin 02`
[INFO] [stdout] 
[INFO] [stdout] failures:
[INFO] [stdout] 
[INFO] [stdout] ---- tests::test_part_two stdout ----
[INFO] [stdout] [7, 6, 4, 2, 1]
[INFO] [stdout] [1, 3, 2, 4, 5]
[INFO] [stdout] [8, 6, 4, 4, 1]
[INFO] [stdout] [1, 3, 6, 7, 9]
[INFO] [stdout] 
[INFO] [stdout] thread 'tests::test_part_two' panicked at src/bin/02.rs:97:9:
[INFO] [stdout] assertion `left == right` failed
[INFO] [stdout]   left: None
[INFO] [stdout]  right: Some(4)
[INFO] [stdout] stack backtrace:
[INFO] [stdout]    0:     0x5999cd17a4ea - std::backtrace_rs::backtrace::libunwind::trace::hb059275cfc8d6126
[INFO] [stdout]                                at /rustc/6067b36314ab5eb2eb47cecc464545ba58e1ad24/library/std/src/../../backtrace/src/backtrace/libunwind.rs:116:5
[INFO] [stdout]    1:     0x5999cd17a4ea - std::backtrace_rs::backtrace::trace_unsynchronized::h2da071e4327ce3ee
[INFO] [stdout]                                at /rustc/6067b36314ab5eb2eb47cecc464545ba58e1ad24/library/std/src/../../backtrace/src/backtrace/mod.rs:66:5
[INFO] [stdout]    2:     0x5999cd17a4ea - std::sys::backtrace::_print_fmt::h842a1474e6f8d23f
[INFO] [stdout]                                at /rustc/6067b36314ab5eb2eb47cecc464545ba58e1ad24/library/std/src/sys/backtrace.rs:66:9
[INFO] [stdout]    3:     0x5999cd17a4ea - <std::sys::backtrace::BacktraceLock::print::DisplayBacktrace as core::fmt::Display>::fmt::h71a62eb3b9696b12
[INFO] [stdout]                                at /rustc/6067b36314ab5eb2eb47cecc464545ba58e1ad24/library/std/src/sys/backtrace.rs:39:26
[INFO] [stdout]    4:     0x5999cd1a1bf3 - core::fmt::rt::Argument::fmt::hdb6b616786b41dc1
[INFO] [stdout]                                at /rustc/6067b36314ab5eb2eb47cecc464545ba58e1ad24/library/core/src/fmt/rt.rs:177:76
[INFO] [stdout]    5:     0x5999cd1a1bf3 - core::fmt::write::h2cc1698af7e2d686
[INFO] [stdout]                                at /rustc/6067b36314ab5eb2eb47cecc464545ba58e1ad24/library/core/src/fmt/mod.rs:1440:21
[INFO] [stdout]    6:     0x5999cd176ea3 - std::io::Write::write_fmt::hab1b4cd059a79022
[INFO] [stdout]                                at /rustc/6067b36314ab5eb2eb47cecc464545ba58e1ad24/library/std/src/io/mod.rs:1887:15
[INFO] [stdout]    7:     0x5999cd17a332 - std::sys::backtrace::BacktraceLock::print::h147fe35b4ea13b08
[INFO] [stdout]                                at /rustc/6067b36314ab5eb2eb47cecc464545ba58e1ad24/library/std/src/sys/backtrace.rs:42:9
[INFO] [stdout]    8:     0x5999cd17b90f - std::panicking::default_hook::{{closure}}::hbd44223dbdc0d208
[INFO] [stdout]                                at /rustc/6067b36314ab5eb2eb47cecc464545ba58e1ad24/library/std/src/panicking.rs:298:22
[INFO] [stdout]    9:     0x5999cd17b728 - std::panicking::default_hook::h20f81eb0576efcec
[INFO] [stdout]                                at /rustc/6067b36314ab5eb2eb47cecc464545ba58e1ad24/library/std/src/panicking.rs:322:9
[INFO] [stdout]   10:     0x5999cd1410e3 - <alloc::boxed::Box<F,A> as core::ops::function::Fn<Args>>::call::hdb53814c496a4d34
[INFO] [stdout]                                at /rustc/6067b36314ab5eb2eb47cecc464545ba58e1ad24/library/alloc/src/boxed.rs:2027:9
[INFO] [stdout]   11:     0x5999cd1410e3 - test::test_main::{{closure}}::hc0a4963c59427c24
[INFO] [stdout]                                at /rustc/6067b36314ab5eb2eb47cecc464545ba58e1ad24/library/test/src/lib.rs:134:21
[INFO] [stdout]   12:     0x5999cd17c403 - <alloc::boxed::Box<F,A> as core::ops::function::Fn<Args>>::call::h591b2225413a77e9
[INFO] [stdout]                                at /rustc/6067b36314ab5eb2eb47cecc464545ba58e1ad24/library/alloc/src/boxed.rs:2027:9
[INFO] [stdout]   13:     0x5999cd17c403 - std::panicking::rust_panic_with_hook::h625eea43051b2edc
[INFO] [stdout]                                at /rustc/6067b36314ab5eb2eb47cecc464545ba58e1ad24/library/std/src/panicking.rs:839:13
[INFO] [stdout]   14:     0x5999cd17c0ba - std::panicking::begin_panic_handler::{{closure}}::h4f9159cfbc3f6bd3
[INFO] [stdout]                                at /rustc/6067b36314ab5eb2eb47cecc464545ba58e1ad24/library/std/src/panicking.rs:704:13
[INFO] [stdout]   15:     0x5999cd17a9e9 - std::sys::backtrace::__rust_end_short_backtrace::h0390abce48353151
[INFO] [stdout]                                at /rustc/6067b36314ab5eb2eb47cecc464545ba58e1ad24/library/std/src/sys/backtrace.rs:168:18
[INFO] [stdout]   16:     0x5999cd17bd4d - rust_begin_unwind
[INFO] [stdout]                                at /rustc/6067b36314ab5eb2eb47cecc464545ba58e1ad24/library/std/src/panicking.rs:695:5
[INFO] [stdout]   17:     0x5999cd1a06a0 - core::panicking::panic_fmt::h9e7c637e9e5f29c9
[INFO] [stdout]                                at /rustc/6067b36314ab5eb2eb47cecc464545ba58e1ad24/library/core/src/panicking.rs:75:14
[INFO] [stdout]   18:     0x5999cd1a09c2 - core::panicking::assert_failed_inner::h538bec7c1374cd9c
[INFO] [stdout]   19:     0x5999cd10200b - core::panicking::assert_failed::hc7da9795192f988d
[INFO] [stdout]                                at /rustc/6067b36314ab5eb2eb47cecc464545ba58e1ad24/library/core/src/panicking.rs:364:5
[INFO] [stdout]   20:     0x5999cd10412a - _02::tests::test_part_two::h16f909156dd7c232
[INFO] [stdout]                                at /opt/rustwide/workdir/src/bin/02.rs:97:9
[INFO] [stdout]   21:     0x5999cd104017 - _02::tests::test_part_two::{{closure}}::h1e401bdba5815e1d
[INFO] [stdout]                                at /opt/rustwide/workdir/src/bin/02.rs:95:23
[INFO] [stdout]   22:     0x5999cd100ae6 - core::ops::function::FnOnce::call_once::h1a65b781a47d5ca2
[INFO] [stdout]                                at /rustc/6067b36314ab5eb2eb47cecc464545ba58e1ad24/library/core/src/ops/function.rs:250:5
[INFO] [stdout]   23:     0x5999cd14683b - core::ops::function::FnOnce::call_once::he27718dfdd183f43
[INFO] [stdout]                                at /rustc/6067b36314ab5eb2eb47cecc464545ba58e1ad24/library/core/src/ops/function.rs:250:5
[INFO] [stdout]   24:     0x5999cd14683b - test::__rust_begin_short_backtrace::h4e84902998457a5d
[INFO] [stdout]                                at /rustc/6067b36314ab5eb2eb47cecc464545ba58e1ad24/library/test/src/lib.rs:632:18
[INFO] [stdout]   25:     0x5999cd145773 - test::run_test_in_process::{{closure}}::h7176fd18fc1feca0
[INFO] [stdout]                                at /rustc/6067b36314ab5eb2eb47cecc464545ba58e1ad24/library/test/src/lib.rs:655:60
[INFO] [stdout]   26:     0x5999cd145773 - <core::panic::unwind_safe::AssertUnwindSafe<F> as core::ops::function::FnOnce<()>>::call_once::hf79cff2a624d8cf7
[INFO] [stdout]                                at /rustc/6067b36314ab5eb2eb47cecc464545ba58e1ad24/library/core/src/panic/unwind_safe.rs:272:9
[INFO] [stdout]   27:     0x5999cd145773 - std::panicking::try::do_call::h3da0561d9ab99c25
[INFO] [stdout]                                at /rustc/6067b36314ab5eb2eb47cecc464545ba58e1ad24/library/std/src/panicking.rs:587:40
[INFO] [stdout]   28:     0x5999cd145773 - std::panicking::try::h41c9fa508bc61df6
[INFO] [stdout]                                at /rustc/6067b36314ab5eb2eb47cecc464545ba58e1ad24/library/std/src/panicking.rs:550:19
[INFO] [stdout]   29:     0x5999cd145773 - std::panic::catch_unwind::h6b3ff07bb5afad93
[INFO] [stdout]                                at /rustc/6067b36314ab5eb2eb47cecc464545ba58e1ad24/library/std/src/panic.rs:358:14
[INFO] [stdout]   30:     0x5999cd145773 - test::run_test_in_process::hc7253dd11b39b9f4
[INFO] [stdout]                                at /rustc/6067b36314ab5eb2eb47cecc464545ba58e1ad24/library/test/src/lib.rs:655:27
[INFO] [stdout]   31:     0x5999cd145773 - test::run_test::{{closure}}::hfb2007f8649c30bb
[INFO] [stdout]                                at /rustc/6067b36314ab5eb2eb47cecc464545ba58e1ad24/library/test/src/lib.rs:576:43
[INFO] [stdout]   32:     0x5999cd108855 - test::run_test::{{closure}}::h56a17aa7a282a9f4
[INFO] [stdout]                                at /rustc/6067b36314ab5eb2eb47cecc464545ba58e1ad24/library/test/src/lib.rs:606:41
[INFO] [stdout]   33:     0x5999cd108855 - std::sys::backtrace::__rust_begin_short_backtrace::hd2d2d2fb8e8c6aac
[INFO] [stdout]                                at /rustc/6067b36314ab5eb2eb47cecc464545ba58e1ad24/library/std/src/sys/backtrace.rs:152:18
[INFO] [stdout]   34:     0x5999cd10c13a - std::thread::Builder::spawn_unchecked_::{{closure}}::{{closure}}::h4faa3f9db6133423
[INFO] [stdout]                                at /rustc/6067b36314ab5eb2eb47cecc464545ba58e1ad24/library/std/src/thread/mod.rs:559:17
[INFO] [stdout]   35:     0x5999cd10c13a - <core::panic::unwind_safe::AssertUnwindSafe<F> as core::ops::function::FnOnce<()>>::call_once::hf2e855a36a4ea846
[INFO] [stdout]                                at /rustc/6067b36314ab5eb2eb47cecc464545ba58e1ad24/library/core/src/panic/unwind_safe.rs:272:9
[INFO] [stdout]   36:     0x5999cd10c13a - std::panicking::try::do_call::h2f73af3616c35465
[INFO] [stdout]                                at /rustc/6067b36314ab5eb2eb47cecc464545ba58e1ad24/library/std/src/panicking.rs:587:40
[INFO] [stdout]   37:     0x5999cd10c13a - std::panicking::try::hd1660ce9efadef5a
[INFO] [stdout]                                at /rustc/6067b36314ab5eb2eb47cecc464545ba58e1ad24/library/std/src/panicking.rs:550:19
[INFO] [stdout]   38:     0x5999cd10c13a - std::panic::catch_unwind::h5ee8d7823b8ca744
[INFO] [stdout]                                at /rustc/6067b36314ab5eb2eb47cecc464545ba58e1ad24/library/std/src/panic.rs:358:14
[INFO] [stdout]   39:     0x5999cd10c13a - std::thread::Builder::spawn_unchecked_::{{closure}}::h53c3a1894dce8407
[INFO] [stdout]                                at /rustc/6067b36314ab5eb2eb47cecc464545ba58e1ad24/library/std/src/thread/mod.rs:557:30
[INFO] [stdout]   40:     0x5999cd10c13a - core::ops::function::FnOnce::call_once{{vtable.shim}}::h048ce291ad4f62bf
[INFO] [stdout]                                at /rustc/6067b36314ab5eb2eb47cecc464545ba58e1ad24/library/core/src/ops/function.rs:250:5
[INFO] [stdout]   41:     0x5999cd18033b - <alloc::boxed::Box<F,A> as core::ops::function::FnOnce<Args>>::call_once::ha52bedf99a3b4981
[INFO] [stdout]                                at /rustc/6067b36314ab5eb2eb47cecc464545ba58e1ad24/library/alloc/src/boxed.rs:2013:9
[INFO] [stdout]   42:     0x5999cd18033b - <alloc::boxed::Box<F,A> as core::ops::function::FnOnce<Args>>::call_once::h567748934d80ccf8
[INFO] [stdout]                                at /rustc/6067b36314ab5eb2eb47cecc464545ba58e1ad24/library/alloc/src/boxed.rs:2013:9
[INFO] [stdout]   43:     0x5999cd18033b - std::sys::pal::unix::thread::Thread::new::thread_start::h2d970728ae887adc
[INFO] [stdout]                                at /rustc/6067b36314ab5eb2eb47cecc464545ba58e1ad24/library/std/src/sys/pal/unix/thread.rs:106:17
[INFO] [stdout]   44:     0x7d601deceac3 - <unknown>
[INFO] [stdout]   45:     0x7d601df5fa04 - clone
[INFO] [stdout]   46:                0x0 - <unknown>
[INFO] [stdout] 
[INFO] [stdout] 
[INFO] [stdout] failures:
[INFO] [stdout]     tests::test_part_two
[INFO] [stdout] 
[INFO] [stdout] test result: FAILED. 1 passed; 1 failed; 0 ignored; 0 measured; 0 filtered out; finished in 0.04s
[INFO] [stdout] 
[INFO] running `Command { std: "docker" "inspect" "f4e3e828150317c99e8f3f1e0d42e24383f9142465c5b4f6f2499313ddf7cf3c", kill_on_drop: false }`
[INFO] running `Command { std: "docker" "rm" "-f" "f4e3e828150317c99e8f3f1e0d42e24383f9142465c5b4f6f2499313ddf7cf3c", kill_on_drop: false }`
[INFO] [stdout] f4e3e828150317c99e8f3f1e0d42e24383f9142465c5b4f6f2499313ddf7cf3c
