[INFO] cloning repository https://github.com/mickvangelderen/opengl-rust
[INFO] running `Command { std: "git" "-c" "credential.helper=" "-c" "credential.helper=/workspace/cargo-home/bin/git-credential-null" "clone" "--bare" "https://github.com/mickvangelderen/opengl-rust" "/workspace/cache/git-repos/https%3A%2F%2Fgithub.com%2Fmickvangelderen%2Fopengl-rust", kill_on_drop: false }`
[INFO] [stderr] Cloning into bare repository '/workspace/cache/git-repos/https%3A%2F%2Fgithub.com%2Fmickvangelderen%2Fopengl-rust'...
[INFO] running `Command { std: "git" "rev-parse" "HEAD", kill_on_drop: false }`
[INFO] [stdout] 76b447d97a3c568ba99cda54e8e63864165a63da
[INFO] testing mickvangelderen/opengl-rust against nightly-2025-01-18+rustflags=-Zrandomize-layout for randomize-layout-2
[INFO] running `Command { std: "git" "clone" "/workspace/cache/git-repos/https%3A%2F%2Fgithub.com%2Fmickvangelderen%2Fopengl-rust" "/workspace/builds/worker-4-tc2/source", kill_on_drop: false }`
[INFO] [stderr] Cloning into '/workspace/builds/worker-4-tc2/source'...
[INFO] [stderr] done.
[INFO] validating manifest of git repo https://github.com/mickvangelderen/opengl-rust on toolchain nightly-2025-01-18
[INFO] running `Command { std: CARGO_HOME="/workspace/cargo-home" RUSTUP_HOME="/workspace/rustup-home" "/workspace/cargo-home/bin/cargo" "+nightly-2025-01-18" "metadata" "--manifest-path" "Cargo.toml" "--no-deps", kill_on_drop: false }`
[INFO] started tweaking git repo https://github.com/mickvangelderen/opengl-rust
[INFO] finished tweaking git repo https://github.com/mickvangelderen/opengl-rust
[INFO] tweaked toml for git repo https://github.com/mickvangelderen/opengl-rust written to /workspace/builds/worker-4-tc2/source/Cargo.toml
[INFO] crate git repo https://github.com/mickvangelderen/opengl-rust already has a lockfile, it will not be regenerated
[INFO] running `Command { std: CARGO_HOME="/workspace/cargo-home" RUSTUP_HOME="/workspace/rustup-home" "/workspace/cargo-home/bin/cargo" "+nightly-2025-01-18" "fetch" "--manifest-path" "Cargo.toml", kill_on_drop: false }`
[INFO] [stderr] warning: /workspace/builds/worker-4-tc2/source/simple-field-offset/Cargo.toml: no edition set: defaulting to the 2015 edition while the latest is 2024
[INFO] [stderr] warning: /workspace/builds/worker-4-tc2/source/Cargo.toml: no edition set: defaulting to the 2015 edition while the latest is 2024
[INFO] running `Command { std: "docker" "create" "-v" "/var/lib/crater-agent-workspace/builds/worker-4-tc2/target:/opt/rustwide/target:rw,Z" "-v" "/var/lib/crater-agent-workspace/builds/worker-4-tc2/source:/opt/rustwide/workdir:ro,Z" "-v" "/var/lib/crater-agent-workspace/cargo-home:/opt/rustwide/cargo-home:ro,Z" "-v" "/var/lib/crater-agent-workspace/rustup-home:/opt/rustwide/rustup-home:ro,Z" "-e" "SOURCE_DIR=/opt/rustwide/workdir" "-e" "CARGO_TARGET_DIR=/opt/rustwide/target" "-e" "CARGO_HOME=/opt/rustwide/cargo-home" "-e" "RUSTUP_HOME=/opt/rustwide/rustup-home" "-w" "/opt/rustwide/workdir" "-m" "1610612736" "--user" "0:0" "--network" "none" "ghcr.io/rust-lang/crates-build-env/linux@sha256:819108c5571ea2e421544af4d832f968d213c87fbe3707a016657f43d2f853bc" "/opt/rustwide/cargo-home/bin/cargo" "+nightly-2025-01-18" "metadata" "--no-deps" "--format-version=1", kill_on_drop: false }`
[INFO] [stdout] 55a14df8bb2cb80b989555b463e2d8bd3ebb39e399295125802c77822eb8fc5b
[INFO] running `Command { std: "docker" "start" "-a" "55a14df8bb2cb80b989555b463e2d8bd3ebb39e399295125802c77822eb8fc5b", kill_on_drop: false }`
[INFO] running `Command { std: "docker" "inspect" "55a14df8bb2cb80b989555b463e2d8bd3ebb39e399295125802c77822eb8fc5b", kill_on_drop: false }`
[INFO] running `Command { std: "docker" "rm" "-f" "55a14df8bb2cb80b989555b463e2d8bd3ebb39e399295125802c77822eb8fc5b", kill_on_drop: false }`
[INFO] [stdout] 55a14df8bb2cb80b989555b463e2d8bd3ebb39e399295125802c77822eb8fc5b
[INFO] running `Command { std: "docker" "create" "-v" "/var/lib/crater-agent-workspace/builds/worker-4-tc2/target:/opt/rustwide/target:rw,Z" "-v" "/var/lib/crater-agent-workspace/builds/worker-4-tc2/source:/opt/rustwide/workdir:ro,Z" "-v" "/var/lib/crater-agent-workspace/cargo-home:/opt/rustwide/cargo-home:ro,Z" "-v" "/var/lib/crater-agent-workspace/rustup-home:/opt/rustwide/rustup-home:ro,Z" "-e" "SOURCE_DIR=/opt/rustwide/workdir" "-e" "CARGO_TARGET_DIR=/opt/rustwide/target" "-e" "CARGO_INCREMENTAL=0" "-e" "RUST_BACKTRACE=full" "-e" "RUSTFLAGS=--cap-lints=forbid -Zrandomize-layout" "-e" "RUSTDOCFLAGS=--cap-lints=forbid" "-e" "CARGO_HOME=/opt/rustwide/cargo-home" "-e" "RUSTUP_HOME=/opt/rustwide/rustup-home" "-w" "/opt/rustwide/workdir" "-m" "1610612736" "--user" "0:0" "--network" "none" "ghcr.io/rust-lang/crates-build-env/linux@sha256:819108c5571ea2e421544af4d832f968d213c87fbe3707a016657f43d2f853bc" "/opt/rustwide/cargo-home/bin/cargo" "+nightly-2025-01-18" "build" "--frozen" "--message-format=json", kill_on_drop: false }`
[INFO] [stdout] 9ad26d28f2fa4b209578fa46c7477ac3f87e0de932de30bfe072f0409400623a
[INFO] running `Command { std: "docker" "start" "-a" "9ad26d28f2fa4b209578fa46c7477ac3f87e0de932de30bfe072f0409400623a", kill_on_drop: false }`
[INFO] [stderr] warning: /opt/rustwide/workdir/simple-field-offset/Cargo.toml: no edition set: defaulting to the 2015 edition while the latest is 2024
[INFO] [stderr] warning: /opt/rustwide/workdir/Cargo.toml: no edition set: defaulting to the 2015 edition while the latest is 2024
[INFO] [stderr]    Compiling bitflags v1.0.3
[INFO] [stderr]    Compiling libc v0.2.40
[INFO] [stderr]    Compiling lazy_static v1.0.0
[INFO] [stderr]    Compiling cfg-if v0.1.3
[INFO] [stderr]    Compiling cc v1.0.15
[INFO] [stderr]    Compiling num-traits v0.2.4
[INFO] [stderr]    Compiling khronos_api v2.2.0
[INFO] [stderr]    Compiling nodrop v0.1.12
[INFO] [stderr]    Compiling token_store v0.1.2
[INFO] [stderr]    Compiling num-integer v0.1.38
[INFO] [stderr]    Compiling memoffset v0.2.1
[INFO] [stderr]    Compiling scopeguard v0.3.3
[INFO] [stderr]    Compiling unicode-xid v0.1.0
[INFO] [stderr]    Compiling rayon-core v1.4.0
[INFO] [stderr]    Compiling pkg-config v0.3.11
[INFO] [stderr]    Compiling remove_dir_all v0.5.1
[INFO] [stderr]    Compiling xml-rs v0.7.0
[INFO] [stderr]    Compiling log v0.4.1
[INFO] [stderr]    Compiling arrayvec v0.4.7
[INFO] [stderr]    Compiling crossbeam-utils v0.2.2
[INFO] [stderr]    Compiling byteorder v1.2.3
[INFO] [stderr]    Compiling proc-macro2 v0.3.8
[INFO] [stderr]    Compiling num-iter v0.1.37
[INFO] [stderr]    Compiling adler32 v1.0.2
[INFO] [stderr]    Compiling either v1.5.0
[INFO] [stderr]    Compiling percent-encoding v1.0.1
[INFO] [stderr]    Compiling inflate v0.4.2
[INFO] [stderr]    Compiling crossbeam-epoch v0.3.1
[INFO] [stderr]    Compiling quote v0.5.2
[INFO] [stderr]    Compiling deflate v0.7.18
[INFO] [stderr]    Compiling cgmath v0.16.1
[INFO] [stderr]    Compiling color_quant v1.0.0
[INFO] [stderr]    Compiling scoped_threadpool v0.1.9
[INFO] [stderr]    Compiling approx v0.1.1
[INFO] [stderr]    Compiling simple-field-offset v0.1.0 (/opt/rustwide/workdir/simple-field-offset)
[INFO] [stderr]    Compiling rand v0.4.2
[INFO] [stderr]    Compiling num_cpus v1.8.0
[INFO] [stderr]    Compiling memmap v0.6.2
[INFO] [stderr]    Compiling x11-dl v2.17.5
[INFO] [stderr]    Compiling crossbeam-deque v0.2.0
[INFO] [stderr]    Compiling syn v0.13.10
[INFO] [stderr]    Compiling shared_library v0.1.8
[INFO] [stderr]    Compiling wayland-scanner v0.12.5
[INFO] [stderr]    Compiling gl_generator v0.9.0
[INFO] [stderr]    Compiling gif v0.10.0
[INFO] [stderr]    Compiling osmesa-sys v0.1.2
[INFO] [stderr]    Compiling num-traits v0.1.43
[INFO] [stderr]    Compiling libloading v0.5.0
[INFO] [stderr]    Compiling num-rational v0.1.42
[INFO] [stderr]    Compiling tempfile v3.0.2
[INFO] [stderr]    Compiling wayland-client v0.12.5
[INFO] [stderr]    Compiling wayland-protocols v0.12.5
[INFO] [stderr]    Compiling png v0.12.0
[INFO] [stderr]    Compiling glutin v0.15.0
[INFO] [stderr]    Compiling gl v0.10.0
[INFO] [stderr]    Compiling dlib v0.4.1
[INFO] [stderr]    Compiling wayland-sys v0.12.5
[INFO] [stderr]    Compiling rayon v1.0.1
[INFO] [stderr]    Compiling num-derive v0.2.1
[INFO] [stderr]    Compiling wayland-kbd v0.13.1
[INFO] [stderr]    Compiling jpeg-decoder v0.1.14
[INFO] [stderr]    Compiling image v0.19.0
[INFO] [stderr]    Compiling wayland-window v0.13.3
[INFO] [stderr]    Compiling winit v0.13.1
[INFO] [stderr]    Compiling opengl-experiment v0.1.0 (/opt/rustwide/workdir)
[INFO] [stdout] warning: elided lifetime has a name
[INFO] [stdout]    --> src/program.rs:107:72
[INFO] [stdout]     |
[INFO] [stdout] 107 |     pub fn bind<'s, 'p>(&'s mut self, program: &'p LinkedProgramId) -> BoundProgramId {
[INFO] [stdout]     |                 -- lifetime `'s` declared here                         ^^^^^^^^^^^^^^ this elided lifetime gets resolved as `'s`
[INFO] [stdout]     |
[INFO] [stdout]     = note: `#[warn(elided_named_lifetimes)]` on by default
[INFO] [stdout] 
[INFO] [stdout] 
[INFO] [stdout] warning: use of deprecated function `std::mem::uninitialized`: use `mem::MaybeUninit` instead
[INFO] [stdout]   --> src/import.rs:88:74
[INFO] [stdout]    |
[INFO] [stdout] 88 |                 let mut tri: [TriangleElement; 3] = unsafe { ::std::mem::uninitialized() };
[INFO] [stdout]    |                                                                          ^^^^^^^^^^^^^
[INFO] [stdout]    |
[INFO] [stdout]    = note: `#[warn(deprecated)]` on by default
[INFO] [stdout] 
[INFO] [stdout] 
[INFO] [stdout] warning: the feature `non_exhaustive` has been stable since 1.40.0 and no longer requires an attribute to enable
[INFO] [stdout]  --> src/main.rs:3:12
[INFO] [stdout]   |
[INFO] [stdout] 3 | #![feature(non_exhaustive)]
[INFO] [stdout]   |            ^^^^^^^^^^^^^^
[INFO] [stdout]   |
[INFO] [stdout]   = note: `#[warn(stable_features)]` on by default
[INFO] [stdout] 
[INFO] [stdout] 
[INFO] [stdout] warning: the feature `nonzero` has been stable since 1.28.0 and no longer requires an attribute to enable
[INFO] [stdout]  --> src/main.rs:1:12
[INFO] [stdout]   |
[INFO] [stdout] 1 | #![feature(nonzero)]
[INFO] [stdout]   |            ^^^^^^^
[INFO] [stdout] 
[INFO] [stdout] 
[INFO] [stdout] warning: variable does not need to be mutable
[INFO] [stdout]    --> src/main.rs:287:13
[INFO] [stdout]     |
[INFO] [stdout] 287 |         let mut diffuse_texture_id = TextureId::new().unwrap();
[INFO] [stdout]     |             ----^^^^^^^^^^^^^^^^^^
[INFO] [stdout]     |             |
[INFO] [stdout]     |             help: remove this `mut`
[INFO] [stdout]     |
[INFO] [stdout]     = note: `#[warn(unused_mut)]` on by default
[INFO] [stdout] 
[INFO] [stdout] 
[INFO] [stdout] warning: variable does not need to be mutable
[INFO] [stdout]    --> src/main.rs:324:13
[INFO] [stdout]     |
[INFO] [stdout] 324 |         let mut specular_texture_id = TextureId::new().unwrap();
[INFO] [stdout]     |             ----^^^^^^^^^^^^^^^^^^^
[INFO] [stdout]     |             |
[INFO] [stdout]     |             help: remove this `mut`
[INFO] [stdout] 
[INFO] [stdout] 
[INFO] [stdout] warning: the type `[TriangleElement; 3]` does not permit being left uninitialized
[INFO] [stdout]   --> src/import.rs:88:62
[INFO] [stdout]    |
[INFO] [stdout] 88 |                 let mut tri: [TriangleElement; 3] = unsafe { ::std::mem::uninitialized() };
[INFO] [stdout]    |                                                              ^^^^^^^^^^^^^^^^^^^^^^^^^^^
[INFO] [stdout]    |                                                              |
[INFO] [stdout]    |                                                              this code causes undefined behavior when executed
[INFO] [stdout]    |                                                              help: use `MaybeUninit<T>` instead, and only call `assume_init` after initialization is done
[INFO] [stdout]    |
[INFO] [stdout] note: integers must be initialized (in this struct field)
[INFO] [stdout]   --> src/import.rs:20:5
[INFO] [stdout]    |
[INFO] [stdout] 20 |     vertex_position_index: GLuint,
[INFO] [stdout]    |     ^^^^^^^^^^^^^^^^^^^^^^^^^^^^^
[INFO] [stdout]    = note: `#[warn(invalid_value)]` on by default
[INFO] [stdout] 
[INFO] [stdout] 
[INFO] [stderr]     Finished `dev` profile [unoptimized + debuginfo] target(s) in 15.86s
[INFO] [stderr] warning: the following packages contain code that will be rejected by a future version of Rust: syn v0.13.10
[INFO] [stderr] note: to see what the problems were, use the option `--future-incompat-report`, or run `cargo report future-incompatibilities --id 2`
[INFO] running `Command { std: "docker" "inspect" "9ad26d28f2fa4b209578fa46c7477ac3f87e0de932de30bfe072f0409400623a", kill_on_drop: false }`
[INFO] running `Command { std: "docker" "rm" "-f" "9ad26d28f2fa4b209578fa46c7477ac3f87e0de932de30bfe072f0409400623a", kill_on_drop: false }`
[INFO] [stdout] 9ad26d28f2fa4b209578fa46c7477ac3f87e0de932de30bfe072f0409400623a
[INFO] running `Command { std: "docker" "create" "-v" "/var/lib/crater-agent-workspace/builds/worker-4-tc2/target:/opt/rustwide/target:rw,Z" "-v" "/var/lib/crater-agent-workspace/builds/worker-4-tc2/source:/opt/rustwide/workdir:ro,Z" "-v" "/var/lib/crater-agent-workspace/cargo-home:/opt/rustwide/cargo-home:ro,Z" "-v" "/var/lib/crater-agent-workspace/rustup-home:/opt/rustwide/rustup-home:ro,Z" "-e" "SOURCE_DIR=/opt/rustwide/workdir" "-e" "CARGO_TARGET_DIR=/opt/rustwide/target" "-e" "CARGO_INCREMENTAL=0" "-e" "RUST_BACKTRACE=full" "-e" "RUSTFLAGS=--cap-lints=forbid -Zrandomize-layout" "-e" "RUSTDOCFLAGS=--cap-lints=forbid" "-e" "CARGO_HOME=/opt/rustwide/cargo-home" "-e" "RUSTUP_HOME=/opt/rustwide/rustup-home" "-w" "/opt/rustwide/workdir" "-m" "1610612736" "--user" "0:0" "--network" "none" "ghcr.io/rust-lang/crates-build-env/linux@sha256:819108c5571ea2e421544af4d832f968d213c87fbe3707a016657f43d2f853bc" "/opt/rustwide/cargo-home/bin/cargo" "+nightly-2025-01-18" "test" "--frozen" "--no-run" "--message-format=json", kill_on_drop: false }`
[INFO] [stdout] fd7a136ba51aa1fefd5fa158f48b38dc340f5bcca632d91677e43950ac97ca99
[INFO] running `Command { std: "docker" "start" "-a" "fd7a136ba51aa1fefd5fa158f48b38dc340f5bcca632d91677e43950ac97ca99", kill_on_drop: false }`
[INFO] [stderr] warning: /opt/rustwide/workdir/simple-field-offset/Cargo.toml: no edition set: defaulting to the 2015 edition while the latest is 2024
[INFO] [stderr] warning: /opt/rustwide/workdir/Cargo.toml: no edition set: defaulting to the 2015 edition while the latest is 2024
[INFO] [stderr]    Compiling opengl-experiment v0.1.0 (/opt/rustwide/workdir)
[INFO] [stdout] warning: elided lifetime has a name
[INFO] [stdout]    --> src/program.rs:107:72
[INFO] [stdout]     |
[INFO] [stdout] 107 |     pub fn bind<'s, 'p>(&'s mut self, program: &'p LinkedProgramId) -> BoundProgramId {
[INFO] [stdout]     |                 -- lifetime `'s` declared here                         ^^^^^^^^^^^^^^ this elided lifetime gets resolved as `'s`
[INFO] [stdout]     |
[INFO] [stdout]     = note: `#[warn(elided_named_lifetimes)]` on by default
[INFO] [stdout] 
[INFO] [stdout] 
[INFO] [stdout] warning: use of deprecated function `std::mem::uninitialized`: use `mem::MaybeUninit` instead
[INFO] [stdout]   --> src/import.rs:88:74
[INFO] [stdout]    |
[INFO] [stdout] 88 |                 let mut tri: [TriangleElement; 3] = unsafe { ::std::mem::uninitialized() };
[INFO] [stdout]    |                                                                          ^^^^^^^^^^^^^
[INFO] [stdout]    |
[INFO] [stdout]    = note: `#[warn(deprecated)]` on by default
[INFO] [stdout] 
[INFO] [stdout] 
[INFO] [stdout] warning: the feature `non_exhaustive` has been stable since 1.40.0 and no longer requires an attribute to enable
[INFO] [stdout]  --> src/main.rs:3:12
[INFO] [stdout]   |
[INFO] [stdout] 3 | #![feature(non_exhaustive)]
[INFO] [stdout]   |            ^^^^^^^^^^^^^^
[INFO] [stdout]   |
[INFO] [stdout]   = note: `#[warn(stable_features)]` on by default
[INFO] [stdout] 
[INFO] [stdout] 
[INFO] [stdout] warning: the feature `nonzero` has been stable since 1.28.0 and no longer requires an attribute to enable
[INFO] [stdout]  --> src/main.rs:1:12
[INFO] [stdout]   |
[INFO] [stdout] 1 | #![feature(nonzero)]
[INFO] [stdout]   |            ^^^^^^^
[INFO] [stdout] 
[INFO] [stdout] 
[INFO] [stdout] warning: variable does not need to be mutable
[INFO] [stdout]    --> src/main.rs:287:13
[INFO] [stdout]     |
[INFO] [stdout] 287 |         let mut diffuse_texture_id = TextureId::new().unwrap();
[INFO] [stdout]     |             ----^^^^^^^^^^^^^^^^^^
[INFO] [stdout]     |             |
[INFO] [stdout]     |             help: remove this `mut`
[INFO] [stdout]     |
[INFO] [stdout]     = note: `#[warn(unused_mut)]` on by default
[INFO] [stdout] 
[INFO] [stdout] 
[INFO] [stdout] warning: variable does not need to be mutable
[INFO] [stdout]    --> src/main.rs:324:13
[INFO] [stdout]     |
[INFO] [stdout] 324 |         let mut specular_texture_id = TextureId::new().unwrap();
[INFO] [stdout]     |             ----^^^^^^^^^^^^^^^^^^^
[INFO] [stdout]     |             |
[INFO] [stdout]     |             help: remove this `mut`
[INFO] [stdout] 
[INFO] [stdout] 
[INFO] [stdout] warning: the type `[TriangleElement; 3]` does not permit being left uninitialized
[INFO] [stdout]   --> src/import.rs:88:62
[INFO] [stdout]    |
[INFO] [stdout] 88 |                 let mut tri: [TriangleElement; 3] = unsafe { ::std::mem::uninitialized() };
[INFO] [stdout]    |                                                              ^^^^^^^^^^^^^^^^^^^^^^^^^^^
[INFO] [stdout]    |                                                              |
[INFO] [stdout]    |                                                              this code causes undefined behavior when executed
[INFO] [stdout]    |                                                              help: use `MaybeUninit<T>` instead, and only call `assume_init` after initialization is done
[INFO] [stdout]    |
[INFO] [stdout] note: integers must be initialized (in this struct field)
[INFO] [stdout]   --> src/import.rs:20:5
[INFO] [stdout]    |
[INFO] [stdout] 20 |     vertex_position_index: GLuint,
[INFO] [stdout]    |     ^^^^^^^^^^^^^^^^^^^^^^^^^^^^^
[INFO] [stdout]    = note: `#[warn(invalid_value)]` on by default
[INFO] [stdout] 
[INFO] [stdout] 
[INFO] [stderr]     Finished `test` profile [unoptimized + debuginfo] target(s) in 0.87s
[INFO] [stderr] warning: the following packages contain code that will be rejected by a future version of Rust: syn v0.13.10
[INFO] [stderr] note: to see what the problems were, use the option `--future-incompat-report`, or run `cargo report future-incompatibilities --id 2`
[INFO] running `Command { std: "docker" "inspect" "fd7a136ba51aa1fefd5fa158f48b38dc340f5bcca632d91677e43950ac97ca99", kill_on_drop: false }`
[INFO] running `Command { std: "docker" "rm" "-f" "fd7a136ba51aa1fefd5fa158f48b38dc340f5bcca632d91677e43950ac97ca99", kill_on_drop: false }`
[INFO] [stdout] fd7a136ba51aa1fefd5fa158f48b38dc340f5bcca632d91677e43950ac97ca99
[INFO] running `Command { std: "docker" "create" "-v" "/var/lib/crater-agent-workspace/builds/worker-4-tc2/target:/opt/rustwide/target:rw,Z" "-v" "/var/lib/crater-agent-workspace/builds/worker-4-tc2/source:/opt/rustwide/workdir:ro,Z" "-v" "/var/lib/crater-agent-workspace/cargo-home:/opt/rustwide/cargo-home:ro,Z" "-v" "/var/lib/crater-agent-workspace/rustup-home:/opt/rustwide/rustup-home:ro,Z" "-e" "SOURCE_DIR=/opt/rustwide/workdir" "-e" "CARGO_TARGET_DIR=/opt/rustwide/target" "-e" "CARGO_INCREMENTAL=0" "-e" "RUST_BACKTRACE=full" "-e" "RUSTFLAGS=--cap-lints=forbid -Zrandomize-layout" "-e" "RUSTDOCFLAGS=--cap-lints=forbid" "-e" "CARGO_HOME=/opt/rustwide/cargo-home" "-e" "RUSTUP_HOME=/opt/rustwide/rustup-home" "-w" "/opt/rustwide/workdir" "-m" "1610612736" "--user" "0:0" "--network" "none" "ghcr.io/rust-lang/crates-build-env/linux@sha256:819108c5571ea2e421544af4d832f968d213c87fbe3707a016657f43d2f853bc" "/opt/rustwide/cargo-home/bin/cargo" "+nightly-2025-01-18" "test" "--frozen", kill_on_drop: false }`
[INFO] [stdout] 96ce35a8717110779bd7ae53410e6f58842716f65ddbae7eb0b55e64dbdaade6
[INFO] running `Command { std: "docker" "start" "-a" "96ce35a8717110779bd7ae53410e6f58842716f65ddbae7eb0b55e64dbdaade6", kill_on_drop: false }`
[INFO] [stderr] warning: /opt/rustwide/workdir/Cargo.toml: no edition set: defaulting to the 2015 edition while the latest is 2024
[INFO] [stderr] warning: /opt/rustwide/workdir/simple-field-offset/Cargo.toml: no edition set: defaulting to the 2015 edition while the latest is 2024
[INFO] [stderr] warning: elided lifetime has a name
[INFO] [stderr]    --> src/program.rs:107:72
[INFO] [stderr]     |
[INFO] [stderr] 107 |     pub fn bind<'s, 'p>(&'s mut self, program: &'p LinkedProgramId) -> BoundProgramId {
[INFO] [stderr]     |                 -- lifetime `'s` declared here                         ^^^^^^^^^^^^^^ this elided lifetime gets resolved as `'s`
[INFO] [stderr]     |
[INFO] [stderr]     = note: `#[warn(elided_named_lifetimes)]` on by default
[INFO] [stderr] 
[INFO] [stderr] warning: use of deprecated function `std::mem::uninitialized`: use `mem::MaybeUninit` instead
[INFO] [stderr]   --> src/import.rs:88:74
[INFO] [stderr]    |
[INFO] [stderr] 88 |                 let mut tri: [TriangleElement; 3] = unsafe { ::std::mem::uninitialized() };
[INFO] [stderr]    |                                                                          ^^^^^^^^^^^^^
[INFO] [stderr]    |
[INFO] [stderr]    = note: `#[warn(deprecated)]` on by default
[INFO] [stderr] 
[INFO] [stderr] warning: the feature `non_exhaustive` has been stable since 1.40.0 and no longer requires an attribute to enable
[INFO] [stderr]  --> src/main.rs:3:12
[INFO] [stderr]   |
[INFO] [stderr] 3 | #![feature(non_exhaustive)]
[INFO] [stderr]   |            ^^^^^^^^^^^^^^
[INFO] [stderr]   |
[INFO] [stderr]   = note: `#[warn(stable_features)]` on by default
[INFO] [stderr] 
[INFO] [stderr] warning: the feature `nonzero` has been stable since 1.28.0 and no longer requires an attribute to enable
[INFO] [stderr]  --> src/main.rs:1:12
[INFO] [stderr]   |
[INFO] [stderr] 1 | #![feature(nonzero)]
[INFO] [stderr]   |            ^^^^^^^
[INFO] [stderr] 
[INFO] [stderr] warning: variable does not need to be mutable
[INFO] [stderr]    --> src/main.rs:287:13
[INFO] [stderr]     |
[INFO] [stderr] 287 |         let mut diffuse_texture_id = TextureId::new().unwrap();
[INFO] [stderr]     |             ----^^^^^^^^^^^^^^^^^^
[INFO] [stderr]     |             |
[INFO] [stderr]     |             help: remove this `mut`
[INFO] [stderr]     |
[INFO] [stderr]     = note: `#[warn(unused_mut)]` on by default
[INFO] [stderr] 
[INFO] [stderr] warning: variable does not need to be mutable
[INFO] [stderr]    --> src/main.rs:324:13
[INFO] [stderr]     |
[INFO] [stderr] 324 |         let mut specular_texture_id = TextureId::new().unwrap();
[INFO] [stderr]     |             ----^^^^^^^^^^^^^^^^^^^
[INFO] [stderr]     |             |
[INFO] [stderr]     |             help: remove this `mut`
[INFO] [stderr] 
[INFO] [stderr] warning: the type `[TriangleElement; 3]` does not permit being left uninitialized
[INFO] [stderr]   --> src/import.rs:88:62
[INFO] [stderr]    |
[INFO] [stderr] 88 |                 let mut tri: [TriangleElement; 3] = unsafe { ::std::mem::uninitialized() };
[INFO] [stderr]    |                                                              ^^^^^^^^^^^^^^^^^^^^^^^^^^^
[INFO] [stderr]    |                                                              |
[INFO] [stderr]    |                                                              this code causes undefined behavior when executed
[INFO] [stderr]    |                                                              help: use `MaybeUninit<T>` instead, and only call `assume_init` after initialization is done
[INFO] [stderr]    |
[INFO] [stderr] note: integers must be initialized (in this struct field)
[INFO] [stderr]   --> src/import.rs:20:5
[INFO] [stderr]    |
[INFO] [stderr] 20 |     vertex_position_index: GLuint,
[INFO] [stderr]    |     ^^^^^^^^^^^^^^^^^^^^^^^^^^^^^
[INFO] [stderr]    = note: `#[warn(invalid_value)]` on by default
[INFO] [stderr] 
[INFO] [stderr] warning: `opengl-experiment` (bin "opengl-experiment" test) generated 7 warnings (run `cargo fix --bin "opengl-experiment" --tests` to apply 2 suggestions)
[INFO] [stderr]     Finished `test` profile [unoptimized + debuginfo] target(s) in 0.07s
[INFO] [stderr] warning: the following packages contain code that will be rejected by a future version of Rust: syn v0.13.10
[INFO] [stderr] note: to see what the problems were, use the option `--future-incompat-report`, or run `cargo report future-incompatibilities --id 2`
[INFO] [stderr]      Running unittests src/main.rs (/opt/rustwide/target/debug/deps/opengl_experiment-3c48158e38deea02)
[INFO] [stdout] 
[INFO] [stdout] running 11 tests
[INFO] [stdout] test framebuffer::tests::bound_framebuffer_ids_have_size_0 ... ok
[INFO] [stdout] test framebuffer::tests::framebuffer_targets_have_size_0 ... ok
[INFO] [stdout] test framebuffer::tests::framebuffer_id_has_size_4 ... ok
[INFO] [stdout] test import::triangle_element_has_expected_layout ... ok
[INFO] [stdout] test palette::tests::empty ... ok
[INFO] [stdout] test import::vertex_data_has_expected_layout ... ok
[INFO] [stdout] test palette::tests::multiple_elements ... ok
[INFO] [stdout] test palette::tests::single_element ... ok
[INFO] [stdout] test framebuffer::tests::default_framebuffer_id_has_size_0 ... FAILED
[INFO] [stdout] test framebuffer::tests::test ... FAILED
[INFO] [stdout] test shader::specialization::tests::as_ref_example - should panic ... ok
[INFO] [stdout] 
[INFO] [stdout] failures:
[INFO] [stdout] 
[INFO] [stdout] ---- framebuffer::tests::default_framebuffer_id_has_size_0 stdout ----
[INFO] [stdout] 
[INFO] [stdout] thread 'framebuffer::tests::default_framebuffer_id_has_size_0' panicked at src/framebuffer.rs:362:9:
[INFO] [stdout] assertion `left == right` failed
[INFO] [stdout]   left: 0
[INFO] [stdout]  right: 4
[INFO] [stdout] stack backtrace:
[INFO] [stdout]    0:     0x589280274aca - std::backtrace_rs::backtrace::libunwind::trace::hb059275cfc8d6126
[INFO] [stdout]                                at /rustc/6067b36314ab5eb2eb47cecc464545ba58e1ad24/library/std/src/../../backtrace/src/backtrace/libunwind.rs:116:5
[INFO] [stdout]    1:     0x589280274aca - std::backtrace_rs::backtrace::trace_unsynchronized::h2da071e4327ce3ee
[INFO] [stdout]                                at /rustc/6067b36314ab5eb2eb47cecc464545ba58e1ad24/library/std/src/../../backtrace/src/backtrace/mod.rs:66:5
[INFO] [stdout]    2:     0x589280274aca - std::sys::backtrace::_print_fmt::h842a1474e6f8d23f
[INFO] [stdout]                                at /rustc/6067b36314ab5eb2eb47cecc464545ba58e1ad24/library/std/src/sys/backtrace.rs:66:9
[INFO] [stdout]    3:     0x589280274aca - <std::sys::backtrace::BacktraceLock::print::DisplayBacktrace as core::fmt::Display>::fmt::h71a62eb3b9696b12
[INFO] [stdout]                                at /rustc/6067b36314ab5eb2eb47cecc464545ba58e1ad24/library/std/src/sys/backtrace.rs:39:26
[INFO] [stdout]    4:     0x58928029c123 - core::fmt::rt::Argument::fmt::hdb6b616786b41dc1
[INFO] [stdout]                                at /rustc/6067b36314ab5eb2eb47cecc464545ba58e1ad24/library/core/src/fmt/rt.rs:177:76
[INFO] [stdout]    5:     0x58928029c123 - core::fmt::write::h2cc1698af7e2d686
[INFO] [stdout]                                at /rustc/6067b36314ab5eb2eb47cecc464545ba58e1ad24/library/core/src/fmt/mod.rs:1440:21
[INFO] [stdout]    6:     0x589280271623 - std::io::Write::write_fmt::hab1b4cd059a79022
[INFO] [stdout]                                at /rustc/6067b36314ab5eb2eb47cecc464545ba58e1ad24/library/std/src/io/mod.rs:1887:15
[INFO] [stdout]    7:     0x589280274912 - std::sys::backtrace::BacktraceLock::print::h147fe35b4ea13b08
[INFO] [stdout]                                at /rustc/6067b36314ab5eb2eb47cecc464545ba58e1ad24/library/std/src/sys/backtrace.rs:42:9
[INFO] [stdout]    8:     0x589280275eef - std::panicking::default_hook::{{closure}}::hbd44223dbdc0d208
[INFO] [stdout]                                at /rustc/6067b36314ab5eb2eb47cecc464545ba58e1ad24/library/std/src/panicking.rs:298:22
[INFO] [stdout]    9:     0x589280275d08 - std::panicking::default_hook::h20f81eb0576efcec
[INFO] [stdout]                                at /rustc/6067b36314ab5eb2eb47cecc464545ba58e1ad24/library/std/src/panicking.rs:322:9
[INFO] [stdout]   10:     0x58928023cc13 - <alloc::boxed::Box<F,A> as core::ops::function::Fn<Args>>::call::hdb53814c496a4d34
[INFO] [stdout]                                at /rustc/6067b36314ab5eb2eb47cecc464545ba58e1ad24/library/alloc/src/boxed.rs:2027:9
[INFO] [stdout]   11:     0x58928023cc13 - test::test_main::{{closure}}::hc0a4963c59427c24
[INFO] [stdout]                                at /rustc/6067b36314ab5eb2eb47cecc464545ba58e1ad24/library/test/src/lib.rs:134:21
[INFO] [stdout]   12:     0x5892802769e3 - <alloc::boxed::Box<F,A> as core::ops::function::Fn<Args>>::call::h591b2225413a77e9
[INFO] [stdout]                                at /rustc/6067b36314ab5eb2eb47cecc464545ba58e1ad24/library/alloc/src/boxed.rs:2027:9
[INFO] [stdout]   13:     0x5892802769e3 - std::panicking::rust_panic_with_hook::h625eea43051b2edc
[INFO] [stdout]                                at /rustc/6067b36314ab5eb2eb47cecc464545ba58e1ad24/library/std/src/panicking.rs:839:13
[INFO] [stdout]   14:     0x58928027669a - std::panicking::begin_panic_handler::{{closure}}::h4f9159cfbc3f6bd3
[INFO] [stdout]                                at /rustc/6067b36314ab5eb2eb47cecc464545ba58e1ad24/library/std/src/panicking.rs:704:13
[INFO] [stdout]   15:     0x589280274fc9 - std::sys::backtrace::__rust_end_short_backtrace::h0390abce48353151
[INFO] [stdout]                                at /rustc/6067b36314ab5eb2eb47cecc464545ba58e1ad24/library/std/src/sys/backtrace.rs:168:18
[INFO] [stdout]   16:     0x58928027632d - rust_begin_unwind
[INFO] [stdout]                                at /rustc/6067b36314ab5eb2eb47cecc464545ba58e1ad24/library/std/src/panicking.rs:695:5
[INFO] [stdout]   17:     0x58928029ab00 - core::panicking::panic_fmt::h9e7c637e9e5f29c9
[INFO] [stdout]                                at /rustc/6067b36314ab5eb2eb47cecc464545ba58e1ad24/library/core/src/panicking.rs:75:14
[INFO] [stdout]   18:     0x58928029aef2 - core::panicking::assert_failed_inner::h538bec7c1374cd9c
[INFO] [stdout]   19:     0x58928029ada9 - core::panicking::assert_failed::h7fe8c93d80615b71
[INFO] [stdout]                                at /rustc/6067b36314ab5eb2eb47cecc464545ba58e1ad24/library/core/src/panicking.rs:364:5
[INFO] [stdout]   20:     0x58928020135d - opengl_experiment::framebuffer::tests::default_framebuffer_id_has_size_0::h0bd38e00dc4d4050
[INFO] [stdout]                                at /opt/rustwide/workdir/src/framebuffer.rs:362:9
[INFO] [stdout]   21:     0x5892802012d7 - opengl_experiment::framebuffer::tests::default_framebuffer_id_has_size_0::{{closure}}::hf9c9c5c8e243efe8
[INFO] [stdout]                                at /opt/rustwide/workdir/src/framebuffer.rs:361:43
[INFO] [stdout]   22:     0x5892801fc656 - core::ops::function::FnOnce::call_once::h0e663e96b9e76784
[INFO] [stdout]                                at /rustc/6067b36314ab5eb2eb47cecc464545ba58e1ad24/library/core/src/ops/function.rs:250:5
[INFO] [stdout]   23:     0x58928024236b - core::ops::function::FnOnce::call_once::he27718dfdd183f43
[INFO] [stdout]                                at /rustc/6067b36314ab5eb2eb47cecc464545ba58e1ad24/library/core/src/ops/function.rs:250:5
[INFO] [stdout]   24:     0x58928024236b - test::__rust_begin_short_backtrace::h4e84902998457a5d
[INFO] [stdout]                                at /rustc/6067b36314ab5eb2eb47cecc464545ba58e1ad24/library/test/src/lib.rs:632:18
[INFO] [stdout]   25:     0x5892802412a3 - test::run_test_in_process::{{closure}}::h7176fd18fc1feca0
[INFO] [stdout]                                at /rustc/6067b36314ab5eb2eb47cecc464545ba58e1ad24/library/test/src/lib.rs:655:60
[INFO] [stdout]   26:     0x5892802412a3 - <core::panic::unwind_safe::AssertUnwindSafe<F> as core::ops::function::FnOnce<()>>::call_once::hf79cff2a624d8cf7
[INFO] [stdout]                                at /rustc/6067b36314ab5eb2eb47cecc464545ba58e1ad24/library/core/src/panic/unwind_safe.rs:272:9
[INFO] [stdout]   27:     0x5892802412a3 - std::panicking::try::do_call::h3da0561d9ab99c25
[INFO] [stdout]                                at /rustc/6067b36314ab5eb2eb47cecc464545ba58e1ad24/library/std/src/panicking.rs:587:40
[INFO] [stdout]   28:     0x5892802412a3 - std::panicking::try::h41c9fa508bc61df6
[INFO] [stdout]                                at /rustc/6067b36314ab5eb2eb47cecc464545ba58e1ad24/library/std/src/panicking.rs:550:19
[INFO] [stdout]   29:     0x5892802412a3 - std::panic::catch_unwind::h6b3ff07bb5afad93
[INFO] [stdout]                                at /rustc/6067b36314ab5eb2eb47cecc464545ba58e1ad24/library/std/src/panic.rs:358:14
[INFO] [stdout]   30:     0x5892802412a3 - test::run_test_in_process::hc7253dd11b39b9f4
[INFO] [stdout]                                at /rustc/6067b36314ab5eb2eb47cecc464545ba58e1ad24/library/test/src/lib.rs:655:27
[INFO] [stdout]   31:     0x5892802412a3 - test::run_test::{{closure}}::hfb2007f8649c30bb
[INFO] [stdout]                                at /rustc/6067b36314ab5eb2eb47cecc464545ba58e1ad24/library/test/src/lib.rs:576:43
[INFO] [stdout]   32:     0x589280204385 - test::run_test::{{closure}}::h56a17aa7a282a9f4
[INFO] [stdout]                                at /rustc/6067b36314ab5eb2eb47cecc464545ba58e1ad24/library/test/src/lib.rs:606:41
[INFO] [stdout]   33:     0x589280204385 - std::sys::backtrace::__rust_begin_short_backtrace::hd2d2d2fb8e8c6aac
[INFO] [stdout]                                at /rustc/6067b36314ab5eb2eb47cecc464545ba58e1ad24/library/std/src/sys/backtrace.rs:152:18
[INFO] [stdout]   34:     0x589280207c6a - std::thread::Builder::spawn_unchecked_::{{closure}}::{{closure}}::h4faa3f9db6133423
[INFO] [stdout]                                at /rustc/6067b36314ab5eb2eb47cecc464545ba58e1ad24/library/std/src/thread/mod.rs:559:17
[INFO] [stdout]   35:     0x589280207c6a - <core::panic::unwind_safe::AssertUnwindSafe<F> as core::ops::function::FnOnce<()>>::call_once::hf2e855a36a4ea846
[INFO] [stdout]                                at /rustc/6067b36314ab5eb2eb47cecc464545ba58e1ad24/library/core/src/panic/unwind_safe.rs:272:9
[INFO] [stdout]   36:     0x589280207c6a - std::panicking::try::do_call::h2f73af3616c35465
[INFO] [stdout]                                at /rustc/6067b36314ab5eb2eb47cecc464545ba58e1ad24/library/std/src/panicking.rs:587:40
[INFO] [stdout]   37:     0x589280207c6a - std::panicking::try::hd1660ce9efadef5a
[INFO] [stdout]                                at /rustc/6067b36314ab5eb2eb47cecc464545ba58e1ad24/library/std/src/panicking.rs:550:19
[INFO] [stdout]   38:     0x589280207c6a - std::panic::catch_unwind::h5ee8d7823b8ca744
[INFO] [stdout]                                at /rustc/6067b36314ab5eb2eb47cecc464545ba58e1ad24/library/std/src/panic.rs:358:14
[INFO] [stdout]   39:     0x589280207c6a - std::thread::Builder::spawn_unchecked_::{{closure}}::h53c3a1894dce8407
[INFO] [stdout]                                at /rustc/6067b36314ab5eb2eb47cecc464545ba58e1ad24/library/std/src/thread/mod.rs:557:30
[INFO] [stdout]   40:     0x589280207c6a - core::ops::function::FnOnce::call_once{{vtable.shim}}::h048ce291ad4f62bf
[INFO] [stdout]                                at /rustc/6067b36314ab5eb2eb47cecc464545ba58e1ad24/library/core/src/ops/function.rs:250:5
[INFO] [stdout]   41:     0x58928027a91b - <alloc::boxed::Box<F,A> as core::ops::function::FnOnce<Args>>::call_once::ha52bedf99a3b4981
[INFO] [stdout]                                at /rustc/6067b36314ab5eb2eb47cecc464545ba58e1ad24/library/alloc/src/boxed.rs:2013:9
[INFO] [stdout]   42:     0x58928027a91b - <alloc::boxed::Box<F,A> as core::ops::function::FnOnce<Args>>::call_once::h567748934d80ccf8
[INFO] [stdout]                                at /rustc/6067b36314ab5eb2eb47cecc464545ba58e1ad24/library/alloc/src/boxed.rs:2013:9
[INFO] [stdout]   43:     0x58928027a91b - std::sys::pal::unix::thread::Thread::new::thread_start::h2d970728ae887adc
[INFO] [stdout]                                at /rustc/6067b36314ab5eb2eb47cecc464545ba58e1ad24/library/std/src/sys/pal/unix/thread.rs:106:17
[INFO] [stdout]   44:     0x72a646b7eac3 - <unknown>
[INFO] [stdout]   45:     0x72a646c0fa04 - clone
[INFO] [stdout]   46:                0x0 - <unknown>
[INFO] [stdout] 
[INFO] [stdout] ---- framebuffer::tests::test stdout ----
[INFO] [stdout] 
[INFO] [stdout] thread 'framebuffer::tests::test' panicked at /opt/rustwide/target/debug/build/gl-4b040b0d1ba92870/out/bindings.rs:20624:13:
[INFO] [stdout] gl function was not loaded
[INFO] [stdout] stack backtrace:
[INFO] [stdout]    0:     0x589280274aca - std::backtrace_rs::backtrace::libunwind::trace::hb059275cfc8d6126
[INFO] [stdout]                                at /rustc/6067b36314ab5eb2eb47cecc464545ba58e1ad24/library/std/src/../../backtrace/src/backtrace/libunwind.rs:116:5
[INFO] [stdout]    1:     0x589280274aca - std::backtrace_rs::backtrace::trace_unsynchronized::h2da071e4327ce3ee
[INFO] [stdout]                                at /rustc/6067b36314ab5eb2eb47cecc464545ba58e1ad24/library/std/src/../../backtrace/src/backtrace/mod.rs:66:5
[INFO] [stdout]    2:     0x589280274aca - std::sys::backtrace::_print_fmt::h842a1474e6f8d23f
[INFO] [stdout]                                at /rustc/6067b36314ab5eb2eb47cecc464545ba58e1ad24/library/std/src/sys/backtrace.rs:66:9
[INFO] [stdout]    3:     0x589280274aca - <std::sys::backtrace::BacktraceLock::print::DisplayBacktrace as core::fmt::Display>::fmt::h71a62eb3b9696b12
[INFO] [stdout]                                at /rustc/6067b36314ab5eb2eb47cecc464545ba58e1ad24/library/std/src/sys/backtrace.rs:39:26
[INFO] [stdout]    4:     0x58928029c123 - core::fmt::rt::Argument::fmt::hdb6b616786b41dc1
[INFO] [stdout]                                at /rustc/6067b36314ab5eb2eb47cecc464545ba58e1ad24/library/core/src/fmt/rt.rs:177:76
[INFO] [stdout]    5:     0x58928029c123 - core::fmt::write::h2cc1698af7e2d686
[INFO] [stdout]                                at /rustc/6067b36314ab5eb2eb47cecc464545ba58e1ad24/library/core/src/fmt/mod.rs:1440:21
[INFO] [stdout]    6:     0x589280271623 - std::io::Write::write_fmt::hab1b4cd059a79022
[INFO] [stdout]                                at /rustc/6067b36314ab5eb2eb47cecc464545ba58e1ad24/library/std/src/io/mod.rs:1887:15
[INFO] [stdout]    7:     0x589280274912 - std::sys::backtrace::BacktraceLock::print::h147fe35b4ea13b08
[INFO] [stdout]                                at /rustc/6067b36314ab5eb2eb47cecc464545ba58e1ad24/library/std/src/sys/backtrace.rs:42:9
[INFO] [stdout]    8:     0x589280275eef - std::panicking::default_hook::{{closure}}::hbd44223dbdc0d208
[INFO] [stdout]                                at /rustc/6067b36314ab5eb2eb47cecc464545ba58e1ad24/library/std/src/panicking.rs:298:22
[INFO] [stdout]    9:     0x589280275d08 - std::panicking::default_hook::h20f81eb0576efcec
[INFO] [stdout]                                at /rustc/6067b36314ab5eb2eb47cecc464545ba58e1ad24/library/std/src/panicking.rs:322:9
[INFO] [stdout]   10:     0x58928023cc13 - <alloc::boxed::Box<F,A> as core::ops::function::Fn<Args>>::call::hdb53814c496a4d34
[INFO] [stdout]                                at /rustc/6067b36314ab5eb2eb47cecc464545ba58e1ad24/library/alloc/src/boxed.rs:2027:9
[INFO] [stdout]   11:     0x58928023cc13 - test::test_main::{{closure}}::hc0a4963c59427c24
[INFO] [stdout]                                at /rustc/6067b36314ab5eb2eb47cecc464545ba58e1ad24/library/test/src/lib.rs:134:21
[INFO] [stdout]   12:     0x5892802769e3 - <alloc::boxed::Box<F,A> as core::ops::function::Fn<Args>>::call::h591b2225413a77e9
[INFO] [stdout]                                at /rustc/6067b36314ab5eb2eb47cecc464545ba58e1ad24/library/alloc/src/boxed.rs:2027:9
[INFO] [stdout]   13:     0x5892802769e3 - std::panicking::rust_panic_with_hook::h625eea43051b2edc
[INFO] [stdout]                                at /rustc/6067b36314ab5eb2eb47cecc464545ba58e1ad24/library/std/src/panicking.rs:839:13
[INFO] [stdout]   14:     0x5892802767ec - std::panicking::begin_panic::{{closure}}::hb6f83f64bbc6469c
[INFO] [stdout]                                at /rustc/6067b36314ab5eb2eb47cecc464545ba58e1ad24/library/std/src/panicking.rs:768:9
[INFO] [stdout]   15:     0x589280274fd9 - std::sys::backtrace::__rust_end_short_backtrace::h892ae3ae8be3daf3
[INFO] [stdout]                                at /rustc/6067b36314ab5eb2eb47cecc464545ba58e1ad24/library/std/src/sys/backtrace.rs:168:18
[INFO] [stdout]   16:     0x5892802766f2 - std::panicking::begin_panic::h855074417e0a5787
[INFO] [stdout]                                at /rustc/6067b36314ab5eb2eb47cecc464545ba58e1ad24/library/std/src/panicking.rs:767:5
[INFO] [stdout]   17:     0x58928024913d - gl::missing_fn_panic::hf94270a405548941
[INFO] [stdout]                                at /opt/rustwide/target/debug/build/gl-4b040b0d1ba92870/out/bindings.rs:20624:13
[INFO] [stdout]   18:     0x5892801fbe97 - gl::GenFramebuffers::h9e46c82585648156
[INFO] [stdout]                                at /opt/rustwide/target/debug/build/gl-4b040b0d1ba92870/out/bindings.rs:1928:104
[INFO] [stdout]   19:     0x5892801fff2e - opengl_experiment::framebuffer::FramebufferId::new::hd4283ac2786a0776
[INFO] [stdout]                                at /opt/rustwide/workdir/src/framebuffer.rs:42:13
[INFO] [stdout]   20:     0x589280201654 - opengl_experiment::framebuffer::tests::test::hf9faf3daa0bd77d9
[INFO] [stdout]                                at /opt/rustwide/workdir/src/framebuffer.rs:385:19
[INFO] [stdout]   21:     0x589280201627 - opengl_experiment::framebuffer::tests::test::{{closure}}::h8d173e704b2a5f6f
[INFO] [stdout]                                at /opt/rustwide/workdir/src/framebuffer.rs:383:14
[INFO] [stdout]   22:     0x5892801fc716 - core::ops::function::FnOnce::call_once::h400557f3b590bd07
[INFO] [stdout]                                at /rustc/6067b36314ab5eb2eb47cecc464545ba58e1ad24/library/core/src/ops/function.rs:250:5
[INFO] [stdout]   23:     0x58928024236b - core::ops::function::FnOnce::call_once::he27718dfdd183f43
[INFO] [stdout]                                at /rustc/6067b36314ab5eb2eb47cecc464545ba58e1ad24/library/core/src/ops/function.rs:250:5
[INFO] [stdout]   24:     0x58928024236b - test::__rust_begin_short_backtrace::h4e84902998457a5d
[INFO] [stdout]                                at /rustc/6067b36314ab5eb2eb47cecc464545ba58e1ad24/library/test/src/lib.rs:632:18
[INFO] [stdout]   25:     0x5892802412a3 - test::run_test_in_process::{{closure}}::h7176fd18fc1feca0
[INFO] [stdout]                                at /rustc/6067b36314ab5eb2eb47cecc464545ba58e1ad24/library/test/src/lib.rs:655:60
[INFO] [stdout]   26:     0x5892802412a3 - <core::panic::unwind_safe::AssertUnwindSafe<F> as core::ops::function::FnOnce<()>>::call_once::hf79cff2a624d8cf7
[INFO] [stdout]                                at /rustc/6067b36314ab5eb2eb47cecc464545ba58e1ad24/library/core/src/panic/unwind_safe.rs:272:9
[INFO] [stdout]   27:     0x5892802412a3 - std::panicking::try::do_call::h3da0561d9ab99c25
[INFO] [stdout]                                at /rustc/6067b36314ab5eb2eb47cecc464545ba58e1ad24/library/std/src/panicking.rs:587:40
[INFO] [stdout]   28:     0x5892802412a3 - std::panicking::try::h41c9fa508bc61df6
[INFO] [stdout]                                at /rustc/6067b36314ab5eb2eb47cecc464545ba58e1ad24/library/std/src/panicking.rs:550:19
[INFO] [stdout]   29:     0x5892802412a3 - std::panic::catch_unwind::h6b3ff07bb5afad93
[INFO] [stdout]                                at /rustc/6067b36314ab5eb2eb47cecc464545ba58e1ad24/library/std/src/panic.rs:358:14
[INFO] [stdout]   30:     0x5892802412a3 - test::run_test_in_process::hc7253dd11b39b9f4
[INFO] [stdout]                                at /rustc/6067b36314ab5eb2eb47cecc464545ba58e1ad24/library/test/src/lib.rs:655:27
[INFO] [stdout]   31:     0x5892802412a3 - test::run_test::{{closure}}::hfb2007f8649c30bb
[INFO] [stdout]                                at /rustc/6067b36314ab5eb2eb47cecc464545ba58e1ad24/library/test/src/lib.rs:576:43
[INFO] [stdout]   32:     0x589280204385 - test::run_test::{{closure}}::h56a17aa7a282a9f4
[INFO] [stdout]                                at /rustc/6067b36314ab5eb2eb47cecc464545ba58e1ad24/library/test/src/lib.rs:606:41
[INFO] [stdout]   33:     0x589280204385 - std::sys::backtrace::__rust_begin_short_backtrace::hd2d2d2fb8e8c6aac
[INFO] [stdout]                                at /rustc/6067b36314ab5eb2eb47cecc464545ba58e1ad24/library/std/src/sys/backtrace.rs:152:18
[INFO] [stdout]   34:     0x589280207c6a - std::thread::Builder::spawn_unchecked_::{{closure}}::{{closure}}::h4faa3f9db6133423
[INFO] [stdout]                                at /rustc/6067b36314ab5eb2eb47cecc464545ba58e1ad24/library/std/src/thread/mod.rs:559:17
[INFO] [stdout]   35:     0x589280207c6a - <core::panic::unwind_safe::AssertUnwindSafe<F> as core::ops::function::FnOnce<()>>::call_once::hf2e855a36a4ea846
[INFO] [stdout]                                at /rustc/6067b36314ab5eb2eb47cecc464545ba58e1ad24/library/core/src/panic/unwind_safe.rs:272:9
[INFO] [stdout]   36:     0x589280207c6a - std::panicking::try::do_call::h2f73af3616c35465
[INFO] [stdout]                                at /rustc/6067b36314ab5eb2eb47cecc464545ba58e1ad24/library/std/src/panicking.rs:587:40
[INFO] [stdout]   37:     0x589280207c6a - std::panicking::try::hd1660ce9efadef5a
[INFO] [stdout]                                at /rustc/6067b36314ab5eb2eb47cecc464545ba58e1ad24/library/std/src/panicking.rs:550:19
[INFO] [stdout]   38:     0x589280207c6a - std::panic::catch_unwind::h5ee8d7823b8ca744
[INFO] [stdout]                                at /rustc/6067b36314ab5eb2eb47cecc464545ba58e1ad24/library/std/src/panic.rs:358:14
[INFO] [stdout]   39:     0x589280207c6a - std::thread::Builder::spawn_unchecked_::{{closure}}::h53c3a1894dce8407
[INFO] [stdout]                                at /rustc/6067b36314ab5eb2eb47cecc464545ba58e1ad24/library/std/src/thread/mod.rs:557:30
[INFO] [stdout]   40:     0x589280207c6a - core::ops::function::FnOnce::call_once{{vtable.shim}}::h048ce291ad4f62bf
[INFO] [stdout]                                at /rustc/6067b36314ab5eb2eb47cecc464545ba58e1ad24/library/core/src/ops/function.rs:250:5
[INFO] [stdout]   41:     0x58928027a91b - <alloc::boxed::Box<F,A> as core::ops::function::FnOnce<Args>>::call_once::ha52bedf99a3b4981
[INFO] [stdout]                                at /rustc/6067b36314ab5eb2eb47cecc464545ba58e1ad24/library/alloc/src/boxed.rs:2013:9
[INFO] [stdout]   42:     0x58928027a91b - <alloc::boxed::Box<F,A> as core::ops::function::FnOnce<Args>>::call_once::h567748934d80ccf8
[INFO] [stdout]                                at /rustc/6067b36314ab5eb2eb47cecc464545ba58e1ad24/library/alloc/src/boxed.rs:2013:9
[INFO] [stdout]   43:     0x58928027a91b - std::sys::pal::unix::thread::Thread::new::thread_start::h2d970728ae887adc
[INFO] [stdout]                                at /rustc/6067b36314ab5eb2eb47cecc464545ba58e1ad24/library/std/src/sys/pal/unix/thread.rs:106:17
[INFO] [stdout]   44:     0x72a646b7eac3 - <unknown>
[INFO] [stdout]   45:     0x72a646c0fa04 - clone
[INFO] [stdout]   46:                0x0 - <unknown>
[INFO] [stdout] 
[INFO] [stdout] 
[INFO] [stdout] failures:
[INFO] [stdout]     framebuffer::tests::default_framebuffer_id_has_size_0
[INFO] [stdout]     framebuffer::tests::test
[INFO] [stdout] 
[INFO] [stdout] test result: FAILED. 9 passed; 2 failed; 0 ignored; 0 measured; 0 filtered out; finished in 0.05s
[INFO] [stdout] 
[INFO] [stderr] error: test failed, to rerun pass `--bin opengl-experiment`
[INFO] running `Command { std: "docker" "inspect" "96ce35a8717110779bd7ae53410e6f58842716f65ddbae7eb0b55e64dbdaade6", kill_on_drop: false }`
[INFO] running `Command { std: "docker" "rm" "-f" "96ce35a8717110779bd7ae53410e6f58842716f65ddbae7eb0b55e64dbdaade6", kill_on_drop: false }`
[INFO] [stdout] 96ce35a8717110779bd7ae53410e6f58842716f65ddbae7eb0b55e64dbdaade6
