[INFO] cloning repository https://github.com/michaelwright235/nibarchive
[INFO] running `Command { std: "git" "-c" "credential.helper=" "-c" "credential.helper=/workspace/cargo-home/bin/git-credential-null" "clone" "--bare" "https://github.com/michaelwright235/nibarchive" "/workspace/cache/git-repos/https%3A%2F%2Fgithub.com%2Fmichaelwright235%2Fnibarchive", kill_on_drop: false }`
[INFO] [stderr] Cloning into bare repository '/workspace/cache/git-repos/https%3A%2F%2Fgithub.com%2Fmichaelwright235%2Fnibarchive'...
[INFO] running `Command { std: "git" "rev-parse" "HEAD", kill_on_drop: false }`
[INFO] [stdout] e2bae56488c530049f885d6c11f75be5d786f539
[INFO] testing michaelwright235/nibarchive against nightly-2025-01-18+rustflags=-Zrandomize-layout for randomize-layout-2
[INFO] running `Command { std: "git" "clone" "/workspace/cache/git-repos/https%3A%2F%2Fgithub.com%2Fmichaelwright235%2Fnibarchive" "/workspace/builds/worker-0-tc2/source", kill_on_drop: false }`
[INFO] [stderr] Cloning into '/workspace/builds/worker-0-tc2/source'...
[INFO] [stderr] done.
[INFO] validating manifest of git repo https://github.com/michaelwright235/nibarchive on toolchain nightly-2025-01-18
[INFO] running `Command { std: CARGO_HOME="/workspace/cargo-home" RUSTUP_HOME="/workspace/rustup-home" "/workspace/cargo-home/bin/cargo" "+nightly-2025-01-18" "metadata" "--manifest-path" "Cargo.toml" "--no-deps", kill_on_drop: false }`
[INFO] started tweaking git repo https://github.com/michaelwright235/nibarchive
[INFO] finished tweaking git repo https://github.com/michaelwright235/nibarchive
[INFO] tweaked toml for git repo https://github.com/michaelwright235/nibarchive written to /workspace/builds/worker-0-tc2/source/Cargo.toml
[INFO] crate git repo https://github.com/michaelwright235/nibarchive already has a lockfile, it will not be regenerated
[INFO] running `Command { std: CARGO_HOME="/workspace/cargo-home" RUSTUP_HOME="/workspace/rustup-home" "/workspace/cargo-home/bin/cargo" "+nightly-2025-01-18" "fetch" "--manifest-path" "Cargo.toml", kill_on_drop: false }`
[INFO] running `Command { std: "docker" "create" "-v" "/var/lib/crater-agent-workspace/builds/worker-0-tc2/target:/opt/rustwide/target:rw,Z" "-v" "/var/lib/crater-agent-workspace/builds/worker-0-tc2/source:/opt/rustwide/workdir:ro,Z" "-v" "/var/lib/crater-agent-workspace/cargo-home:/opt/rustwide/cargo-home:ro,Z" "-v" "/var/lib/crater-agent-workspace/rustup-home:/opt/rustwide/rustup-home:ro,Z" "-e" "SOURCE_DIR=/opt/rustwide/workdir" "-e" "CARGO_TARGET_DIR=/opt/rustwide/target" "-e" "CARGO_HOME=/opt/rustwide/cargo-home" "-e" "RUSTUP_HOME=/opt/rustwide/rustup-home" "-w" "/opt/rustwide/workdir" "-m" "1610612736" "--user" "0:0" "--network" "none" "ghcr.io/rust-lang/crates-build-env/linux@sha256:819108c5571ea2e421544af4d832f968d213c87fbe3707a016657f43d2f853bc" "/opt/rustwide/cargo-home/bin/cargo" "+nightly-2025-01-18" "metadata" "--no-deps" "--format-version=1", kill_on_drop: false }`
[INFO] [stdout] 14b0c854d665b0d7bee911544955bd099d668892fc720af32e0708d0734e4df4
[INFO] running `Command { std: "docker" "start" "-a" "14b0c854d665b0d7bee911544955bd099d668892fc720af32e0708d0734e4df4", kill_on_drop: false }`
[INFO] running `Command { std: "docker" "inspect" "14b0c854d665b0d7bee911544955bd099d668892fc720af32e0708d0734e4df4", kill_on_drop: false }`
[INFO] running `Command { std: "docker" "rm" "-f" "14b0c854d665b0d7bee911544955bd099d668892fc720af32e0708d0734e4df4", kill_on_drop: false }`
[INFO] [stdout] 14b0c854d665b0d7bee911544955bd099d668892fc720af32e0708d0734e4df4
[INFO] running `Command { std: "docker" "create" "-v" "/var/lib/crater-agent-workspace/builds/worker-0-tc2/target:/opt/rustwide/target:rw,Z" "-v" "/var/lib/crater-agent-workspace/builds/worker-0-tc2/source:/opt/rustwide/workdir:ro,Z" "-v" "/var/lib/crater-agent-workspace/cargo-home:/opt/rustwide/cargo-home:ro,Z" "-v" "/var/lib/crater-agent-workspace/rustup-home:/opt/rustwide/rustup-home:ro,Z" "-e" "SOURCE_DIR=/opt/rustwide/workdir" "-e" "CARGO_TARGET_DIR=/opt/rustwide/target" "-e" "CARGO_INCREMENTAL=0" "-e" "RUST_BACKTRACE=full" "-e" "RUSTFLAGS=--cap-lints=forbid -Zrandomize-layout" "-e" "RUSTDOCFLAGS=--cap-lints=forbid" "-e" "CARGO_HOME=/opt/rustwide/cargo-home" "-e" "RUSTUP_HOME=/opt/rustwide/rustup-home" "-w" "/opt/rustwide/workdir" "-m" "1610612736" "--user" "0:0" "--network" "none" "ghcr.io/rust-lang/crates-build-env/linux@sha256:819108c5571ea2e421544af4d832f968d213c87fbe3707a016657f43d2f853bc" "/opt/rustwide/cargo-home/bin/cargo" "+nightly-2025-01-18" "build" "--frozen" "--message-format=json", kill_on_drop: false }`
[INFO] [stdout] 9c0caaf4c2879f479307dd3c92a81092f812dca0645829eff71f9624c21bc5ab
[INFO] running `Command { std: "docker" "start" "-a" "9c0caaf4c2879f479307dd3c92a81092f812dca0645829eff71f9624c21bc5ab", kill_on_drop: false }`
[INFO] [stderr]    Compiling nibarchive v0.1.0 (/opt/rustwide/workdir)
[INFO] [stderr]     Finished `dev` profile [unoptimized + debuginfo] target(s) in 0.56s
[INFO] running `Command { std: "docker" "inspect" "9c0caaf4c2879f479307dd3c92a81092f812dca0645829eff71f9624c21bc5ab", kill_on_drop: false }`
[INFO] running `Command { std: "docker" "rm" "-f" "9c0caaf4c2879f479307dd3c92a81092f812dca0645829eff71f9624c21bc5ab", kill_on_drop: false }`
[INFO] [stdout] 9c0caaf4c2879f479307dd3c92a81092f812dca0645829eff71f9624c21bc5ab
[INFO] running `Command { std: "docker" "create" "-v" "/var/lib/crater-agent-workspace/builds/worker-0-tc2/target:/opt/rustwide/target:rw,Z" "-v" "/var/lib/crater-agent-workspace/builds/worker-0-tc2/source:/opt/rustwide/workdir:ro,Z" "-v" "/var/lib/crater-agent-workspace/cargo-home:/opt/rustwide/cargo-home:ro,Z" "-v" "/var/lib/crater-agent-workspace/rustup-home:/opt/rustwide/rustup-home:ro,Z" "-e" "SOURCE_DIR=/opt/rustwide/workdir" "-e" "CARGO_TARGET_DIR=/opt/rustwide/target" "-e" "CARGO_INCREMENTAL=0" "-e" "RUST_BACKTRACE=full" "-e" "RUSTFLAGS=--cap-lints=forbid -Zrandomize-layout" "-e" "RUSTDOCFLAGS=--cap-lints=forbid" "-e" "CARGO_HOME=/opt/rustwide/cargo-home" "-e" "RUSTUP_HOME=/opt/rustwide/rustup-home" "-w" "/opt/rustwide/workdir" "-m" "1610612736" "--user" "0:0" "--network" "none" "ghcr.io/rust-lang/crates-build-env/linux@sha256:819108c5571ea2e421544af4d832f968d213c87fbe3707a016657f43d2f853bc" "/opt/rustwide/cargo-home/bin/cargo" "+nightly-2025-01-18" "test" "--frozen" "--no-run" "--message-format=json", kill_on_drop: false }`
[INFO] [stdout] 8f7fa52c36afc4fc1a90190e35d1d47c431015d2de4b38841556bcbfdb42b8a9
[INFO] running `Command { std: "docker" "start" "-a" "8f7fa52c36afc4fc1a90190e35d1d47c431015d2de4b38841556bcbfdb42b8a9", kill_on_drop: false }`
[INFO] [stderr]    Compiling nibarchive v0.1.0 (/opt/rustwide/workdir)
[INFO] [stderr]     Finished `test` profile [unoptimized + debuginfo] target(s) in 0.51s
[INFO] running `Command { std: "docker" "inspect" "8f7fa52c36afc4fc1a90190e35d1d47c431015d2de4b38841556bcbfdb42b8a9", kill_on_drop: false }`
[INFO] running `Command { std: "docker" "rm" "-f" "8f7fa52c36afc4fc1a90190e35d1d47c431015d2de4b38841556bcbfdb42b8a9", kill_on_drop: false }`
[INFO] [stdout] 8f7fa52c36afc4fc1a90190e35d1d47c431015d2de4b38841556bcbfdb42b8a9
[INFO] running `Command { std: "docker" "create" "-v" "/var/lib/crater-agent-workspace/builds/worker-0-tc2/target:/opt/rustwide/target:rw,Z" "-v" "/var/lib/crater-agent-workspace/builds/worker-0-tc2/source:/opt/rustwide/workdir:ro,Z" "-v" "/var/lib/crater-agent-workspace/cargo-home:/opt/rustwide/cargo-home:ro,Z" "-v" "/var/lib/crater-agent-workspace/rustup-home:/opt/rustwide/rustup-home:ro,Z" "-e" "SOURCE_DIR=/opt/rustwide/workdir" "-e" "CARGO_TARGET_DIR=/opt/rustwide/target" "-e" "CARGO_INCREMENTAL=0" "-e" "RUST_BACKTRACE=full" "-e" "RUSTFLAGS=--cap-lints=forbid -Zrandomize-layout" "-e" "RUSTDOCFLAGS=--cap-lints=forbid" "-e" "CARGO_HOME=/opt/rustwide/cargo-home" "-e" "RUSTUP_HOME=/opt/rustwide/rustup-home" "-w" "/opt/rustwide/workdir" "-m" "1610612736" "--user" "0:0" "--network" "none" "ghcr.io/rust-lang/crates-build-env/linux@sha256:819108c5571ea2e421544af4d832f968d213c87fbe3707a016657f43d2f853bc" "/opt/rustwide/cargo-home/bin/cargo" "+nightly-2025-01-18" "test" "--frozen", kill_on_drop: false }`
[INFO] [stdout] adc74f44264ca8e0570cb69d3019730cafac76793816badc896a0f8a45f2352b
[INFO] running `Command { std: "docker" "start" "-a" "adc74f44264ca8e0570cb69d3019730cafac76793816badc896a0f8a45f2352b", kill_on_drop: false }`
[INFO] [stderr]     Finished `test` profile [unoptimized + debuginfo] target(s) in 0.02s
[INFO] [stderr]      Running unittests src/lib.rs (/opt/rustwide/target/debug/deps/nibarchive-71b18b65f4f49148)
[INFO] [stdout] 
[INFO] [stdout] running 0 tests
[INFO] [stdout] 
[INFO] [stderr]    Doc-tests nibarchive
[INFO] [stdout] test result: ok. 0 passed; 0 failed; 0 ignored; 0 measured; 0 filtered out; finished in 0.00s
[INFO] [stdout] 
[INFO] [stdout] 
[INFO] [stdout] running 1 test
[INFO] [stdout] test src/lib.rs - (line 31) ... FAILED
[INFO] [stdout] 
[INFO] [stdout] failures:
[INFO] [stdout] 
[INFO] [stdout] ---- src/lib.rs - (line 31) stdout ----
[INFO] [stdout] error[E0277]: the `?` operator can only be used in a function that returns `Result` or `Option` (or another type that implements `FromResidual`)
[INFO] [stdout]  --> src/lib.rs:35:61
[INFO] [stdout]   |
[INFO] [stdout] 4 | fn main() { #[allow(non_snake_case)] fn _doctest_main_src_lib_rs_31_0() {
[INFO] [stdout]   |                                      ---------------------------------- this function should return `Result` or `Option` to accept `?`
[INFO] [stdout] ...
[INFO] [stdout] 7 | let archive: NIBArchive = NIBArchive::from_file("./foo.nib")?;
[INFO] [stdout]   |                                                             ^ cannot use the `?` operator in a function that returns `()`
[INFO] [stdout]   |
[INFO] [stdout]   = help: the trait `FromResidual<Result<Infallible, nibarchive::Error>>` is not implemented for `()`
[INFO] [stdout] help: consider adding return type
[INFO] [stdout]   |
[INFO] [stdout] 4 | fn main() { #[allow(non_snake_case)] fn _doctest_main_src_lib_rs_31_0() -> Result<(), Box<dyn std::error::Error>> {
[INFO] [stdout]   |                                                                         +++++++++++++++++++++++++++++++++++++++++
[INFO] [stdout] 
[INFO] [stdout] error[E0308]: mismatched types
[INFO] [stdout]  --> src/lib.rs:37:23
[INFO] [stdout]   |
[INFO] [stdout] 9 | for (i, object) in 0..archive.objects().iter().enumerate() {
[INFO] [stdout]   |                       ^^^^^^^^^^^^^^^^^^^^^^^^^^^^^^^^^^^^ expected integer, found `Enumerate<Iter<'_, Object>>`
[INFO] [stdout]   |
[INFO] [stdout]   = note: expected type `{integer}`
[INFO] [stdout]            found struct `Enumerate<std::slice::Iter<'_, Object>>`
[INFO] [stdout] 
[INFO] [stdout] error[E0308]: mismatched types
[INFO] [stdout]  --> src/lib.rs:37:5
[INFO] [stdout]   |
[INFO] [stdout] 9 | for (i, object) in 0..archive.objects().iter().enumerate() {
[INFO] [stdout]   |     ^^^^^^^^^^^    --------------------------------------- this is an iterator with items of type `{integer}`
[INFO] [stdout]   |     |
[INFO] [stdout]   |     expected integer, found `(_, _)`
[INFO] [stdout]   |
[INFO] [stdout]   = note: expected type `{integer}`
[INFO] [stdout]             found tuple `(_, _)`
[INFO] [stdout] 
[INFO] [stdout] error[E0308]: mismatched types
[INFO] [stdout]   --> src/lib.rs:42:9
[INFO] [stdout]    |
[INFO] [stdout] 14 |     for (j, value) in 0..values.iter().enumerate() {
[INFO] [stdout]    |         ^^^^^^^^^^    ---------------------------- this is an iterator with items of type `{integer}`
[INFO] [stdout]    |         |
[INFO] [stdout]    |         expected integer, found `(_, _)`
[INFO] [stdout]    |
[INFO] [stdout]    = note: expected type `{integer}`
[INFO] [stdout]              found tuple `(_, _)`
[INFO] [stdout] 
[INFO] [stdout] error: aborting due to 4 previous errors
[INFO] [stdout] 
[INFO] [stdout] Some errors have detailed explanations: E0277, E0308.
[INFO] [stdout] For more information about an error, try `rustc --explain E0277`.
[INFO] [stdout] Couldn't compile the test.
[INFO] [stdout] 
[INFO] [stdout] failures:
[INFO] [stdout]     src/lib.rs - (line 31)
[INFO] [stdout] 
[INFO] [stdout] test result: FAILED. 0 passed; 1 failed; 0 ignored; 0 measured; 0 filtered out; finished in 0.11s
[INFO] [stdout] 
[INFO] [stderr] error: doctest failed, to rerun pass `--doc`
[INFO] running `Command { std: "docker" "inspect" "adc74f44264ca8e0570cb69d3019730cafac76793816badc896a0f8a45f2352b", kill_on_drop: false }`
[INFO] running `Command { std: "docker" "rm" "-f" "adc74f44264ca8e0570cb69d3019730cafac76793816badc896a0f8a45f2352b", kill_on_drop: false }`
[INFO] [stdout] adc74f44264ca8e0570cb69d3019730cafac76793816badc896a0f8a45f2352b
