[INFO] cloning repository https://github.com/mgrand/rust-transaction-processing-example
[INFO] running `Command { std: "git" "-c" "credential.helper=" "-c" "credential.helper=/workspace/cargo-home/bin/git-credential-null" "clone" "--bare" "https://github.com/mgrand/rust-transaction-processing-example" "/workspace/cache/git-repos/https%3A%2F%2Fgithub.com%2Fmgrand%2Frust-transaction-processing-example", kill_on_drop: false }`
[INFO] [stderr] Cloning into bare repository '/workspace/cache/git-repos/https%3A%2F%2Fgithub.com%2Fmgrand%2Frust-transaction-processing-example'...
[INFO] running `Command { std: "git" "rev-parse" "HEAD", kill_on_drop: false }`
[INFO] [stdout] 5714bd5286900acda2730fa692a8f3c8f61876a3
[INFO] testing mgrand/rust-transaction-processing-example against nightly-2025-01-18 for randomize-layout-2
[INFO] running `Command { std: "git" "clone" "/workspace/cache/git-repos/https%3A%2F%2Fgithub.com%2Fmgrand%2Frust-transaction-processing-example" "/workspace/builds/worker-1-tc1/source", kill_on_drop: false }`
[INFO] [stderr] Cloning into '/workspace/builds/worker-1-tc1/source'...
[INFO] [stderr] done.
[INFO] validating manifest of git repo https://github.com/mgrand/rust-transaction-processing-example on toolchain nightly-2025-01-18
[INFO] running `Command { std: CARGO_HOME="/workspace/cargo-home" RUSTUP_HOME="/workspace/rustup-home" "/workspace/cargo-home/bin/cargo" "+nightly-2025-01-18" "metadata" "--manifest-path" "Cargo.toml" "--no-deps", kill_on_drop: false }`
[INFO] started tweaking git repo https://github.com/mgrand/rust-transaction-processing-example
[INFO] finished tweaking git repo https://github.com/mgrand/rust-transaction-processing-example
[INFO] tweaked toml for git repo https://github.com/mgrand/rust-transaction-processing-example written to /workspace/builds/worker-1-tc1/source/Cargo.toml
[INFO] crate git repo https://github.com/mgrand/rust-transaction-processing-example already has a lockfile, it will not be regenerated
[INFO] running `Command { std: CARGO_HOME="/workspace/cargo-home" RUSTUP_HOME="/workspace/rustup-home" "/workspace/cargo-home/bin/cargo" "+nightly-2025-01-18" "fetch" "--manifest-path" "Cargo.toml", kill_on_drop: false }`
[INFO] [stderr]     Blocking waiting for file lock on package cache
[INFO] [stderr]  Downloading crates ...
[INFO] [stderr]   Downloaded anyhow v1.0.55
[INFO] [stderr]   Downloaded rust_decimal v1.22.0
[INFO] [stderr]   Downloaded libc v0.2.119
[INFO] running `Command { std: "docker" "create" "-v" "/var/lib/crater-agent-workspace/builds/worker-1-tc1/target:/opt/rustwide/target:rw,Z" "-v" "/var/lib/crater-agent-workspace/builds/worker-1-tc1/source:/opt/rustwide/workdir:ro,Z" "-v" "/var/lib/crater-agent-workspace/cargo-home:/opt/rustwide/cargo-home:ro,Z" "-v" "/var/lib/crater-agent-workspace/rustup-home:/opt/rustwide/rustup-home:ro,Z" "-e" "SOURCE_DIR=/opt/rustwide/workdir" "-e" "CARGO_TARGET_DIR=/opt/rustwide/target" "-e" "CARGO_HOME=/opt/rustwide/cargo-home" "-e" "RUSTUP_HOME=/opt/rustwide/rustup-home" "-w" "/opt/rustwide/workdir" "-m" "1610612736" "--user" "0:0" "--network" "none" "ghcr.io/rust-lang/crates-build-env/linux@sha256:819108c5571ea2e421544af4d832f968d213c87fbe3707a016657f43d2f853bc" "/opt/rustwide/cargo-home/bin/cargo" "+nightly-2025-01-18" "metadata" "--no-deps" "--format-version=1", kill_on_drop: false }`
[INFO] [stdout] 7f2908e37e57309ad43757c60b0144820fc16297d8e77f5e40a04d2394bfef80
[INFO] running `Command { std: "docker" "start" "-a" "7f2908e37e57309ad43757c60b0144820fc16297d8e77f5e40a04d2394bfef80", kill_on_drop: false }`
[INFO] running `Command { std: "docker" "inspect" "7f2908e37e57309ad43757c60b0144820fc16297d8e77f5e40a04d2394bfef80", kill_on_drop: false }`
[INFO] running `Command { std: "docker" "rm" "-f" "7f2908e37e57309ad43757c60b0144820fc16297d8e77f5e40a04d2394bfef80", kill_on_drop: false }`
[INFO] [stdout] 7f2908e37e57309ad43757c60b0144820fc16297d8e77f5e40a04d2394bfef80
[INFO] running `Command { std: "docker" "create" "-v" "/var/lib/crater-agent-workspace/builds/worker-1-tc1/target:/opt/rustwide/target:rw,Z" "-v" "/var/lib/crater-agent-workspace/builds/worker-1-tc1/source:/opt/rustwide/workdir:ro,Z" "-v" "/var/lib/crater-agent-workspace/cargo-home:/opt/rustwide/cargo-home:ro,Z" "-v" "/var/lib/crater-agent-workspace/rustup-home:/opt/rustwide/rustup-home:ro,Z" "-e" "SOURCE_DIR=/opt/rustwide/workdir" "-e" "CARGO_TARGET_DIR=/opt/rustwide/target" "-e" "CARGO_INCREMENTAL=0" "-e" "RUST_BACKTRACE=full" "-e" "RUSTFLAGS=--cap-lints=forbid" "-e" "RUSTDOCFLAGS=--cap-lints=forbid" "-e" "CARGO_HOME=/opt/rustwide/cargo-home" "-e" "RUSTUP_HOME=/opt/rustwide/rustup-home" "-w" "/opt/rustwide/workdir" "-m" "1610612736" "--user" "0:0" "--network" "none" "ghcr.io/rust-lang/crates-build-env/linux@sha256:819108c5571ea2e421544af4d832f968d213c87fbe3707a016657f43d2f853bc" "/opt/rustwide/cargo-home/bin/cargo" "+nightly-2025-01-18" "build" "--frozen" "--message-format=json", kill_on_drop: false }`
[INFO] [stdout] 85f570c463418a549adedab3a668e2891292c98585d86e26f1e38b0ee0ce5eea
[INFO] running `Command { std: "docker" "start" "-a" "85f570c463418a549adedab3a668e2891292c98585d86e26f1e38b0ee0ce5eea", kill_on_drop: false }`
[INFO] [stderr]    Compiling proc-macro2 v1.0.36
[INFO] [stderr]    Compiling unicode-xid v0.2.2
[INFO] [stderr]    Compiling memchr v2.4.1
[INFO] [stderr]    Compiling syn v1.0.86
[INFO] [stderr]    Compiling serde_derive v1.0.136
[INFO] [stderr]    Compiling serde v1.0.136
[INFO] [stderr]    Compiling libc v0.2.119
[INFO] [stderr]    Compiling log v0.4.14
[INFO] [stderr]    Compiling regex-automata v0.1.10
[INFO] [stderr]    Compiling anyhow v1.0.55
[INFO] [stderr]    Compiling regex-syntax v0.6.25
[INFO] [stderr]    Compiling rust_decimal v1.22.0
[INFO] [stderr]    Compiling num-traits v0.2.14
[INFO] [stderr]    Compiling ryu v1.0.9
[INFO] [stderr]    Compiling itoa v0.4.8
[INFO] [stderr]    Compiling aho-corasick v0.7.18
[INFO] [stderr]    Compiling csv-core v0.1.10
[INFO] [stderr]    Compiling quote v1.0.15
[INFO] [stderr]    Compiling atty v0.2.14
[INFO] [stderr]    Compiling regex v1.5.4
[INFO] [stderr]    Compiling env_logger v0.9.0
[INFO] [stderr]    Compiling ctor v0.1.21
[INFO] [stderr]    Compiling bstr v0.2.17
[INFO] [stderr]    Compiling csv v1.1.6
[INFO] [stderr]    Compiling rust-transaction-processing-example v0.1.0 (/opt/rustwide/workdir)
[INFO] [stderr]     Finished `dev` profile [unoptimized + debuginfo] target(s) in 17.68s
[INFO] running `Command { std: "docker" "inspect" "85f570c463418a549adedab3a668e2891292c98585d86e26f1e38b0ee0ce5eea", kill_on_drop: false }`
[INFO] running `Command { std: "docker" "rm" "-f" "85f570c463418a549adedab3a668e2891292c98585d86e26f1e38b0ee0ce5eea", kill_on_drop: false }`
[INFO] [stdout] 85f570c463418a549adedab3a668e2891292c98585d86e26f1e38b0ee0ce5eea
[INFO] running `Command { std: "docker" "create" "-v" "/var/lib/crater-agent-workspace/builds/worker-1-tc1/target:/opt/rustwide/target:rw,Z" "-v" "/var/lib/crater-agent-workspace/builds/worker-1-tc1/source:/opt/rustwide/workdir:ro,Z" "-v" "/var/lib/crater-agent-workspace/cargo-home:/opt/rustwide/cargo-home:ro,Z" "-v" "/var/lib/crater-agent-workspace/rustup-home:/opt/rustwide/rustup-home:ro,Z" "-e" "SOURCE_DIR=/opt/rustwide/workdir" "-e" "CARGO_TARGET_DIR=/opt/rustwide/target" "-e" "CARGO_INCREMENTAL=0" "-e" "RUST_BACKTRACE=full" "-e" "RUSTFLAGS=--cap-lints=forbid" "-e" "RUSTDOCFLAGS=--cap-lints=forbid" "-e" "CARGO_HOME=/opt/rustwide/cargo-home" "-e" "RUSTUP_HOME=/opt/rustwide/rustup-home" "-w" "/opt/rustwide/workdir" "-m" "1610612736" "--user" "0:0" "--network" "none" "ghcr.io/rust-lang/crates-build-env/linux@sha256:819108c5571ea2e421544af4d832f968d213c87fbe3707a016657f43d2f853bc" "/opt/rustwide/cargo-home/bin/cargo" "+nightly-2025-01-18" "test" "--frozen" "--no-run" "--message-format=json", kill_on_drop: false }`
[INFO] [stdout] ced2fef03ad874c6866447b236c127784e3deeb2699e32f14d058264e04a1dae
[INFO] running `Command { std: "docker" "start" "-a" "ced2fef03ad874c6866447b236c127784e3deeb2699e32f14d058264e04a1dae", kill_on_drop: false }`
[INFO] [stderr]    Compiling rust-transaction-processing-example v0.1.0 (/opt/rustwide/workdir)
[INFO] [stdout] warning: creating a shared reference to mutable static is discouraged
[INFO] [stdout]    --> src/main.rs:390:52
[INFO] [stdout]     |
[INFO] [stdout] 390 |             assert_eq!(expected_transaction_count, TRANSACTION_COUNT);
[INFO] [stdout]     |                                                    ^^^^^^^^^^^^^^^^^ shared reference to mutable static
[INFO] [stdout]     |
[INFO] [stdout]     = note: for more information, see <https://doc.rust-lang.org/nightly/edition-guide/rust-2024/static-mut-references.html>
[INFO] [stdout]     = note: shared references to mutable statics are dangerous; it's undefined behavior if the static is mutated or if a mutable reference is created for it while the shared reference lives
[INFO] [stdout]     = note: `#[warn(static_mut_refs)]` on by default
[INFO] [stdout] 
[INFO] [stdout] 
[INFO] [stderr]     Finished `test` profile [unoptimized + debuginfo] target(s) in 0.87s
[INFO] running `Command { std: "docker" "inspect" "ced2fef03ad874c6866447b236c127784e3deeb2699e32f14d058264e04a1dae", kill_on_drop: false }`
[INFO] running `Command { std: "docker" "rm" "-f" "ced2fef03ad874c6866447b236c127784e3deeb2699e32f14d058264e04a1dae", kill_on_drop: false }`
[INFO] [stdout] ced2fef03ad874c6866447b236c127784e3deeb2699e32f14d058264e04a1dae
[INFO] running `Command { std: "docker" "create" "-v" "/var/lib/crater-agent-workspace/builds/worker-1-tc1/target:/opt/rustwide/target:rw,Z" "-v" "/var/lib/crater-agent-workspace/builds/worker-1-tc1/source:/opt/rustwide/workdir:ro,Z" "-v" "/var/lib/crater-agent-workspace/cargo-home:/opt/rustwide/cargo-home:ro,Z" "-v" "/var/lib/crater-agent-workspace/rustup-home:/opt/rustwide/rustup-home:ro,Z" "-e" "SOURCE_DIR=/opt/rustwide/workdir" "-e" "CARGO_TARGET_DIR=/opt/rustwide/target" "-e" "CARGO_INCREMENTAL=0" "-e" "RUST_BACKTRACE=full" "-e" "RUSTFLAGS=--cap-lints=forbid" "-e" "RUSTDOCFLAGS=--cap-lints=forbid" "-e" "CARGO_HOME=/opt/rustwide/cargo-home" "-e" "RUSTUP_HOME=/opt/rustwide/rustup-home" "-w" "/opt/rustwide/workdir" "-m" "1610612736" "--user" "0:0" "--network" "none" "ghcr.io/rust-lang/crates-build-env/linux@sha256:819108c5571ea2e421544af4d832f968d213c87fbe3707a016657f43d2f853bc" "/opt/rustwide/cargo-home/bin/cargo" "+nightly-2025-01-18" "test" "--frozen", kill_on_drop: false }`
[INFO] [stdout] 4507f420addff2b138c52cd5d9c77c49d005f4f31b5076096411d27feb82f9d2
[INFO] running `Command { std: "docker" "start" "-a" "4507f420addff2b138c52cd5d9c77c49d005f4f31b5076096411d27feb82f9d2", kill_on_drop: false }`
[INFO] [stderr] warning: creating a shared reference to mutable static is discouraged
[INFO] [stdout] 
[INFO] [stderr]    --> src/main.rs:390:52
[INFO] [stdout] running 6 tests
[INFO] [stderr]     |
[INFO] [stderr] 390 |             assert_eq!(expected_transaction_count, TRANSACTION_COUNT);
[INFO] [stderr]     |                                                    ^^^^^^^^^^^^^^^^^ shared reference to mutable static
[INFO] [stderr]     |
[INFO] [stderr]     = note: for more information, see <https://doc.rust-lang.org/nightly/edition-guide/rust-2024/static-mut-references.html>
[INFO] [stderr]     = note: shared references to mutable statics are dangerous; it's undefined behavior if the static is mutated or if a mutable reference is created for it while the shared reference lives
[INFO] [stderr]     = note: `#[warn(static_mut_refs)]` on by default
[INFO] [stderr] 
[INFO] [stderr] warning: `rust-transaction-processing-example` (bin "rust-transaction-processing-example" test) generated 1 warning
[INFO] [stderr]     Finished `test` profile [unoptimized + debuginfo] target(s) in 0.22s
[INFO] [stderr]      Running unittests src/main.rs (/opt/rustwide/target/debug/deps/rust_transaction_processing_example-08e5ce7d6cfe138f)
[INFO] [stdout] test tests::process_command_line_with_nonexistent_file ... ok
[INFO] [stdout] test tests::customer_state_test ... ok
[INFO] [stdout] test tests::add_customer_transaction_test ... ok
[INFO] [stdout] test tests::process_command_line_wrong_number_of_args ... ok
[INFO] [stdout] test tests::process_command_line_good_file ... FAILED
[INFO] [stdout] test tests::run_test ... FAILED
[INFO] [stdout] 
[INFO] [stdout] failures:
[INFO] [stdout] 
[INFO] [stdout] ---- tests::process_command_line_good_file stdout ----
[INFO] [stdout] Error: Read-only file system (os error 30)
[INFO] [stdout] 
[INFO] [stdout] ---- tests::run_test stdout ----
[INFO] [stdout] Error: Read-only file system (os error 30)
[INFO] [stdout] 
[INFO] [stdout] 
[INFO] [stdout] failures:
[INFO] [stdout]     tests::process_command_line_good_file
[INFO] [stdout]     tests::run_test
[INFO] [stdout] 
[INFO] [stdout] test result: FAILED. 4 passed; 2 failed; 0 ignored; 0 measured; 0 filtered out; finished in 0.01s
[INFO] [stdout] 
[INFO] [stderr] error: test failed, to rerun pass `--bin rust-transaction-processing-example`
[INFO] running `Command { std: "docker" "inspect" "4507f420addff2b138c52cd5d9c77c49d005f4f31b5076096411d27feb82f9d2", kill_on_drop: false }`
[INFO] running `Command { std: "docker" "rm" "-f" "4507f420addff2b138c52cd5d9c77c49d005f4f31b5076096411d27feb82f9d2", kill_on_drop: false }`
[INFO] [stdout] 4507f420addff2b138c52cd5d9c77c49d005f4f31b5076096411d27feb82f9d2
