[INFO] cloning repository https://github.com/meysam81/albert
[INFO] running `Command { std: "git" "-c" "credential.helper=" "-c" "credential.helper=/workspace/cargo-home/bin/git-credential-null" "clone" "--bare" "https://github.com/meysam81/albert" "/workspace/cache/git-repos/https%3A%2F%2Fgithub.com%2Fmeysam81%2Falbert", kill_on_drop: false }`
[INFO] [stderr] Cloning into bare repository '/workspace/cache/git-repos/https%3A%2F%2Fgithub.com%2Fmeysam81%2Falbert'...
[INFO] running `Command { std: "git" "rev-parse" "HEAD", kill_on_drop: false }`
[INFO] [stdout] 6aa304dac48f6835302e62fdd048d01be9b3e804
[INFO] testing meysam81/albert against nightly-2025-01-18 for randomize-layout-2
[INFO] running `Command { std: "git" "clone" "/workspace/cache/git-repos/https%3A%2F%2Fgithub.com%2Fmeysam81%2Falbert" "/workspace/builds/worker-3-tc1/source", kill_on_drop: false }`
[INFO] [stderr] Cloning into '/workspace/builds/worker-3-tc1/source'...
[INFO] [stderr] done.
[INFO] validating manifest of git repo https://github.com/meysam81/albert on toolchain nightly-2025-01-18
[INFO] running `Command { std: CARGO_HOME="/workspace/cargo-home" RUSTUP_HOME="/workspace/rustup-home" "/workspace/cargo-home/bin/cargo" "+nightly-2025-01-18" "metadata" "--manifest-path" "Cargo.toml" "--no-deps", kill_on_drop: false }`
[INFO] started tweaking git repo https://github.com/meysam81/albert
[INFO] finished tweaking git repo https://github.com/meysam81/albert
[INFO] tweaked toml for git repo https://github.com/meysam81/albert written to /workspace/builds/worker-3-tc1/source/Cargo.toml
[INFO] crate git repo https://github.com/meysam81/albert already has a lockfile, it will not be regenerated
[INFO] running `Command { std: CARGO_HOME="/workspace/cargo-home" RUSTUP_HOME="/workspace/rustup-home" "/workspace/cargo-home/bin/cargo" "+nightly-2025-01-18" "fetch" "--manifest-path" "Cargo.toml", kill_on_drop: false }`
[INFO] running `Command { std: "docker" "create" "-v" "/var/lib/crater-agent-workspace/builds/worker-3-tc1/target:/opt/rustwide/target:rw,Z" "-v" "/var/lib/crater-agent-workspace/builds/worker-3-tc1/source:/opt/rustwide/workdir:ro,Z" "-v" "/var/lib/crater-agent-workspace/cargo-home:/opt/rustwide/cargo-home:ro,Z" "-v" "/var/lib/crater-agent-workspace/rustup-home:/opt/rustwide/rustup-home:ro,Z" "-e" "SOURCE_DIR=/opt/rustwide/workdir" "-e" "CARGO_TARGET_DIR=/opt/rustwide/target" "-e" "CARGO_HOME=/opt/rustwide/cargo-home" "-e" "RUSTUP_HOME=/opt/rustwide/rustup-home" "-w" "/opt/rustwide/workdir" "-m" "1610612736" "--user" "0:0" "--network" "none" "ghcr.io/rust-lang/crates-build-env/linux@sha256:819108c5571ea2e421544af4d832f968d213c87fbe3707a016657f43d2f853bc" "/opt/rustwide/cargo-home/bin/cargo" "+nightly-2025-01-18" "metadata" "--no-deps" "--format-version=1", kill_on_drop: false }`
[INFO] [stdout] ac7998734e638e21e1331c4682446bf94b33045a65c2b3c09f166d70d97f6032
[INFO] running `Command { std: "docker" "start" "-a" "ac7998734e638e21e1331c4682446bf94b33045a65c2b3c09f166d70d97f6032", kill_on_drop: false }`
[INFO] running `Command { std: "docker" "inspect" "ac7998734e638e21e1331c4682446bf94b33045a65c2b3c09f166d70d97f6032", kill_on_drop: false }`
[INFO] running `Command { std: "docker" "rm" "-f" "ac7998734e638e21e1331c4682446bf94b33045a65c2b3c09f166d70d97f6032", kill_on_drop: false }`
[INFO] [stdout] ac7998734e638e21e1331c4682446bf94b33045a65c2b3c09f166d70d97f6032
[INFO] running `Command { std: "docker" "create" "-v" "/var/lib/crater-agent-workspace/builds/worker-3-tc1/target:/opt/rustwide/target:rw,Z" "-v" "/var/lib/crater-agent-workspace/builds/worker-3-tc1/source:/opt/rustwide/workdir:ro,Z" "-v" "/var/lib/crater-agent-workspace/cargo-home:/opt/rustwide/cargo-home:ro,Z" "-v" "/var/lib/crater-agent-workspace/rustup-home:/opt/rustwide/rustup-home:ro,Z" "-e" "SOURCE_DIR=/opt/rustwide/workdir" "-e" "CARGO_TARGET_DIR=/opt/rustwide/target" "-e" "CARGO_INCREMENTAL=0" "-e" "RUST_BACKTRACE=full" "-e" "RUSTFLAGS=--cap-lints=forbid" "-e" "RUSTDOCFLAGS=--cap-lints=forbid" "-e" "CARGO_HOME=/opt/rustwide/cargo-home" "-e" "RUSTUP_HOME=/opt/rustwide/rustup-home" "-w" "/opt/rustwide/workdir" "-m" "1610612736" "--user" "0:0" "--network" "none" "ghcr.io/rust-lang/crates-build-env/linux@sha256:819108c5571ea2e421544af4d832f968d213c87fbe3707a016657f43d2f853bc" "/opt/rustwide/cargo-home/bin/cargo" "+nightly-2025-01-18" "build" "--frozen" "--message-format=json", kill_on_drop: false }`
[INFO] [stdout] 7a2ef5e0123bd25e0a1b5dff6c6bc5d0ad215bf4715a4111767d5cf5f2c668ed
[INFO] running `Command { std: "docker" "start" "-a" "7a2ef5e0123bd25e0a1b5dff6c6bc5d0ad215bf4715a4111767d5cf5f2c668ed", kill_on_drop: false }`
[INFO] [stderr]    Compiling albert v0.1.8 (/opt/rustwide/workdir)
[INFO] [stdout] warning: unused import: `Eq`
[INFO] [stdout]  --> src/operators.rs:1:16
[INFO] [stdout]   |
[INFO] [stdout] 1 | use std::cmp::{Eq, Ordering, PartialEq, PartialOrd};
[INFO] [stdout]   |                ^^
[INFO] [stdout]   |
[INFO] [stdout]   = note: `#[warn(unused_imports)]` on by default
[INFO] [stdout] 
[INFO] [stdout] 
[INFO] [stdout] warning: struct `Addition` is never constructed
[INFO] [stdout]  --> src/operators.rs:3:8
[INFO] [stdout]   |
[INFO] [stdout] 3 | struct Addition<T>
[INFO] [stdout]   |        ^^^^^^^^
[INFO] [stdout]   |
[INFO] [stdout]   = note: `#[warn(dead_code)]` on by default
[INFO] [stdout] 
[INFO] [stdout] 
[INFO] [stdout] warning: struct `Negation` is never constructed
[INFO] [stdout]   --> src/operators.rs:11:8
[INFO] [stdout]    |
[INFO] [stdout] 11 | struct Negation<T>
[INFO] [stdout]    |        ^^^^^^^^
[INFO] [stdout] 
[INFO] [stdout] 
[INFO] [stdout] warning: struct `Multiplication` is never constructed
[INFO] [stdout]   --> src/operators.rs:18:8
[INFO] [stdout]    |
[INFO] [stdout] 18 | struct Multiplication {}
[INFO] [stdout]    |        ^^^^^^^^^^^^^^
[INFO] [stdout] 
[INFO] [stdout] 
[INFO] [stdout] warning: struct `Division` is never constructed
[INFO] [stdout]   --> src/operators.rs:19:8
[INFO] [stdout]    |
[INFO] [stdout] 19 | struct Division {}
[INFO] [stdout]    |        ^^^^^^^^
[INFO] [stdout] 
[INFO] [stdout] 
[INFO] [stdout] warning: trait `Math` is never used
[INFO] [stdout]  --> src/traits.rs:1:7
[INFO] [stdout]   |
[INFO] [stdout] 1 | trait Math {
[INFO] [stdout]   |       ^^^^
[INFO] [stdout] 
[INFO] [stdout] 
[INFO] [stderr]     Finished `dev` profile [unoptimized + debuginfo] target(s) in 0.35s
[INFO] running `Command { std: "docker" "inspect" "7a2ef5e0123bd25e0a1b5dff6c6bc5d0ad215bf4715a4111767d5cf5f2c668ed", kill_on_drop: false }`
[INFO] running `Command { std: "docker" "rm" "-f" "7a2ef5e0123bd25e0a1b5dff6c6bc5d0ad215bf4715a4111767d5cf5f2c668ed", kill_on_drop: false }`
[INFO] [stdout] 7a2ef5e0123bd25e0a1b5dff6c6bc5d0ad215bf4715a4111767d5cf5f2c668ed
[INFO] running `Command { std: "docker" "create" "-v" "/var/lib/crater-agent-workspace/builds/worker-3-tc1/target:/opt/rustwide/target:rw,Z" "-v" "/var/lib/crater-agent-workspace/builds/worker-3-tc1/source:/opt/rustwide/workdir:ro,Z" "-v" "/var/lib/crater-agent-workspace/cargo-home:/opt/rustwide/cargo-home:ro,Z" "-v" "/var/lib/crater-agent-workspace/rustup-home:/opt/rustwide/rustup-home:ro,Z" "-e" "SOURCE_DIR=/opt/rustwide/workdir" "-e" "CARGO_TARGET_DIR=/opt/rustwide/target" "-e" "CARGO_INCREMENTAL=0" "-e" "RUST_BACKTRACE=full" "-e" "RUSTFLAGS=--cap-lints=forbid" "-e" "RUSTDOCFLAGS=--cap-lints=forbid" "-e" "CARGO_HOME=/opt/rustwide/cargo-home" "-e" "RUSTUP_HOME=/opt/rustwide/rustup-home" "-w" "/opt/rustwide/workdir" "-m" "1610612736" "--user" "0:0" "--network" "none" "ghcr.io/rust-lang/crates-build-env/linux@sha256:819108c5571ea2e421544af4d832f968d213c87fbe3707a016657f43d2f853bc" "/opt/rustwide/cargo-home/bin/cargo" "+nightly-2025-01-18" "test" "--frozen" "--no-run" "--message-format=json", kill_on_drop: false }`
[INFO] [stdout] c9c03da6e925e5f7e7cea225dcd3f6294d7aff70aef30cfac878eb892254d1ff
[INFO] running `Command { std: "docker" "start" "-a" "c9c03da6e925e5f7e7cea225dcd3f6294d7aff70aef30cfac878eb892254d1ff", kill_on_drop: false }`
[INFO] [stderr]    Compiling albert v0.1.8 (/opt/rustwide/workdir)
[INFO] [stdout] warning: unused import: `Eq`
[INFO] [stdout]  --> src/operators.rs:1:16
[INFO] [stdout]   |
[INFO] [stdout] 1 | use std::cmp::{Eq, Ordering, PartialEq, PartialOrd};
[INFO] [stdout]   |                ^^
[INFO] [stdout]   |
[INFO] [stdout]   = note: `#[warn(unused_imports)]` on by default
[INFO] [stdout] 
[INFO] [stdout] 
[INFO] [stdout] warning: fields `op1` and `op2` are never read
[INFO] [stdout]  --> src/operators.rs:7:5
[INFO] [stdout]   |
[INFO] [stdout] 3 | struct Addition<T>
[INFO] [stdout]   |        -------- fields in this struct
[INFO] [stdout] ...
[INFO] [stdout] 7 |     op1: T,
[INFO] [stdout]   |     ^^^
[INFO] [stdout] 8 |     op2: T,
[INFO] [stdout]   |     ^^^
[INFO] [stdout]   |
[INFO] [stdout]   = note: `#[warn(dead_code)]` on by default
[INFO] [stdout] 
[INFO] [stdout] 
[INFO] [stdout] warning: fields `op1` and `op2` are never read
[INFO] [stdout]   --> src/operators.rs:15:5
[INFO] [stdout]    |
[INFO] [stdout] 11 | struct Negation<T>
[INFO] [stdout]    |        -------- fields in this struct
[INFO] [stdout] ...
[INFO] [stdout] 15 |     op1: T,
[INFO] [stdout]    |     ^^^
[INFO] [stdout] 16 |     op2: T,
[INFO] [stdout]    |     ^^^
[INFO] [stdout] 
[INFO] [stdout] 
[INFO] [stdout] warning: struct `Multiplication` is never constructed
[INFO] [stdout]   --> src/operators.rs:18:8
[INFO] [stdout]    |
[INFO] [stdout] 18 | struct Multiplication {}
[INFO] [stdout]    |        ^^^^^^^^^^^^^^
[INFO] [stdout] 
[INFO] [stdout] 
[INFO] [stdout] warning: struct `Division` is never constructed
[INFO] [stdout]   --> src/operators.rs:19:8
[INFO] [stdout]    |
[INFO] [stdout] 19 | struct Division {}
[INFO] [stdout]    |        ^^^^^^^^
[INFO] [stdout] 
[INFO] [stdout] 
[INFO] [stdout] warning: trait `Math` is never used
[INFO] [stdout]  --> src/traits.rs:1:7
[INFO] [stdout]   |
[INFO] [stdout] 1 | trait Math {
[INFO] [stdout]   |       ^^^^
[INFO] [stdout] 
[INFO] [stdout] 
[INFO] [stderr]     Finished `test` profile [unoptimized + debuginfo] target(s) in 0.40s
[INFO] running `Command { std: "docker" "inspect" "c9c03da6e925e5f7e7cea225dcd3f6294d7aff70aef30cfac878eb892254d1ff", kill_on_drop: false }`
[INFO] running `Command { std: "docker" "rm" "-f" "c9c03da6e925e5f7e7cea225dcd3f6294d7aff70aef30cfac878eb892254d1ff", kill_on_drop: false }`
[INFO] [stdout] c9c03da6e925e5f7e7cea225dcd3f6294d7aff70aef30cfac878eb892254d1ff
[INFO] running `Command { std: "docker" "create" "-v" "/var/lib/crater-agent-workspace/builds/worker-3-tc1/target:/opt/rustwide/target:rw,Z" "-v" "/var/lib/crater-agent-workspace/builds/worker-3-tc1/source:/opt/rustwide/workdir:ro,Z" "-v" "/var/lib/crater-agent-workspace/cargo-home:/opt/rustwide/cargo-home:ro,Z" "-v" "/var/lib/crater-agent-workspace/rustup-home:/opt/rustwide/rustup-home:ro,Z" "-e" "SOURCE_DIR=/opt/rustwide/workdir" "-e" "CARGO_TARGET_DIR=/opt/rustwide/target" "-e" "CARGO_INCREMENTAL=0" "-e" "RUST_BACKTRACE=full" "-e" "RUSTFLAGS=--cap-lints=forbid" "-e" "RUSTDOCFLAGS=--cap-lints=forbid" "-e" "CARGO_HOME=/opt/rustwide/cargo-home" "-e" "RUSTUP_HOME=/opt/rustwide/rustup-home" "-w" "/opt/rustwide/workdir" "-m" "1610612736" "--user" "0:0" "--network" "none" "ghcr.io/rust-lang/crates-build-env/linux@sha256:819108c5571ea2e421544af4d832f968d213c87fbe3707a016657f43d2f853bc" "/opt/rustwide/cargo-home/bin/cargo" "+nightly-2025-01-18" "test" "--frozen", kill_on_drop: false }`
[INFO] [stdout] 769a88cc0e21749e3d1a23262706a1f94c664a10bdbd65568415c92dc5af21ee
[INFO] running `Command { std: "docker" "start" "-a" "769a88cc0e21749e3d1a23262706a1f94c664a10bdbd65568415c92dc5af21ee", kill_on_drop: false }`
[INFO] [stderr] warning: unused import: `Eq`
[INFO] [stderr]  --> src/operators.rs:1:16
[INFO] [stderr]   |
[INFO] [stderr] 1 | use std::cmp::{Eq, Ordering, PartialEq, PartialOrd};
[INFO] [stderr]   |                ^^
[INFO] [stderr]   |
[INFO] [stderr]   = note: `#[warn(unused_imports)]` on by default
[INFO] [stderr] 
[INFO] [stderr] warning: fields `op1` and `op2` are never read
[INFO] [stderr]  --> src/operators.rs:7:5
[INFO] [stderr]   |
[INFO] [stderr] 3 | struct Addition<T>
[INFO] [stderr]   |        -------- fields in this struct
[INFO] [stderr] ...
[INFO] [stderr] 7 |     op1: T,
[INFO] [stderr]   |     ^^^
[INFO] [stderr] 8 |     op2: T,
[INFO] [stderr]   |     ^^^
[INFO] [stderr]   |
[INFO] [stderr]   = note: `#[warn(dead_code)]` on by default
[INFO] [stderr] 
[INFO] [stderr] warning: fields `op1` and `op2` are never read
[INFO] [stderr]   --> src/operators.rs:15:5
[INFO] [stderr]    |
[INFO] [stderr] 11 | struct Negation<T>
[INFO] [stderr]    |        -------- fields in this struct
[INFO] [stderr] ...
[INFO] [stderr] 15 |     op1: T,
[INFO] [stderr]    |     ^^^
[INFO] [stderr] 16 |     op2: T,
[INFO] [stderr]    |     ^^^
[INFO] [stderr] 
[INFO] [stderr] warning: struct `Multiplication` is never constructed
[INFO] [stderr]   --> src/operators.rs:18:8
[INFO] [stderr]    |
[INFO] [stderr] 18 | struct Multiplication {}
[INFO] [stderr]    |        ^^^^^^^^^^^^^^
[INFO] [stderr] 
[INFO] [stderr] warning: struct `Division` is never constructed
[INFO] [stderr]   --> src/operators.rs:19:8
[INFO] [stderr]    |
[INFO] [stderr] 19 | struct Division {}
[INFO] [stderr]    |        ^^^^^^^^
[INFO] [stderr] 
[INFO] [stderr] warning: trait `Math` is never used
[INFO] [stderr]  --> src/traits.rs:1:7
[INFO] [stderr]   |
[INFO] [stderr] 1 | trait Math {
[INFO] [stderr]   |       ^^^^
[INFO] [stderr] 
[INFO] [stderr] warning: `albert` (bin "al" test) generated 6 warnings (run `cargo fix --bin "al" --tests` to apply 1 suggestion)
[INFO] [stderr]     Finished `test` profile [unoptimized + debuginfo] target(s) in 0.02s
[INFO] [stderr]      Running unittests src/main.rs (/opt/rustwide/target/debug/deps/al-fb71f674800596db)
[INFO] [stdout] 
[INFO] [stdout] running 2 tests
[INFO] [stdout] test operators::tests::add_neg_comparison ... ok
[INFO] [stdout] test tests::basic_arithmetic ... FAILED
[INFO] [stdout] 
[INFO] [stdout] failures:
[INFO] [stdout] 
[INFO] [stdout] ---- tests::basic_arithmetic stdout ----
[INFO] [stdout] 
[INFO] [stdout] thread 'tests::basic_arithmetic' panicked at src/main.rs:28:15:
[INFO] [stdout] not implemented
[INFO] [stdout] stack backtrace:
[INFO] [stdout]    0:     0x64d27e2f6b4a - std::backtrace_rs::backtrace::libunwind::trace::hb059275cfc8d6126
[INFO] [stdout]                                at /rustc/6067b36314ab5eb2eb47cecc464545ba58e1ad24/library/std/src/../../backtrace/src/backtrace/libunwind.rs:116:5
[INFO] [stdout]    1:     0x64d27e2f6b4a - std::backtrace_rs::backtrace::trace_unsynchronized::h2da071e4327ce3ee
[INFO] [stdout]                                at /rustc/6067b36314ab5eb2eb47cecc464545ba58e1ad24/library/std/src/../../backtrace/src/backtrace/mod.rs:66:5
[INFO] [stdout]    2:     0x64d27e2f6b4a - std::sys::backtrace::_print_fmt::h842a1474e6f8d23f
[INFO] [stdout]                                at /rustc/6067b36314ab5eb2eb47cecc464545ba58e1ad24/library/std/src/sys/backtrace.rs:66:9
[INFO] [stdout]    3:     0x64d27e2f6b4a - <std::sys::backtrace::BacktraceLock::print::DisplayBacktrace as core::fmt::Display>::fmt::h71a62eb3b9696b12
[INFO] [stdout]                                at /rustc/6067b36314ab5eb2eb47cecc464545ba58e1ad24/library/std/src/sys/backtrace.rs:39:26
[INFO] [stdout]    4:     0x64d27e31e243 - core::fmt::rt::Argument::fmt::hdb6b616786b41dc1
[INFO] [stdout]                                at /rustc/6067b36314ab5eb2eb47cecc464545ba58e1ad24/library/core/src/fmt/rt.rs:177:76
[INFO] [stdout]    5:     0x64d27e31e243 - core::fmt::write::h2cc1698af7e2d686
[INFO] [stdout]                                at /rustc/6067b36314ab5eb2eb47cecc464545ba58e1ad24/library/core/src/fmt/mod.rs:1440:21
[INFO] [stdout]    6:     0x64d27e2f36a3 - std::io::Write::write_fmt::hab1b4cd059a79022
[INFO] [stdout]                                at /rustc/6067b36314ab5eb2eb47cecc464545ba58e1ad24/library/std/src/io/mod.rs:1887:15
[INFO] [stdout]    7:     0x64d27e2f6992 - std::sys::backtrace::BacktraceLock::print::h147fe35b4ea13b08
[INFO] [stdout]                                at /rustc/6067b36314ab5eb2eb47cecc464545ba58e1ad24/library/std/src/sys/backtrace.rs:42:9
[INFO] [stdout]    8:     0x64d27e2f7f6f - std::panicking::default_hook::{{closure}}::hbd44223dbdc0d208
[INFO] [stdout]                                at /rustc/6067b36314ab5eb2eb47cecc464545ba58e1ad24/library/std/src/panicking.rs:298:22
[INFO] [stdout]    9:     0x64d27e2f7d88 - std::panicking::default_hook::h20f81eb0576efcec
[INFO] [stdout]                                at /rustc/6067b36314ab5eb2eb47cecc464545ba58e1ad24/library/std/src/panicking.rs:322:9
[INFO] [stdout]   10:     0x64d27e2c0ba3 - <alloc::boxed::Box<F,A> as core::ops::function::Fn<Args>>::call::hdb53814c496a4d34
[INFO] [stdout]                                at /rustc/6067b36314ab5eb2eb47cecc464545ba58e1ad24/library/alloc/src/boxed.rs:2027:9
[INFO] [stdout]   11:     0x64d27e2c0ba3 - test::test_main::{{closure}}::hc0a4963c59427c24
[INFO] [stdout]                                at /rustc/6067b36314ab5eb2eb47cecc464545ba58e1ad24/library/test/src/lib.rs:134:21
[INFO] [stdout]   12:     0x64d27e2f8a63 - <alloc::boxed::Box<F,A> as core::ops::function::Fn<Args>>::call::h591b2225413a77e9
[INFO] [stdout]                                at /rustc/6067b36314ab5eb2eb47cecc464545ba58e1ad24/library/alloc/src/boxed.rs:2027:9
[INFO] [stdout]   13:     0x64d27e2f8a63 - std::panicking::rust_panic_with_hook::h625eea43051b2edc
[INFO] [stdout]                                at /rustc/6067b36314ab5eb2eb47cecc464545ba58e1ad24/library/std/src/panicking.rs:839:13
[INFO] [stdout]   14:     0x64d27e2f86e6 - std::panicking::begin_panic_handler::{{closure}}::h4f9159cfbc3f6bd3
[INFO] [stdout]                                at /rustc/6067b36314ab5eb2eb47cecc464545ba58e1ad24/library/std/src/panicking.rs:697:13
[INFO] [stdout]   15:     0x64d27e2f7049 - std::sys::backtrace::__rust_end_short_backtrace::h0390abce48353151
[INFO] [stdout]                                at /rustc/6067b36314ab5eb2eb47cecc464545ba58e1ad24/library/std/src/sys/backtrace.rs:168:18
[INFO] [stdout]   16:     0x64d27e2f83ad - rust_begin_unwind
[INFO] [stdout]                                at /rustc/6067b36314ab5eb2eb47cecc464545ba58e1ad24/library/std/src/panicking.rs:695:5
[INFO] [stdout]   17:     0x64d27e31cc50 - core::panicking::panic_fmt::h9e7c637e9e5f29c9
[INFO] [stdout]                                at /rustc/6067b36314ab5eb2eb47cecc464545ba58e1ad24/library/core/src/panicking.rs:75:14
[INFO] [stdout]   18:     0x64d27e31ccdc - core::panicking::panic::haa3255ea20181a33
[INFO] [stdout]                                at /rustc/6067b36314ab5eb2eb47cecc464545ba58e1ad24/library/core/src/panicking.rs:145:5
[INFO] [stdout]   19:     0x64d27e285b2f - al::do_calculate::h2875ded3f956d075
[INFO] [stdout]                                at /opt/rustwide/workdir/src/main.rs:28:15
[INFO] [stdout]   20:     0x64d27e28680a - al::calculate_result::{{closure}}::h52e3575cf1a472a4
[INFO] [stdout]                                at /opt/rustwide/workdir/src/main.rs:60:24
[INFO] [stdout]   21:     0x64d27e2846ea - core::iter::traits::iterator::Iterator::for_each::call::{{closure}}::he2ea4948d31a7345
[INFO] [stdout]                                at /rustc/6067b36314ab5eb2eb47cecc464545ba58e1ad24/library/core/src/iter/traits/iterator.rs:797:29
[INFO] [stdout]   22:     0x64d27e284476 - core::iter::traits::double_ended::DoubleEndedIterator::rfold::hca058c960d9efe9d
[INFO] [stdout]                                at /rustc/6067b36314ab5eb2eb47cecc464545ba58e1ad24/library/core/src/iter/traits/double_ended.rs:308:21
[INFO] [stdout]   23:     0x64d27e285696 - <core::iter::adapters::rev::Rev<I> as core::iter::traits::iterator::Iterator>::fold::h8d135e1fc3dff8ef
[INFO] [stdout]                                at /rustc/6067b36314ab5eb2eb47cecc464545ba58e1ad24/library/core/src/iter/adapters/rev.rs:64:9
[INFO] [stdout]   24:     0x64d27e28462a - core::iter::traits::iterator::Iterator::for_each::h5698c4f9a4c5184a
[INFO] [stdout]                                at /rustc/6067b36314ab5eb2eb47cecc464545ba58e1ad24/library/core/src/iter/traits/iterator.rs:800:9
[INFO] [stdout]   25:     0x64d27e2861a5 - al::calculate_result::h4ae4d47684347fe4
[INFO] [stdout]                                at /opt/rustwide/workdir/src/main.rs:54:5
[INFO] [stdout]   26:     0x64d27e2869c6 - al::tests::basic_arithmetic::hc84a8b051e50b7ce
[INFO] [stdout]                                at /opt/rustwide/workdir/src/main.rs:85:18
[INFO] [stdout]   27:     0x64d27e286957 - al::tests::basic_arithmetic::{{closure}}::h4582c3a95cda3c31
[INFO] [stdout]                                at /opt/rustwide/workdir/src/main.rs:77:26
[INFO] [stdout]   28:     0x64d27e280396 - core::ops::function::FnOnce::call_once::h597452d558911524
[INFO] [stdout]                                at /rustc/6067b36314ab5eb2eb47cecc464545ba58e1ad24/library/core/src/ops/function.rs:250:5
[INFO] [stdout]   29:     0x64d27e2c62fb - core::ops::function::FnOnce::call_once::he27718dfdd183f43
[INFO] [stdout]                                at /rustc/6067b36314ab5eb2eb47cecc464545ba58e1ad24/library/core/src/ops/function.rs:250:5
[INFO] [stdout]   30:     0x64d27e2c62fb - test::__rust_begin_short_backtrace::h4e84902998457a5d
[INFO] [stdout]                                at /rustc/6067b36314ab5eb2eb47cecc464545ba58e1ad24/library/test/src/lib.rs:632:18
[INFO] [stdout]   31:     0x64d27e2c5233 - test::run_test_in_process::{{closure}}::h7176fd18fc1feca0
[INFO] [stdout]                                at /rustc/6067b36314ab5eb2eb47cecc464545ba58e1ad24/library/test/src/lib.rs:655:60
[INFO] [stdout]   32:     0x64d27e2c5233 - <core::panic::unwind_safe::AssertUnwindSafe<F> as core::ops::function::FnOnce<()>>::call_once::hf79cff2a624d8cf7
[INFO] [stdout]                                at /rustc/6067b36314ab5eb2eb47cecc464545ba58e1ad24/library/core/src/panic/unwind_safe.rs:272:9
[INFO] [stdout]   33:     0x64d27e2c5233 - std::panicking::try::do_call::h3da0561d9ab99c25
[INFO] [stdout]                                at /rustc/6067b36314ab5eb2eb47cecc464545ba58e1ad24/library/std/src/panicking.rs:587:40
[INFO] [stdout]   34:     0x64d27e2c5233 - std::panicking::try::h41c9fa508bc61df6
[INFO] [stdout]                                at /rustc/6067b36314ab5eb2eb47cecc464545ba58e1ad24/library/std/src/panicking.rs:550:19
[INFO] [stdout]   35:     0x64d27e2c5233 - std::panic::catch_unwind::h6b3ff07bb5afad93
[INFO] [stdout]                                at /rustc/6067b36314ab5eb2eb47cecc464545ba58e1ad24/library/std/src/panic.rs:358:14
[INFO] [stdout]   36:     0x64d27e2c5233 - test::run_test_in_process::hc7253dd11b39b9f4
[INFO] [stdout]                                at /rustc/6067b36314ab5eb2eb47cecc464545ba58e1ad24/library/test/src/lib.rs:655:27
[INFO] [stdout]   37:     0x64d27e2c5233 - test::run_test::{{closure}}::hfb2007f8649c30bb
[INFO] [stdout]                                at /rustc/6067b36314ab5eb2eb47cecc464545ba58e1ad24/library/test/src/lib.rs:576:43
[INFO] [stdout]   38:     0x64d27e288315 - test::run_test::{{closure}}::h56a17aa7a282a9f4
[INFO] [stdout]                                at /rustc/6067b36314ab5eb2eb47cecc464545ba58e1ad24/library/test/src/lib.rs:606:41
[INFO] [stdout]   39:     0x64d27e288315 - std::sys::backtrace::__rust_begin_short_backtrace::hd2d2d2fb8e8c6aac
[INFO] [stdout]                                at /rustc/6067b36314ab5eb2eb47cecc464545ba58e1ad24/library/std/src/sys/backtrace.rs:152:18
[INFO] [stdout]   40:     0x64d27e28bbfa - std::thread::Builder::spawn_unchecked_::{{closure}}::{{closure}}::h4faa3f9db6133423
[INFO] [stdout]                                at /rustc/6067b36314ab5eb2eb47cecc464545ba58e1ad24/library/std/src/thread/mod.rs:559:17
[INFO] [stdout]   41:     0x64d27e28bbfa - <core::panic::unwind_safe::AssertUnwindSafe<F> as core::ops::function::FnOnce<()>>::call_once::hf2e855a36a4ea846
[INFO] [stdout]                                at /rustc/6067b36314ab5eb2eb47cecc464545ba58e1ad24/library/core/src/panic/unwind_safe.rs:272:9
[INFO] [stdout]   42:     0x64d27e28bbfa - std::panicking::try::do_call::h2f73af3616c35465
[INFO] [stdout]                                at /rustc/6067b36314ab5eb2eb47cecc464545ba58e1ad24/library/std/src/panicking.rs:587:40
[INFO] [stdout]   43:     0x64d27e28bbfa - std::panicking::try::hd1660ce9efadef5a
[INFO] [stdout]                                at /rustc/6067b36314ab5eb2eb47cecc464545ba58e1ad24/library/std/src/panicking.rs:550:19
[INFO] [stdout]   44:     0x64d27e28bbfa - std::panic::catch_unwind::h5ee8d7823b8ca744
[INFO] [stdout]                                at /rustc/6067b36314ab5eb2eb47cecc464545ba58e1ad24/library/std/src/panic.rs:358:14
[INFO] [stdout]   45:     0x64d27e28bbfa - std::thread::Builder::spawn_unchecked_::{{closure}}::h53c3a1894dce8407
[INFO] [stdout]                                at /rustc/6067b36314ab5eb2eb47cecc464545ba58e1ad24/library/std/src/thread/mod.rs:557:30
[INFO] [stdout]   46:     0x64d27e28bbfa - core::ops::function::FnOnce::call_once{{vtable.shim}}::h048ce291ad4f62bf
[INFO] [stdout]                                at /rustc/6067b36314ab5eb2eb47cecc464545ba58e1ad24/library/core/src/ops/function.rs:250:5
[INFO] [stdout]   47:     0x64d27e2fc99b - <alloc::boxed::Box<F,A> as core::ops::function::FnOnce<Args>>::call_once::ha52bedf99a3b4981
[INFO] [stdout]                                at /rustc/6067b36314ab5eb2eb47cecc464545ba58e1ad24/library/alloc/src/boxed.rs:2013:9
[INFO] [stdout]   48:     0x64d27e2fc99b - <alloc::boxed::Box<F,A> as core::ops::function::FnOnce<Args>>::call_once::h567748934d80ccf8
[INFO] [stdout]                                at /rustc/6067b36314ab5eb2eb47cecc464545ba58e1ad24/library/alloc/src/boxed.rs:2013:9
[INFO] [stdout]   49:     0x64d27e2fc99b - std::sys::pal::unix::thread::Thread::new::thread_start::h2d970728ae887adc
[INFO] [stdout]                                at /rustc/6067b36314ab5eb2eb47cecc464545ba58e1ad24/library/std/src/sys/pal/unix/thread.rs:106:17
[INFO] [stdout]   50:     0x7d84acc62ac3 - <unknown>
[INFO] [stdout]   51:     0x7d84accf3a04 - clone
[INFO] [stdout]   52:                0x0 - <unknown>
[INFO] [stdout] 
[INFO] [stdout] 
[INFO] [stdout] failures:
[INFO] [stdout]     tests::basic_arithmetic
[INFO] [stdout] 
[INFO] [stdout] test result: FAILED. 1 passed; 1 failed; 0 ignored; 0 measured; 0 filtered out; finished in 0.03s
[INFO] [stdout] 
[INFO] [stderr] error: test failed, to rerun pass `--bin al`
[INFO] running `Command { std: "docker" "inspect" "769a88cc0e21749e3d1a23262706a1f94c664a10bdbd65568415c92dc5af21ee", kill_on_drop: false }`
[INFO] running `Command { std: "docker" "rm" "-f" "769a88cc0e21749e3d1a23262706a1f94c664a10bdbd65568415c92dc5af21ee", kill_on_drop: false }`
[INFO] [stdout] 769a88cc0e21749e3d1a23262706a1f94c664a10bdbd65568415c92dc5af21ee
