[INFO] cloning repository https://github.com/mccurdyc/gossip-glomers
[INFO] running `Command { std: "git" "-c" "credential.helper=" "-c" "credential.helper=/workspace/cargo-home/bin/git-credential-null" "clone" "--bare" "https://github.com/mccurdyc/gossip-glomers" "/workspace/cache/git-repos/https%3A%2F%2Fgithub.com%2Fmccurdyc%2Fgossip-glomers", kill_on_drop: false }`
[INFO] [stderr] Cloning into bare repository '/workspace/cache/git-repos/https%3A%2F%2Fgithub.com%2Fmccurdyc%2Fgossip-glomers'...
[INFO] running `Command { std: "git" "rev-parse" "HEAD", kill_on_drop: false }`
[INFO] [stdout] a3149f98462d15743228931212b52cbbd6d2f366
[INFO] testing mccurdyc/gossip-glomers against nightly-2025-01-18 for randomize-layout-2
[INFO] running `Command { std: "git" "clone" "/workspace/cache/git-repos/https%3A%2F%2Fgithub.com%2Fmccurdyc%2Fgossip-glomers" "/workspace/builds/worker-6-tc1/source", kill_on_drop: false }`
[INFO] [stderr] Cloning into '/workspace/builds/worker-6-tc1/source'...
[INFO] [stderr] done.
[INFO] validating manifest of git repo https://github.com/mccurdyc/gossip-glomers on toolchain nightly-2025-01-18
[INFO] running `Command { std: CARGO_HOME="/workspace/cargo-home" RUSTUP_HOME="/workspace/rustup-home" "/workspace/cargo-home/bin/cargo" "+nightly-2025-01-18" "metadata" "--manifest-path" "Cargo.toml" "--no-deps", kill_on_drop: false }`
[INFO] started tweaking git repo https://github.com/mccurdyc/gossip-glomers
[INFO] finished tweaking git repo https://github.com/mccurdyc/gossip-glomers
[INFO] tweaked toml for git repo https://github.com/mccurdyc/gossip-glomers written to /workspace/builds/worker-6-tc1/source/Cargo.toml
[INFO] crate git repo https://github.com/mccurdyc/gossip-glomers already has a lockfile, it will not be regenerated
[INFO] running `Command { std: CARGO_HOME="/workspace/cargo-home" RUSTUP_HOME="/workspace/rustup-home" "/workspace/cargo-home/bin/cargo" "+nightly-2025-01-18" "fetch" "--manifest-path" "Cargo.toml", kill_on_drop: false }`
[INFO] running `Command { std: "docker" "create" "-v" "/var/lib/crater-agent-workspace/builds/worker-6-tc1/target:/opt/rustwide/target:rw,Z" "-v" "/var/lib/crater-agent-workspace/builds/worker-6-tc1/source:/opt/rustwide/workdir:ro,Z" "-v" "/var/lib/crater-agent-workspace/cargo-home:/opt/rustwide/cargo-home:ro,Z" "-v" "/var/lib/crater-agent-workspace/rustup-home:/opt/rustwide/rustup-home:ro,Z" "-e" "SOURCE_DIR=/opt/rustwide/workdir" "-e" "CARGO_TARGET_DIR=/opt/rustwide/target" "-e" "CARGO_HOME=/opt/rustwide/cargo-home" "-e" "RUSTUP_HOME=/opt/rustwide/rustup-home" "-w" "/opt/rustwide/workdir" "-m" "1610612736" "--user" "0:0" "--network" "none" "ghcr.io/rust-lang/crates-build-env/linux@sha256:819108c5571ea2e421544af4d832f968d213c87fbe3707a016657f43d2f853bc" "/opt/rustwide/cargo-home/bin/cargo" "+nightly-2025-01-18" "metadata" "--no-deps" "--format-version=1", kill_on_drop: false }`
[INFO] [stdout] 584cf69578e807b544bc99670bd403c5fcf4528951457f7701509adfaf86bd37
[INFO] running `Command { std: "docker" "start" "-a" "584cf69578e807b544bc99670bd403c5fcf4528951457f7701509adfaf86bd37", kill_on_drop: false }`
[INFO] running `Command { std: "docker" "inspect" "584cf69578e807b544bc99670bd403c5fcf4528951457f7701509adfaf86bd37", kill_on_drop: false }`
[INFO] running `Command { std: "docker" "rm" "-f" "584cf69578e807b544bc99670bd403c5fcf4528951457f7701509adfaf86bd37", kill_on_drop: false }`
[INFO] [stdout] 584cf69578e807b544bc99670bd403c5fcf4528951457f7701509adfaf86bd37
[INFO] running `Command { std: "docker" "create" "-v" "/var/lib/crater-agent-workspace/builds/worker-6-tc1/target:/opt/rustwide/target:rw,Z" "-v" "/var/lib/crater-agent-workspace/builds/worker-6-tc1/source:/opt/rustwide/workdir:ro,Z" "-v" "/var/lib/crater-agent-workspace/cargo-home:/opt/rustwide/cargo-home:ro,Z" "-v" "/var/lib/crater-agent-workspace/rustup-home:/opt/rustwide/rustup-home:ro,Z" "-e" "SOURCE_DIR=/opt/rustwide/workdir" "-e" "CARGO_TARGET_DIR=/opt/rustwide/target" "-e" "CARGO_INCREMENTAL=0" "-e" "RUST_BACKTRACE=full" "-e" "RUSTFLAGS=--cap-lints=forbid" "-e" "RUSTDOCFLAGS=--cap-lints=forbid" "-e" "CARGO_HOME=/opt/rustwide/cargo-home" "-e" "RUSTUP_HOME=/opt/rustwide/rustup-home" "-w" "/opt/rustwide/workdir" "-m" "1610612736" "--user" "0:0" "--network" "none" "ghcr.io/rust-lang/crates-build-env/linux@sha256:819108c5571ea2e421544af4d832f968d213c87fbe3707a016657f43d2f853bc" "/opt/rustwide/cargo-home/bin/cargo" "+nightly-2025-01-18" "build" "--frozen" "--message-format=json", kill_on_drop: false }`
[INFO] [stdout] 915227d52e50ac15aa4f062f610bdd157abec2b7f1a1909232f3b9eb9d43af1c
[INFO] running `Command { std: "docker" "start" "-a" "915227d52e50ac15aa4f062f610bdd157abec2b7f1a1909232f3b9eb9d43af1c", kill_on_drop: false }`
[INFO] [stderr]    Compiling proc-macro2 v1.0.86
[INFO] [stderr]    Compiling once_cell v1.19.0
[INFO] [stderr]    Compiling fnv v1.0.7
[INFO] [stderr]    Compiling ident_case v1.0.1
[INFO] [stderr]    Compiling serde v1.0.209
[INFO] [stderr]    Compiling utf8parse v0.2.2
[INFO] [stderr]    Compiling anstyle v1.0.8
[INFO] [stderr]    Compiling anstyle-query v1.1.1
[INFO] [stderr]    Compiling rustix v0.38.37
[INFO] [stderr]    Compiling colorchoice v1.0.2
[INFO] [stderr]    Compiling is_terminal_polyfill v1.70.1
[INFO] [stderr]    Compiling libc v0.2.158
[INFO] [stderr]    Compiling overload v0.1.1
[INFO] [stderr]    Compiling bitflags v2.6.0
[INFO] [stderr]    Compiling clap_lex v0.7.2
[INFO] [stderr]    Compiling serde_json v1.0.127
[INFO] [stderr]    Compiling anstyle-parse v0.2.5
[INFO] [stderr]    Compiling linux-raw-sys v0.4.14
[INFO] [stderr]    Compiling anyhow v1.0.86
[INFO] [stderr]    Compiling lazy_static v1.5.0
[INFO] [stderr]    Compiling log v0.4.22
[INFO] [stderr]    Compiling nu-ansi-term v0.46.0
[INFO] [stderr]    Compiling smallvec v1.13.2
[INFO] [stderr]    Compiling tracing-core v0.1.32
[INFO] [stderr]    Compiling thread_local v1.1.8
[INFO] [stderr]    Compiling sharded-slab v0.1.7
[INFO] [stderr]    Compiling anstream v0.6.15
[INFO] [stderr]    Compiling memchr v2.7.4
[INFO] [stderr]    Compiling pin-project-lite v0.2.14
[INFO] [stderr]    Compiling fastrand v2.1.1
[INFO] [stderr]    Compiling cpufeatures v0.2.13
[INFO] [stderr]    Compiling sha2 v0.10.8
[INFO] [stderr]    Compiling clap_builder v4.5.15
[INFO] [stderr]    Compiling tracing-log v0.2.0
[INFO] [stderr]    Compiling quote v1.0.37
[INFO] [stderr]    Compiling tracing-subscriber v0.3.18
[INFO] [stderr]    Compiling syn v2.0.76
[INFO] [stderr]    Compiling fs2 v0.4.3
[INFO] [stderr]    Compiling tempfile v3.12.0
[INFO] [stderr]    Compiling darling_core v0.20.10
[INFO] [stderr]    Compiling serde_derive v1.0.209
[INFO] [stderr]    Compiling clap_derive v4.5.13
[INFO] [stderr]    Compiling tracing-attributes v0.1.27
[INFO] [stderr]    Compiling tracing v0.1.40
[INFO] [stderr]    Compiling clap v4.5.16
[INFO] [stderr]    Compiling darling_macro v0.20.10
[INFO] [stderr]    Compiling darling v0.20.10
[INFO] [stderr]    Compiling serde_with_macros v3.9.0
[INFO] [stderr]    Compiling serde_with v3.9.0
[INFO] [stderr]    Compiling app v0.1.0 (/opt/rustwide/workdir)
[INFO] [stdout] warning: a method with this name may be added to the standard library in the future
[INFO] [stdout]    --> src/store.rs:114:19
[INFO] [stdout]     |
[INFO] [stdout] 114 |         self.file.unlock()?;
[INFO] [stdout]     |                   ^^^^^^
[INFO] [stdout]     |
[INFO] [stdout]     = warning: once this associated item is added to the standard library, the ambiguity may cause an error or change in behavior!
[INFO] [stdout]     = note: for more information, see issue #48919 <https://github.com/rust-lang/rust/issues/48919>
[INFO] [stdout]     = help: call with fully qualified syntax `unlock(...)` to keep using the current method
[INFO] [stdout]     = note: `#[warn(unstable_name_collisions)]` on by default
[INFO] [stdout] help: add `#![feature(file_lock)]` to the crate attributes to enable `File::unlock`
[INFO] [stdout]    --> src/lib.rs:1:1
[INFO] [stdout]     |
[INFO] [stdout] 1   + #![feature(file_lock)]
[INFO] [stdout]     |
[INFO] [stdout] 
[INFO] [stdout] 
[INFO] [stdout] warning: a method with this name may be added to the standard library in the future
[INFO] [stdout]    --> src/store.rs:122:19
[INFO] [stdout]     |
[INFO] [stdout] 122 |         self.file.unlock()?;
[INFO] [stdout]     |                   ^^^^^^
[INFO] [stdout]     |
[INFO] [stdout]     = warning: once this associated item is added to the standard library, the ambiguity may cause an error or change in behavior!
[INFO] [stdout]     = note: for more information, see issue #48919 <https://github.com/rust-lang/rust/issues/48919>
[INFO] [stdout]     = help: call with fully qualified syntax `unlock(...)` to keep using the current method
[INFO] [stdout] help: add `#![feature(file_lock)]` to the crate attributes to enable `File::unlock`
[INFO] [stdout]    --> src/lib.rs:1:1
[INFO] [stdout]     |
[INFO] [stdout] 1   + #![feature(file_lock)]
[INFO] [stdout]     |
[INFO] [stdout] 
[INFO] [stdout] 
[INFO] [stdout] warning: a method with this name may be added to the standard library in the future
[INFO] [stdout]    --> src/store.rs:130:19
[INFO] [stdout]     |
[INFO] [stdout] 130 |         self.file.unlock()?;
[INFO] [stdout]     |                   ^^^^^^
[INFO] [stdout]     |
[INFO] [stdout]     = warning: once this associated item is added to the standard library, the ambiguity may cause an error or change in behavior!
[INFO] [stdout]     = note: for more information, see issue #48919 <https://github.com/rust-lang/rust/issues/48919>
[INFO] [stdout]     = help: call with fully qualified syntax `unlock(...)` to keep using the current method
[INFO] [stdout] help: add `#![feature(file_lock)]` to the crate attributes to enable `File::unlock`
[INFO] [stdout]    --> src/lib.rs:1:1
[INFO] [stdout]     |
[INFO] [stdout] 1   + #![feature(file_lock)]
[INFO] [stdout]     |
[INFO] [stdout] 
[INFO] [stdout] 
[INFO] [stderr]     Finished `dev` profile [unoptimized + debuginfo] target(s) in 18.45s
[INFO] running `Command { std: "docker" "inspect" "915227d52e50ac15aa4f062f610bdd157abec2b7f1a1909232f3b9eb9d43af1c", kill_on_drop: false }`
[INFO] running `Command { std: "docker" "rm" "-f" "915227d52e50ac15aa4f062f610bdd157abec2b7f1a1909232f3b9eb9d43af1c", kill_on_drop: false }`
[INFO] [stdout] 915227d52e50ac15aa4f062f610bdd157abec2b7f1a1909232f3b9eb9d43af1c
[INFO] running `Command { std: "docker" "create" "-v" "/var/lib/crater-agent-workspace/builds/worker-6-tc1/target:/opt/rustwide/target:rw,Z" "-v" "/var/lib/crater-agent-workspace/builds/worker-6-tc1/source:/opt/rustwide/workdir:ro,Z" "-v" "/var/lib/crater-agent-workspace/cargo-home:/opt/rustwide/cargo-home:ro,Z" "-v" "/var/lib/crater-agent-workspace/rustup-home:/opt/rustwide/rustup-home:ro,Z" "-e" "SOURCE_DIR=/opt/rustwide/workdir" "-e" "CARGO_TARGET_DIR=/opt/rustwide/target" "-e" "CARGO_INCREMENTAL=0" "-e" "RUST_BACKTRACE=full" "-e" "RUSTFLAGS=--cap-lints=forbid" "-e" "RUSTDOCFLAGS=--cap-lints=forbid" "-e" "CARGO_HOME=/opt/rustwide/cargo-home" "-e" "RUSTUP_HOME=/opt/rustwide/rustup-home" "-w" "/opt/rustwide/workdir" "-m" "1610612736" "--user" "0:0" "--network" "none" "ghcr.io/rust-lang/crates-build-env/linux@sha256:819108c5571ea2e421544af4d832f968d213c87fbe3707a016657f43d2f853bc" "/opt/rustwide/cargo-home/bin/cargo" "+nightly-2025-01-18" "test" "--frozen" "--no-run" "--message-format=json", kill_on_drop: false }`
[INFO] [stdout] 734f9f1e9b9ce1e55a9326147df245328cb65ab66465486348b27b04278cc32c
[INFO] running `Command { std: "docker" "start" "-a" "734f9f1e9b9ce1e55a9326147df245328cb65ab66465486348b27b04278cc32c", kill_on_drop: false }`
[INFO] [stderr]    Compiling app v0.1.0 (/opt/rustwide/workdir)
[INFO] [stdout] warning: a method with this name may be added to the standard library in the future
[INFO] [stdout]    --> src/store.rs:114:19
[INFO] [stdout]     |
[INFO] [stdout] 114 |         self.file.unlock()?;
[INFO] [stdout]     |                   ^^^^^^
[INFO] [stdout]     |
[INFO] [stdout]     = warning: once this associated item is added to the standard library, the ambiguity may cause an error or change in behavior!
[INFO] [stdout]     = note: for more information, see issue #48919 <https://github.com/rust-lang/rust/issues/48919>
[INFO] [stdout]     = help: call with fully qualified syntax `unlock(...)` to keep using the current method
[INFO] [stdout]     = note: `#[warn(unstable_name_collisions)]` on by default
[INFO] [stdout] help: add `#![feature(file_lock)]` to the crate attributes to enable `File::unlock`
[INFO] [stdout]    --> src/lib.rs:1:1
[INFO] [stdout]     |
[INFO] [stdout] 1   + #![feature(file_lock)]
[INFO] [stdout]     |
[INFO] [stdout] 
[INFO] [stdout] 
[INFO] [stdout] warning: a method with this name may be added to the standard library in the future
[INFO] [stdout]    --> src/store.rs:122:19
[INFO] [stdout]     |
[INFO] [stdout] 122 |         self.file.unlock()?;
[INFO] [stdout]     |                   ^^^^^^
[INFO] [stdout]     |
[INFO] [stdout]     = warning: once this associated item is added to the standard library, the ambiguity may cause an error or change in behavior!
[INFO] [stdout]     = note: for more information, see issue #48919 <https://github.com/rust-lang/rust/issues/48919>
[INFO] [stdout]     = help: call with fully qualified syntax `unlock(...)` to keep using the current method
[INFO] [stdout] help: add `#![feature(file_lock)]` to the crate attributes to enable `File::unlock`
[INFO] [stdout]    --> src/lib.rs:1:1
[INFO] [stdout]     |
[INFO] [stdout] 1   + #![feature(file_lock)]
[INFO] [stdout]     |
[INFO] [stdout] 
[INFO] [stdout] 
[INFO] [stdout] warning: a method with this name may be added to the standard library in the future
[INFO] [stdout]    --> src/store.rs:130:19
[INFO] [stdout]     |
[INFO] [stdout] 130 |         self.file.unlock()?;
[INFO] [stdout]     |                   ^^^^^^
[INFO] [stdout]     |
[INFO] [stdout]     = warning: once this associated item is added to the standard library, the ambiguity may cause an error or change in behavior!
[INFO] [stdout]     = note: for more information, see issue #48919 <https://github.com/rust-lang/rust/issues/48919>
[INFO] [stdout]     = help: call with fully qualified syntax `unlock(...)` to keep using the current method
[INFO] [stdout] help: add `#![feature(file_lock)]` to the crate attributes to enable `File::unlock`
[INFO] [stdout]    --> src/lib.rs:1:1
[INFO] [stdout]     |
[INFO] [stdout] 1   + #![feature(file_lock)]
[INFO] [stdout]     |
[INFO] [stdout] 
[INFO] [stdout] 
[INFO] [stdout] warning: a method with this name may be added to the standard library in the future
[INFO] [stdout]    --> src/store.rs:114:19
[INFO] [stdout]     |
[INFO] [stdout] 114 |         self.file.unlock()?;
[INFO] [stdout]     |                   ^^^^^^
[INFO] [stdout]     |
[INFO] [stdout]     = warning: once this associated item is added to the standard library, the ambiguity may cause an error or change in behavior!
[INFO] [stdout]     = note: for more information, see issue #48919 <https://github.com/rust-lang/rust/issues/48919>
[INFO] [stdout]     = help: call with fully qualified syntax `unlock(...)` to keep using the current method
[INFO] [stdout]     = note: `#[warn(unstable_name_collisions)]` on by default
[INFO] [stdout] help: add `#![feature(file_lock)]` to the crate attributes to enable `File::unlock`
[INFO] [stdout]    --> src/lib.rs:1:1
[INFO] [stdout]     |
[INFO] [stdout] 1   + #![feature(file_lock)]
[INFO] [stdout]     |
[INFO] [stdout] 
[INFO] [stdout] 
[INFO] [stdout] warning: a method with this name may be added to the standard library in the future
[INFO] [stdout]    --> src/store.rs:122:19
[INFO] [stdout]     |
[INFO] [stdout] 122 |         self.file.unlock()?;
[INFO] [stdout]     |                   ^^^^^^
[INFO] [stdout]     |
[INFO] [stdout]     = warning: once this associated item is added to the standard library, the ambiguity may cause an error or change in behavior!
[INFO] [stdout]     = note: for more information, see issue #48919 <https://github.com/rust-lang/rust/issues/48919>
[INFO] [stdout]     = help: call with fully qualified syntax `unlock(...)` to keep using the current method
[INFO] [stdout] help: add `#![feature(file_lock)]` to the crate attributes to enable `File::unlock`
[INFO] [stdout]    --> src/lib.rs:1:1
[INFO] [stdout]     |
[INFO] [stdout] 1   + #![feature(file_lock)]
[INFO] [stdout]     |
[INFO] [stdout] 
[INFO] [stdout] 
[INFO] [stdout] warning: a method with this name may be added to the standard library in the future
[INFO] [stdout]    --> src/store.rs:130:19
[INFO] [stdout]     |
[INFO] [stdout] 130 |         self.file.unlock()?;
[INFO] [stdout]     |                   ^^^^^^
[INFO] [stdout]     |
[INFO] [stdout]     = warning: once this associated item is added to the standard library, the ambiguity may cause an error or change in behavior!
[INFO] [stdout]     = note: for more information, see issue #48919 <https://github.com/rust-lang/rust/issues/48919>
[INFO] [stdout]     = help: call with fully qualified syntax `unlock(...)` to keep using the current method
[INFO] [stdout] help: add `#![feature(file_lock)]` to the crate attributes to enable `File::unlock`
[INFO] [stdout]    --> src/lib.rs:1:1
[INFO] [stdout]     |
[INFO] [stdout] 1   + #![feature(file_lock)]
[INFO] [stdout]     |
[INFO] [stdout] 
[INFO] [stdout] 
[INFO] [stderr]     Finished `test` profile [unoptimized + debuginfo] target(s) in 1.22s
[INFO] running `Command { std: "docker" "inspect" "734f9f1e9b9ce1e55a9326147df245328cb65ab66465486348b27b04278cc32c", kill_on_drop: false }`
[INFO] running `Command { std: "docker" "rm" "-f" "734f9f1e9b9ce1e55a9326147df245328cb65ab66465486348b27b04278cc32c", kill_on_drop: false }`
[INFO] [stdout] 734f9f1e9b9ce1e55a9326147df245328cb65ab66465486348b27b04278cc32c
[INFO] running `Command { std: "docker" "create" "-v" "/var/lib/crater-agent-workspace/builds/worker-6-tc1/target:/opt/rustwide/target:rw,Z" "-v" "/var/lib/crater-agent-workspace/builds/worker-6-tc1/source:/opt/rustwide/workdir:ro,Z" "-v" "/var/lib/crater-agent-workspace/cargo-home:/opt/rustwide/cargo-home:ro,Z" "-v" "/var/lib/crater-agent-workspace/rustup-home:/opt/rustwide/rustup-home:ro,Z" "-e" "SOURCE_DIR=/opt/rustwide/workdir" "-e" "CARGO_TARGET_DIR=/opt/rustwide/target" "-e" "CARGO_INCREMENTAL=0" "-e" "RUST_BACKTRACE=full" "-e" "RUSTFLAGS=--cap-lints=forbid" "-e" "RUSTDOCFLAGS=--cap-lints=forbid" "-e" "CARGO_HOME=/opt/rustwide/cargo-home" "-e" "RUSTUP_HOME=/opt/rustwide/rustup-home" "-w" "/opt/rustwide/workdir" "-m" "1610612736" "--user" "0:0" "--network" "none" "ghcr.io/rust-lang/crates-build-env/linux@sha256:819108c5571ea2e421544af4d832f968d213c87fbe3707a016657f43d2f853bc" "/opt/rustwide/cargo-home/bin/cargo" "+nightly-2025-01-18" "test" "--frozen", kill_on_drop: false }`
[INFO] [stdout] 26f86ed864cbbbfef9f1840d20183edbd6d69efae2cc2656ca9acb3fb8363a62
[INFO] running `Command { std: "docker" "start" "-a" "26f86ed864cbbbfef9f1840d20183edbd6d69efae2cc2656ca9acb3fb8363a62", kill_on_drop: false }`
[INFO] [stderr] warning: a method with this name may be added to the standard library in the future
[INFO] [stderr]    --> src/store.rs:114:19
[INFO] [stderr]     |
[INFO] [stderr] 114 |         self.file.unlock()?;
[INFO] [stderr]     |                   ^^^^^^
[INFO] [stderr]     |
[INFO] [stderr]     = warning: once this associated item is added to the standard library, the ambiguity may cause an error or change in behavior!
[INFO] [stderr]     = note: for more information, see issue #48919 <https://github.com/rust-lang/rust/issues/48919>
[INFO] [stderr]     = help: call with fully qualified syntax `unlock(...)` to keep using the current method
[INFO] [stderr]     = note: `#[warn(unstable_name_collisions)]` on by default
[INFO] [stderr] help: add `#![feature(file_lock)]` to the crate attributes to enable `File::unlock`
[INFO] [stderr]    --> src/lib.rs:1:1
[INFO] [stderr]     |
[INFO] [stderr] 1   + #![feature(file_lock)]
[INFO] [stderr]     |
[INFO] [stderr] 
[INFO] [stderr] warning: a method with this name may be added to the standard library in the future
[INFO] [stderr]    --> src/store.rs:122:19
[INFO] [stderr]     |
[INFO] [stderr] 122 |         self.file.unlock()?;
[INFO] [stderr]     |                   ^^^^^^
[INFO] [stderr]     |
[INFO] [stderr]     = warning: once this associated item is added to the standard library, the ambiguity may cause an error or change in behavior!
[INFO] [stderr]     = note: for more information, see issue #48919 <https://github.com/rust-lang/rust/issues/48919>
[INFO] [stderr]     = help: call with fully qualified syntax `unlock(...)` to keep using the current method
[INFO] [stderr] help: add `#![feature(file_lock)]` to the crate attributes to enable `File::unlock`
[INFO] [stderr]    --> src/lib.rs:1:1
[INFO] [stderr]     |
[INFO] [stderr] 1   + #![feature(file_lock)]
[INFO] [stderr]     |
[INFO] [stderr] 
[INFO] [stderr] warning: a method with this name may be added to the standard library in the future
[INFO] [stderr]    --> src/store.rs:130:19
[INFO] [stderr]     |
[INFO] [stderr] 130 |         self.file.unlock()?;
[INFO] [stderr]     |                   ^^^^^^
[INFO] [stderr]     |
[INFO] [stderr]     = warning: once this associated item is added to the standard library, the ambiguity may cause an error or change in behavior!
[INFO] [stderr]     = note: for more information, see issue #48919 <https://github.com/rust-lang/rust/issues/48919>
[INFO] [stderr]     = help: call with fully qualified syntax `unlock(...)` to keep using the current method
[INFO] [stderr] help: add `#![feature(file_lock)]` to the crate attributes to enable `File::unlock`
[INFO] [stderr]    --> src/lib.rs:1:1
[INFO] [stderr]     |
[INFO] [stderr] 1   + #![feature(file_lock)]
[INFO] [stderr]     |
[INFO] [stderr] 
[INFO] [stderr] warning: `app` (lib) generated 3 warnings
[INFO] [stderr] warning: `app` (lib test) generated 3 warnings (3 duplicates)
[INFO] [stderr]     Finished `test` profile [unoptimized + debuginfo] target(s) in 0.09s
[INFO] [stderr]      Running unittests src/lib.rs (/opt/rustwide/target/debug/deps/app-443f90810ea14f29)
[INFO] [stdout] 
[INFO] [stdout] running 0 tests
[INFO] [stdout] 
[INFO] [stdout] test result: ok. 0 passed; 0 failed; 0 ignored; 0 measured; 0 filtered out; finished in 0.00s
[INFO] [stdout] 
[INFO] [stderr]      Running unittests src/bin/broadcast/main.rs (/opt/rustwide/target/debug/deps/broadcast-fd1cec08181d9f0f)
[INFO] [stdout] 
[INFO] [stdout] running 0 tests
[INFO] [stdout] 
[INFO] [stdout] test result: ok. 0 passed; 0 failed; 0 ignored; 0 measured; 0 filtered out; finished in 0.00s
[INFO] [stdout] 
[INFO] [stderr]      Running unittests src/bin/counter/main.rs (/opt/rustwide/target/debug/deps/counter-cf61ad740da7f89b)
[INFO] [stdout] 
[INFO] [stdout] running 0 tests
[INFO] [stdout] 
[INFO] [stdout] test result: ok. 0 passed; 0 failed; 0 ignored; 0 measured; 0 filtered out; finished in 0.00s
[INFO] [stdout] 
[INFO] [stderr]      Running unittests src/bin/echo/main.rs (/opt/rustwide/target/debug/deps/echo-f1ba97f5c3ac320f)
[INFO] [stdout] 
[INFO] [stdout] running 0 tests
[INFO] [stdout] 
[INFO] [stdout] test result: ok. 0 passed; 0 failed; 0 ignored; 0 measured; 0 filtered out; finished in 0.00s
[INFO] [stdout] 
[INFO] [stderr]      Running unittests src/bin/unique-id/main.rs (/opt/rustwide/target/debug/deps/unique-540daab191181a60)
[INFO] [stdout] 
[INFO] [stdout] running 0 tests
[INFO] [stdout] 
[INFO] [stdout] test result: ok. 0 passed; 0 failed; 0 ignored; 0 measured; 0 filtered out; finished in 0.00s
[INFO] [stdout] 
[INFO] [stderr]      Running tests/run.rs (/opt/rustwide/target/debug/deps/run-bdc1e45978eb18a1)
[INFO] [stdout] 
[INFO] [stdout] running 5 tests
[INFO] [stdout] test tests::unique ... ok
[INFO] [stderr] [2m2025-01-20T16:30:06.652004Z[0m [32m INFO[0m [2mrun::tests[0m[2m:[0m TEST: "one"
[INFO] [stderr] [2m2025-01-20T16:30:06.652166Z[0m [32m INFO[0m [2mapp::broadcast[0m[2m:[0m << output: "{\"src\":\"n1\",\"dest\":\"c1\",\"body\":{\"type\":\"broadcast_ok\",\"in_reply_to\":1}}\n"
[INFO] [stderr] [2m2025-01-20T16:30:06.652200Z[0m [32m INFO[0m [2mrun::tests[0m[2m:[0m TEST: "two"
[INFO] [stderr] [2m2025-01-20T16:30:06.652195Z[0m [32m INFO[0m [2mapp::unique[0m[2m:[0m >> input: Unique(Payload { src: "c1", dest: "n1", body: ReqBody { typ: "generate", msg_id: 1 } })
[INFO] [stderr] [2m2025-01-20T16:30:06.652279Z[0m [32m INFO[0m [2mapp::broadcast[0m[2m:[0m << output: "{\"src\":\"n1\",\"dest\":\"c1\",\"body\":{\"type\":\"read_ok\",\"in_reply_to\":100,\"messages\":[1,2,3]}}\n"
[INFO] [stderr] [2m2025-01-20T16:30:06.652278Z[0m [32m INFO[0m [2mapp::unique[0m[2m:[0m << output: "{\"src\":\"n1\",\"dest\":\"c1\",\"body\":{\"type\":\"generate_ok\",\"msg_id\":1,\"in_reply_to\":1,\"id\":\"979f89fa9ea19c49f86ff60ea893db2d66df54d8bba01bd024ca2b837d731c6a\"}}\n"
[INFO] [stderr] [2m2025-01-20T16:30:06.652301Z[0m [32m INFO[0m [2mrun::tests[0m[2m:[0m TEST: "three"
[INFO] [stderr] [2m2025-01-20T16:30:06.652289Z[0m [32m INFO[0m [2mapp::counter[0m[2m:[0m >> input: Read(ReadPayload { src: "c1", dest: "n1", body: ReadReqBody { typ: "read", msg_id: 100 } })
[INFO] [stderr] [2m2025-01-20T16:30:06.652334Z[0m [32m INFO[0m [2mapp::unique[0m[2m:[0m >> input: Unique(Payload { src: "f11", dest: "z10", body: ReqBody { typ: "generate", msg_id: 99 } })
[INFO] [stderr] [2m2025-01-20T16:30:06.652358Z[0m [32m INFO[0m [2mapp::counter[0m[2m:[0m << output: "{\"src\":\"n1\",\"dest\":\"c1\",\"body\":{\"type\":\"read_ok\",\"in_reply_to\":100,\"value\":0}}\n"
[INFO] [stderr] [2m2025-01-20T16:30:06.652377Z[0m [32m INFO[0m [2mapp::unique[0m[2m:[0m << output: "{\"src\":\"z10\",\"dest\":\"f11\",\"body\":{\"type\":\"generate_ok\",\"msg_id\":99,\"in_reply_to\":99,\"id\":\"575302209a4a1459a01354f6791242f5cf469f6f0a407788f61bb4c2bf3299d0\"}}\n"
[INFO] [stderr] [2m2025-01-20T16:30:06.652389Z[0m [32m INFO[0m [2mapp::broadcast[0m[2m:[0m << output: "{\"src\":\"n1\",\"dest\":\"c1\",\"body\":{\"type\":\"topology_ok\",\"in_reply_to\":101}}\n"
[INFO] [stderr] [2m2025-01-20T16:30:06.652409Z[0m [32m INFO[0m [2mrun::tests[0m[2m:[0m TEST: "four"
[INFO] [stderr] [2m2025-01-20T16:30:06.652710Z[0m [32m INFO[0m [2mapp::node[0m[2m:[0m starting listener...
[INFO] [stderr] [2m2025-01-20T16:30:06.652739Z[0m [32m INFO[0m [2mapp::node[0m[2m:[0m >> input: "{\"id\":42,\"src\":\"c1\",\"dest\":\"n1\",\"body\":{\"type\":\"init\",\"msg_id\":1,\"node_id\":\"32\",\"node_ids\":[\"n1\",\"n2\",\"n3\"]}}"
[INFO] [stderr] [2m2025-01-20T16:30:06.652799Z[0m [32m INFO[0m [2mapp::node[0m[2m:[0m << output: "{\"src\":\"n1\",\"dest\":\"c1\",\"body\":{\"type\":\"init_ok\",\"in_reply_to\":1}}\n"
[INFO] [stderr] [2m2025-01-20T16:30:06.653749Z[0m [32m INFO[0m [2mapp::echo[0m[2m:[0m << output: "{\"src\":\"n1\",\"dest\":\"c1\",\"body\":{\"type\":\"echo_ok\",\"msg_id\":1,\"in_reply_to\":1,\"echo\":\"Please echo 35\"}}\n"
[INFO] [stdout] test tests::counter ... ok
[INFO] [stderr] [2m2025-01-20T16:30:06.653849Z[0m [32m INFO[0m [2mapp::echo[0m[2m:[0m << output: "{\"src\":\"z10\",\"dest\":\"f11\",\"body\":{\"type\":\"echo_ok\",\"msg_id\":99,\"in_reply_to\":99,\"echo\":\"Please echo 99\"}}\n"
[INFO] [stdout] test tests::run ... ok
[INFO] [stdout] test tests::echo ... ok
[INFO] [stdout] test tests::broadcast ... FAILED
[INFO] [stdout] 
[INFO] [stdout] failures:
[INFO] [stdout] 
[INFO] [stdout] ---- tests::broadcast stdout ----
[INFO] [stdout] 
[INFO] [stdout] thread 'tests::broadcast' panicked at tests/run.rs:218:58:
[INFO] [stdout] failed to create file store: Os { code: 30, kind: ReadOnlyFilesystem, message: "Read-only file system" }
[INFO] [stdout] stack backtrace:
[INFO] [stdout]    0:     0x57aadd3d2bca - std::backtrace_rs::backtrace::libunwind::trace::hb059275cfc8d6126
[INFO] [stdout]                                at /rustc/6067b36314ab5eb2eb47cecc464545ba58e1ad24/library/std/src/../../backtrace/src/backtrace/libunwind.rs:116:5
[INFO] [stdout]    1:     0x57aadd3d2bca - std::backtrace_rs::backtrace::trace_unsynchronized::h2da071e4327ce3ee
[INFO] [stdout]                                at /rustc/6067b36314ab5eb2eb47cecc464545ba58e1ad24/library/std/src/../../backtrace/src/backtrace/mod.rs:66:5
[INFO] [stdout]    2:     0x57aadd3d2bca - std::sys::backtrace::_print_fmt::h842a1474e6f8d23f
[INFO] [stdout]                                at /rustc/6067b36314ab5eb2eb47cecc464545ba58e1ad24/library/std/src/sys/backtrace.rs:66:9
[INFO] [stdout]    3:     0x57aadd3d2bca - <std::sys::backtrace::BacktraceLock::print::DisplayBacktrace as core::fmt::Display>::fmt::h71a62eb3b9696b12
[INFO] [stdout]                                at /rustc/6067b36314ab5eb2eb47cecc464545ba58e1ad24/library/std/src/sys/backtrace.rs:39:26
[INFO] [stdout]    4:     0x57aadd3fb7c3 - core::fmt::rt::Argument::fmt::hdb6b616786b41dc1
[INFO] [stdout]                                at /rustc/6067b36314ab5eb2eb47cecc464545ba58e1ad24/library/core/src/fmt/rt.rs:177:76
[INFO] [stdout]    5:     0x57aadd3fb7c3 - core::fmt::write::h2cc1698af7e2d686
[INFO] [stdout]                                at /rustc/6067b36314ab5eb2eb47cecc464545ba58e1ad24/library/core/src/fmt/mod.rs:1440:21
[INFO] [stdout]    6:     0x57aadd3cf243 - std::io::Write::write_fmt::hab1b4cd059a79022
[INFO] [stdout]                                at /rustc/6067b36314ab5eb2eb47cecc464545ba58e1ad24/library/std/src/io/mod.rs:1887:15
[INFO] [stdout]    7:     0x57aadd3d2a12 - std::sys::backtrace::BacktraceLock::print::h147fe35b4ea13b08
[INFO] [stdout]                                at /rustc/6067b36314ab5eb2eb47cecc464545ba58e1ad24/library/std/src/sys/backtrace.rs:42:9
[INFO] [stdout]    8:     0x57aadd3d3fef - std::panicking::default_hook::{{closure}}::hbd44223dbdc0d208
[INFO] [stdout]                                at /rustc/6067b36314ab5eb2eb47cecc464545ba58e1ad24/library/std/src/panicking.rs:298:22
[INFO] [stdout]    9:     0x57aadd3d3e08 - std::panicking::default_hook::h20f81eb0576efcec
[INFO] [stdout]                                at /rustc/6067b36314ab5eb2eb47cecc464545ba58e1ad24/library/std/src/panicking.rs:322:9
[INFO] [stdout]   10:     0x57aadd3367c3 - <alloc::boxed::Box<F,A> as core::ops::function::Fn<Args>>::call::hdb53814c496a4d34
[INFO] [stdout]                                at /rustc/6067b36314ab5eb2eb47cecc464545ba58e1ad24/library/alloc/src/boxed.rs:2027:9
[INFO] [stdout]   11:     0x57aadd3367c3 - test::test_main::{{closure}}::hc0a4963c59427c24
[INFO] [stdout]                                at /rustc/6067b36314ab5eb2eb47cecc464545ba58e1ad24/library/test/src/lib.rs:134:21
[INFO] [stdout]   12:     0x57aadd3d4ae3 - <alloc::boxed::Box<F,A> as core::ops::function::Fn<Args>>::call::h591b2225413a77e9
[INFO] [stdout]                                at /rustc/6067b36314ab5eb2eb47cecc464545ba58e1ad24/library/alloc/src/boxed.rs:2027:9
[INFO] [stdout]   13:     0x57aadd3d4ae3 - std::panicking::rust_panic_with_hook::h625eea43051b2edc
[INFO] [stdout]                                at /rustc/6067b36314ab5eb2eb47cecc464545ba58e1ad24/library/std/src/panicking.rs:839:13
[INFO] [stdout]   14:     0x57aadd3d479a - std::panicking::begin_panic_handler::{{closure}}::h4f9159cfbc3f6bd3
[INFO] [stdout]                                at /rustc/6067b36314ab5eb2eb47cecc464545ba58e1ad24/library/std/src/panicking.rs:704:13
[INFO] [stdout]   15:     0x57aadd3d30c9 - std::sys::backtrace::__rust_end_short_backtrace::h0390abce48353151
[INFO] [stdout]                                at /rustc/6067b36314ab5eb2eb47cecc464545ba58e1ad24/library/std/src/sys/backtrace.rs:168:18
[INFO] [stdout]   16:     0x57aadd3d442d - rust_begin_unwind
[INFO] [stdout]                                at /rustc/6067b36314ab5eb2eb47cecc464545ba58e1ad24/library/std/src/panicking.rs:695:5
[INFO] [stdout]   17:     0x57aadd3f9510 - core::panicking::panic_fmt::h9e7c637e9e5f29c9
[INFO] [stdout]                                at /rustc/6067b36314ab5eb2eb47cecc464545ba58e1ad24/library/core/src/panicking.rs:75:14
[INFO] [stdout]   18:     0x57aadd3f9986 - core::result::unwrap_failed::h7979f09313fe1849
[INFO] [stdout]                                at /rustc/6067b36314ab5eb2eb47cecc464545ba58e1ad24/library/core/src/result.rs:1704:5
[INFO] [stdout]   19:     0x57aadd2a9f72 - core::result::Result<T,E>::expect::h1484e2c79e603f1d
[INFO] [stdout]                                at /rustc/6067b36314ab5eb2eb47cecc464545ba58e1ad24/library/core/src/result.rs:1061:23
[INFO] [stdout]   20:     0x57aadd27f399 - run::tests::broadcast::{{closure}}::h1b699f4daadc1419
[INFO] [stdout]                                at /opt/rustwide/workdir/tests/run.rs:218:33
[INFO] [stdout]   21:     0x57aadd273ba6 - core::ops::function::FnOnce::call_once::hc2cec784ae1b9462
[INFO] [stdout]                                at /rustc/6067b36314ab5eb2eb47cecc464545ba58e1ad24/library/core/src/ops/function.rs:250:5
[INFO] [stdout]   22:     0x57aadd27ea42 - run::tests::broadcast::hb272cbf6ca76d639
[INFO] [stdout]                                at /opt/rustwide/workdir/tests/run.rs:247:25
[INFO] [stdout]   23:     0x57aadd27dc47 - run::tests::broadcast::{{closure}}::hee3b501400a54d8c
[INFO] [stdout]                                at /opt/rustwide/workdir/tests/run.rs:136:19
[INFO] [stdout]   24:     0x57aadd2736b6 - core::ops::function::FnOnce::call_once::h72c8256fa8e93b30
[INFO] [stdout]                                at /rustc/6067b36314ab5eb2eb47cecc464545ba58e1ad24/library/core/src/ops/function.rs:250:5
[INFO] [stdout]   25:     0x57aadd33bf1b - core::ops::function::FnOnce::call_once::he27718dfdd183f43
[INFO] [stdout]                                at /rustc/6067b36314ab5eb2eb47cecc464545ba58e1ad24/library/core/src/ops/function.rs:250:5
[INFO] [stdout]   26:     0x57aadd33bf1b - test::__rust_begin_short_backtrace::h4e84902998457a5d
[INFO] [stdout]                                at /rustc/6067b36314ab5eb2eb47cecc464545ba58e1ad24/library/test/src/lib.rs:632:18
[INFO] [stdout]   27:     0x57aadd33ae53 - test::run_test_in_process::{{closure}}::h7176fd18fc1feca0
[INFO] [stdout]                                at /rustc/6067b36314ab5eb2eb47cecc464545ba58e1ad24/library/test/src/lib.rs:655:60
[INFO] [stdout]   28:     0x57aadd33ae53 - <core::panic::unwind_safe::AssertUnwindSafe<F> as core::ops::function::FnOnce<()>>::call_once::hf79cff2a624d8cf7
[INFO] [stdout]                                at /rustc/6067b36314ab5eb2eb47cecc464545ba58e1ad24/library/core/src/panic/unwind_safe.rs:272:9
[INFO] [stdout]   29:     0x57aadd33ae53 - std::panicking::try::do_call::h3da0561d9ab99c25
[INFO] [stdout]                                at /rustc/6067b36314ab5eb2eb47cecc464545ba58e1ad24/library/std/src/panicking.rs:587:40
[INFO] [stdout]   30:     0x57aadd33ae53 - std::panicking::try::h41c9fa508bc61df6
[INFO] [stdout]                                at /rustc/6067b36314ab5eb2eb47cecc464545ba58e1ad24/library/std/src/panicking.rs:550:19
[INFO] [stdout]   31:     0x57aadd33ae53 - std::panic::catch_unwind::h6b3ff07bb5afad93
[INFO] [stdout]                                at /rustc/6067b36314ab5eb2eb47cecc464545ba58e1ad24/library/std/src/panic.rs:358:14
[INFO] [stdout]   32:     0x57aadd33ae53 - test::run_test_in_process::hc7253dd11b39b9f4
[INFO] [stdout]                                at /rustc/6067b36314ab5eb2eb47cecc464545ba58e1ad24/library/test/src/lib.rs:655:27
[INFO] [stdout]   33:     0x57aadd33ae53 - test::run_test::{{closure}}::hfb2007f8649c30bb
[INFO] [stdout]                                at /rustc/6067b36314ab5eb2eb47cecc464545ba58e1ad24/library/test/src/lib.rs:576:43
[INFO] [stdout]   34:     0x57aadd2fdf35 - test::run_test::{{closure}}::h56a17aa7a282a9f4
[INFO] [stdout]                                at /rustc/6067b36314ab5eb2eb47cecc464545ba58e1ad24/library/test/src/lib.rs:606:41
[INFO] [stdout]   35:     0x57aadd2fdf35 - std::sys::backtrace::__rust_begin_short_backtrace::hd2d2d2fb8e8c6aac
[INFO] [stdout]                                at /rustc/6067b36314ab5eb2eb47cecc464545ba58e1ad24/library/std/src/sys/backtrace.rs:152:18
[INFO] [stdout]   36:     0x57aadd30181a - std::thread::Builder::spawn_unchecked_::{{closure}}::{{closure}}::h4faa3f9db6133423
[INFO] [stdout]                                at /rustc/6067b36314ab5eb2eb47cecc464545ba58e1ad24/library/std/src/thread/mod.rs:559:17
[INFO] [stdout]   37:     0x57aadd30181a - <core::panic::unwind_safe::AssertUnwindSafe<F> as core::ops::function::FnOnce<()>>::call_once::hf2e855a36a4ea846
[INFO] [stdout]                                at /rustc/6067b36314ab5eb2eb47cecc464545ba58e1ad24/library/core/src/panic/unwind_safe.rs:272:9
[INFO] [stdout]   38:     0x57aadd30181a - std::panicking::try::do_call::h2f73af3616c35465
[INFO] [stdout]                                at /rustc/6067b36314ab5eb2eb47cecc464545ba58e1ad24/library/std/src/panicking.rs:587:40
[INFO] [stdout]   39:     0x57aadd30181a - std::panicking::try::hd1660ce9efadef5a
[INFO] [stdout]                                at /rustc/6067b36314ab5eb2eb47cecc464545ba58e1ad24/library/std/src/panicking.rs:550:19
[INFO] [stdout]   40:     0x57aadd30181a - std::panic::catch_unwind::h5ee8d7823b8ca744
[INFO] [stdout]                                at /rustc/6067b36314ab5eb2eb47cecc464545ba58e1ad24/library/std/src/panic.rs:358:14
[INFO] [stdout]   41:     0x57aadd30181a - std::thread::Builder::spawn_unchecked_::{{closure}}::h53c3a1894dce8407
[INFO] [stdout]                                at /rustc/6067b36314ab5eb2eb47cecc464545ba58e1ad24/library/std/src/thread/mod.rs:557:30
[INFO] [stdout]   42:     0x57aadd30181a - core::ops::function::FnOnce::call_once{{vtable.shim}}::h048ce291ad4f62bf
[INFO] [stdout]                                at /rustc/6067b36314ab5eb2eb47cecc464545ba58e1ad24/library/core/src/ops/function.rs:250:5
[INFO] [stdout]   43:     0x57aadd3d8b0b - <alloc::boxed::Box<F,A> as core::ops::function::FnOnce<Args>>::call_once::ha52bedf99a3b4981
[INFO] [stdout]                                at /rustc/6067b36314ab5eb2eb47cecc464545ba58e1ad24/library/alloc/src/boxed.rs:2013:9
[INFO] [stdout]   44:     0x57aadd3d8b0b - <alloc::boxed::Box<F,A> as core::ops::function::FnOnce<Args>>::call_once::h567748934d80ccf8
[INFO] [stdout]                                at /rustc/6067b36314ab5eb2eb47cecc464545ba58e1ad24/library/alloc/src/boxed.rs:2013:9
[INFO] [stdout]   45:     0x57aadd3d8b0b - std::sys::pal::unix::thread::Thread::new::thread_start::h2d970728ae887adc
[INFO] [stdout]                                at /rustc/6067b36314ab5eb2eb47cecc464545ba58e1ad24/library/std/src/sys/pal/unix/thread.rs:106:17
[INFO] [stdout]   46:     0x78c4eb46dac3 - <unknown>
[INFO] [stdout]   47:     0x78c4eb4fea04 - clone
[INFO] [stdout]   48:                0x0 - <unknown>
[INFO] [stdout] 
[INFO] [stdout] 
[INFO] [stdout] failures:
[INFO] [stdout]     tests::broadcast
[INFO] [stdout] 
[INFO] [stdout] test result: FAILED. 4 passed; 1 failed; 0 ignored; 0 measured; 0 filtered out; finished in 0.02s
[INFO] [stdout] 
[INFO] [stderr] error: test failed, to rerun pass `--test run`
[INFO] running `Command { std: "docker" "inspect" "26f86ed864cbbbfef9f1840d20183edbd6d69efae2cc2656ca9acb3fb8363a62", kill_on_drop: false }`
[INFO] running `Command { std: "docker" "rm" "-f" "26f86ed864cbbbfef9f1840d20183edbd6d69efae2cc2656ca9acb3fb8363a62", kill_on_drop: false }`
[INFO] [stdout] 26f86ed864cbbbfef9f1840d20183edbd6d69efae2cc2656ca9acb3fb8363a62
