[INFO] cloning repository https://github.com/maxnilz/sboxdb
[INFO] running `Command { std: "git" "-c" "credential.helper=" "-c" "credential.helper=/workspace/cargo-home/bin/git-credential-null" "clone" "--bare" "https://github.com/maxnilz/sboxdb" "/workspace/cache/git-repos/https%3A%2F%2Fgithub.com%2Fmaxnilz%2Fsboxdb", kill_on_drop: false }`
[INFO] [stderr] Cloning into bare repository '/workspace/cache/git-repos/https%3A%2F%2Fgithub.com%2Fmaxnilz%2Fsboxdb'...
[INFO] running `Command { std: "git" "rev-parse" "HEAD", kill_on_drop: false }`
[INFO] [stdout] 353aa00a082b05708e5a7e21e4dee1a9af9f2984
[INFO] testing maxnilz/sboxdb against nightly-2025-01-18 for randomize-layout-2
[INFO] running `Command { std: "git" "clone" "/workspace/cache/git-repos/https%3A%2F%2Fgithub.com%2Fmaxnilz%2Fsboxdb" "/workspace/builds/worker-2-tc1/source", kill_on_drop: false }`
[INFO] [stderr] Cloning into '/workspace/builds/worker-2-tc1/source'...
[INFO] [stderr] done.
[INFO] validating manifest of git repo https://github.com/maxnilz/sboxdb on toolchain nightly-2025-01-18
[INFO] running `Command { std: CARGO_HOME="/workspace/cargo-home" RUSTUP_HOME="/workspace/rustup-home" "/workspace/cargo-home/bin/cargo" "+nightly-2025-01-18" "metadata" "--manifest-path" "Cargo.toml" "--no-deps", kill_on_drop: false }`
[INFO] started tweaking git repo https://github.com/maxnilz/sboxdb
[INFO] finished tweaking git repo https://github.com/maxnilz/sboxdb
[INFO] tweaked toml for git repo https://github.com/maxnilz/sboxdb written to /workspace/builds/worker-2-tc1/source/Cargo.toml
[INFO] crate git repo https://github.com/maxnilz/sboxdb already has a lockfile, it will not be regenerated
[INFO] running `Command { std: CARGO_HOME="/workspace/cargo-home" RUSTUP_HOME="/workspace/rustup-home" "/workspace/cargo-home/bin/cargo" "+nightly-2025-01-18" "fetch" "--manifest-path" "Cargo.toml", kill_on_drop: false }`
[INFO] [stderr]     Updating crates.io index
[INFO] [stderr]  Downloading crates ...
[INFO] [stderr]   Downloaded enum-ordinalize v4.3.0
[INFO] [stderr]   Downloaded rust-ini v0.19.0
[INFO] [stderr]   Downloaded enum-ordinalize-derive v4.3.1
[INFO] [stderr]   Downloaded ordered-multimap v0.6.0
[INFO] [stderr]   Downloaded tokio-serde v0.9.0
[INFO] [stderr]   Downloaded pest_generator v2.7.9
[INFO] [stderr]   Downloaded winnow v0.6.6
[INFO] [stderr]   Downloaded pest_derive v2.7.9
[INFO] [stderr]   Downloaded pest_meta v2.7.9
[INFO] [stderr]   Downloaded educe v0.5.11
[INFO] running `Command { std: "docker" "create" "-v" "/var/lib/crater-agent-workspace/builds/worker-2-tc1/target:/opt/rustwide/target:rw,Z" "-v" "/var/lib/crater-agent-workspace/builds/worker-2-tc1/source:/opt/rustwide/workdir:ro,Z" "-v" "/var/lib/crater-agent-workspace/cargo-home:/opt/rustwide/cargo-home:ro,Z" "-v" "/var/lib/crater-agent-workspace/rustup-home:/opt/rustwide/rustup-home:ro,Z" "-e" "SOURCE_DIR=/opt/rustwide/workdir" "-e" "CARGO_TARGET_DIR=/opt/rustwide/target" "-e" "CARGO_HOME=/opt/rustwide/cargo-home" "-e" "RUSTUP_HOME=/opt/rustwide/rustup-home" "-w" "/opt/rustwide/workdir" "-m" "1610612736" "--user" "0:0" "--network" "none" "ghcr.io/rust-lang/crates-build-env/linux@sha256:819108c5571ea2e421544af4d832f968d213c87fbe3707a016657f43d2f853bc" "/opt/rustwide/cargo-home/bin/cargo" "+nightly-2025-01-18" "metadata" "--no-deps" "--format-version=1", kill_on_drop: false }`
[INFO] [stdout] dd1496c663eeb5fead2d46846f9f3e6f7ea95b46453019c78848952643a4eade
[INFO] running `Command { std: "docker" "start" "-a" "dd1496c663eeb5fead2d46846f9f3e6f7ea95b46453019c78848952643a4eade", kill_on_drop: false }`
[INFO] running `Command { std: "docker" "inspect" "dd1496c663eeb5fead2d46846f9f3e6f7ea95b46453019c78848952643a4eade", kill_on_drop: false }`
[INFO] running `Command { std: "docker" "rm" "-f" "dd1496c663eeb5fead2d46846f9f3e6f7ea95b46453019c78848952643a4eade", kill_on_drop: false }`
[INFO] [stdout] dd1496c663eeb5fead2d46846f9f3e6f7ea95b46453019c78848952643a4eade
[INFO] running `Command { std: "docker" "create" "-v" "/var/lib/crater-agent-workspace/builds/worker-2-tc1/target:/opt/rustwide/target:rw,Z" "-v" "/var/lib/crater-agent-workspace/builds/worker-2-tc1/source:/opt/rustwide/workdir:ro,Z" "-v" "/var/lib/crater-agent-workspace/cargo-home:/opt/rustwide/cargo-home:ro,Z" "-v" "/var/lib/crater-agent-workspace/rustup-home:/opt/rustwide/rustup-home:ro,Z" "-e" "SOURCE_DIR=/opt/rustwide/workdir" "-e" "CARGO_TARGET_DIR=/opt/rustwide/target" "-e" "CARGO_INCREMENTAL=0" "-e" "RUST_BACKTRACE=full" "-e" "RUSTFLAGS=--cap-lints=forbid" "-e" "RUSTDOCFLAGS=--cap-lints=forbid" "-e" "CARGO_HOME=/opt/rustwide/cargo-home" "-e" "RUSTUP_HOME=/opt/rustwide/rustup-home" "-w" "/opt/rustwide/workdir" "-m" "1610612736" "--user" "0:0" "--network" "none" "ghcr.io/rust-lang/crates-build-env/linux@sha256:819108c5571ea2e421544af4d832f968d213c87fbe3707a016657f43d2f853bc" "/opt/rustwide/cargo-home/bin/cargo" "+nightly-2025-01-18" "build" "--frozen" "--message-format=json", kill_on_drop: false }`
[INFO] [stdout] e5c5907becf5e288cccad21fefea22562ebeebba3fbfe2b34297444e4e4c1811
[INFO] running `Command { std: "docker" "start" "-a" "e5c5907becf5e288cccad21fefea22562ebeebba3fbfe2b34297444e4e4c1811", kill_on_drop: false }`
[INFO] [stderr]    Compiling proc-macro2 v1.0.79
[INFO] [stderr]    Compiling memchr v2.7.2
[INFO] [stderr]    Compiling serde v1.0.197
[INFO] [stderr]    Compiling autocfg v1.2.0
[INFO] [stderr]    Compiling once_cell v1.19.0
[INFO] [stderr]    Compiling libc v0.2.153
[INFO] [stderr]    Compiling crunchy v0.2.2
[INFO] [stderr]    Compiling thiserror v1.0.59
[INFO] [stderr]    Compiling tiny-keccak v2.0.2
[INFO] [stderr]    Compiling futures-core v0.3.30
[INFO] [stderr]    Compiling parking_lot_core v0.9.9
[INFO] [stderr]    Compiling futures-sink v0.3.30
[INFO] [stderr]    Compiling ucd-trie v0.1.6
[INFO] [stderr]    Compiling pin-project-lite v0.2.14
[INFO] [stderr]    Compiling scopeguard v1.2.0
[INFO] [stderr]    Compiling smallvec v1.13.2
[INFO] [stderr]    Compiling getrandom v0.2.14
[INFO] [stderr]    Compiling regex-syntax v0.8.3
[INFO] [stderr]    Compiling bytes v1.6.0
[INFO] [stderr]    Compiling hashbrown v0.14.3
[INFO] [stderr]    Compiling equivalent v1.0.1
[INFO] [stderr]    Compiling futures-channel v0.3.30
[INFO] [stderr]    Compiling socket2 v0.5.6
[INFO] [stderr]    Compiling signal-hook-registry v1.4.2
[INFO] [stderr]    Compiling mio v0.8.11
[INFO] [stderr]    Compiling serde_json v1.0.116
[INFO] [stderr]    Compiling winnow v0.6.6
[INFO] [stderr]    Compiling lock_api v0.4.11
[INFO] [stderr]    Compiling slab v0.4.9
[INFO] [stderr]    Compiling futures-task v0.3.30
[INFO] [stderr]    Compiling hashbrown v0.13.2
[INFO] [stderr]    Compiling aho-corasick v1.1.3
[INFO] [stderr]    Compiling pin-utils v0.1.0
[INFO] [stderr]    Compiling futures-io v0.3.30
[INFO] [stderr]    Compiling anstyle-parse v0.2.4
[INFO] [stderr]    Compiling rand_core v0.6.4
[INFO] [stderr]    Compiling anstyle-query v1.0.3
[INFO] [stderr]    Compiling is_terminal_polyfill v1.70.0
[INFO] [stderr]    Compiling colorchoice v1.0.1
[INFO] [stderr]    Compiling base64 v0.21.7
[INFO] [stderr]    Compiling parking_lot v0.12.1
[INFO] [stderr]    Compiling ryu v1.0.17
[INFO] [stderr]    Compiling itoa v1.0.11
[INFO] [stderr]    Compiling quote v1.0.35
[INFO] [stderr]    Compiling paste v1.0.14
[INFO] [stderr]    Compiling anstyle v1.0.7
[INFO] [stderr]    Compiling log v0.4.21
[INFO] [stderr]    Compiling indexmap v2.2.6
[INFO] [stderr]    Compiling syn v2.0.57
[INFO] [stderr]    Compiling unicode-segmentation v1.11.0
[INFO] [stderr]    Compiling linked-hash-map v0.5.6
[INFO] [stderr]    Compiling nom v7.1.3
[INFO] [stderr]    Compiling rand_chacha v0.3.1
[INFO] [stderr]    Compiling const-random-macro v0.1.16
[INFO] [stderr]    Compiling anstream v0.6.14
[INFO] [stderr]    Compiling pathdiff v0.2.1
[INFO] [stderr]    Compiling humantime v2.1.0
[INFO] [stderr]    Compiling uuid v1.8.0
[INFO] [stderr]    Compiling yaml-rust v0.4.5
[INFO] [stderr]    Compiling rand v0.8.5
[INFO] [stderr]    Compiling convert_case v0.6.0
[INFO] [stderr]    Compiling const-random v0.1.18
[INFO] [stderr]    Compiling dlv-list v0.5.2
[INFO] [stderr]    Compiling regex-automata v0.4.6
[INFO] [stderr]    Compiling ordered-multimap v0.6.0
[INFO] [stderr]    Compiling rust-ini v0.19.0
[INFO] [stderr]    Compiling regex v1.10.4
[INFO] [stderr]    Compiling env_filter v0.1.0
[INFO] [stderr]    Compiling serde_derive v1.0.197
[INFO] [stderr]    Compiling thiserror-impl v1.0.59
[INFO] [stderr]    Compiling enum-ordinalize-derive v4.3.1
[INFO] [stderr]    Compiling tokio-macros v2.2.0
[INFO] [stderr]    Compiling futures-macro v0.3.30
[INFO] [stderr]    Compiling pin-project-internal v1.1.5
[INFO] [stderr]    Compiling async-trait v0.1.80
[INFO] [stderr]    Compiling env_logger v0.11.3
[INFO] [stderr]    Compiling tokio v1.37.0
[INFO] [stderr]    Compiling futures-util v0.3.30
[INFO] [stderr]    Compiling enum-ordinalize v4.3.0
[INFO] [stderr]    Compiling educe v0.5.11
[INFO] [stderr]    Compiling pest v2.7.9
[INFO] [stderr]    Compiling pin-project v1.1.5
[INFO] [stderr]    Compiling pest_meta v2.7.9
[INFO] [stderr]    Compiling pest_generator v2.7.9
[INFO] [stderr]    Compiling futures-executor v0.3.30
[INFO] [stderr]    Compiling futures v0.3.30
[INFO] [stderr]    Compiling pest_derive v2.7.9
[INFO] [stderr]    Compiling tokio-util v0.7.11
[INFO] [stderr]    Compiling tokio-stream v0.1.15
[INFO] [stderr]    Compiling serde_spanned v0.6.5
[INFO] [stderr]    Compiling toml_datetime v0.6.5
[INFO] [stderr]    Compiling bitflags v2.5.0
[INFO] [stderr]    Compiling json5 v0.4.1
[INFO] [stderr]    Compiling bincode v1.3.3
[INFO] [stderr]    Compiling serde_bytes v0.11.14
[INFO] [stderr]    Compiling ron v0.8.1
[INFO] [stderr]    Compiling toml_edit v0.22.12
[INFO] [stderr]    Compiling tokio-serde v0.9.0
[INFO] [stderr]    Compiling toml v0.8.12
[INFO] [stderr]    Compiling config v0.14.0
[INFO] [stderr]    Compiling sboxdb v0.1.0 (/opt/rustwide/workdir)
[INFO] [stderr]     Finished `dev` profile [unoptimized + debuginfo] target(s) in 34.23s
[INFO] running `Command { std: "docker" "inspect" "e5c5907becf5e288cccad21fefea22562ebeebba3fbfe2b34297444e4e4c1811", kill_on_drop: false }`
[INFO] running `Command { std: "docker" "rm" "-f" "e5c5907becf5e288cccad21fefea22562ebeebba3fbfe2b34297444e4e4c1811", kill_on_drop: false }`
[INFO] [stdout] e5c5907becf5e288cccad21fefea22562ebeebba3fbfe2b34297444e4e4c1811
[INFO] running `Command { std: "docker" "create" "-v" "/var/lib/crater-agent-workspace/builds/worker-2-tc1/target:/opt/rustwide/target:rw,Z" "-v" "/var/lib/crater-agent-workspace/builds/worker-2-tc1/source:/opt/rustwide/workdir:ro,Z" "-v" "/var/lib/crater-agent-workspace/cargo-home:/opt/rustwide/cargo-home:ro,Z" "-v" "/var/lib/crater-agent-workspace/rustup-home:/opt/rustwide/rustup-home:ro,Z" "-e" "SOURCE_DIR=/opt/rustwide/workdir" "-e" "CARGO_TARGET_DIR=/opt/rustwide/target" "-e" "CARGO_INCREMENTAL=0" "-e" "RUST_BACKTRACE=full" "-e" "RUSTFLAGS=--cap-lints=forbid" "-e" "RUSTDOCFLAGS=--cap-lints=forbid" "-e" "CARGO_HOME=/opt/rustwide/cargo-home" "-e" "RUSTUP_HOME=/opt/rustwide/rustup-home" "-w" "/opt/rustwide/workdir" "-m" "1610612736" "--user" "0:0" "--network" "none" "ghcr.io/rust-lang/crates-build-env/linux@sha256:819108c5571ea2e421544af4d832f968d213c87fbe3707a016657f43d2f853bc" "/opt/rustwide/cargo-home/bin/cargo" "+nightly-2025-01-18" "test" "--frozen" "--no-run" "--message-format=json", kill_on_drop: false }`
[INFO] [stdout] 93c569506b4f6016a105f15ee052dba9d2600d7990ca8c9a0b53262004269571
[INFO] running `Command { std: "docker" "start" "-a" "93c569506b4f6016a105f15ee052dba9d2600d7990ca8c9a0b53262004269571", kill_on_drop: false }`
[INFO] [stderr]    Compiling sboxdb v0.1.0 (/opt/rustwide/workdir)
[INFO] [stderr]     Finished `test` profile [unoptimized + debuginfo] target(s) in 4.18s
[INFO] running `Command { std: "docker" "inspect" "93c569506b4f6016a105f15ee052dba9d2600d7990ca8c9a0b53262004269571", kill_on_drop: false }`
[INFO] running `Command { std: "docker" "rm" "-f" "93c569506b4f6016a105f15ee052dba9d2600d7990ca8c9a0b53262004269571", kill_on_drop: false }`
[INFO] [stdout] 93c569506b4f6016a105f15ee052dba9d2600d7990ca8c9a0b53262004269571
[INFO] running `Command { std: "docker" "create" "-v" "/var/lib/crater-agent-workspace/builds/worker-2-tc1/target:/opt/rustwide/target:rw,Z" "-v" "/var/lib/crater-agent-workspace/builds/worker-2-tc1/source:/opt/rustwide/workdir:ro,Z" "-v" "/var/lib/crater-agent-workspace/cargo-home:/opt/rustwide/cargo-home:ro,Z" "-v" "/var/lib/crater-agent-workspace/rustup-home:/opt/rustwide/rustup-home:ro,Z" "-e" "SOURCE_DIR=/opt/rustwide/workdir" "-e" "CARGO_TARGET_DIR=/opt/rustwide/target" "-e" "CARGO_INCREMENTAL=0" "-e" "RUST_BACKTRACE=full" "-e" "RUSTFLAGS=--cap-lints=forbid" "-e" "RUSTDOCFLAGS=--cap-lints=forbid" "-e" "CARGO_HOME=/opt/rustwide/cargo-home" "-e" "RUSTUP_HOME=/opt/rustwide/rustup-home" "-w" "/opt/rustwide/workdir" "-m" "1610612736" "--user" "0:0" "--network" "none" "ghcr.io/rust-lang/crates-build-env/linux@sha256:819108c5571ea2e421544af4d832f968d213c87fbe3707a016657f43d2f853bc" "/opt/rustwide/cargo-home/bin/cargo" "+nightly-2025-01-18" "test" "--frozen", kill_on_drop: false }`
[INFO] [stdout] bfdf8565b7f2610c532f32a9eaf6650b532dd437cf19545e4f5a830683911327
[INFO] running `Command { std: "docker" "start" "-a" "bfdf8565b7f2610c532f32a9eaf6650b532dd437cf19545e4f5a830683911327", kill_on_drop: false }`
[INFO] [stderr]     Finished `test` profile [unoptimized + debuginfo] target(s) in 0.24s
[INFO] [stderr]      Running unittests src/lib.rs (/opt/rustwide/target/debug/deps/sboxdb-b9c5004be3372a06)
[INFO] [stdout] 
[INFO] [stdout] running 43 tests
[INFO] [stdout] test storage::heap::replacer::tests::test_kdistance_sort ... ok
[INFO] [stdout] test storage::heap::replacer::tests::test_lruk_node ... ok
[INFO] [stdout] test storage::heap::bufferpool::tests::test_buffer_pool_basic ... ok
[INFO] [stdout] test config::tests::test_default_config ... ok
[INFO] [stdout] test raft::persister::tests::test_persister_simple ... ok
[INFO] [stdout] test storage::kv::codec::keycodec::tests::test_bytes_empty ... ok
[INFO] [stdout] test storage::kv::codec::keycodec::tests::test_enum_newtype0 ... ok
[INFO] [stdout] test storage::kv::codec::keycodec::tests::test_enum_unit ... ok
[INFO] [stdout] test storage::kv::codec::keycodec::tests::test_enum_newtype1 ... ok
[INFO] [stdout] test storage::kv::codec::keycodec::tests::test_i64_0 ... ok
[INFO] [stdout] test storage::kv::codec::keycodec::tests::test_enum_struct ... ok
[INFO] [stdout] test storage::kv::codec::keycodec::tests::test_i64_1 ... ok
[INFO] [stdout] test storage::kv::codec::keycodec::tests::test_i64_2 ... ok
[INFO] [stdout] test storage::kv::codec::keycodec::tests::test_i64_20 ... ok
[INFO] [stdout] test storage::kv::codec::keycodec::tests::test_i64_256 ... ok
[INFO] [stdout] test storage::kv::codec::keycodec::tests::test_i64_65535 ... ok
[INFO] [stdout] test storage::kv::codec::keycodec::tests::test_i64_max ... ok
[INFO] [stdout] test storage::kv::codec::keycodec::tests::test_i64_min ... ok
[INFO] [stdout] test storage::kv::codec::keycodec::tests::test_i64_neg_1 ... ok
[INFO] [stdout] test storage::kv::codec::keycodec::tests::test_i64_neg_16777216 ... ok
[INFO] [stdout] test storage::kv::codec::keycodec::tests::test_i64_neg_2 ... ok
[INFO] [stdout] test storage::kv::codec::keycodec::tests::test_i64_neg_256 ... ok
[INFO] [stdout] test storage::kv::codec::keycodec::tests::test_i64_neg_65536 ... ok
[INFO] [stdout] test storage::kv::codec::keycodec::tests::test_i64_neg_20 ... ok
[INFO] [stdout] test storage::kv::codec::keycodec::tests::test_string ... ok
[INFO] [stdout] test storage::kv::codec::keycodec::tests::test_string_empty ... ok
[INFO] [stdout] test storage::kv::codec::keycodec::tests::test_string_utf8 ... ok
[INFO] [stdout] test storage::kv::codec::keycodec::tests::test_struct_keyv ... ok
[INFO] [stdout] test storage::kv::codec::keycodec::tests::test_struct_mystruct ... ok
[INFO] [stdout] test storage::kv::codec::keycodec::tests::test_u64_0 ... ok
[INFO] [stdout] test storage::kv::memory::tests::test_point_ops ... ok
[INFO] [stdout] test storage::kv::codec::keycodec::tests::test_u64_max ... ok
[INFO] [stdout] test storage::kv::codec::keycodec::tests::test_u64_2 ... ok
[INFO] [stdout] test storage::kv::codec::bincodec::tests::test_codec ... ok
[INFO] [stdout] test storage::kv::memory::tests::test_range_scan ... ok
[INFO] [stdout] test storage::kv::memory::tests::text_prefix_scan ... ok
[INFO] [stdout] test storage::kv::codec::keycodec::tests::test_u64_1 ... ok
[INFO] [stdout] test storage::kv::codec::keycodec::tests::test_u64_20 ... ok
[INFO] [stdout] test storage::heap::replacer::tests::test_lruk_replacer ... ok
[INFO] [stdout] test storage::kv::codec::keycodec::tests::test_bytes ... ok
[INFO] [stdout] test storage::kv::codec::keycodec::tests::test_index_0 ... ok
[INFO] [stdout] test storage::kv::codec::keycodec::tests::test_u64_256 ... ok
[INFO] [stdout] test storage::kv::codec::keycodec::tests::test_i64_neg_65535 ... ok
[INFO] [stdout] 
[INFO] [stdout] test result: ok. 43 passed; 0 failed; 0 ignored; 0 measured; 0 filtered out; finished in 0.01s
[INFO] [stdout] 
[INFO] [stdout] 
[INFO] [stderr]      Running unittests src/bin/sboxdb.rs (/opt/rustwide/target/debug/deps/sboxdb-99d5cd43c32241da)
[INFO] [stdout] running 0 tests
[INFO] [stdout] 
[INFO] [stdout] test result: ok. 0 passed; 0 failed; 0 ignored; 0 measured; 0 filtered out; finished in 0.00s
[INFO] [stdout] 
[INFO] [stderr]      Running tests/tests.rs (/opt/rustwide/target/debug/deps/tests-73b482c8d3a256b1)
[INFO] [stdout] 
[INFO] [stdout] running 10 tests
[INFO] [stdout] test raft::tests::test_basic_agree_r2 ... ok
[INFO] [stdout] test raft::tests::test_concurrent_cmd_r2 ... ok
[INFO] [stderr] [2025-01-20T16:28:36Z ERROR tests::raft::cluster] node 0 failed task 1 panicked
[INFO] [stdout] test raft::tests::test_fail_agree_r2 ... FAILED
[INFO] [stderr] [2025-01-20T16:28:37Z ERROR tests::raft::cluster] node 2 failed channel closed
[INFO] [stdout] test raft::tests::test_rejoin_r2 ... ok
[INFO] [stdout] test raft::tests::test_fail_no_agree_r2 ... ok
[INFO] [stdout] test raft::tests::test_re_election_r1 ... ok
[INFO] [stdout] test raft::tests::test_election_over_noise_net_r1 ... ok
[INFO] [stdout] test raft::tests::test_many_election_r1 ... ok
[INFO] [stdout] test raft::tests::test_initial_election_r1 ... ok
[INFO] [stdout] test raft::tests::test_backup_r2 ... ok
[INFO] [stdout] 
[INFO] [stdout] failures:
[INFO] [stdout] 
[INFO] [stdout] ---- raft::tests::test_fail_agree_r2 stdout ----
[INFO] [stdout] 
[INFO] [stdout] thread '<unnamed>' panicked at src/raft/node/follower.rs:207:17:
[INFO] [stdout] assertion failed: ae.leader_commit >= self.rn.commit_index
[INFO] [stdout] stack backtrace:
[INFO] [stdout]    0:     0x5d3a5ee5c12a - std::backtrace_rs::backtrace::libunwind::trace::hb059275cfc8d6126
[INFO] [stdout]                                at /rustc/6067b36314ab5eb2eb47cecc464545ba58e1ad24/library/std/src/../../backtrace/src/backtrace/libunwind.rs:116:5
[INFO] [stdout]    1:     0x5d3a5ee5c12a - std::backtrace_rs::backtrace::trace_unsynchronized::h2da071e4327ce3ee
[INFO] [stdout]                                at /rustc/6067b36314ab5eb2eb47cecc464545ba58e1ad24/library/std/src/../../backtrace/src/backtrace/mod.rs:66:5
[INFO] [stdout]    2:     0x5d3a5ee5c12a - std::sys::backtrace::_print_fmt::h842a1474e6f8d23f
[INFO] [stdout]                                at /rustc/6067b36314ab5eb2eb47cecc464545ba58e1ad24/library/std/src/sys/backtrace.rs:66:9
[INFO] [stdout]    3:     0x5d3a5ee5c12a - <std::sys::backtrace::BacktraceLock::print::DisplayBacktrace as core::fmt::Display>::fmt::h71a62eb3b9696b12
[INFO] [stdout]                                at /rustc/6067b36314ab5eb2eb47cecc464545ba58e1ad24/library/std/src/sys/backtrace.rs:39:26
[INFO] [stdout]    4:     0x5d3a5ee84823 - core::fmt::rt::Argument::fmt::hdb6b616786b41dc1
[INFO] [stdout]                                at /rustc/6067b36314ab5eb2eb47cecc464545ba58e1ad24/library/core/src/fmt/rt.rs:177:76
[INFO] [stdout]    5:     0x5d3a5ee84823 - core::fmt::write::h2cc1698af7e2d686
[INFO] [stdout]                                at /rustc/6067b36314ab5eb2eb47cecc464545ba58e1ad24/library/core/src/fmt/mod.rs:1440:21
[INFO] [stdout]    6:     0x5d3a5ee58893 - std::io::Write::write_fmt::hab1b4cd059a79022
[INFO] [stdout]                                at /rustc/6067b36314ab5eb2eb47cecc464545ba58e1ad24/library/std/src/io/mod.rs:1887:15
[INFO] [stdout]    7:     0x5d3a5ee5bf72 - std::sys::backtrace::BacktraceLock::print::h147fe35b4ea13b08
[INFO] [stdout]                                at /rustc/6067b36314ab5eb2eb47cecc464545ba58e1ad24/library/std/src/sys/backtrace.rs:42:9
[INFO] [stdout]    8:     0x5d3a5ee5d54f - std::panicking::default_hook::{{closure}}::hbd44223dbdc0d208
[INFO] [stdout]                                at /rustc/6067b36314ab5eb2eb47cecc464545ba58e1ad24/library/std/src/panicking.rs:298:22
[INFO] [stdout]    9:     0x5d3a5ee5d368 - std::panicking::default_hook::h20f81eb0576efcec
[INFO] [stdout]                                at /rustc/6067b36314ab5eb2eb47cecc464545ba58e1ad24/library/std/src/panicking.rs:322:9
[INFO] [stdout]   10:     0x5d3a5eca47e3 - <alloc::boxed::Box<F,A> as core::ops::function::Fn<Args>>::call::hdb53814c496a4d34
[INFO] [stdout]                                at /rustc/6067b36314ab5eb2eb47cecc464545ba58e1ad24/library/alloc/src/boxed.rs:2027:9
[INFO] [stdout]   11:     0x5d3a5eca47e3 - test::test_main::{{closure}}::hc0a4963c59427c24
[INFO] [stdout]                                at /rustc/6067b36314ab5eb2eb47cecc464545ba58e1ad24/library/test/src/lib.rs:134:21
[INFO] [stdout]   12:     0x5d3a5ee5e043 - <alloc::boxed::Box<F,A> as core::ops::function::Fn<Args>>::call::h591b2225413a77e9
[INFO] [stdout]                                at /rustc/6067b36314ab5eb2eb47cecc464545ba58e1ad24/library/alloc/src/boxed.rs:2027:9
[INFO] [stdout]   13:     0x5d3a5ee5e043 - std::panicking::rust_panic_with_hook::h625eea43051b2edc
[INFO] [stdout]                                at /rustc/6067b36314ab5eb2eb47cecc464545ba58e1ad24/library/std/src/panicking.rs:839:13
[INFO] [stdout]   14:     0x5d3a5ee5dcc6 - std::panicking::begin_panic_handler::{{closure}}::h4f9159cfbc3f6bd3
[INFO] [stdout]                                at /rustc/6067b36314ab5eb2eb47cecc464545ba58e1ad24/library/std/src/panicking.rs:697:13
[INFO] [stdout]   15:     0x5d3a5ee5c629 - std::sys::backtrace::__rust_end_short_backtrace::h0390abce48353151
[INFO] [stdout]                                at /rustc/6067b36314ab5eb2eb47cecc464545ba58e1ad24/library/std/src/sys/backtrace.rs:168:18
[INFO] [stdout]   16:     0x5d3a5ee5d98d - rust_begin_unwind
[INFO] [stdout]                                at /rustc/6067b36314ab5eb2eb47cecc464545ba58e1ad24/library/std/src/panicking.rs:695:5
[INFO] [stdout]   17:     0x5d3a5ee82e30 - core::panicking::panic_fmt::h9e7c637e9e5f29c9
[INFO] [stdout]                                at /rustc/6067b36314ab5eb2eb47cecc464545ba58e1ad24/library/core/src/panicking.rs:75:14
[INFO] [stdout]   18:     0x5d3a5ee82ebc - core::panicking::panic::haa3255ea20181a33
[INFO] [stdout]                                at /rustc/6067b36314ab5eb2eb47cecc464545ba58e1ad24/library/core/src/panicking.rs:145:5
[INFO] [stdout]   19:     0x5d3a5ed14223 - <sboxdb::raft::node::follower::Follower as sboxdb::raft::node::Node>::step::h23e4834b86fa1419
[INFO] [stdout]                                at /opt/rustwide/workdir/src/raft/node/follower.rs:207:17
[INFO] [stdout]   20:     0x5d3a5e9b21d6 - sboxdb::raft::server::Server::eventloop::{{closure}}::h46ed71c34ce88991
[INFO] [stdout]                                at /opt/rustwide/workdir/src/raft/server.rs:126:28
[INFO] [stdout]   21:     0x5d3a5e9e8a57 - tokio::runtime::task::core::Core<T,S>::poll::{{closure}}::h720615ca22f2ff62
[INFO] [stdout]                                at /opt/rustwide/cargo-home/registry/src/index.crates.io-1949cf8c6b5b557f/tokio-1.37.0/src/runtime/task/core.rs:328:17
[INFO] [stdout]   22:     0x5d3a5e9e8212 - tokio::loom::std::unsafe_cell::UnsafeCell<T>::with_mut::ha5a4709bbbda6ff4
[INFO] [stdout]                                at /opt/rustwide/cargo-home/registry/src/index.crates.io-1949cf8c6b5b557f/tokio-1.37.0/src/loom/std/unsafe_cell.rs:16:9
[INFO] [stdout]   23:     0x5d3a5e9e8212 - tokio::runtime::task::core::Core<T,S>::poll::h47f90b7c547fdb74
[INFO] [stdout]                                at /opt/rustwide/cargo-home/registry/src/index.crates.io-1949cf8c6b5b557f/tokio-1.37.0/src/runtime/task/core.rs:317:13
[INFO] [stdout]   24:     0x5d3a5e9d3379 - tokio::runtime::task::harness::poll_future::{{closure}}::h6196436eb4db1e4a
[INFO] [stdout]                                at /opt/rustwide/cargo-home/registry/src/index.crates.io-1949cf8c6b5b557f/tokio-1.37.0/src/runtime/task/harness.rs:485:19
[INFO] [stdout]   25:     0x5d3a5e9b7e3a - <core::panic::unwind_safe::AssertUnwindSafe<F> as core::ops::function::FnOnce<()>>::call_once::haabe0eaf589e4bb5
[INFO] [stdout]                                at /rustc/6067b36314ab5eb2eb47cecc464545ba58e1ad24/library/core/src/panic/unwind_safe.rs:272:9
[INFO] [stdout]   26:     0x5d3a5e9a7f5e - std::panicking::try::do_call::h8d4485d7f0c54c1d
[INFO] [stdout]                                at /rustc/6067b36314ab5eb2eb47cecc464545ba58e1ad24/library/std/src/panicking.rs:587:40
[INFO] [stdout]   27:     0x5d3a5e9e482b - __rust_try
[INFO] [stdout]   28:     0x5d3a5e9e3449 - std::panicking::try::he9427fa3634393e1
[INFO] [stdout]                                at /rustc/6067b36314ab5eb2eb47cecc464545ba58e1ad24/library/std/src/panicking.rs:550:19
[INFO] [stdout]   29:     0x5d3a5e9e3449 - std::panic::catch_unwind::hbd22c7c52af13216
[INFO] [stdout]                                at /rustc/6067b36314ab5eb2eb47cecc464545ba58e1ad24/library/std/src/panic.rs:358:14
[INFO] [stdout]   30:     0x5d3a5e9d2ab2 - tokio::runtime::task::harness::poll_future::ha89b9d1ace5f6b8b
[INFO] [stdout]                                at /opt/rustwide/cargo-home/registry/src/index.crates.io-1949cf8c6b5b557f/tokio-1.37.0/src/runtime/task/harness.rs:473:18
[INFO] [stdout]   31:     0x5d3a5e9d44c7 - tokio::runtime::task::harness::Harness<T,S>::poll_inner::hd82b541161aff97c
[INFO] [stdout]                                at /opt/rustwide/cargo-home/registry/src/index.crates.io-1949cf8c6b5b557f/tokio-1.37.0/src/runtime/task/harness.rs:208:27
[INFO] [stdout]   32:     0x5d3a5e9d5633 - tokio::runtime::task::harness::Harness<T,S>::poll::h7283356d27eb17e0
[INFO] [stdout]                                at /opt/rustwide/cargo-home/registry/src/index.crates.io-1949cf8c6b5b557f/tokio-1.37.0/src/runtime/task/harness.rs:153:15
[INFO] [stdout]   33:     0x5d3a5e9d9fbb - tokio::runtime::task::raw::poll::h94f2e856d9c3cee8
[INFO] [stdout]                                at /opt/rustwide/cargo-home/registry/src/index.crates.io-1949cf8c6b5b557f/tokio-1.37.0/src/runtime/task/raw.rs:271:5
[INFO] [stdout]   34:     0x5d3a5edd7507 - tokio::runtime::task::raw::RawTask::poll::hb55691d804d369a5
[INFO] [stdout]                                at /opt/rustwide/cargo-home/registry/src/index.crates.io-1949cf8c6b5b557f/tokio-1.37.0/src/runtime/task/raw.rs:201:18
[INFO] [stdout]   35:     0x5d3a5e9c1621 - tokio::runtime::task::LocalNotified<S>::run::h2c9152c4e748bec5
[INFO] [stdout]                                at /opt/rustwide/cargo-home/registry/src/index.crates.io-1949cf8c6b5b557f/tokio-1.37.0/src/runtime/task/mod.rs:427:9
[INFO] [stdout]   36:     0x5d3a5e9b050a - tokio::runtime::scheduler::current_thread::CoreGuard::block_on::{{closure}}::{{closure}}::h28dc4b3f8432e2ed
[INFO] [stdout]                                at /opt/rustwide/cargo-home/registry/src/index.crates.io-1949cf8c6b5b557f/tokio-1.37.0/src/runtime/scheduler/current_thread/mod.rs:700:25
[INFO] [stdout]   37:     0x5d3a5e9af739 - tokio::runtime::coop::with_budget::h15e617ac328a90e1
[INFO] [stdout]                                at /opt/rustwide/cargo-home/registry/src/index.crates.io-1949cf8c6b5b557f/tokio-1.37.0/src/runtime/coop.rs:107:5
[INFO] [stdout]   38:     0x5d3a5e9af739 - tokio::runtime::coop::budget::h39d85d77fab712ed
[INFO] [stdout]                                at /opt/rustwide/cargo-home/registry/src/index.crates.io-1949cf8c6b5b557f/tokio-1.37.0/src/runtime/coop.rs:73:5
[INFO] [stdout]   39:     0x5d3a5e9af739 - tokio::runtime::scheduler::current_thread::Context::run_task::{{closure}}::hea5ff09ce8fbca2e
[INFO] [stdout]                                at /opt/rustwide/cargo-home/registry/src/index.crates.io-1949cf8c6b5b557f/tokio-1.37.0/src/runtime/scheduler/current_thread/mod.rs:343:43
[INFO] [stdout]   40:     0x5d3a5e9af3e6 - tokio::runtime::scheduler::current_thread::Context::enter::h9e970e7350af287b
[INFO] [stdout]                                at /opt/rustwide/cargo-home/registry/src/index.crates.io-1949cf8c6b5b557f/tokio-1.37.0/src/runtime/scheduler/current_thread/mod.rs:404:19
[INFO] [stdout]   41:     0x5d3a5e9af5d1 - tokio::runtime::scheduler::current_thread::Context::run_task::h6b0912ad23355db0
[INFO] [stdout]                                at /opt/rustwide/cargo-home/registry/src/index.crates.io-1949cf8c6b5b557f/tokio-1.37.0/src/runtime/scheduler/current_thread/mod.rs:343:23
[INFO] [stdout]   42:     0x5d3a5e9b0465 - tokio::runtime::scheduler::current_thread::CoreGuard::block_on::{{closure}}::h5238b4d507d6718d
[INFO] [stdout]                                at /opt/rustwide/cargo-home/registry/src/index.crates.io-1949cf8c6b5b557f/tokio-1.37.0/src/runtime/scheduler/current_thread/mod.rs:699:35
[INFO] [stdout]   43:     0x5d3a5e9afbf4 - tokio::runtime::scheduler::current_thread::CoreGuard::enter::{{closure}}::h49278344fb92e925
[INFO] [stdout]                                at /opt/rustwide/cargo-home/registry/src/index.crates.io-1949cf8c6b5b557f/tokio-1.37.0/src/runtime/scheduler/current_thread/mod.rs:737:68
[INFO] [stdout]   44:     0x5d3a5e99e85b - tokio::runtime::context::scoped::Scoped<T>::set::ha357383170de04c5
[INFO] [stdout]                                at /opt/rustwide/cargo-home/registry/src/index.crates.io-1949cf8c6b5b557f/tokio-1.37.0/src/runtime/context/scoped.rs:40:9
[INFO] [stdout]   45:     0x5d3a5e99e699 - tokio::runtime::context::set_scheduler::{{closure}}::hc1cd175517ba9742
[INFO] [stdout]                                at /opt/rustwide/cargo-home/registry/src/index.crates.io-1949cf8c6b5b557f/tokio-1.37.0/src/runtime/context.rs:176:26
[INFO] [stdout]   46:     0x5d3a5e9c0142 - std::thread::local::LocalKey<T>::try_with::h1c9f7a99b393b0b8
[INFO] [stdout]                                at /rustc/6067b36314ab5eb2eb47cecc464545ba58e1ad24/library/std/src/thread/local.rs:308:12
[INFO] [stdout]   47:     0x5d3a5e9bfdba - std::thread::local::LocalKey<T>::with::h500b2d76f80eba1c
[INFO] [stdout]                                at /rustc/6067b36314ab5eb2eb47cecc464545ba58e1ad24/library/std/src/thread/local.rs:272:9
[INFO] [stdout]   48:     0x5d3a5e99e64d - tokio::runtime::context::set_scheduler::h40b2a99419e46107
[INFO] [stdout]                                at /opt/rustwide/cargo-home/registry/src/index.crates.io-1949cf8c6b5b557f/tokio-1.37.0/src/runtime/context.rs:176:9
[INFO] [stdout]   49:     0x5d3a5e9af9a0 - tokio::runtime::scheduler::current_thread::CoreGuard::enter::hcd0c55b50b791e1f
[INFO] [stdout]                                at /opt/rustwide/cargo-home/registry/src/index.crates.io-1949cf8c6b5b557f/tokio-1.37.0/src/runtime/scheduler/current_thread/mod.rs:737:27
[INFO] [stdout]   50:     0x5d3a5e9afc13 - tokio::runtime::scheduler::current_thread::CoreGuard::block_on::h7892216545a4a493
[INFO] [stdout]                                at /opt/rustwide/cargo-home/registry/src/index.crates.io-1949cf8c6b5b557f/tokio-1.37.0/src/runtime/scheduler/current_thread/mod.rs:646:19
[INFO] [stdout]   51:     0x5d3a5e9ae1ed - tokio::runtime::scheduler::current_thread::CurrentThread::block_on::{{closure}}::h006952ed027f9ca4
[INFO] [stdout]                                at /opt/rustwide/cargo-home/registry/src/index.crates.io-1949cf8c6b5b557f/tokio-1.37.0/src/runtime/scheduler/current_thread/mod.rs:175:28
[INFO] [stdout]   52:     0x5d3a5e9ea886 - tokio::runtime::context::runtime::enter_runtime::ha6e539001e812ee0
[INFO] [stdout]                                at /opt/rustwide/cargo-home/registry/src/index.crates.io-1949cf8c6b5b557f/tokio-1.37.0/src/runtime/context/runtime.rs:65:16
[INFO] [stdout]   53:     0x5d3a5e9ae0dd - tokio::runtime::scheduler::current_thread::CurrentThread::block_on::heac062b0236522a6
[INFO] [stdout]                                at /opt/rustwide/cargo-home/registry/src/index.crates.io-1949cf8c6b5b557f/tokio-1.37.0/src/runtime/scheduler/current_thread/mod.rs:167:9
[INFO] [stdout]   54:     0x5d3a5e9ad755 - tokio::runtime::runtime::Runtime::block_on::h9a782295405d156f
[INFO] [stdout]                                at /opt/rustwide/cargo-home/registry/src/index.crates.io-1949cf8c6b5b557f/tokio-1.37.0/src/runtime/runtime.rs:349:47
[INFO] [stdout]   55:     0x5d3a5e9ce1e7 - tests::raft::cluster::Cluster::start_node::{{closure}}::h52c1ae8d4cdfac14
[INFO] [stdout]                                at /opt/rustwide/workdir/tests/raft/cluster.rs:80:13
[INFO] [stdout]   56:     0x5d3a5e9a1326 - std::sys::backtrace::__rust_begin_short_backtrace::h152096aad64c2124
[INFO] [stdout]                                at /rustc/6067b36314ab5eb2eb47cecc464545ba58e1ad24/library/std/src/sys/backtrace.rs:152:18
[INFO] [stdout]   57:     0x5d3a5e9c97ba - std::thread::Builder::spawn_unchecked_::{{closure}}::{{closure}}::hfad15671628dda44
[INFO] [stdout]                                at /rustc/6067b36314ab5eb2eb47cecc464545ba58e1ad24/library/std/src/thread/mod.rs:559:17
[INFO] [stdout]   58:     0x5d3a5e9b79b0 - <core::panic::unwind_safe::AssertUnwindSafe<F> as core::ops::function::FnOnce<()>>::call_once::h0bc01904a89463d7
[INFO] [stdout]                                at /rustc/6067b36314ab5eb2eb47cecc464545ba58e1ad24/library/core/src/panic/unwind_safe.rs:272:9
[INFO] [stdout]   59:     0x5d3a5e9a7e4f - std::panicking::try::do_call::h81500ab170b34c7f
[INFO] [stdout]                                at /rustc/6067b36314ab5eb2eb47cecc464545ba58e1ad24/library/std/src/panicking.rs:587:40
[INFO] [stdout]   60:     0x5d3a5e9cb01b - __rust_try
[INFO] [stdout]   61:     0x5d3a5e9c8ce2 - std::panicking::try::hfdb0422f92602964
[INFO] [stdout]                                at /rustc/6067b36314ab5eb2eb47cecc464545ba58e1ad24/library/std/src/panicking.rs:550:19
[INFO] [stdout]   62:     0x5d3a5e9c8ce2 - std::panic::catch_unwind::h2940a9e9d4706f86
[INFO] [stdout]                                at /rustc/6067b36314ab5eb2eb47cecc464545ba58e1ad24/library/std/src/panic.rs:358:14
[INFO] [stdout]   63:     0x5d3a5e9c8ce2 - std::thread::Builder::spawn_unchecked_::{{closure}}::h8401f46b275fe506
[INFO] [stdout]                                at /rustc/6067b36314ab5eb2eb47cecc464545ba58e1ad24/library/std/src/thread/mod.rs:557:30
[INFO] [stdout]   64:     0x5d3a5e9dbafe - core::ops::function::FnOnce::call_once{{vtable.shim}}::h990ba3c52b3af1c3
[INFO] [stdout]                                at /rustc/6067b36314ab5eb2eb47cecc464545ba58e1ad24/library/core/src/ops/function.rs:250:5
[INFO] [stdout]   65:     0x5d3a5ee6220b - <alloc::boxed::Box<F,A> as core::ops::function::FnOnce<Args>>::call_once::ha52bedf99a3b4981
[INFO] [stdout]                                at /rustc/6067b36314ab5eb2eb47cecc464545ba58e1ad24/library/alloc/src/boxed.rs:2013:9
[INFO] [stdout]   66:     0x5d3a5ee6220b - <alloc::boxed::Box<F,A> as core::ops::function::FnOnce<Args>>::call_once::h567748934d80ccf8
[INFO] [stdout]                                at /rustc/6067b36314ab5eb2eb47cecc464545ba58e1ad24/library/alloc/src/boxed.rs:2013:9
[INFO] [stdout]   67:     0x5d3a5ee6220b - std::sys::pal::unix::thread::Thread::new::thread_start::h2d970728ae887adc
[INFO] [stdout]                                at /rustc/6067b36314ab5eb2eb47cecc464545ba58e1ad24/library/std/src/sys/pal/unix/thread.rs:106:17
[INFO] [stdout]   68:     0x7519bb68fac3 - <unknown>
[INFO] [stdout]   69:     0x7519bb720a04 - clone
[INFO] [stdout]   70:                0x0 - <unknown>
[INFO] [stdout] Error: Internal("failed to reach agreement 0x10 at index 6, 1/2, 0x10")
[INFO] [stdout] 
[INFO] [stdout] 
[INFO] [stdout] failures:
[INFO] [stdout]     raft::tests::test_fail_agree_r2
[INFO] [stdout] 
[INFO] [stdout] test result: FAILED. 9 passed; 1 failed; 0 ignored; 0 measured; 0 filtered out; finished in 55.88s
[INFO] [stdout] 
[INFO] [stderr] error: test failed, to rerun pass `--test tests`
[INFO] running `Command { std: "docker" "inspect" "bfdf8565b7f2610c532f32a9eaf6650b532dd437cf19545e4f5a830683911327", kill_on_drop: false }`
[INFO] running `Command { std: "docker" "rm" "-f" "bfdf8565b7f2610c532f32a9eaf6650b532dd437cf19545e4f5a830683911327", kill_on_drop: false }`
[INFO] [stdout] bfdf8565b7f2610c532f32a9eaf6650b532dd437cf19545e4f5a830683911327
