[INFO] cloning repository https://github.com/maximilianthorn/logge-rs
[INFO] running `Command { std: "git" "-c" "credential.helper=" "-c" "credential.helper=/workspace/cargo-home/bin/git-credential-null" "clone" "--bare" "https://github.com/maximilianthorn/logge-rs" "/workspace/cache/git-repos/https%3A%2F%2Fgithub.com%2Fmaximilianthorn%2Flogge-rs", kill_on_drop: false }`
[INFO] [stderr] Cloning into bare repository '/workspace/cache/git-repos/https%3A%2F%2Fgithub.com%2Fmaximilianthorn%2Flogge-rs'...
[INFO] running `Command { std: "git" "rev-parse" "HEAD", kill_on_drop: false }`
[INFO] [stdout] 8436912bd30edac7c3dea02a5fc17f3ee413bfe2
[INFO] testing maximilianthorn/logge-rs against nightly-2025-01-18+rustflags=-Zrandomize-layout for randomize-layout-2
[INFO] running `Command { std: "git" "clone" "/workspace/cache/git-repos/https%3A%2F%2Fgithub.com%2Fmaximilianthorn%2Flogge-rs" "/workspace/builds/worker-0-tc2/source", kill_on_drop: false }`
[INFO] [stderr] Cloning into '/workspace/builds/worker-0-tc2/source'...
[INFO] [stderr] done.
[INFO] validating manifest of git repo https://github.com/maximilianthorn/logge-rs on toolchain nightly-2025-01-18
[INFO] running `Command { std: CARGO_HOME="/workspace/cargo-home" RUSTUP_HOME="/workspace/rustup-home" "/workspace/cargo-home/bin/cargo" "+nightly-2025-01-18" "metadata" "--manifest-path" "Cargo.toml" "--no-deps", kill_on_drop: false }`
[INFO] started tweaking git repo https://github.com/maximilianthorn/logge-rs
[INFO] finished tweaking git repo https://github.com/maximilianthorn/logge-rs
[INFO] tweaked toml for git repo https://github.com/maximilianthorn/logge-rs written to /workspace/builds/worker-0-tc2/source/Cargo.toml
[INFO] crate git repo https://github.com/maximilianthorn/logge-rs already has a lockfile, it will not be regenerated
[INFO] running `Command { std: CARGO_HOME="/workspace/cargo-home" RUSTUP_HOME="/workspace/rustup-home" "/workspace/cargo-home/bin/cargo" "+nightly-2025-01-18" "fetch" "--manifest-path" "Cargo.toml", kill_on_drop: false }`
[INFO] running `Command { std: "docker" "create" "-v" "/var/lib/crater-agent-workspace/builds/worker-0-tc2/target:/opt/rustwide/target:rw,Z" "-v" "/var/lib/crater-agent-workspace/builds/worker-0-tc2/source:/opt/rustwide/workdir:ro,Z" "-v" "/var/lib/crater-agent-workspace/cargo-home:/opt/rustwide/cargo-home:ro,Z" "-v" "/var/lib/crater-agent-workspace/rustup-home:/opt/rustwide/rustup-home:ro,Z" "-e" "SOURCE_DIR=/opt/rustwide/workdir" "-e" "CARGO_TARGET_DIR=/opt/rustwide/target" "-e" "CARGO_HOME=/opt/rustwide/cargo-home" "-e" "RUSTUP_HOME=/opt/rustwide/rustup-home" "-w" "/opt/rustwide/workdir" "-m" "1610612736" "--user" "0:0" "--network" "none" "ghcr.io/rust-lang/crates-build-env/linux@sha256:819108c5571ea2e421544af4d832f968d213c87fbe3707a016657f43d2f853bc" "/opt/rustwide/cargo-home/bin/cargo" "+nightly-2025-01-18" "metadata" "--no-deps" "--format-version=1", kill_on_drop: false }`
[INFO] [stdout] 955528fd5328085a8dfbbd78574f18d7a40c8d4a1a8bd388142b8aa2e8d7e792
[INFO] running `Command { std: "docker" "start" "-a" "955528fd5328085a8dfbbd78574f18d7a40c8d4a1a8bd388142b8aa2e8d7e792", kill_on_drop: false }`
[INFO] running `Command { std: "docker" "inspect" "955528fd5328085a8dfbbd78574f18d7a40c8d4a1a8bd388142b8aa2e8d7e792", kill_on_drop: false }`
[INFO] running `Command { std: "docker" "rm" "-f" "955528fd5328085a8dfbbd78574f18d7a40c8d4a1a8bd388142b8aa2e8d7e792", kill_on_drop: false }`
[INFO] [stdout] 955528fd5328085a8dfbbd78574f18d7a40c8d4a1a8bd388142b8aa2e8d7e792
[INFO] running `Command { std: "docker" "create" "-v" "/var/lib/crater-agent-workspace/builds/worker-0-tc2/target:/opt/rustwide/target:rw,Z" "-v" "/var/lib/crater-agent-workspace/builds/worker-0-tc2/source:/opt/rustwide/workdir:ro,Z" "-v" "/var/lib/crater-agent-workspace/cargo-home:/opt/rustwide/cargo-home:ro,Z" "-v" "/var/lib/crater-agent-workspace/rustup-home:/opt/rustwide/rustup-home:ro,Z" "-e" "SOURCE_DIR=/opt/rustwide/workdir" "-e" "CARGO_TARGET_DIR=/opt/rustwide/target" "-e" "CARGO_INCREMENTAL=0" "-e" "RUST_BACKTRACE=full" "-e" "RUSTFLAGS=--cap-lints=forbid -Zrandomize-layout" "-e" "RUSTDOCFLAGS=--cap-lints=forbid" "-e" "CARGO_HOME=/opt/rustwide/cargo-home" "-e" "RUSTUP_HOME=/opt/rustwide/rustup-home" "-w" "/opt/rustwide/workdir" "-m" "1610612736" "--user" "0:0" "--network" "none" "ghcr.io/rust-lang/crates-build-env/linux@sha256:819108c5571ea2e421544af4d832f968d213c87fbe3707a016657f43d2f853bc" "/opt/rustwide/cargo-home/bin/cargo" "+nightly-2025-01-18" "build" "--frozen" "--message-format=json", kill_on_drop: false }`
[INFO] [stdout] e2905828f16e551be4e09531be9359b6c3076c7ea04d3f2af5236471967802b2
[INFO] running `Command { std: "docker" "start" "-a" "e2905828f16e551be4e09531be9359b6c3076c7ea04d3f2af5236471967802b2", kill_on_drop: false }`
[INFO] [stderr]    Compiling autocfg v1.1.0
[INFO] [stderr]    Compiling iana-time-zone v0.1.60
[INFO] [stderr]    Compiling lazy_static v1.4.0
[INFO] [stderr]    Compiling log v0.4.20
[INFO] [stderr]    Compiling colored v2.1.0
[INFO] [stderr]    Compiling num-traits v0.2.18
[INFO] [stderr]    Compiling chrono v0.4.34
[INFO] [stderr]    Compiling logge-rs v0.1.1 (/opt/rustwide/workdir)
[INFO] [stderr]     Finished `dev` profile [unoptimized + debuginfo] target(s) in 3.51s
[INFO] running `Command { std: "docker" "inspect" "e2905828f16e551be4e09531be9359b6c3076c7ea04d3f2af5236471967802b2", kill_on_drop: false }`
[INFO] running `Command { std: "docker" "rm" "-f" "e2905828f16e551be4e09531be9359b6c3076c7ea04d3f2af5236471967802b2", kill_on_drop: false }`
[INFO] [stdout] e2905828f16e551be4e09531be9359b6c3076c7ea04d3f2af5236471967802b2
[INFO] running `Command { std: "docker" "create" "-v" "/var/lib/crater-agent-workspace/builds/worker-0-tc2/target:/opt/rustwide/target:rw,Z" "-v" "/var/lib/crater-agent-workspace/builds/worker-0-tc2/source:/opt/rustwide/workdir:ro,Z" "-v" "/var/lib/crater-agent-workspace/cargo-home:/opt/rustwide/cargo-home:ro,Z" "-v" "/var/lib/crater-agent-workspace/rustup-home:/opt/rustwide/rustup-home:ro,Z" "-e" "SOURCE_DIR=/opt/rustwide/workdir" "-e" "CARGO_TARGET_DIR=/opt/rustwide/target" "-e" "CARGO_INCREMENTAL=0" "-e" "RUST_BACKTRACE=full" "-e" "RUSTFLAGS=--cap-lints=forbid -Zrandomize-layout" "-e" "RUSTDOCFLAGS=--cap-lints=forbid" "-e" "CARGO_HOME=/opt/rustwide/cargo-home" "-e" "RUSTUP_HOME=/opt/rustwide/rustup-home" "-w" "/opt/rustwide/workdir" "-m" "1610612736" "--user" "0:0" "--network" "none" "ghcr.io/rust-lang/crates-build-env/linux@sha256:819108c5571ea2e421544af4d832f968d213c87fbe3707a016657f43d2f853bc" "/opt/rustwide/cargo-home/bin/cargo" "+nightly-2025-01-18" "test" "--frozen" "--no-run" "--message-format=json", kill_on_drop: false }`
[INFO] [stdout] 2bd72a5b5824d29e9543fd6ba7670cc10d3e4ea0d0d45a9f959d759c48a42fdf
[INFO] running `Command { std: "docker" "start" "-a" "2bd72a5b5824d29e9543fd6ba7670cc10d3e4ea0d0d45a9f959d759c48a42fdf", kill_on_drop: false }`
[INFO] [stderr]    Compiling logge-rs v0.1.1 (/opt/rustwide/workdir)
[INFO] [stderr]     Finished `test` profile [unoptimized + debuginfo] target(s) in 0.26s
[INFO] running `Command { std: "docker" "inspect" "2bd72a5b5824d29e9543fd6ba7670cc10d3e4ea0d0d45a9f959d759c48a42fdf", kill_on_drop: false }`
[INFO] running `Command { std: "docker" "rm" "-f" "2bd72a5b5824d29e9543fd6ba7670cc10d3e4ea0d0d45a9f959d759c48a42fdf", kill_on_drop: false }`
[INFO] [stdout] 2bd72a5b5824d29e9543fd6ba7670cc10d3e4ea0d0d45a9f959d759c48a42fdf
[INFO] running `Command { std: "docker" "create" "-v" "/var/lib/crater-agent-workspace/builds/worker-0-tc2/target:/opt/rustwide/target:rw,Z" "-v" "/var/lib/crater-agent-workspace/builds/worker-0-tc2/source:/opt/rustwide/workdir:ro,Z" "-v" "/var/lib/crater-agent-workspace/cargo-home:/opt/rustwide/cargo-home:ro,Z" "-v" "/var/lib/crater-agent-workspace/rustup-home:/opt/rustwide/rustup-home:ro,Z" "-e" "SOURCE_DIR=/opt/rustwide/workdir" "-e" "CARGO_TARGET_DIR=/opt/rustwide/target" "-e" "CARGO_INCREMENTAL=0" "-e" "RUST_BACKTRACE=full" "-e" "RUSTFLAGS=--cap-lints=forbid -Zrandomize-layout" "-e" "RUSTDOCFLAGS=--cap-lints=forbid" "-e" "CARGO_HOME=/opt/rustwide/cargo-home" "-e" "RUSTUP_HOME=/opt/rustwide/rustup-home" "-w" "/opt/rustwide/workdir" "-m" "1610612736" "--user" "0:0" "--network" "none" "ghcr.io/rust-lang/crates-build-env/linux@sha256:819108c5571ea2e421544af4d832f968d213c87fbe3707a016657f43d2f853bc" "/opt/rustwide/cargo-home/bin/cargo" "+nightly-2025-01-18" "test" "--frozen", kill_on_drop: false }`
[INFO] [stdout] 08402b75f5106265c878a30e605058d8296059fd254ddfd1fb930bf6d57d6be2
[INFO] running `Command { std: "docker" "start" "-a" "08402b75f5106265c878a30e605058d8296059fd254ddfd1fb930bf6d57d6be2", kill_on_drop: false }`
[INFO] [stderr]     Finished `test` profile [unoptimized + debuginfo] target(s) in 0.03s
[INFO] [stdout] 
[INFO] [stderr]      Running unittests src/lib.rs (/opt/rustwide/target/debug/deps/logge_rs-280afebf056a640e)
[INFO] [stdout] running 0 tests
[INFO] [stderr]    Doc-tests logge_rs
[INFO] [stdout] 
[INFO] [stdout] test result: ok. 0 passed; 0 failed; 0 ignored; 0 measured; 0 filtered out; finished in 0.00s
[INFO] [stdout] 
[INFO] [stdout] 
[INFO] [stdout] running 4 tests
[INFO] [stdout] test src/lib.rs - LoggerOptions::set_writer (line 120) ... FAILED
[INFO] [stdout] test src/lib.rs - LoggerOptions::set_writer (line 126) ... FAILED
[INFO] [stdout] test src/lib.rs - LoggerOptions::set_enabled (line 143) ... FAILED
[INFO] [stdout] test src/lib.rs - LoggerOptions::default (line 92) ... FAILED
[INFO] [stdout] 
[INFO] [stdout] failures:
[INFO] [stdout] 
[INFO] [stdout] ---- src/lib.rs - LoggerOptions::set_writer (line 120) stdout ----
[INFO] [stdout] error[E0433]: failed to resolve: use of undeclared type `LoggerOptions`
[INFO] [stdout]  --> src/lib.rs:122:1
[INFO] [stdout]   |
[INFO] [stdout] 4 | LoggerOptions::default().set_writer(file).start();
[INFO] [stdout]   | ^^^^^^^^^^^^^ use of undeclared type `LoggerOptions`
[INFO] [stdout]   |
[INFO] [stdout] help: consider importing this struct
[INFO] [stdout]   |
[INFO] [stdout] 2 + use logge_rs::LoggerOptions;
[INFO] [stdout]   |
[INFO] [stdout] 
[INFO] [stdout] error: aborting due to 1 previous error
[INFO] [stdout] 
[INFO] [stdout] For more information about this error, try `rustc --explain E0433`.
[INFO] [stdout] Couldn't compile the test.
[INFO] [stdout] ---- src/lib.rs - LoggerOptions::set_writer (line 126) stdout ----
[INFO] [stdout] error: unknown start of token: \u{b4}
[INFO] [stdout]  --> src/lib.rs:128:1
[INFO] [stdout]   |
[INFO] [stdout] 4 | ´LoggerOptions::default().set_writer(stdout).start();
[INFO] [stdout]   | ^
[INFO] [stdout]   |
[INFO] [stdout] help: Unicode character '´' (Acute Accent) looks like ''' (Single Quote), but it is not
[INFO] [stdout]   |
[INFO] [stdout] 4 | 'LoggerOptions::default().set_writer(stdout).start();
[INFO] [stdout]   | ~
[INFO] [stdout] 
[INFO] [stdout] error[E0433]: failed to resolve: use of undeclared type `LoggerOptions`
[INFO] [stdout]  --> src/lib.rs:128:2
[INFO] [stdout]   |
[INFO] [stdout] 4 | ´LoggerOptions::default().set_writer(stdout).start();
[INFO] [stdout]   |  ^^^^^^^^^^^^^ use of undeclared type `LoggerOptions`
[INFO] [stdout]   |
[INFO] [stdout] help: consider importing this struct
[INFO] [stdout]   |
[INFO] [stdout] 2 + use logge_rs::LoggerOptions;
[INFO] [stdout]   |
[INFO] [stdout] 
[INFO] [stdout] error: aborting due to 2 previous errors
[INFO] [stdout] 
[INFO] [stdout] For more information about this error, try `rustc --explain E0433`.
[INFO] [stdout] Couldn't compile the test.
[INFO] [stdout] ---- src/lib.rs - LoggerOptions::set_enabled (line 143) stdout ----
[INFO] [stdout] error[E0433]: failed to resolve: use of undeclared type `LoggerOptions`
[INFO] [stdout]  --> src/lib.rs:146:15
[INFO] [stdout]   |
[INFO] [stdout] 5 | let options = LoggerOptions::default().set_enabled(|metadata| {
[INFO] [stdout]   |               ^^^^^^^^^^^^^ use of undeclared type `LoggerOptions`
[INFO] [stdout]   |
[INFO] [stdout] help: consider importing this struct
[INFO] [stdout]   |
[INFO] [stdout] 4 + use logge_rs::LoggerOptions;
[INFO] [stdout]   |
[INFO] [stdout] 
[INFO] [stdout] error: aborting due to 1 previous error
[INFO] [stdout] 
[INFO] [stdout] For more information about this error, try `rustc --explain E0433`.
[INFO] [stdout] Couldn't compile the test.
[INFO] [stdout] ---- src/lib.rs - LoggerOptions::default (line 92) stdout ----
[INFO] [stdout] error[E0422]: cannot find struct, variant or union type `LoggerOptions` in this scope
[INFO] [stdout]  --> src/lib.rs:93:1
[INFO] [stdout]   |
[INFO] [stdout] 3 | LoggerOptions {
[INFO] [stdout]   | ^^^^^^^^^^^^^ not found in this scope
[INFO] [stdout]   |
[INFO] [stdout] help: consider importing this struct
[INFO] [stdout]   |
[INFO] [stdout] 2 + use logge_rs::LoggerOptions;
[INFO] [stdout]   |
[INFO] [stdout] 
[INFO] [stdout] error[E0433]: failed to resolve: use of undeclared crate or module `io`
[INFO] [stdout]  --> src/lib.rs:94:13
[INFO] [stdout]   |
[INFO] [stdout] 4 |     writer: io::stderr(),
[INFO] [stdout]   |             ^^ use of undeclared crate or module `io`
[INFO] [stdout]   |
[INFO] [stdout] help: a builtin type with a similar name exists
[INFO] [stdout]   |
[INFO] [stdout] 4 |     writer: i8::stderr(),
[INFO] [stdout]   |             ~~
[INFO] [stdout] help: consider importing this module
[INFO] [stdout]   |
[INFO] [stdout] 2 + use std::io;
[INFO] [stdout]   |
[INFO] [stdout] 
[INFO] [stdout] error: aborting due to 2 previous errors
[INFO] [stdout] 
[INFO] [stdout] Some errors have detailed explanations: E0422, E0433.
[INFO] [stdout] For more information about an error, try `rustc --explain E0422`.
[INFO] [stdout] Couldn't compile the test.
[INFO] [stdout] 
[INFO] [stdout] failures:
[INFO] [stdout]     src/lib.rs - LoggerOptions::default (line 92)
[INFO] [stdout]     src/lib.rs - LoggerOptions::set_enabled (line 143)
[INFO] [stdout]     src/lib.rs - LoggerOptions::set_writer (line 120)
[INFO] [stdout]     src/lib.rs - LoggerOptions::set_writer (line 126)
[INFO] [stdout] 
[INFO] [stdout] test result: FAILED. 0 passed; 4 failed; 0 ignored; 0 measured; 0 filtered out; finished in 0.14s
[INFO] [stdout] 
[INFO] [stderr] error: doctest failed, to rerun pass `--doc`
[INFO] running `Command { std: "docker" "inspect" "08402b75f5106265c878a30e605058d8296059fd254ddfd1fb930bf6d57d6be2", kill_on_drop: false }`
[INFO] running `Command { std: "docker" "rm" "-f" "08402b75f5106265c878a30e605058d8296059fd254ddfd1fb930bf6d57d6be2", kill_on_drop: false }`
[INFO] [stdout] 08402b75f5106265c878a30e605058d8296059fd254ddfd1fb930bf6d57d6be2
