[INFO] cloning repository https://github.com/maxcountryman/kvs
[INFO] running `Command { std: "git" "-c" "credential.helper=" "-c" "credential.helper=/workspace/cargo-home/bin/git-credential-null" "clone" "--bare" "https://github.com/maxcountryman/kvs" "/workspace/cache/git-repos/https%3A%2F%2Fgithub.com%2Fmaxcountryman%2Fkvs", kill_on_drop: false }`
[INFO] [stderr] Cloning into bare repository '/workspace/cache/git-repos/https%3A%2F%2Fgithub.com%2Fmaxcountryman%2Fkvs'...
[INFO] running `Command { std: "git" "rev-parse" "HEAD", kill_on_drop: false }`
[INFO] [stdout] 973fd9fedca0b745436f31f2d40a8cc2e51f4f52
[INFO] testing maxcountryman/kvs against nightly-2025-01-18 for randomize-layout-2
[INFO] running `Command { std: "git" "clone" "/workspace/cache/git-repos/https%3A%2F%2Fgithub.com%2Fmaxcountryman%2Fkvs" "/workspace/builds/worker-6-tc1/source", kill_on_drop: false }`
[INFO] [stderr] Cloning into '/workspace/builds/worker-6-tc1/source'...
[INFO] [stderr] done.
[INFO] validating manifest of git repo https://github.com/maxcountryman/kvs on toolchain nightly-2025-01-18
[INFO] running `Command { std: CARGO_HOME="/workspace/cargo-home" RUSTUP_HOME="/workspace/rustup-home" "/workspace/cargo-home/bin/cargo" "+nightly-2025-01-18" "metadata" "--manifest-path" "Cargo.toml" "--no-deps", kill_on_drop: false }`
[INFO] started tweaking git repo https://github.com/maxcountryman/kvs
[INFO] finished tweaking git repo https://github.com/maxcountryman/kvs
[INFO] tweaked toml for git repo https://github.com/maxcountryman/kvs written to /workspace/builds/worker-6-tc1/source/Cargo.toml
[INFO] crate git repo https://github.com/maxcountryman/kvs already has a lockfile, it will not be regenerated
[INFO] running `Command { std: CARGO_HOME="/workspace/cargo-home" RUSTUP_HOME="/workspace/rustup-home" "/workspace/cargo-home/bin/cargo" "+nightly-2025-01-18" "fetch" "--manifest-path" "Cargo.toml", kill_on_drop: false }`
[INFO] [stderr]     Updating crates.io index
[INFO] [stderr]  Downloading crates ...
[INFO] [stderr]   Downloaded structopt v0.3.1
[INFO] [stderr]   Downloaded structopt-derive v0.3.1
[INFO] [stderr]   Downloaded historian v4.0.3
[INFO] [stderr]   Downloaded serde_bytes v0.10.5
[INFO] [stderr]   Downloaded criterion-plot v0.4.0
[INFO] [stderr]   Downloaded rand_os v0.2.2
[INFO] [stderr]   Downloaded criterion v0.3.0
[INFO] [stderr]   Downloaded hashbrown v0.2.2
[INFO] [stderr]   Downloaded rand_xoshiro v0.3.1
[INFO] [stderr]   Downloaded pagecache v0.15.0
[INFO] [stderr]   Downloaded sled v0.22.1
[INFO] running `Command { std: "docker" "create" "-v" "/var/lib/crater-agent-workspace/builds/worker-6-tc1/target:/opt/rustwide/target:rw,Z" "-v" "/var/lib/crater-agent-workspace/builds/worker-6-tc1/source:/opt/rustwide/workdir:ro,Z" "-v" "/var/lib/crater-agent-workspace/cargo-home:/opt/rustwide/cargo-home:ro,Z" "-v" "/var/lib/crater-agent-workspace/rustup-home:/opt/rustwide/rustup-home:ro,Z" "-e" "SOURCE_DIR=/opt/rustwide/workdir" "-e" "CARGO_TARGET_DIR=/opt/rustwide/target" "-e" "CARGO_HOME=/opt/rustwide/cargo-home" "-e" "RUSTUP_HOME=/opt/rustwide/rustup-home" "-w" "/opt/rustwide/workdir" "-m" "1610612736" "--user" "0:0" "--network" "none" "ghcr.io/rust-lang/crates-build-env/linux@sha256:819108c5571ea2e421544af4d832f968d213c87fbe3707a016657f43d2f853bc" "/opt/rustwide/cargo-home/bin/cargo" "+nightly-2025-01-18" "metadata" "--no-deps" "--format-version=1", kill_on_drop: false }`
[INFO] [stdout] b644f260bef9801d87ef9544d3a8049b6f7b928d6606ab6587a827cd843b40f0
[INFO] running `Command { std: "docker" "start" "-a" "b644f260bef9801d87ef9544d3a8049b6f7b928d6606ab6587a827cd843b40f0", kill_on_drop: false }`
[INFO] running `Command { std: "docker" "inspect" "b644f260bef9801d87ef9544d3a8049b6f7b928d6606ab6587a827cd843b40f0", kill_on_drop: false }`
[INFO] running `Command { std: "docker" "rm" "-f" "b644f260bef9801d87ef9544d3a8049b6f7b928d6606ab6587a827cd843b40f0", kill_on_drop: false }`
[INFO] [stdout] b644f260bef9801d87ef9544d3a8049b6f7b928d6606ab6587a827cd843b40f0
[INFO] running `Command { std: "docker" "create" "-v" "/var/lib/crater-agent-workspace/builds/worker-6-tc1/target:/opt/rustwide/target:rw,Z" "-v" "/var/lib/crater-agent-workspace/builds/worker-6-tc1/source:/opt/rustwide/workdir:ro,Z" "-v" "/var/lib/crater-agent-workspace/cargo-home:/opt/rustwide/cargo-home:ro,Z" "-v" "/var/lib/crater-agent-workspace/rustup-home:/opt/rustwide/rustup-home:ro,Z" "-e" "SOURCE_DIR=/opt/rustwide/workdir" "-e" "CARGO_TARGET_DIR=/opt/rustwide/target" "-e" "CARGO_INCREMENTAL=0" "-e" "RUST_BACKTRACE=full" "-e" "RUSTFLAGS=--cap-lints=forbid" "-e" "RUSTDOCFLAGS=--cap-lints=forbid" "-e" "CARGO_HOME=/opt/rustwide/cargo-home" "-e" "RUSTUP_HOME=/opt/rustwide/rustup-home" "-w" "/opt/rustwide/workdir" "-m" "1610612736" "--user" "0:0" "--network" "none" "ghcr.io/rust-lang/crates-build-env/linux@sha256:819108c5571ea2e421544af4d832f968d213c87fbe3707a016657f43d2f853bc" "/opt/rustwide/cargo-home/bin/cargo" "+nightly-2025-01-18" "build" "--frozen" "--message-format=json", kill_on_drop: false }`
[INFO] [stdout] dba1aafc1d1ebf385e9f02c30745f0950c73f5d46b632645260934c3222d7d7e
[INFO] running `Command { std: "docker" "start" "-a" "dba1aafc1d1ebf385e9f02c30745f0950c73f5d46b632645260934c3222d7d7e", kill_on_drop: false }`
[INFO] [stderr]    Compiling libc v0.2.62
[INFO] [stderr]    Compiling proc-macro2 v1.0.3
[INFO] [stderr]    Compiling unicode-xid v0.2.0
[INFO] [stderr]    Compiling syn v1.0.5
[INFO] [stderr]    Compiling cfg-if v0.1.9
[INFO] [stderr]    Compiling autocfg v0.1.6
[INFO] [stderr]    Compiling lazy_static v1.4.0
[INFO] [stderr]    Compiling semver-parser v0.7.0
[INFO] [stderr]    Compiling serde v1.0.100
[INFO] [stderr]    Compiling arrayvec v0.4.11
[INFO] [stderr]    Compiling crossbeam-utils v0.6.6
[INFO] [stderr]    Compiling nodrop v0.1.13
[INFO] [stderr]    Compiling proc-macro2 v0.4.30
[INFO] [stderr]    Compiling byteorder v1.3.2
[INFO] [stderr]    Compiling semver v0.9.0
[INFO] [stderr]    Compiling scopeguard v1.0.0
[INFO] [stderr]    Compiling unicode-xid v0.1.0
[INFO] [stderr]    Compiling cc v1.0.45
[INFO] [stderr]    Compiling syn v0.15.44
[INFO] [stderr]    Compiling rustc_version v0.2.3
[INFO] [stderr]    Compiling rayon-core v1.6.0
[INFO] [stderr]    Compiling memoffset v0.5.1
[INFO] [stderr]    Compiling log v0.4.8
[INFO] [stderr]    Compiling num_cpus v1.10.1
[INFO] [stderr]    Compiling crossbeam-queue v0.1.2
[INFO] [stderr]    Compiling bincode v1.1.4
[INFO] [stderr]    Compiling crossbeam-epoch v0.7.2
[INFO] [stderr]    Compiling quote v1.0.2
[INFO] [stderr]    Compiling crc32fast v1.2.0
[INFO] [stderr]    Compiling quote v0.6.13
[INFO] [stderr]    Compiling bitflags v1.1.0
[INFO] [stderr]    Compiling crossbeam-deque v0.7.1
[INFO] [stderr]    Compiling atty v0.2.13
[INFO] [stderr]    Compiling num-traits v0.2.8
[INFO] [stderr]    Compiling either v1.5.3
[INFO] [stderr]    Compiling failure_derive v0.1.5
[INFO] [stderr]    Compiling backtrace-sys v0.1.31
[INFO] [stderr]    Compiling unicode-width v0.1.6
[INFO] [stderr]    Compiling memchr v2.2.1
[INFO] [stderr]    Compiling unicode-segmentation v1.3.0
[INFO] [stderr]    Compiling textwrap v0.11.0
[INFO] [stderr]    Compiling rayon v1.2.0
[INFO] [stderr]    Compiling fxhash v0.2.1
[INFO] [stderr]    Compiling fs2 v0.4.3
[INFO] [stderr]    Compiling num-integer v0.1.41
[INFO] [stderr]    Compiling heck v0.3.1
[INFO] [stderr]    Compiling futures v0.1.29
[INFO] [stderr]    Compiling historian v4.0.3
[INFO] [stderr]    Compiling vec_map v0.8.1
[INFO] [stderr]    Compiling ansi_term v0.11.0
[INFO] [stderr]    Compiling strsim v0.8.0
[INFO] [stderr]    Compiling rustc-demangle v0.1.16
[INFO] [stderr]    Compiling ryu v1.0.0
[INFO] [stderr]    Compiling clap v2.33.0
[INFO] [stderr]    Compiling backtrace v0.3.37
[INFO] [stderr]    Compiling slog v2.5.2
[INFO] [stderr]    Compiling aho-corasick v0.7.6
[INFO] [stderr]    Compiling time v0.1.42
[INFO] [stderr]    Compiling thread_local v0.3.6
[INFO] [stderr]    Compiling regex-syntax v0.6.12
[INFO] [stderr]    Compiling quick-error v1.2.2
[INFO] [stderr]    Compiling itoa v0.4.4
[INFO] [stderr]    Compiling chrono v0.4.9
[INFO] [stderr]    Compiling humantime v1.3.0
[INFO] [stderr]    Compiling synstructure v0.10.2
[INFO] [stderr]    Compiling termcolor v1.0.5
[INFO] [stderr]    Compiling proc-macro-error v0.2.6
[INFO] [stderr]    Compiling failure v0.1.5
[INFO] [stderr]    Compiling serde_derive v1.0.100
[INFO] [stderr]    Compiling structopt-derive v0.3.1
[INFO] [stderr]    Compiling regex v1.3.1
[INFO] [stderr]    Compiling structopt v0.3.1
[INFO] [stderr]    Compiling env_logger v0.6.2
[INFO] [stderr]    Compiling hashbrown v0.2.2
[INFO] [stderr]    Compiling serde_bytes v0.10.5
[INFO] [stderr]    Compiling serde_json v1.0.40
[INFO] [stderr]    Compiling pagecache v0.15.0
[INFO] [stderr]    Compiling slog-json v2.3.0
[INFO] [stderr]    Compiling sled v0.22.1
[INFO] [stderr]    Compiling kvs v0.1.0 (/opt/rustwide/workdir/kvs)
[INFO] [stdout] warning: non-local `impl` definition, `impl` blocks should be written at the same level as their item
[INFO] [stdout]  --> kvs/src/error.rs:7:17
[INFO] [stdout]   |
[INFO] [stdout] 7 | #[derive(Debug, Fail)]
[INFO] [stdout]   |                 ^---
[INFO] [stdout]   |                 |
[INFO] [stdout]   |                 `Fail` is not local
[INFO] [stdout]   |                 move the `impl` block outside of this constant `_DERIVE_failure_Fail_FOR_KvsError`
[INFO] [stdout] 8 | pub enum KvsError {
[INFO] [stdout]   |          -------- `KvsError` is not local
[INFO] [stdout]   |
[INFO] [stdout]   = note: the derive macro `Fail` defines the non-local `impl`, and may need to be changed
[INFO] [stdout]   = note: the derive macro `Fail` may come from an old version of the `failure_derive` crate, try updating your dependency with `cargo update -p failure_derive`
[INFO] [stdout]   = note: an `impl` is never scoped, even when it is nested inside an item, as it may impact type checking outside of that item, which can be the case if neither the trait or the self type are at the same nesting level as the `impl`
[INFO] [stdout]   = note: items in an anonymous const item (`const _: () = { ... }`) are treated as in the same scope as the anonymous const's declaration for the purpose of this lint
[INFO] [stdout]   = note: `#[warn(non_local_definitions)]` on by default
[INFO] [stdout]   = note: this warning originates in the derive macro `Fail` (in Nightly builds, run with -Z macro-backtrace for more info)
[INFO] [stdout] 
[INFO] [stdout] 
[INFO] [stdout] warning: non-local `impl` definition, `impl` blocks should be written at the same level as their item
[INFO] [stdout]  --> kvs/src/error.rs:7:17
[INFO] [stdout]   |
[INFO] [stdout] 7 | #[derive(Debug, Fail)]
[INFO] [stdout]   |                 ^---
[INFO] [stdout]   |                 |
[INFO] [stdout]   |                 `Display` is not local
[INFO] [stdout]   |                 move the `impl` block outside of this constant `_DERIVE_failure_core_fmt_Display_FOR_KvsError`
[INFO] [stdout] 8 | pub enum KvsError {
[INFO] [stdout]   |          -------- `KvsError` is not local
[INFO] [stdout]   |
[INFO] [stdout]   = note: the derive macro `Fail` defines the non-local `impl`, and may need to be changed
[INFO] [stdout]   = note: the derive macro `Fail` may come from an old version of the `failure_derive` crate, try updating your dependency with `cargo update -p failure_derive`
[INFO] [stdout]   = note: an `impl` is never scoped, even when it is nested inside an item, as it may impact type checking outside of that item, which can be the case if neither the trait or the self type are at the same nesting level as the `impl`
[INFO] [stdout]   = note: items in an anonymous const item (`const _: () = { ... }`) are treated as in the same scope as the anonymous const's declaration for the purpose of this lint
[INFO] [stdout]   = note: this warning originates in the derive macro `Fail` (in Nightly builds, run with -Z macro-backtrace for more info)
[INFO] [stdout] 
[INFO] [stdout] 
[INFO] [stderr]    Compiling kvs-server v0.1.0 (/opt/rustwide/workdir/kvs-server)
[INFO] [stderr]    Compiling kvs-client v0.1.0 (/opt/rustwide/workdir/kvs-client)
[INFO] [stdout] warning: field `verbosity` is never read
[INFO] [stdout]   --> kvs-server/src/main.rs:43:5
[INFO] [stdout]    |
[INFO] [stdout] 25 | struct Opt {
[INFO] [stdout]    |        --- field in this struct
[INFO] [stdout] ...
[INFO] [stdout] 43 |     verbosity: usize,
[INFO] [stdout]    |     ^^^^^^^^^
[INFO] [stdout]    |
[INFO] [stdout]    = note: `Opt` has a derived impl for the trait `Debug`, but this is intentionally ignored during dead code analysis
[INFO] [stdout]    = note: `#[warn(dead_code)]` on by default
[INFO] [stdout] 
[INFO] [stdout] 
[INFO] [stderr]     Finished `dev` profile [unoptimized + debuginfo] target(s) in 1m 04s
[INFO] running `Command { std: "docker" "inspect" "dba1aafc1d1ebf385e9f02c30745f0950c73f5d46b632645260934c3222d7d7e", kill_on_drop: false }`
[INFO] running `Command { std: "docker" "rm" "-f" "dba1aafc1d1ebf385e9f02c30745f0950c73f5d46b632645260934c3222d7d7e", kill_on_drop: false }`
[INFO] [stdout] dba1aafc1d1ebf385e9f02c30745f0950c73f5d46b632645260934c3222d7d7e
[INFO] running `Command { std: "docker" "create" "-v" "/var/lib/crater-agent-workspace/builds/worker-6-tc1/target:/opt/rustwide/target:rw,Z" "-v" "/var/lib/crater-agent-workspace/builds/worker-6-tc1/source:/opt/rustwide/workdir:ro,Z" "-v" "/var/lib/crater-agent-workspace/cargo-home:/opt/rustwide/cargo-home:ro,Z" "-v" "/var/lib/crater-agent-workspace/rustup-home:/opt/rustwide/rustup-home:ro,Z" "-e" "SOURCE_DIR=/opt/rustwide/workdir" "-e" "CARGO_TARGET_DIR=/opt/rustwide/target" "-e" "CARGO_INCREMENTAL=0" "-e" "RUST_BACKTRACE=full" "-e" "RUSTFLAGS=--cap-lints=forbid" "-e" "RUSTDOCFLAGS=--cap-lints=forbid" "-e" "CARGO_HOME=/opt/rustwide/cargo-home" "-e" "RUSTUP_HOME=/opt/rustwide/rustup-home" "-w" "/opt/rustwide/workdir" "-m" "1610612736" "--user" "0:0" "--network" "none" "ghcr.io/rust-lang/crates-build-env/linux@sha256:819108c5571ea2e421544af4d832f968d213c87fbe3707a016657f43d2f853bc" "/opt/rustwide/cargo-home/bin/cargo" "+nightly-2025-01-18" "test" "--frozen" "--no-run" "--message-format=json", kill_on_drop: false }`
[INFO] [stdout] 9412f0df5efd70b4ce0f41744af017e5cf3356213b88c0b73e45d09c2dcfe718
[INFO] running `Command { std: "docker" "start" "-a" "9412f0df5efd70b4ce0f41744af017e5cf3356213b88c0b73e45d09c2dcfe718", kill_on_drop: false }`
[INFO] [stderr]    Compiling getrandom v0.1.12
[INFO] [stderr]    Compiling ppv-lite86 v0.2.5
[INFO] [stderr]    Compiling regex-automata v0.1.8
[INFO] [stderr]    Compiling predicates-core v1.0.0
[INFO] [stderr]    Compiling escargot v0.4.0
[INFO] [stderr]    Compiling float-cmp v0.4.0
[INFO] [stderr]    Compiling itertools v0.8.0
[INFO] [stderr]    Compiling csv-core v0.1.6
[INFO] [stderr]    Compiling treeline v0.1.0
[INFO] [stderr]    Compiling same-file v1.0.5
[INFO] [stderr]    Compiling normalize-line-endings v0.2.2
[INFO] [stderr]    Compiling cast v0.2.2
[INFO] [stderr]    Compiling difference v2.0.0
[INFO] [stderr]    Compiling c2-chacha v0.2.2
[INFO] [stderr]    Compiling bstr v0.2.8
[INFO] [stderr]    Compiling predicates v1.0.1
[INFO] [stderr]    Compiling rand_core v0.5.1
[INFO] [stderr]    Compiling walkdir v2.2.9
[INFO] [stderr]    Compiling predicates-tree v1.0.0
[INFO] [stderr]    Compiling rand_pcg v0.2.0
[INFO] [stderr]    Compiling rand_chacha v0.2.1
[INFO] [stderr]    Compiling rand_xoshiro v0.3.1
[INFO] [stderr]    Compiling rand v0.7.2
[INFO] [stderr]    Compiling rand_os v0.2.2
[INFO] [stdout] warning: non-local `impl` definition, `impl` blocks should be written at the same level as their item
[INFO] [stdout]  --> kvs/src/error.rs:7:17
[INFO] [stdout]   |
[INFO] [stdout] 7 | #[derive(Debug, Fail)]
[INFO] [stdout]   |                 ^---
[INFO] [stdout]   |                 |
[INFO] [stdout]   |                 `Fail` is not local
[INFO] [stdout]   |                 move the `impl` block outside of this constant `_DERIVE_failure_Fail_FOR_KvsError`
[INFO] [stdout] 8 | pub enum KvsError {
[INFO] [stdout]   |          -------- `KvsError` is not local
[INFO] [stdout]   |
[INFO] [stdout]   = note: the derive macro `Fail` defines the non-local `impl`, and may need to be changed
[INFO] [stdout]   = note: the derive macro `Fail` may come from an old version of the `failure_derive` crate, try updating your dependency with `cargo update -p failure_derive`
[INFO] [stdout]   = note: an `impl` is never scoped, even when it is nested inside an item, as it may impact type checking outside of that item, which can be the case if neither the trait or the self type are at the same nesting level as the `impl`
[INFO] [stdout]   = note: items in an anonymous const item (`const _: () = { ... }`) are treated as in the same scope as the anonymous const's declaration for the purpose of this lint
[INFO] [stdout]   = note: `#[warn(non_local_definitions)]` on by default
[INFO] [stdout]   = note: this warning originates in the derive macro `Fail` (in Nightly builds, run with -Z macro-backtrace for more info)
[INFO] [stdout] 
[INFO] [stdout] 
[INFO] [stdout] warning: non-local `impl` definition, `impl` blocks should be written at the same level as their item
[INFO] [stdout]  --> kvs/src/error.rs:7:17
[INFO] [stdout]   |
[INFO] [stdout] 7 | #[derive(Debug, Fail)]
[INFO] [stdout]   |                 ^---
[INFO] [stdout]   |                 |
[INFO] [stdout]   |                 `Display` is not local
[INFO] [stdout]   |                 move the `impl` block outside of this constant `_DERIVE_failure_core_fmt_Display_FOR_KvsError`
[INFO] [stdout] 8 | pub enum KvsError {
[INFO] [stdout]   |          -------- `KvsError` is not local
[INFO] [stdout]   |
[INFO] [stdout]   = note: the derive macro `Fail` defines the non-local `impl`, and may need to be changed
[INFO] [stdout]   = note: the derive macro `Fail` may come from an old version of the `failure_derive` crate, try updating your dependency with `cargo update -p failure_derive`
[INFO] [stdout]   = note: an `impl` is never scoped, even when it is nested inside an item, as it may impact type checking outside of that item, which can be the case if neither the trait or the self type are at the same nesting level as the `impl`
[INFO] [stdout]   = note: items in an anonymous const item (`const _: () = { ... }`) are treated as in the same scope as the anonymous const's declaration for the purpose of this lint
[INFO] [stdout]   = note: this warning originates in the derive macro `Fail` (in Nightly builds, run with -Z macro-backtrace for more info)
[INFO] [stdout] 
[INFO] [stdout] 
[INFO] [stderr]    Compiling tinytemplate v1.0.2
[INFO] [stderr]    Compiling remove_dir_all v0.5.2
[INFO] [stderr]    Compiling kvs-server v0.1.0 (/opt/rustwide/workdir/kvs-server)
[INFO] [stderr]    Compiling kvs-client v0.1.0 (/opt/rustwide/workdir/kvs-client)
[INFO] [stderr]    Compiling criterion-plot v0.4.0
[INFO] [stderr]    Compiling csv v1.1.1
[INFO] [stdout] warning: field `verbosity` is never read
[INFO] [stdout]   --> kvs-server/src/main.rs:43:5
[INFO] [stdout]    |
[INFO] [stdout] 25 | struct Opt {
[INFO] [stdout]    |        --- field in this struct
[INFO] [stdout] ...
[INFO] [stdout] 43 |     verbosity: usize,
[INFO] [stdout]    |     ^^^^^^^^^
[INFO] [stdout]    |
[INFO] [stdout]    = note: `Opt` has a derived impl for the trait `Debug`, but this is intentionally ignored during dead code analysis
[INFO] [stdout]    = note: `#[warn(dead_code)]` on by default
[INFO] [stdout] 
[INFO] [stdout] 
[INFO] [stderr]    Compiling assert_cmd v0.11.1
[INFO] [stderr]    Compiling tempfile v3.1.0
[INFO] [stderr]    Compiling criterion v0.3.0
[INFO] [stderr]    Compiling kvs v0.1.0 (/opt/rustwide/workdir/kvs)
[INFO] [stdout] warning: non-local `impl` definition, `impl` blocks should be written at the same level as their item
[INFO] [stdout]  --> kvs/src/error.rs:7:17
[INFO] [stdout]   |
[INFO] [stdout] 7 | #[derive(Debug, Fail)]
[INFO] [stdout]   |                 ^---
[INFO] [stdout]   |                 |
[INFO] [stdout]   |                 `Fail` is not local
[INFO] [stdout]   |                 move the `impl` block outside of this constant `_DERIVE_failure_Fail_FOR_KvsError`
[INFO] [stdout] 8 | pub enum KvsError {
[INFO] [stdout]   |          -------- `KvsError` is not local
[INFO] [stdout]   |
[INFO] [stdout]   = note: the derive macro `Fail` defines the non-local `impl`, and may need to be changed
[INFO] [stdout]   = note: the derive macro `Fail` may come from an old version of the `failure_derive` crate, try updating your dependency with `cargo update -p failure_derive`
[INFO] [stdout]   = note: an `impl` is never scoped, even when it is nested inside an item, as it may impact type checking outside of that item, which can be the case if neither the trait or the self type are at the same nesting level as the `impl`
[INFO] [stdout]   = note: items in an anonymous const item (`const _: () = { ... }`) are treated as in the same scope as the anonymous const's declaration for the purpose of this lint
[INFO] [stdout]   = note: `#[warn(non_local_definitions)]` on by default
[INFO] [stdout]   = note: this warning originates in the derive macro `Fail` (in Nightly builds, run with -Z macro-backtrace for more info)
[INFO] [stdout] 
[INFO] [stdout] 
[INFO] [stdout] warning: non-local `impl` definition, `impl` blocks should be written at the same level as their item
[INFO] [stdout]  --> kvs/src/error.rs:7:17
[INFO] [stdout]   |
[INFO] [stdout] 7 | #[derive(Debug, Fail)]
[INFO] [stdout]   |                 ^---
[INFO] [stdout]   |                 |
[INFO] [stdout]   |                 `Display` is not local
[INFO] [stdout]   |                 move the `impl` block outside of this constant `_DERIVE_failure_core_fmt_Display_FOR_KvsError`
[INFO] [stdout] 8 | pub enum KvsError {
[INFO] [stdout]   |          -------- `KvsError` is not local
[INFO] [stdout]   |
[INFO] [stdout]   = note: the derive macro `Fail` defines the non-local `impl`, and may need to be changed
[INFO] [stdout]   = note: the derive macro `Fail` may come from an old version of the `failure_derive` crate, try updating your dependency with `cargo update -p failure_derive`
[INFO] [stdout]   = note: an `impl` is never scoped, even when it is nested inside an item, as it may impact type checking outside of that item, which can be the case if neither the trait or the self type are at the same nesting level as the `impl`
[INFO] [stdout]   = note: items in an anonymous const item (`const _: () = { ... }`) are treated as in the same scope as the anonymous const's declaration for the purpose of this lint
[INFO] [stdout]   = note: this warning originates in the derive macro `Fail` (in Nightly builds, run with -Z macro-backtrace for more info)
[INFO] [stdout] 
[INFO] [stdout] 
[INFO] [stderr]     Finished `test` profile [unoptimized + debuginfo] target(s) in 17.37s
[INFO] [stderr] warning: the following packages contain code that will be rejected by a future version of Rust: criterion v0.3.0
[INFO] [stderr] note: to see what the problems were, use the option `--future-incompat-report`, or run `cargo report future-incompatibilities --id 1`
[INFO] running `Command { std: "docker" "inspect" "9412f0df5efd70b4ce0f41744af017e5cf3356213b88c0b73e45d09c2dcfe718", kill_on_drop: false }`
[INFO] running `Command { std: "docker" "rm" "-f" "9412f0df5efd70b4ce0f41744af017e5cf3356213b88c0b73e45d09c2dcfe718", kill_on_drop: false }`
[INFO] [stdout] 9412f0df5efd70b4ce0f41744af017e5cf3356213b88c0b73e45d09c2dcfe718
[INFO] running `Command { std: "docker" "create" "-v" "/var/lib/crater-agent-workspace/builds/worker-6-tc1/target:/opt/rustwide/target:rw,Z" "-v" "/var/lib/crater-agent-workspace/builds/worker-6-tc1/source:/opt/rustwide/workdir:ro,Z" "-v" "/var/lib/crater-agent-workspace/cargo-home:/opt/rustwide/cargo-home:ro,Z" "-v" "/var/lib/crater-agent-workspace/rustup-home:/opt/rustwide/rustup-home:ro,Z" "-e" "SOURCE_DIR=/opt/rustwide/workdir" "-e" "CARGO_TARGET_DIR=/opt/rustwide/target" "-e" "CARGO_INCREMENTAL=0" "-e" "RUST_BACKTRACE=full" "-e" "RUSTFLAGS=--cap-lints=forbid" "-e" "RUSTDOCFLAGS=--cap-lints=forbid" "-e" "CARGO_HOME=/opt/rustwide/cargo-home" "-e" "RUSTUP_HOME=/opt/rustwide/rustup-home" "-w" "/opt/rustwide/workdir" "-m" "1610612736" "--user" "0:0" "--network" "none" "ghcr.io/rust-lang/crates-build-env/linux@sha256:819108c5571ea2e421544af4d832f968d213c87fbe3707a016657f43d2f853bc" "/opt/rustwide/cargo-home/bin/cargo" "+nightly-2025-01-18" "test" "--frozen", kill_on_drop: false }`
[INFO] [stdout] 88e7f5d7fdb9e99ee3deb9942d91de2ff2301879ba4f6800ec167e4fbbf32ed7
[INFO] running `Command { std: "docker" "start" "-a" "88e7f5d7fdb9e99ee3deb9942d91de2ff2301879ba4f6800ec167e4fbbf32ed7", kill_on_drop: false }`
[INFO] [stderr] warning: non-local `impl` definition, `impl` blocks should be written at the same level as their item
[INFO] [stderr]  --> kvs/src/error.rs:7:17
[INFO] [stderr]   |
[INFO] [stderr] 7 | #[derive(Debug, Fail)]
[INFO] [stderr]   |                 ^---
[INFO] [stderr]   |                 |
[INFO] [stderr]   |                 `Fail` is not local
[INFO] [stderr]   |                 move the `impl` block outside of this constant `_DERIVE_failure_Fail_FOR_KvsError`
[INFO] [stderr] 8 | pub enum KvsError {
[INFO] [stderr]   |          -------- `KvsError` is not local
[INFO] [stderr]   |
[INFO] [stderr]   = note: the derive macro `Fail` defines the non-local `impl`, and may need to be changed
[INFO] [stderr]   = note: the derive macro `Fail` may come from an old version of the `failure_derive` crate, try updating your dependency with `cargo update -p failure_derive`
[INFO] [stderr]   = note: an `impl` is never scoped, even when it is nested inside an item, as it may impact type checking outside of that item, which can be the case if neither the trait or the self type are at the same nesting level as the `impl`
[INFO] [stderr]   = note: items in an anonymous const item (`const _: () = { ... }`) are treated as in the same scope as the anonymous const's declaration for the purpose of this lint
[INFO] [stderr]   = note: `#[warn(non_local_definitions)]` on by default
[INFO] [stderr]   = note: this warning originates in the derive macro `Fail` (in Nightly builds, run with -Z macro-backtrace for more info)
[INFO] [stderr] 
[INFO] [stderr] warning: non-local `impl` definition, `impl` blocks should be written at the same level as their item
[INFO] [stderr]  --> kvs/src/error.rs:7:17
[INFO] [stderr]   |
[INFO] [stderr] 7 | #[derive(Debug, Fail)]
[INFO] [stderr]   |                 ^---
[INFO] [stderr]   |                 |
[INFO] [stderr]   |                 `Display` is not local
[INFO] [stderr]   |                 move the `impl` block outside of this constant `_DERIVE_failure_core_fmt_Display_FOR_KvsError`
[INFO] [stderr] 8 | pub enum KvsError {
[INFO] [stderr]   |          -------- `KvsError` is not local
[INFO] [stderr]   |
[INFO] [stderr]   = note: the derive macro `Fail` defines the non-local `impl`, and may need to be changed
[INFO] [stderr]   = note: the derive macro `Fail` may come from an old version of the `failure_derive` crate, try updating your dependency with `cargo update -p failure_derive`
[INFO] [stderr]   = note: an `impl` is never scoped, even when it is nested inside an item, as it may impact type checking outside of that item, which can be the case if neither the trait or the self type are at the same nesting level as the `impl`
[INFO] [stderr]   = note: items in an anonymous const item (`const _: () = { ... }`) are treated as in the same scope as the anonymous const's declaration for the purpose of this lint
[INFO] [stderr]   = note: this warning originates in the derive macro `Fail` (in Nightly builds, run with -Z macro-backtrace for more info)
[INFO] [stderr] 
[INFO] [stderr] warning: `kvs` (lib) generated 2 warnings
[INFO] [stderr] warning: `kvs` (lib test) generated 2 warnings (2 duplicates)
[INFO] [stderr] warning: field `verbosity` is never read
[INFO] [stderr]   --> kvs-server/src/main.rs:43:5
[INFO] [stderr]    |
[INFO] [stderr] 25 | struct Opt {
[INFO] [stderr]    |        --- field in this struct
[INFO] [stderr] ...
[INFO] [stderr] 43 |     verbosity: usize,
[INFO] [stderr]    |     ^^^^^^^^^
[INFO] [stderr]    |
[INFO] [stderr]    = note: `Opt` has a derived impl for the trait `Debug`, but this is intentionally ignored during dead code analysis
[INFO] [stderr]    = note: `#[warn(dead_code)]` on by default
[INFO] [stderr] 
[INFO] [stderr] warning: `kvs-server` (bin "kvs-server" test) generated 1 warning
[INFO] [stderr]     Finished `test` profile [unoptimized + debuginfo] target(s) in 0.16s
[INFO] [stderr] warning: the following packages contain code that will be rejected by a future version of Rust: criterion v0.3.0
[INFO] [stderr] note: to see what the problems were, use the option `--future-incompat-report`, or run `cargo report future-incompatibilities --id 1`
[INFO] [stderr]      Running unittests src/lib.rs (/opt/rustwide/target/debug/deps/kvs-d9530df6d1628d52)
[INFO] [stdout] 
[INFO] [stderr]      Running tests/cli.rs (/opt/rustwide/target/debug/deps/cli-66a3ad44b51e9f94)
[INFO] [stdout] running 0 tests
[INFO] [stdout] 
[INFO] [stdout] test result: ok. 0 passed; 0 failed; 0 ignored; 0 measured; 0 filtered out; finished in 0.00s
[INFO] [stdout] 
[INFO] [stdout] 
[INFO] [stdout] running 11 tests
[INFO] [stderr] [2025-01-20T16:48:22Z INFO  kvs_server] kvs-server 0.1.0
[INFO] [stderr] [2025-01-20T16:48:22Z INFO  kvs_server] Storage engine: sled
[INFO] [stderr] [2025-01-20T16:48:22Z INFO  kvs_server] Listening on 127.0.0.1:4002
[INFO] [stderr] [2025-01-20T16:48:22Z INFO  kvs_server] kvs-server 0.1.0
[INFO] [stderr] [2025-01-20T16:48:22Z INFO  kvs_server] Storage engine: sled
[INFO] [stderr] [2025-01-20T16:48:22Z INFO  kvs_server] Listening on 127.0.0.1:4005
[INFO] [stderr] [2025-01-20T16:48:22Z INFO  kvs_server] kvs-server 0.1.0
[INFO] [stderr] [2025-01-20T16:48:22Z INFO  kvs_server] Storage engine: kvs
[INFO] [stderr] [2025-01-20T16:48:22Z INFO  kvs_server] Listening on 127.0.0.1:4004
[INFO] [stdout] test client_cli_invalid_rm ... ok
[INFO] [stdout] test client_cli_invalid_subcommand ... ok
[INFO] [stdout] test client_cli_invalid_get ... ok
[INFO] [stdout] test server_cli_version ... ok
[INFO] [stdout] test client_cli_no_args ... ok
[INFO] [stdout] test client_cli_version ... ok
[INFO] [stdout] test client_cli_invalid_set ... ok
[INFO] [stderr] 
[INFO] [stderr] thread 'main' panicked at library/core/src/panicking.rs:218:5:
[INFO] [stderr] unsafe precondition(s) violated: slice::get_unchecked_mut requires that the index is within the slice
[INFO] [stderr] stack backtrace:
[INFO] [stderr]    0:     0x59565247bf3a - std::backtrace_rs::backtrace::libunwind::trace::hb059275cfc8d6126
[INFO] [stderr]                                at /rustc/6067b36314ab5eb2eb47cecc464545ba58e1ad24/library/std/src/../../backtrace/src/backtrace/libunwind.rs:116:5
[INFO] [stderr]    1:     0x59565247bf3a - std::backtrace_rs::backtrace::trace_unsynchronized::h2da071e4327ce3ee
[INFO] [stderr]                                at /rustc/6067b36314ab5eb2eb47cecc464545ba58e1ad24/library/std/src/../../backtrace/src/backtrace/mod.rs:66:5
[INFO] [stderr]    2:     0x59565247bf3a - std::sys::backtrace::_print_fmt::h842a1474e6f8d23f
[INFO] [stderr]                                at /rustc/6067b36314ab5eb2eb47cecc464545ba58e1ad24/library/std/src/sys/backtrace.rs:66:9
[INFO] [stderr]    3:     0x59565247bf3a - <std::sys::backtrace::BacktraceLock::print::DisplayBacktrace as core::fmt::Display>::fmt::h71a62eb3b9696b12
[INFO] [stderr]                                at /rustc/6067b36314ab5eb2eb47cecc464545ba58e1ad24/library/std/src/sys/backtrace.rs:39:26
[INFO] [stderr]    4:     0x5956524a4343 - core::fmt::rt::Argument::fmt::hdb6b616786b41dc1
[INFO] [stderr]                                at /rustc/6067b36314ab5eb2eb47cecc464545ba58e1ad24/library/core/src/fmt/rt.rs:177:76
[INFO] [stderr]    5:     0x5956524a4343 - core::fmt::write::h2cc1698af7e2d686
[INFO] [stderr]                                at /rustc/6067b36314ab5eb2eb47cecc464545ba58e1ad24/library/core/src/fmt/mod.rs:1440:21
[INFO] [stderr]    6:     0x595652477c83 - std::io::Write::write_fmt::h00c8700df393f328
[INFO] [stderr]                                at /rustc/6067b36314ab5eb2eb47cecc464545ba58e1ad24/library/std/src/io/mod.rs:1887:15
[INFO] [stderr]    7:     0x59565247bd82 - std::sys::backtrace::BacktraceLock::print::h147fe35b4ea13b08
[INFO] [stderr]                                at /rustc/6067b36314ab5eb2eb47cecc464545ba58e1ad24/library/std/src/sys/backtrace.rs:42:9
[INFO] [stderr]    8:     0x59565247ccdf - std::panicking::default_hook::{{closure}}::hbd44223dbdc0d208
[INFO] [stderr]                                at /rustc/6067b36314ab5eb2eb47cecc464545ba58e1ad24/library/std/src/panicking.rs:298:22
[INFO] [stderr]    9:     0x59565247cb4a - std::panicking::default_hook::h20f81eb0576efcec
[INFO] [stderr]                                at /rustc/6067b36314ab5eb2eb47cecc464545ba58e1ad24/library/std/src/panicking.rs:325:9
[INFO] [stderr]   10:     0x59565247d702 - std::panicking::rust_panic_with_hook::h625eea43051b2edc
[INFO] [stderr]                                at /rustc/6067b36314ab5eb2eb47cecc464545ba58e1ad24/library/std/src/panicking.rs:831:13
[INFO] [stderr]   11:     0x59565247d456 - std::panicking::begin_panic_handler::{{closure}}::h4f9159cfbc3f6bd3
[INFO] [stderr]                                at /rustc/6067b36314ab5eb2eb47cecc464545ba58e1ad24/library/std/src/panicking.rs:697:13
[INFO] [stderr]   12:     0x59565247c439 - std::sys::backtrace::__rust_end_short_backtrace::h0390abce48353151
[INFO] [stderr]                                at /rustc/6067b36314ab5eb2eb47cecc464545ba58e1ad24/library/std/src/sys/backtrace.rs:168:18
[INFO] [stderr]   13:     0x59565247d11d - rust_begin_unwind
[INFO] [stderr]                                at /rustc/6067b36314ab5eb2eb47cecc464545ba58e1ad24/library/std/src/panicking.rs:695:5
[INFO] [stderr]   14:     0x5956524a221d - core::panicking::panic_nounwind_fmt::runtime::hff07b4bc76d03a4c
[INFO] [stderr]                                at /rustc/6067b36314ab5eb2eb47cecc464545ba58e1ad24/library/core/src/panicking.rs:117:22
[INFO] [stderr]   15:     0x5956524a221d - core::panicking::panic_nounwind_fmt::hbd5e8c40c5ce07f6
[INFO] [stderr]                                at /rustc/6067b36314ab5eb2eb47cecc464545ba58e1ad24/library/core/src/intrinsics/mod.rs:3861:9
[INFO] [stderr]   16:     0x5956524a22b2 - core::panicking::panic_nounwind::h87bcbf062a0b0104
[INFO] [stderr]                                at /rustc/6067b36314ab5eb2eb47cecc464545ba58e1ad24/library/core/src/panicking.rs:218:5
[INFO] [stderr]   17:     0x59565221ff08 - <usize as core::slice::index::SliceIndex<[T]>>::get_unchecked_mut::precondition_check::h32596d69bdfd121d
[INFO] [stderr]                                at /rustc/6067b36314ab5eb2eb47cecc464545ba58e1ad24/library/core/src/ub_checks.rs:68:21
[INFO] [stderr]   18:     0x59565221fec1 - <usize as core::slice::index::SliceIndex<[T]>>::get_unchecked_mut::hb0be02168fd10fe2
[INFO] [stderr]                                at /rustc/6067b36314ab5eb2eb47cecc464545ba58e1ad24/library/core/src/ub_checks.rs:75:17
[INFO] [stderr]   19:     0x5956522179d9 - core::slice::<impl [T]>::get_unchecked_mut::h06d6e16d3f37ecad
[INFO] [stderr]                                at /rustc/6067b36314ab5eb2eb47cecc464545ba58e1ad24/library/core/src/slice/mod.rs:707:24
[INFO] [stderr]   20:     0x5956522186fa - arrayvec::ArrayVec<A>::push_unchecked::h0d0dc508d47148dc
[INFO] [stderr]                                at /opt/rustwide/cargo-home/registry/src/index.crates.io-1949cf8c6b5b557f/arrayvec-0.4.11/src/lib.rs:246:20
[INFO] [stderr]   21:     0x595652218da8 - arrayvec::ArrayVec<A>::try_push::hbee4fccf408ac161
[INFO] [stderr]                                at /opt/rustwide/cargo-home/registry/src/index.crates.io-1949cf8c6b5b557f/arrayvec-0.4.11/src/lib.rs:212:17
[INFO] [stderr]   22:     0x59565221ac7d - crossbeam_epoch::internal::Bag::try_push::h55d85d502cf1d24f
[INFO] [stderr]                                at /opt/rustwide/cargo-home/registry/src/index.crates.io-1949cf8c6b5b557f/crossbeam-epoch-0.7.2/src/internal.rs:92:9
[INFO] [stderr]   23:     0x59565221b79b - crossbeam_epoch::internal::Local::defer::h8d247c6e4321c610
[INFO] [stderr]                                at /opt/rustwide/cargo-home/registry/src/index.crates.io-1949cf8c6b5b557f/crossbeam-epoch-0.7.2/src/internal.rs:324:28
[INFO] [stderr]   24:     0x5956520b4491 - crossbeam_epoch::guard::Guard::defer_unchecked::h57d6b63013cedfb1
[INFO] [stderr]                                at /opt/rustwide/cargo-home/registry/src/index.crates.io-1949cf8c6b5b557f/crossbeam-epoch-0.7.2/src/guard.rs:195:13
[INFO] [stderr]   25:     0x5956520b42a4 - crossbeam_epoch::guard::Guard::defer_destroy::hed0850d194b48037
[INFO] [stderr]                                at /opt/rustwide/cargo-home/registry/src/index.crates.io-1949cf8c6b5b557f/crossbeam-epoch-0.7.2/src/guard.rs:270:9
[INFO] [stderr]   26:     0x595652054ea2 - pagecache::ds::stack::Stack<T>::cas::hfbe5812340cc7984
[INFO] [stderr]                                at /opt/rustwide/cargo-home/registry/src/index.crates.io-1949cf8c6b5b557f/pagecache-0.15.0/src/ds/stack.rs:195:25
[INFO] [stderr]   27:     0x59565202d5a4 - pagecache::pagecache::PageCache<PM,P>::cas_page::h5db14a56035dc55a
[INFO] [stderr]                                at /opt/rustwide/cargo-home/registry/src/index.crates.io-1949cf8c6b5b557f/pagecache-0.15.0/src/pagecache.rs:1045:26
[INFO] [stderr]   28:     0x59565201d93d - pagecache::pagecache::PageCache<PM,P>::generate_id::h697a654a861a7e55
[INFO] [stderr]                                at /opt/rustwide/cargo-home/registry/src/index.crates.io-1949cf8c6b5b557f/pagecache-0.15.0/src/pagecache.rs:1432:27
[INFO] [stderr]   29:     0x595652027301 - pagecache::pagecache::PageCache<PM,P>::begin::he8eb72188f3706c5
[INFO] [stderr]                                at /opt/rustwide/cargo-home/registry/src/index.crates.io-1949cf8c6b5b557f/pagecache-0.15.0/src/pagecache.rs:545:20
[INFO] [stderr]   30:     0x5956520ae479 - sled::db::Db::start::h774a213c50d5d6b0
[INFO] [stderr]                                at /opt/rustwide/cargo-home/registry/src/index.crates.io-1949cf8c6b5b557f/sled-0.22.1/src/db.rs:54:18
[INFO] [stderr]   31:     0x595651fdcf8a - sled::db::Db::start_default::hd836d46d3323ebab
[INFO] [stderr]                                at /opt/rustwide/cargo-home/registry/src/index.crates.io-1949cf8c6b5b557f/sled-0.22.1/src/db.rs:34:9
[INFO] [stderr]   32:     0x595651fe8734 - kvs_server::run::ha3b0ba61836659b2
[INFO] [stderr]                                at /opt/rustwide/workdir/kvs-server/src/main.rs:88:32
[INFO] [stderr]   33:     0x595651fe7f2e - kvs_server::main::{{closure}}::h923dc34c43bf31cf
[INFO] [stderr]                                at /opt/rustwide/workdir/kvs-server/src/main.rs:68:9
[INFO] [stderr]   34:     0x595651fdc5d6 - core::result::Result<T,E>::and_then::h1e88429db0ead8bf
[INFO] [stderr]                                at /rustc/6067b36314ab5eb2eb47cecc464545ba58e1ad24/library/core/src/result.rs:1353:22
[INFO] [stderr]   35:     0x595651fe7d08 - kvs_server::main::hc5a6326da3e05576
[INFO] [stderr]                                at /opt/rustwide/workdir/kvs-server/src/main.rs:58:15
[INFO] [stderr]   36:     0x595651fe514b - core::ops::function::FnOnce::call_once::h859fa0d525ecf418
[INFO] [stderr]                                at /rustc/6067b36314ab5eb2eb47cecc464545ba58e1ad24/library/core/src/ops/function.rs:250:5
[INFO] [stderr]   37:     0x595651fde9fe - std::sys::backtrace::__rust_begin_short_backtrace::h920ad6f03a577cc0
[INFO] [stderr]                                at /rustc/6067b36314ab5eb2eb47cecc464545ba58e1ad24/library/std/src/sys/backtrace.rs:152:18
[INFO] [stderr]   38:     0x595651fdbab1 - std::rt::lang_start::{{closure}}::h1e68feccbc64bb0f
[INFO] [stderr]                                at /rustc/6067b36314ab5eb2eb47cecc464545ba58e1ad24/library/std/src/rt.rs:194:18
[INFO] [stderr]   39:     0x595652471990 - core::ops::function::impls::<impl core::ops::function::FnOnce<A> for &F>::call_once::h1b085b6c1d2518b2
[INFO] [stderr]                                at /rustc/6067b36314ab5eb2eb47cecc464545ba58e1ad24/library/core/src/ops/function.rs:284:13
[INFO] [stderr]   40:     0x595652471990 - std::panicking::try::do_call::h382f964a5a23b565
[INFO] [stderr]                                at /rustc/6067b36314ab5eb2eb47cecc464545ba58e1ad24/library/std/src/panicking.rs:587:40
[INFO] [stderr]   41:     0x595652471990 - std::panicking::try::h57f991055eb622f9
[INFO] [stderr]                                at /rustc/6067b36314ab5eb2eb47cecc464545ba58e1ad24/library/std/src/panicking.rs:550:19
[INFO] [stderr]   42:     0x595652471990 - std::panic::catch_unwind::h4d9a74ef04456343
[INFO] [stderr]                                at /rustc/6067b36314ab5eb2eb47cecc464545ba58e1ad24/library/std/src/panic.rs:358:14
[INFO] [stderr]   43:     0x595652471990 - std::rt::lang_start_internal::{{closure}}::h2faa8ae84a93f314
[INFO] [stderr]                                at /rustc/6067b36314ab5eb2eb47cecc464545ba58e1ad24/library/std/src/rt.rs:163:24
[INFO] [stderr]   44:     0x595652471990 - std::panicking::try::do_call::h0f8932bf638a9bf5
[INFO] [stderr]                                at /rustc/6067b36314ab5eb2eb47cecc464545ba58e1ad24/library/std/src/panicking.rs:587:40
[INFO] [stderr]   45:     0x595652471990 - std::panicking::try::h683416ea756b175d
[INFO] [stderr]                                at /rustc/6067b36314ab5eb2eb47cecc464545ba58e1ad24/library/std/src/panicking.rs:550:19
[INFO] [stderr]   46:     0x595652471990 - std::panic::catch_unwind::h56189fac8994979f
[INFO] [stderr]                                at /rustc/6067b36314ab5eb2eb47cecc464545ba58e1ad24/library/std/src/panic.rs:358:14
[INFO] [stderr]   47:     0x595652471990 - std::rt::lang_start_internal::h8bbc1061691274fe
[INFO] [stderr]                                at /rustc/6067b36314ab5eb2eb47cecc464545ba58e1ad24/library/std/src/rt.rs:159:5
[INFO] [stderr]   48:     0x595651fdba97 - std::rt::lang_start::h023cf62dfbef41ba
[INFO] [stderr]                                at /rustc/6067b36314ab5eb2eb47cecc464545ba58e1ad24/library/std/src/rt.rs:193:5
[INFO] [stderr]   49:     0x595651fe9e7e - main
[INFO] [stderr]   50:     0x7d27c6ecad90 - <unknown>
[INFO] [stderr]   51:     0x7d27c6ecae40 - __libc_start_main
[INFO] [stderr]   52:     0x595651fd07c5 - _start
[INFO] [stderr]   53:                0x0 - <unknown>
[INFO] [stderr] thread caused non-unwinding panic. aborting.
[INFO] [stderr] 
[INFO] [stderr] thread 'main' panicked at library/core/src/panicking.rs:218:5:
[INFO] [stderr] unsafe precondition(s) violated: slice::get_unchecked_mut requires that the index is within the slice
[INFO] [stderr] stack backtrace:
[INFO] [stderr]    0:     0x63c4bf342f3a - std::backtrace_rs::backtrace::libunwind::trace::hb059275cfc8d6126
[INFO] [stderr]                                at /rustc/6067b36314ab5eb2eb47cecc464545ba58e1ad24/library/std/src/../../backtrace/src/backtrace/libunwind.rs:116:5
[INFO] [stderr]    1:     0x63c4bf342f3a - std::backtrace_rs::backtrace::trace_unsynchronized::h2da071e4327ce3ee
[INFO] [stderr]                                at /rustc/6067b36314ab5eb2eb47cecc464545ba58e1ad24/library/std/src/../../backtrace/src/backtrace/mod.rs:66:5
[INFO] [stderr]    2:     0x63c4bf342f3a - std::sys::backtrace::_print_fmt::h842a1474e6f8d23f
[INFO] [stderr]                                at /rustc/6067b36314ab5eb2eb47cecc464545ba58e1ad24/library/std/src/sys/backtrace.rs:66:9
[INFO] [stderr]    3:     0x63c4bf342f3a - <std::sys::backtrace::BacktraceLock::print::DisplayBacktrace as core::fmt::Display>::fmt::h71a62eb3b9696b12
[INFO] [stderr]                                at /rustc/6067b36314ab5eb2eb47cecc464545ba58e1ad24/library/std/src/sys/backtrace.rs:39:26
[INFO] [stderr]    4:     0x63c4bf36b343 - core::fmt::rt::Argument::fmt::hdb6b616786b41dc1
[INFO] [stderr]                                at /rustc/6067b36314ab5eb2eb47cecc464545ba58e1ad24/library/core/src/fmt/rt.rs:177:76
[INFO] [stderr]    5:     0x63c4bf36b343 - core::fmt::write::h2cc1698af7e2d686
[INFO] [stderr]                                at /rustc/6067b36314ab5eb2eb47cecc464545ba58e1ad24/library/core/src/fmt/mod.rs:1440:21
[INFO] [stderr]    6:     0x63c4bf33ec83 - std::io::Write::write_fmt::h00c8700df393f328
[INFO] [stderr]                                at /rustc/6067b36314ab5eb2eb47cecc464545ba58e1ad24/library/std/src/io/mod.rs:1887:15
[INFO] [stderr]    7:     0x63c4bf342d82 - std::sys::backtrace::BacktraceLock::print::h147fe35b4ea13b08
[INFO] [stderr]                                at /rustc/6067b36314ab5eb2eb47cecc464545ba58e1ad24/library/std/src/sys/backtrace.rs:42:9
[INFO] [stderr]    8:     0x63c4bf343cdf - std::panicking::default_hook::{{closure}}::hbd44223dbdc0d208
[INFO] [stderr]                                at /rustc/6067b36314ab5eb2eb47cecc464545ba58e1ad24/library/std/src/panicking.rs:298:22
[INFO] [stderr]    9:     0x63c4bf343b4a - std::panicking::default_hook::h20f81eb0576efcec
[INFO] [stderr]                                at /rustc/6067b36314ab5eb2eb47cecc464545ba58e1ad24/library/std/src/panicking.rs:325:9
[INFO] [stderr]   10:     0x63c4bf344702 - std::panicking::rust_panic_with_hook::h625eea43051b2edc
[INFO] [stderr]                                at /rustc/6067b36314ab5eb2eb47cecc464545ba58e1ad24/library/std/src/panicking.rs:831:13
[INFO] [stderr]   11:     0x63c4bf344456 - std::panicking::begin_panic_handler::{{closure}}::h4f9159cfbc3f6bd3
[INFO] [stderr]                                at /rustc/6067b36314ab5eb2eb47cecc464545ba58e1ad24/library/std/src/panicking.rs:697:13
[INFO] [stderr]   12:     0x63c4bf343439 - std::sys::backtrace::__rust_end_short_backtrace::h0390abce48353151
[INFO] [stderr]                                at /rustc/6067b36314ab5eb2eb47cecc464545ba58e1ad24/library/std/src/sys/backtrace.rs:168:18
[INFO] [stderr]   13:     0x63c4bf34411d - rust_begin_unwind
[INFO] [stderr]                                at /rustc/6067b36314ab5eb2eb47cecc464545ba58e1ad24/library/std/src/panicking.rs:695:5
[INFO] [stderr]   14:     0x63c4bf36921d - core::panicking::panic_nounwind_fmt::runtime::hff07b4bc76d03a4c
[INFO] [stderr]                                at /rustc/6067b36314ab5eb2eb47cecc464545ba58e1ad24/library/core/src/panicking.rs:117:22
[INFO] [stderr]   15:     0x63c4bf36921d - core::panicking::panic_nounwind_fmt::hbd5e8c40c5ce07f6
[INFO] [stderr]                                at /rustc/6067b36314ab5eb2eb47cecc464545ba58e1ad24/library/core/src/intrinsics/mod.rs:3861:9
[INFO] [stderr]   16:     0x63c4bf3692b2 - core::panicking::panic_nounwind::h87bcbf062a0b0104
[INFO] [stderr]                                at /rustc/6067b36314ab5eb2eb47cecc464545ba58e1ad24/library/core/src/panicking.rs:218:5
[INFO] [stderr]   17:     0x63c4bf0e6f08 - <usize as core::slice::index::SliceIndex<[T]>>::get_unchecked_mut::precondition_check::h32596d69bdfd121d
[INFO] [stderr]                                at /rustc/6067b36314ab5eb2eb47cecc464545ba58e1ad24/library/core/src/ub_checks.rs:68:21
[INFO] [stderr]   18:     0x63c4bf0e6ec1 - <usize as core::slice::index::SliceIndex<[T]>>::get_unchecked_mut::hb0be02168fd10fe2
[INFO] [stderr]                                at /rustc/6067b36314ab5eb2eb47cecc464545ba58e1ad24/library/core/src/ub_checks.rs:75:17
[INFO] [stderr]   19:     0x63c4bf0de9d9 - core::slice::<impl [T]>::get_unchecked_mut::h06d6e16d3f37ecad
[INFO] [stderr]                                at /rustc/6067b36314ab5eb2eb47cecc464545ba58e1ad24/library/core/src/slice/mod.rs:707:24
[INFO] [stderr]   20:     0x63c4bf0df6fa - arrayvec::ArrayVec<A>::push_unchecked::h0d0dc508d47148dc
[INFO] [stderr]                                at /opt/rustwide/cargo-home/registry/src/index.crates.io-1949cf8c6b5b557f/arrayvec-0.4.11/src/lib.rs:246:20
[INFO] [stderr]   21:     0x63c4bf0dfda8 - arrayvec::ArrayVec<A>::try_push::hbee4fccf408ac161
[INFO] [stderr]                                at /opt/rustwide/cargo-home/registry/src/index.crates.io-1949cf8c6b5b557f/arrayvec-0.4.11/src/lib.rs:212:17
[INFO] [stderr]   22:     0x63c4bf0e1c7d - crossbeam_epoch::internal::Bag::try_push::h55d85d502cf1d24f
[INFO] [stderr]                                at /opt/rustwide/cargo-home/registry/src/index.crates.io-1949cf8c6b5b557f/crossbeam-epoch-0.7.2/src/internal.rs:92:9
[INFO] [stderr]   23:     0x63c4bf0e279b - crossbeam_epoch::internal::Local::defer::h8d247c6e4321c610
[INFO] [stderr]                                at /opt/rustwide/cargo-home/registry/src/index.crates.io-1949cf8c6b5b557f/crossbeam-epoch-0.7.2/src/internal.rs:324:28
[INFO] [stderr]   24:     0x63c4bef7b491 - crossbeam_epoch::guard::Guard::defer_unchecked::h57d6b63013cedfb1
[INFO] [stderr]                                at /opt/rustwide/cargo-home/registry/src/index.crates.io-1949cf8c6b5b557f/crossbeam-epoch-0.7.2/src/guard.rs:195:13
[INFO] [stderr]   25:     0x63c4bef7b2a4 - crossbeam_epoch::guard::Guard::defer_destroy::hed0850d194b48037
[INFO] [stderr]                                at /opt/rustwide/cargo-home/registry/src/index.crates.io-1949cf8c6b5b557f/crossbeam-epoch-0.7.2/src/guard.rs:270:9
[INFO] [stderr]   26:     0x63c4bef1bea2 - pagecache::ds::stack::Stack<T>::cas::hfbe5812340cc7984
[INFO] [stderr]                                at /opt/rustwide/cargo-home/registry/src/index.crates.io-1949cf8c6b5b557f/pagecache-0.15.0/src/ds/stack.rs:195:25
[INFO] [stderr]   27:     0x63c4beef45a4 - pagecache::pagecache::PageCache<PM,P>::cas_page::h5db14a56035dc55a
[INFO] [stderr]                                at /opt/rustwide/cargo-home/registry/src/index.crates.io-1949cf8c6b5b557f/pagecache-0.15.0/src/pagecache.rs:1045:26
[INFO] [stderr]   28:     0x63c4beee493d - pagecache::pagecache::PageCache<PM,P>::generate_id::h697a654a861a7e55
[INFO] [stderr]                                at /opt/rustwide/cargo-home/registry/src/index.crates.io-1949cf8c6b5b557f/pagecache-0.15.0/src/pagecache.rs:1432:27
[INFO] [stderr]   29:     0x63c4beeee301 - pagecache::pagecache::PageCache<PM,P>::begin::he8eb72188f3706c5
[INFO] [stderr]                                at /opt/rustwide/cargo-home/registry/src/index.crates.io-1949cf8c6b5b557f/pagecache-0.15.0/src/pagecache.rs:545:20
[INFO] [stderr]   30:     0x63c4bef75479 - sled::db::Db::start::h774a213c50d5d6b0
[INFO] [stderr]                                at /opt/rustwide/cargo-home/registry/src/index.crates.io-1949cf8c6b5b557f/sled-0.22.1/src/db.rs:54:18
[INFO] [stderr]   31:     0x63c4beea3f8a - sled::db::Db::start_default::hd836d46d3323ebab
[INFO] [stderr]                                at /opt/rustwide/cargo-home/registry/src/index.crates.io-1949cf8c6b5b557f/sled-0.22.1/src/db.rs:34:9
[INFO] [stderr]   32:     0x63c4beeaf734 - kvs_server::run::ha3b0ba61836659b2
[INFO] [stderr]                                at /opt/rustwide/workdir/kvs-server/src/main.rs:88:32
[INFO] [stderr]   33:     0x63c4beeaef2e - kvs_server::main::{{closure}}::h923dc34c43bf31cf
[INFO] [stderr]                                at /opt/rustwide/workdir/kvs-server/src/main.rs:68:9
[INFO] [stderr]   34:     0x63c4beea35d6 - core::result::Result<T,E>::and_then::h1e88429db0ead8bf
[INFO] [stderr]                                at /rustc/6067b36314ab5eb2eb47cecc464545ba58e1ad24/library/core/src/result.rs:1353:22
[INFO] [stderr]   35:     0x63c4beeaed08 - kvs_server::main::hc5a6326da3e05576
[INFO] [stderr]                                at /opt/rustwide/workdir/kvs-server/src/main.rs:58:15
[INFO] [stderr]   36:     0x63c4beeac14b - core::ops::function::FnOnce::call_once::h859fa0d525ecf418
[INFO] [stderr]                                at /rustc/6067b36314ab5eb2eb47cecc464545ba58e1ad24/library/core/src/ops/function.rs:250:5
[INFO] [stderr]   37:     0x63c4beea59fe - std::sys::backtrace::__rust_begin_short_backtrace::h920ad6f03a577cc0
[INFO] [stderr]                                at /rustc/6067b36314ab5eb2eb47cecc464545ba58e1ad24/library/std/src/sys/backtrace.rs:152:18
[INFO] [stderr]   38:     0x63c4beea2ab1 - std::rt::lang_start::{{closure}}::h1e68feccbc64bb0f
[INFO] [stderr]                                at /rustc/6067b36314ab5eb2eb47cecc464545ba58e1ad24/library/std/src/rt.rs:194:18
[INFO] [stderr]   39:     0x63c4bf338990 - core::ops::function::impls::<impl core::ops::function::FnOnce<A> for &F>::call_once::h1b085b6c1d2518b2
[INFO] [stderr]                                at /rustc/6067b36314ab5eb2eb47cecc464545ba58e1ad24/library/core/src/ops/function.rs:284:13
[INFO] [stderr]   40:     0x63c4bf338990 - std::panicking::try::do_call::h382f964a5a23b565
[INFO] [stderr]                                at /rustc/6067b36314ab5eb2eb47cecc464545ba58e1ad24/library/std/src/panicking.rs:587:40
[INFO] [stderr]   41:     0x63c4bf338990 - std::panicking::try::h57f991055eb622f9
[INFO] [stderr]                                at /rustc/6067b36314ab5eb2eb47cecc464545ba58e1ad24/library/std/src/panicking.rs:550:19
[INFO] [stderr]   42:     0x63c4bf338990 - std::panic::catch_unwind::h4d9a74ef04456343
[INFO] [stderr]                                at /rustc/6067b36314ab5eb2eb47cecc464545ba58e1ad24/library/std/src/panic.rs:358:14
[INFO] [stderr]   43:     0x63c4bf338990 - std::rt::lang_start_internal::{{closure}}::h2faa8ae84a93f314
[INFO] [stderr]                                at /rustc/6067b36314ab5eb2eb47cecc464545ba58e1ad24/library/std/src/rt.rs:163:24
[INFO] [stderr]   44:     0x63c4bf338990 - std::panicking::try::do_call::h0f8932bf638a9bf5
[INFO] [stderr]                                at /rustc/6067b36314ab5eb2eb47cecc464545ba58e1ad24/library/std/src/panicking.rs:587:40
[INFO] [stderr]   45:     0x63c4bf338990 - std::panicking::try::h683416ea756b175d
[INFO] [stderr]                                at /rustc/6067b36314ab5eb2eb47cecc464545ba58e1ad24/library/std/src/panicking.rs:550:19
[INFO] [stderr]   46:     0x63c4bf338990 - std::panic::catch_unwind::h56189fac8994979f
[INFO] [stderr]                                at /rustc/6067b36314ab5eb2eb47cecc464545ba58e1ad24/library/std/src/panic.rs:358:14
[INFO] [stderr]   47:     0x63c4bf338990 - std::rt::lang_start_internal::h8bbc1061691274fe
[INFO] [stderr]                                at /rustc/6067b36314ab5eb2eb47cecc464545ba58e1ad24/library/std/src/rt.rs:159:5
[INFO] [stderr]   48:     0x63c4beea2a97 - std::rt::lang_start::h023cf62dfbef41ba
[INFO] [stderr]                                at /rustc/6067b36314ab5eb2eb47cecc464545ba58e1ad24/library/std/src/rt.rs:193:5
[INFO] [stderr]   49:     0x63c4beeb0e7e - main
[INFO] [stderr]   50:     0x761067548d90 - <unknown>
[INFO] [stderr]   51:     0x761067548e40 - __libc_start_main
[INFO] [stderr]   52:     0x63c4bee977c5 - _start
[INFO] [stderr]   53:                0x0 - <unknown>
[INFO] [stderr] thread caused non-unwinding panic. aborting.
[INFO] [stdout] test cli_log_configuration ... ok
[INFO] [stderr] [2025-01-20T16:48:23Z INFO  kvs_server] kvs-server 0.1.0
[INFO] [stderr] [2025-01-20T16:48:23Z INFO  kvs_server] Storage engine: kvs
[INFO] [stderr] [2025-01-20T16:48:23Z INFO  kvs_server] Listening on 127.0.0.1:4002
[INFO] [stdout] test cli_access_server_sled_engine ... FAILED
[INFO] [stderr] [2025-01-20T16:48:23Z INFO  kvs_server] kvs-server 0.1.0
[INFO] [stderr] [2025-01-20T16:48:23Z INFO  kvs_server] Storage engine: kvs
[INFO] [stderr] [2025-01-20T16:48:23Z INFO  kvs_server] Listening on 127.0.0.1:4004
[INFO] [stdout] test cli_wrong_engine ... ok
[INFO] [stdout] test cli_access_server_kvs_engine ... ok
[INFO] [stdout] 
[INFO] [stdout] failures:
[INFO] [stdout] 
[INFO] [stdout] ---- cli_access_server_sled_engine stdout ----
[INFO] [stdout] 
[INFO] [stdout] thread 'cli_access_server_sled_engine' panicked at /opt/rustwide/cargo-home/registry/src/index.crates.io-1949cf8c6b5b557f/assert_cmd-0.11.1/src/assert.rs:154:13:
[INFO] [stdout] Unexpected failure.
[INFO] [stdout] code-1
[INFO] [stdout] stderr=```Connection refused (os error 111)
[INFO] [stdout] ```
[INFO] [stdout] command=`cd "/tmp/.tmpQrn2yF" && "/opt/rustwide/target/debug/kvs-client" "set" "key1" "value1" "--addr" "127.0.0.1:4005"`
[INFO] [stdout] code=1
[INFO] [stdout] stdout=``````
[INFO] [stdout] stderr=```Connection refused (os error 111)
[INFO] [stdout] ```
[INFO] [stdout] 
[INFO] [stdout] stack backtrace:
[INFO] [stdout]    0:     0x5f5222e267ca - std::backtrace_rs::backtrace::libunwind::trace::hb059275cfc8d6126
[INFO] [stdout]                                at /rustc/6067b36314ab5eb2eb47cecc464545ba58e1ad24/library/std/src/../../backtrace/src/backtrace/libunwind.rs:116:5
[INFO] [stdout]    1:     0x5f5222e267ca - std::backtrace_rs::backtrace::trace_unsynchronized::h2da071e4327ce3ee
[INFO] [stdout]                                at /rustc/6067b36314ab5eb2eb47cecc464545ba58e1ad24/library/std/src/../../backtrace/src/backtrace/mod.rs:66:5
[INFO] [stdout]    2:     0x5f5222e267ca - std::sys::backtrace::_print_fmt::h842a1474e6f8d23f
[INFO] [stdout]                                at /rustc/6067b36314ab5eb2eb47cecc464545ba58e1ad24/library/std/src/sys/backtrace.rs:66:9
[INFO] [stdout]    3:     0x5f5222e267ca - <std::sys::backtrace::BacktraceLock::print::DisplayBacktrace as core::fmt::Display>::fmt::h71a62eb3b9696b12
[INFO] [stdout]                                at /rustc/6067b36314ab5eb2eb47cecc464545ba58e1ad24/library/std/src/sys/backtrace.rs:39:26
[INFO] [stdout]    4:     0x5f5222e4ff23 - core::fmt::rt::Argument::fmt::hdb6b616786b41dc1
[INFO] [stdout]                                at /rustc/6067b36314ab5eb2eb47cecc464545ba58e1ad24/library/core/src/fmt/rt.rs:177:76
[INFO] [stdout]    5:     0x5f5222e4ff23 - core::fmt::write::h2cc1698af7e2d686
[INFO] [stdout]                                at /rustc/6067b36314ab5eb2eb47cecc464545ba58e1ad24/library/core/src/fmt/mod.rs:1440:21
[INFO] [stdout]    6:     0x5f5222e22dc3 - std::io::Write::write_fmt::hab1b4cd059a79022
[INFO] [stdout]                                at /rustc/6067b36314ab5eb2eb47cecc464545ba58e1ad24/library/std/src/io/mod.rs:1887:15
[INFO] [stdout]    7:     0x5f5222e26612 - std::sys::backtrace::BacktraceLock::print::h147fe35b4ea13b08
[INFO] [stdout]                                at /rustc/6067b36314ab5eb2eb47cecc464545ba58e1ad24/library/std/src/sys/backtrace.rs:42:9
[INFO] [stdout]    8:     0x5f5222e27c6f - std::panicking::default_hook::{{closure}}::hbd44223dbdc0d208
[INFO] [stdout]                                at /rustc/6067b36314ab5eb2eb47cecc464545ba58e1ad24/library/std/src/panicking.rs:298:22
[INFO] [stdout]    9:     0x5f5222e27a88 - std::panicking::default_hook::h20f81eb0576efcec
[INFO] [stdout]                                at /rustc/6067b36314ab5eb2eb47cecc464545ba58e1ad24/library/std/src/panicking.rs:322:9
[INFO] [stdout]   10:     0x5f5222d8e1f3 - <alloc::boxed::Box<F,A> as core::ops::function::Fn<Args>>::call::hdb53814c496a4d34
[INFO] [stdout]                                at /rustc/6067b36314ab5eb2eb47cecc464545ba58e1ad24/library/alloc/src/boxed.rs:2027:9
[INFO] [stdout]   11:     0x5f5222d8e1f3 - test::test_main::{{closure}}::hc0a4963c59427c24
[INFO] [stdout]                                at /rustc/6067b36314ab5eb2eb47cecc464545ba58e1ad24/library/test/src/lib.rs:134:21
[INFO] [stdout]   12:     0x5f5222e28763 - <alloc::boxed::Box<F,A> as core::ops::function::Fn<Args>>::call::h591b2225413a77e9
[INFO] [stdout]                                at /rustc/6067b36314ab5eb2eb47cecc464545ba58e1ad24/library/alloc/src/boxed.rs:2027:9
[INFO] [stdout]   13:     0x5f5222e28763 - std::panicking::rust_panic_with_hook::h625eea43051b2edc
[INFO] [stdout]                                at /rustc/6067b36314ab5eb2eb47cecc464545ba58e1ad24/library/std/src/panicking.rs:839:13
[INFO] [stdout]   14:     0x5f5222e2841a - std::panicking::begin_panic_handler::{{closure}}::h4f9159cfbc3f6bd3
[INFO] [stdout]                                at /rustc/6067b36314ab5eb2eb47cecc464545ba58e1ad24/library/std/src/panicking.rs:704:13
[INFO] [stdout]   15:     0x5f5222e26cc9 - std::sys::backtrace::__rust_end_short_backtrace::h0390abce48353151
[INFO] [stdout]                                at /rustc/6067b36314ab5eb2eb47cecc464545ba58e1ad24/library/std/src/sys/backtrace.rs:168:18
[INFO] [stdout]   16:     0x5f5222e280ad - rust_begin_unwind
[INFO] [stdout]                                at /rustc/6067b36314ab5eb2eb47cecc464545ba58e1ad24/library/std/src/panicking.rs:695:5
[INFO] [stdout]   17:     0x5f5222e4e5f0 - core::panicking::panic_fmt::h9e7c637e9e5f29c9
[INFO] [stdout]                                at /rustc/6067b36314ab5eb2eb47cecc464545ba58e1ad24/library/core/src/panicking.rs:75:14
[INFO] [stdout]   18:     0x5f5222dd3f32 - assert_cmd::assert::Assert::success::h0188b8d9d84879e7
[INFO] [stdout]                                at /opt/rustwide/cargo-home/registry/src/index.crates.io-1949cf8c6b5b557f/assert_cmd-0.11.1/src/assert.rs:154:13
[INFO] [stdout]   19:     0x5f5222d39704 - cli::cli_access_server::h1139b43efac2b9df
[INFO] [stdout]                                at /opt/rustwide/workdir/kvs/tests/cli.rs:230:5
[INFO] [stdout]   20:     0x5f5222d3f75e - cli::cli_access_server_sled_engine::h486b5534ec1cb9b6
[INFO] [stdout]                                at /opt/rustwide/workdir/kvs/tests/cli.rs:336:5
[INFO] [stdout]   21:     0x5f5222d3f727 - cli::cli_access_server_sled_engine::{{closure}}::hb4e3f7952bebe8ff
[INFO] [stdout]                                at /opt/rustwide/workdir/kvs/tests/cli.rs:335:35
[INFO] [stdout]   22:     0x5f5222d43716 - core::ops::function::FnOnce::call_once::hec070966685344cd
[INFO] [stdout]                                at /rustc/6067b36314ab5eb2eb47cecc464545ba58e1ad24/library/core/src/ops/function.rs:250:5
[INFO] [stdout]   23:     0x5f5222d9394b - core::ops::function::FnOnce::call_once::he27718dfdd183f43
[INFO] [stdout]                                at /rustc/6067b36314ab5eb2eb47cecc464545ba58e1ad24/library/core/src/ops/function.rs:250:5
[INFO] [stdout]   24:     0x5f5222d9394b - test::__rust_begin_short_backtrace::h4e84902998457a5d
[INFO] [stdout]                                at /rustc/6067b36314ab5eb2eb47cecc464545ba58e1ad24/library/test/src/lib.rs:632:18
[INFO] [stdout]   25:     0x5f5222d92883 - test::run_test_in_process::{{closure}}::h7176fd18fc1feca0
[INFO] [stdout]                                at /rustc/6067b36314ab5eb2eb47cecc464545ba58e1ad24/library/test/src/lib.rs:655:60
[INFO] [stdout]   26:     0x5f5222d92883 - <core::panic::unwind_safe::AssertUnwindSafe<F> as core::ops::function::FnOnce<()>>::call_once::hf79cff2a624d8cf7
[INFO] [stdout]                                at /rustc/6067b36314ab5eb2eb47cecc464545ba58e1ad24/library/core/src/panic/unwind_safe.rs:272:9
[INFO] [stdout]   27:     0x5f5222d92883 - std::panicking::try::do_call::h3da0561d9ab99c25
[INFO] [stdout]                                at /rustc/6067b36314ab5eb2eb47cecc464545ba58e1ad24/library/std/src/panicking.rs:587:40
[INFO] [stdout]   28:     0x5f5222d92883 - std::panicking::try::h41c9fa508bc61df6
[INFO] [stdout]                                at /rustc/6067b36314ab5eb2eb47cecc464545ba58e1ad24/library/std/src/panicking.rs:550:19
[INFO] [stdout]   29:     0x5f5222d92883 - std::panic::catch_unwind::h6b3ff07bb5afad93
[INFO] [stdout]                                at /rustc/6067b36314ab5eb2eb47cecc464545ba58e1ad24/library/std/src/panic.rs:358:14
[INFO] [stdout]   30:     0x5f5222d92883 - test::run_test_in_process::hc7253dd11b39b9f4
[INFO] [stdout]                                at /rustc/6067b36314ab5eb2eb47cecc464545ba58e1ad24/library/test/src/lib.rs:655:27
[INFO] [stdout]   31:     0x5f5222d92883 - test::run_test::{{closure}}::hfb2007f8649c30bb
[INFO] [stdout]                                at /rustc/6067b36314ab5eb2eb47cecc464545ba58e1ad24/library/test/src/lib.rs:576:43
[INFO] [stdout]   32:     0x5f5222d55965 - test::run_test::{{closure}}::h56a17aa7a282a9f4
[INFO] [stdout]                                at /rustc/6067b36314ab5eb2eb47cecc464545ba58e1ad24/library/test/src/lib.rs:606:41
[INFO] [stdout]   33:     0x5f5222d55965 - std::sys::backtrace::__rust_begin_short_backtrace::hd2d2d2fb8e8c6aac
[INFO] [stdout]                                at /rustc/6067b36314ab5eb2eb47cecc464545ba58e1ad24/library/std/src/sys/backtrace.rs:152:18
[INFO] [stdout]   34:     0x5f5222d5924a - std::thread::Builder::spawn_unchecked_::{{closure}}::{{closure}}::h4faa3f9db6133423
[INFO] [stdout]                                at /rustc/6067b36314ab5eb2eb47cecc464545ba58e1ad24/library/std/src/thread/mod.rs:559:17
[INFO] [stdout]   35:     0x5f5222d5924a - <core::panic::unwind_safe::AssertUnwindSafe<F> as core::ops::function::FnOnce<()>>::call_once::hf2e855a36a4ea846
[INFO] [stdout]                                at /rustc/6067b36314ab5eb2eb47cecc464545ba58e1ad24/library/core/src/panic/unwind_safe.rs:272:9
[INFO] [stdout]   36:     0x5f5222d5924a - std::panicking::try::do_call::h2f73af3616c35465
[INFO] [stdout]                                at /rustc/6067b36314ab5eb2eb47cecc464545ba58e1ad24/library/std/src/panicking.rs:587:40
[INFO] [stdout]   37:     0x5f5222d5924a - std::panicking::try::hd1660ce9efadef5a
[INFO] [stdout]                                at /rustc/6067b36314ab5eb2eb47cecc464545ba58e1ad24/library/std/src/panicking.rs:550:19
[INFO] [stdout]   38:     0x5f5222d5924a - std::panic::catch_unwind::h5ee8d7823b8ca744
[INFO] [stdout]                                at /rustc/6067b36314ab5eb2eb47cecc464545ba58e1ad24/library/std/src/panic.rs:358:14
[INFO] [stdout]   39:     0x5f5222d5924a - std::thread::Builder::spawn_unchecked_::{{closure}}::h53c3a1894dce8407
[INFO] [stdout]                                at /rustc/6067b36314ab5eb2eb47cecc464545ba58e1ad24/library/std/src/thread/mod.rs:557:30
[INFO] [stdout]   40:     0x5f5222d5924a - core::ops::function::FnOnce::call_once{{vtable.shim}}::h048ce291ad4f62bf
[INFO] [stdout]                                at /rustc/6067b36314ab5eb2eb47cecc464545ba58e1ad24/library/core/src/ops/function.rs:250:5
[INFO] [stdout]   41:     0x5f5222e2db9b - <alloc::boxed::Box<F,A> as core::ops::function::FnOnce<Args>>::call_once::ha52bedf99a3b4981
[INFO] [stdout]                                at /rustc/6067b36314ab5eb2eb47cecc464545ba58e1ad24/library/alloc/src/boxed.rs:2013:9
[INFO] [stdout]   42:     0x5f5222e2db9b - <alloc::boxed::Box<F,A> as core::ops::function::FnOnce<Args>>::call_once::h567748934d80ccf8
[INFO] [stdout]                                at /rustc/6067b36314ab5eb2eb47cecc464545ba58e1ad24/library/alloc/src/boxed.rs:2013:9
[INFO] [stdout]   43:     0x5f5222e2db9b - std::sys::pal::unix::thread::Thread::new::thread_start::h2d970728ae887adc
[INFO] [stdout]                                at /rustc/6067b36314ab5eb2eb47cecc464545ba58e1ad24/library/std/src/sys/pal/unix/thread.rs:106:17
[INFO] [stdout]   44:     0x7cd432aedac3 - <unknown>
[INFO] [stdout]   45:     0x7cd432b7ea04 - clone
[INFO] [stdout]   46:                0x0 - <unknown>
[INFO] [stdout] 
[INFO] [stdout] 
[INFO] [stdout] failures:
[INFO] [stdout]     cli_access_server_sled_engine
[INFO] [stdout] 
[INFO] [stdout] test result: FAILED. 10 passed; 1 failed; 0 ignored; 0 measured; 0 filtered out; finished in 2.13s
[INFO] [stdout] 
[INFO] [stderr] error: test failed, to rerun pass `-p kvs --test cli`
[INFO] running `Command { std: "docker" "inspect" "88e7f5d7fdb9e99ee3deb9942d91de2ff2301879ba4f6800ec167e4fbbf32ed7", kill_on_drop: false }`
[INFO] running `Command { std: "docker" "rm" "-f" "88e7f5d7fdb9e99ee3deb9942d91de2ff2301879ba4f6800ec167e4fbbf32ed7", kill_on_drop: false }`
[INFO] [stdout] 88e7f5d7fdb9e99ee3deb9942d91de2ff2301879ba4f6800ec167e4fbbf32ed7
