[INFO] cloning repository https://github.com/matt-allan/mooncats
[INFO] running `Command { std: "git" "-c" "credential.helper=" "-c" "credential.helper=/workspace/cargo-home/bin/git-credential-null" "clone" "--bare" "https://github.com/matt-allan/mooncats" "/workspace/cache/git-repos/https%3A%2F%2Fgithub.com%2Fmatt-allan%2Fmooncats", kill_on_drop: false }`
[INFO] [stderr] Cloning into bare repository '/workspace/cache/git-repos/https%3A%2F%2Fgithub.com%2Fmatt-allan%2Fmooncats'...
[INFO] running `Command { std: "git" "rev-parse" "HEAD", kill_on_drop: false }`
[INFO] [stdout] cdad8fcf6d303094836f4b2e348938a47ca83531
[INFO] testing matt-allan/mooncats against nightly-2025-01-18+rustflags=-Zrandomize-layout for randomize-layout-2
[INFO] running `Command { std: "git" "clone" "/workspace/cache/git-repos/https%3A%2F%2Fgithub.com%2Fmatt-allan%2Fmooncats" "/workspace/builds/worker-6-tc2/source", kill_on_drop: false }`
[INFO] [stderr] Cloning into '/workspace/builds/worker-6-tc2/source'...
[INFO] [stderr] done.
[INFO] validating manifest of git repo https://github.com/matt-allan/mooncats on toolchain nightly-2025-01-18
[INFO] running `Command { std: CARGO_HOME="/workspace/cargo-home" RUSTUP_HOME="/workspace/rustup-home" "/workspace/cargo-home/bin/cargo" "+nightly-2025-01-18" "metadata" "--manifest-path" "Cargo.toml" "--no-deps", kill_on_drop: false }`
[INFO] started tweaking git repo https://github.com/matt-allan/mooncats
[INFO] finished tweaking git repo https://github.com/matt-allan/mooncats
[INFO] tweaked toml for git repo https://github.com/matt-allan/mooncats written to /workspace/builds/worker-6-tc2/source/Cargo.toml
[INFO] crate git repo https://github.com/matt-allan/mooncats already has a lockfile, it will not be regenerated
[INFO] running `Command { std: CARGO_HOME="/workspace/cargo-home" RUSTUP_HOME="/workspace/rustup-home" "/workspace/cargo-home/bin/cargo" "+nightly-2025-01-18" "fetch" "--manifest-path" "Cargo.toml", kill_on_drop: false }`
[INFO] running `Command { std: "docker" "create" "-v" "/var/lib/crater-agent-workspace/builds/worker-6-tc2/target:/opt/rustwide/target:rw,Z" "-v" "/var/lib/crater-agent-workspace/builds/worker-6-tc2/source:/opt/rustwide/workdir:ro,Z" "-v" "/var/lib/crater-agent-workspace/cargo-home:/opt/rustwide/cargo-home:ro,Z" "-v" "/var/lib/crater-agent-workspace/rustup-home:/opt/rustwide/rustup-home:ro,Z" "-e" "SOURCE_DIR=/opt/rustwide/workdir" "-e" "CARGO_TARGET_DIR=/opt/rustwide/target" "-e" "CARGO_HOME=/opt/rustwide/cargo-home" "-e" "RUSTUP_HOME=/opt/rustwide/rustup-home" "-w" "/opt/rustwide/workdir" "-m" "1610612736" "--user" "0:0" "--network" "none" "ghcr.io/rust-lang/crates-build-env/linux@sha256:819108c5571ea2e421544af4d832f968d213c87fbe3707a016657f43d2f853bc" "/opt/rustwide/cargo-home/bin/cargo" "+nightly-2025-01-18" "metadata" "--no-deps" "--format-version=1", kill_on_drop: false }`
[INFO] [stdout] 3f49a3240f026a62256a211af39003c095be9ca1cf868b069f3b424b77077659
[INFO] running `Command { std: "docker" "start" "-a" "3f49a3240f026a62256a211af39003c095be9ca1cf868b069f3b424b77077659", kill_on_drop: false }`
[INFO] running `Command { std: "docker" "inspect" "3f49a3240f026a62256a211af39003c095be9ca1cf868b069f3b424b77077659", kill_on_drop: false }`
[INFO] running `Command { std: "docker" "rm" "-f" "3f49a3240f026a62256a211af39003c095be9ca1cf868b069f3b424b77077659", kill_on_drop: false }`
[INFO] [stdout] 3f49a3240f026a62256a211af39003c095be9ca1cf868b069f3b424b77077659
[INFO] running `Command { std: "docker" "create" "-v" "/var/lib/crater-agent-workspace/builds/worker-6-tc2/target:/opt/rustwide/target:rw,Z" "-v" "/var/lib/crater-agent-workspace/builds/worker-6-tc2/source:/opt/rustwide/workdir:ro,Z" "-v" "/var/lib/crater-agent-workspace/cargo-home:/opt/rustwide/cargo-home:ro,Z" "-v" "/var/lib/crater-agent-workspace/rustup-home:/opt/rustwide/rustup-home:ro,Z" "-e" "SOURCE_DIR=/opt/rustwide/workdir" "-e" "CARGO_TARGET_DIR=/opt/rustwide/target" "-e" "CARGO_INCREMENTAL=0" "-e" "RUST_BACKTRACE=full" "-e" "RUSTFLAGS=--cap-lints=forbid -Zrandomize-layout" "-e" "RUSTDOCFLAGS=--cap-lints=forbid" "-e" "CARGO_HOME=/opt/rustwide/cargo-home" "-e" "RUSTUP_HOME=/opt/rustwide/rustup-home" "-w" "/opt/rustwide/workdir" "-m" "1610612736" "--user" "0:0" "--network" "none" "ghcr.io/rust-lang/crates-build-env/linux@sha256:819108c5571ea2e421544af4d832f968d213c87fbe3707a016657f43d2f853bc" "/opt/rustwide/cargo-home/bin/cargo" "+nightly-2025-01-18" "build" "--frozen" "--message-format=json", kill_on_drop: false }`
[INFO] [stdout] 1a216ac4fe55d146e916c2b67340d82d8739c8ea79f95b4cedbdbc8f2a3c786d
[INFO] running `Command { std: "docker" "start" "-a" "1a216ac4fe55d146e916c2b67340d82d8739c8ea79f95b4cedbdbc8f2a3c786d", kill_on_drop: false }`
[INFO] [stderr]    Compiling proc-macro2 v1.0.86
[INFO] [stderr]    Compiling unicode-ident v1.0.12
[INFO] [stderr]    Compiling cfg-if v1.0.0
[INFO] [stderr]    Compiling libc v0.2.155
[INFO] [stderr]    Compiling memchr v2.7.4
[INFO] [stderr]    Compiling version_check v0.9.4
[INFO] [stderr]    Compiling log v0.4.21
[INFO] [stderr]    Compiling autocfg v1.3.0
[INFO] [stderr]    Compiling typenum v1.17.0
[INFO] [stderr]    Compiling serde v1.0.203
[INFO] [stderr]    Compiling ppv-lite86 v0.2.17
[INFO] [stderr]    Compiling siphasher v0.3.11
[INFO] [stderr]    Compiling itoa v1.0.11
[INFO] [stderr]    Compiling once_cell v1.19.0
[INFO] [stderr]    Compiling regex-syntax v0.8.4
[INFO] [stderr]    Compiling bytes v1.6.0
[INFO] [stderr]    Compiling cpufeatures v0.2.12
[INFO] [stderr]    Compiling fnv v1.0.7
[INFO] [stderr]    Compiling thiserror v1.0.61
[INFO] [stderr]    Compiling same-file v1.0.6
[INFO] [stderr]    Compiling pin-project-lite v0.2.14
[INFO] [stderr]    Compiling phf_shared v0.10.0
[INFO] [stderr]    Compiling crossbeam-utils v0.8.20
[INFO] [stderr]    Compiling tinyvec_macros v0.1.1
[INFO] [stderr]    Compiling phf_shared v0.11.2
[INFO] [stderr]    Compiling tinyvec v1.6.1
[INFO] [stderr]    Compiling walkdir v2.5.0
[INFO] [stderr]    Compiling rustix v0.38.34
[INFO] [stderr]    Compiling generic-array v0.14.7
[INFO] [stderr]    Compiling unicase v2.7.0
[INFO] [stderr]    Compiling slab v0.4.9
[INFO] [stderr]    Compiling lock_api v0.4.12
[INFO] [stderr]    Compiling futures-core v0.3.30
[INFO] [stderr]    Compiling bitflags v2.6.0
[INFO] [stderr]    Compiling percent-encoding v2.3.1
[INFO] [stderr]    Compiling utf-8 v0.7.6
[INFO] [stderr]    Compiling futures-sink v0.3.30
[INFO] [stderr]    Compiling parking_lot_core v0.9.10
[INFO] [stderr]    Compiling form_urlencoded v1.2.1
[INFO] [stderr]    Compiling quote v1.0.36
[INFO] [stderr]    Compiling http v0.2.12
[INFO] [stderr]    Compiling smallvec v1.13.2
[INFO] [stderr]    Compiling linux-raw-sys v0.4.14
[INFO] [stderr]    Compiling unicode-bidi v0.3.15
[INFO] [stderr]    Compiling utf8parse v0.2.2
[INFO] [stderr]    Compiling syn v2.0.68
[INFO] [stderr]    Compiling aho-corasick v1.1.3
[INFO] [stderr]    Compiling mio v0.8.11
[INFO] [stderr]    Compiling unicode-normalization v0.1.23
[INFO] [stderr]    Compiling getrandom v0.2.15
[INFO] [stderr]    Compiling socket2 v0.5.7
[INFO] [stderr]    Compiling num_cpus v1.16.0
[INFO] [stderr]    Compiling httparse v1.9.4
[INFO] [stderr]    Compiling rand_core v0.6.4
[INFO] [stderr]    Compiling scopeguard v1.2.0
[INFO] [stderr]    Compiling new_debug_unreachable v1.0.6
[INFO] [stderr]    Compiling idna v0.5.0
[INFO] [stderr]    Compiling rand_chacha v0.3.1
[INFO] [stderr]    Compiling anstyle-parse v0.2.4
[INFO] [stderr]    Compiling bstr v1.9.1
[INFO] [stderr]    Compiling colorchoice v1.0.1
[INFO] [stderr]    Compiling ucd-trie v0.1.6
[INFO] [stderr]    Compiling pin-utils v0.1.0
[INFO] [stderr]    Compiling block-buffer v0.10.4
[INFO] [stderr]    Compiling crypto-common v0.1.6
[INFO] [stderr]    Compiling rand v0.8.5
[INFO] [stderr]    Compiling anstyle-query v1.1.0
[INFO] [stderr]    Compiling mac v0.1.1
[INFO] [stderr]    Compiling anstyle v1.0.7
[INFO] [stderr]    Compiling digest v0.10.7
[INFO] [stderr]    Compiling serde_json v1.0.118
[INFO] [stderr]    Compiling futures-task v0.3.30
[INFO] [stderr]    Compiling ryu v1.0.18
[INFO] [stderr]    Compiling is_terminal_polyfill v1.70.0
[INFO] [stderr]    Compiling futf v0.1.5
[INFO] [stderr]    Compiling parking_lot v0.12.3
[INFO] [stderr]    Compiling sha2 v0.10.8
[INFO] [stderr]    Compiling regex-automata v0.4.7
[INFO] [stderr]    Compiling sha1 v0.10.6
[INFO] [stderr]    Compiling anstream v0.6.14
[INFO] [stderr]    Compiling tracing-core v0.1.32
[INFO] [stderr]    Compiling cc v1.0.100
[INFO] [stderr]    Compiling precomputed-hash v0.1.1
[INFO] [stderr]    Compiling equivalent v1.0.1
[INFO] [stderr]    Compiling hashbrown v0.14.5
[INFO] [stderr]    Compiling tracing v0.1.40
[INFO] [stderr]    Compiling phf v0.11.2
[INFO] [stderr]    Compiling tendril v0.4.3
[INFO] [stderr]    Compiling phf_generator v0.10.0
[INFO] [stderr]    Compiling phf_generator v0.11.2
[INFO] [stderr]    Compiling string_cache_codegen v0.5.2
[INFO] [stderr]    Compiling phf_codegen v0.11.2
[INFO] [stderr]    Compiling mime_guess v2.0.5
[INFO] [stderr]    Compiling inotify-sys v0.1.5
[INFO] [stderr]    Compiling http v1.1.0
[INFO] [stderr]    Compiling num-traits v0.2.19
[INFO] [stderr]    Compiling gimli v0.29.0
[INFO] [stderr]    Compiling strsim v0.11.1
[INFO] [stderr]    Compiling byteorder v1.5.0
[INFO] [stderr]    Compiling indexmap v2.2.6
[INFO] [stderr]    Compiling terminal_size v0.3.0
[INFO] [stderr]    Compiling httpdate v1.0.3
[INFO] [stderr]    Compiling markup5ever v0.12.1
[INFO] [stderr]    Compiling try-lock v0.2.5
[INFO] [stderr]    Compiling adler v1.0.2
[INFO] [stderr]    Compiling mime v0.3.17
[INFO] [stderr]    Compiling clap_lex v0.7.1
[INFO] [stderr]    Compiling bitflags v1.3.2
[INFO] [stderr]    Compiling data-encoding v2.6.0
[INFO] [stderr]    Compiling inotify v0.9.6
[INFO] [stderr]    Compiling miniz_oxide v0.7.4
[INFO] [stderr]    Compiling want v0.3.1
[INFO] [stderr]    Compiling clap_builder v4.5.8
[INFO] [stderr]    Compiling headers-core v0.2.0
[INFO] [stderr]    Compiling http-body v0.4.6
[INFO] [stderr]    Compiling crossbeam-channel v0.5.13
[INFO] [stderr]    Compiling crossbeam-epoch v0.9.18
[INFO] [stderr]    Compiling filetime v0.2.23
[INFO] [stderr]    Compiling object v0.36.0
[INFO] [stderr]    Compiling futures-channel v0.3.30
[INFO] [stderr]    Compiling backtrace v0.3.73
[INFO] [stderr]    Compiling pulldown-cmark v0.10.3
[INFO] [stderr]    Compiling anyhow v1.0.86
[INFO] [stderr]    Compiling base64 v0.21.7
[INFO] [stderr]    Compiling rustc-demangle v0.1.24
[INFO] [stderr]    Compiling tower-service v0.3.2
[INFO] [stderr]    Compiling notify v6.1.1
[INFO] [stderr]    Compiling crossbeam-deque v0.8.5
[INFO] [stderr]    Compiling pulldown-cmark-escape v0.10.1
[INFO] [stderr]    Compiling humantime v2.1.0
[INFO] [stderr]    Compiling semver v1.0.23
[INFO] [stderr]    Compiling iana-time-zone v0.1.60
[INFO] [stderr]    Compiling heck v0.5.0
[INFO] [stderr]    Compiling scoped-tls v1.0.1
[INFO] [stderr]    Compiling headers v0.3.9
[INFO] [stderr]    Compiling maplit v1.0.2
[INFO] [stderr]    Compiling fastrand v2.1.0
[INFO] [stderr]    Compiling rand v0.4.6
[INFO] [stderr]    Compiling pathdiff v0.2.1
[INFO] [stderr]    Compiling either v1.13.0
[INFO] [stderr]    Compiling topological-sort v0.2.2
[INFO] [stderr]    Compiling remove_dir_all v0.5.3
[INFO] [stderr]    Compiling shlex v1.3.0
[INFO] [stderr]    Compiling tempfile v3.10.1
[INFO] [stderr]    Compiling globset v0.4.14
[INFO] [stderr]    Compiling chrono v0.4.38
[INFO] [stderr]    Compiling notify-debouncer-mini v0.4.1
[INFO] [stderr]    Compiling itertools v0.13.0
[INFO] [stderr]    Compiling rust-embed-utils v8.4.0
[INFO] [stderr]    Compiling tempdir v0.3.7
[INFO] [stderr]    Compiling regex v1.10.5
[INFO] [stderr]    Compiling addr2line v0.22.0
[INFO] [stderr]    Compiling env_filter v0.1.0
[INFO] [stderr]    Compiling clap v4.5.8
[INFO] [stderr]    Compiling opener v0.7.1
[INFO] [stderr]    Compiling clap_complete v4.5.7
[INFO] [stderr]    Compiling ignore v0.4.22
[INFO] [stderr]    Compiling env_logger v0.11.3
[INFO] [stderr]    Compiling serde_derive v1.0.203
[INFO] [stderr]    Compiling thiserror-impl v1.0.61
[INFO] [stderr]    Compiling tokio-macros v2.3.0
[INFO] [stderr]    Compiling futures-macro v0.3.30
[INFO] [stderr]    Compiling html5ever v0.27.0
[INFO] [stderr]    Compiling pin-project-internal v1.1.5
[INFO] [stderr]    Compiling rust-embed-impl v8.4.0
[INFO] [stderr]    Compiling tokio v1.38.0
[INFO] [stderr]    Compiling rust-embed v8.4.0
[INFO] [stderr]    Compiling futures-util v0.3.30
[INFO] [stderr]    Compiling pin-project v1.1.5
[INFO] [stderr]    Compiling pest v2.7.10
[INFO] [stderr]    Compiling pest_meta v2.7.10
[INFO] [stderr]    Compiling pest_generator v2.7.10
[INFO] [stderr]    Compiling pest_derive v2.7.10
[INFO] [stderr]    Compiling tokio-util v0.7.11
[INFO] [stderr]    Compiling h2 v0.3.26
[INFO] [stderr]    Compiling url v2.5.2
[INFO] [stderr]    Compiling string_cache v0.8.7
[INFO] [stderr]    Compiling serde_urlencoded v0.7.1
[INFO] [stderr]    Compiling toml v0.5.11
[INFO] [stderr]    Compiling nonempty v0.10.0
[INFO] [stderr]    Compiling tungstenite v0.21.0
[INFO] [stderr]    Compiling tokio-tungstenite v0.21.0
[INFO] [stderr]    Compiling elasticlunr-rs v3.0.2
[INFO] [stderr]    Compiling handlebars v5.1.2
[INFO] [stderr]    Compiling ammonia v4.0.0
[INFO] [stderr]    Compiling hyper v0.14.29
[INFO] [stderr]    Compiling warp v0.3.7
[INFO] [stderr]    Compiling mdbook v0.4.40
[INFO] [stderr]    Compiling mooncats v0.1.0 (/opt/rustwide/workdir)
[INFO] [stdout] warning: unused imports: `ExtendsType`, `Function`, and `NamedFunction`
[INFO] [stdout]  --> src/passes/parse_table_fields.rs:4:43
[INFO] [stdout]   |
[INFO] [stdout] 4 | use crate::{doctree::{DocItemEnum, Field, Function, MetaFile, NamedFunction}, errors::*, json::{DefineType, ExtendsType}, workspace::Sour...
[INFO] [stdout]   |                                           ^^^^^^^^            ^^^^^^^^^^^^^                                 ^^^^^^^^^^^
[INFO] [stdout]   |
[INFO] [stdout]   = note: `#[warn(unused_imports)]` on by default
[INFO] [stdout] 
[INFO] [stdout] 
[INFO] [stdout] warning: unused import: `self`
[INFO] [stdout]  --> src/mdbook.rs:9:105
[INFO] [stdout]   |
[INFO] [stdout] 9 | use crate::{doctree::{build_docs, MetaFile}, errors::*, json::Definition, location::FileUri, markdown::{self, MarkdownRenderer}, workspac...
[INFO] [stdout]   |                                                                                                         ^^^^
[INFO] [stdout] 
[INFO] [stdout] 
[INFO] [stdout] warning: associated items `empty` and `is_empty` are never used
[INFO] [stdout]    --> src/location.rs:254:12
[INFO] [stdout]     |
[INFO] [stdout] 253 | impl Span {
[INFO] [stdout]     | --------- associated items in this implementation
[INFO] [stdout] 254 |     pub fn empty(location: Location) -> Self {
[INFO] [stdout]     |            ^^^^^
[INFO] [stdout] ...
[INFO] [stdout] 261 |     pub fn is_empty(&self) -> bool {
[INFO] [stdout]     |            ^^^^^^^^
[INFO] [stdout]     |
[INFO] [stdout]     = note: `#[warn(dead_code)]` on by default
[INFO] [stdout] 
[INFO] [stdout] 
[INFO] [stdout] warning: function `read_range` is never used
[INFO] [stdout]    --> src/location.rs:267:8
[INFO] [stdout]     |
[INFO] [stdout] 267 | pub fn read_range<'a>(text: &'a str, range: &Range) -> String {
[INFO] [stdout]     |        ^^^^^^^^^^
[INFO] [stdout] 
[INFO] [stdout] 
[INFO] [stderr]     Finished `dev` profile [unoptimized + debuginfo] target(s) in 1m 25s
[INFO] running `Command { std: "docker" "inspect" "1a216ac4fe55d146e916c2b67340d82d8739c8ea79f95b4cedbdbc8f2a3c786d", kill_on_drop: false }`
[INFO] running `Command { std: "docker" "rm" "-f" "1a216ac4fe55d146e916c2b67340d82d8739c8ea79f95b4cedbdbc8f2a3c786d", kill_on_drop: false }`
[INFO] [stdout] 1a216ac4fe55d146e916c2b67340d82d8739c8ea79f95b4cedbdbc8f2a3c786d
[INFO] running `Command { std: "docker" "create" "-v" "/var/lib/crater-agent-workspace/builds/worker-6-tc2/target:/opt/rustwide/target:rw,Z" "-v" "/var/lib/crater-agent-workspace/builds/worker-6-tc2/source:/opt/rustwide/workdir:ro,Z" "-v" "/var/lib/crater-agent-workspace/cargo-home:/opt/rustwide/cargo-home:ro,Z" "-v" "/var/lib/crater-agent-workspace/rustup-home:/opt/rustwide/rustup-home:ro,Z" "-e" "SOURCE_DIR=/opt/rustwide/workdir" "-e" "CARGO_TARGET_DIR=/opt/rustwide/target" "-e" "CARGO_INCREMENTAL=0" "-e" "RUST_BACKTRACE=full" "-e" "RUSTFLAGS=--cap-lints=forbid -Zrandomize-layout" "-e" "RUSTDOCFLAGS=--cap-lints=forbid" "-e" "CARGO_HOME=/opt/rustwide/cargo-home" "-e" "RUSTUP_HOME=/opt/rustwide/rustup-home" "-w" "/opt/rustwide/workdir" "-m" "1610612736" "--user" "0:0" "--network" "none" "ghcr.io/rust-lang/crates-build-env/linux@sha256:819108c5571ea2e421544af4d832f968d213c87fbe3707a016657f43d2f853bc" "/opt/rustwide/cargo-home/bin/cargo" "+nightly-2025-01-18" "test" "--frozen" "--no-run" "--message-format=json", kill_on_drop: false }`
[INFO] [stdout] e0f6fcaed28010cd6081f865398f9585e5747e54a8b7ec4c9ef73766d9b25cd6
[INFO] running `Command { std: "docker" "start" "-a" "e0f6fcaed28010cd6081f865398f9585e5747e54a8b7ec4c9ef73766d9b25cd6", kill_on_drop: false }`
[INFO] [stderr]    Compiling mooncats v0.1.0 (/opt/rustwide/workdir)
[INFO] [stdout] warning: unused imports: `ExtendsType`, `Function`, and `NamedFunction`
[INFO] [stdout]  --> src/passes/parse_table_fields.rs:4:43
[INFO] [stdout]   |
[INFO] [stdout] 4 | use crate::{doctree::{DocItemEnum, Field, Function, MetaFile, NamedFunction}, errors::*, json::{DefineType, ExtendsType}, workspace::Sour...
[INFO] [stdout]   |                                           ^^^^^^^^            ^^^^^^^^^^^^^                                 ^^^^^^^^^^^
[INFO] [stdout]   |
[INFO] [stdout]   = note: `#[warn(unused_imports)]` on by default
[INFO] [stdout] 
[INFO] [stdout] 
[INFO] [stdout] warning: unused import: `self`
[INFO] [stdout]  --> src/mdbook.rs:9:105
[INFO] [stdout]   |
[INFO] [stdout] 9 | use crate::{doctree::{build_docs, MetaFile}, errors::*, json::Definition, location::FileUri, markdown::{self, MarkdownRenderer}, workspac...
[INFO] [stdout]   |                                                                                                         ^^^^
[INFO] [stdout] 
[INFO] [stdout] 
[INFO] [stdout] warning: associated items `empty` and `is_empty` are never used
[INFO] [stdout]    --> src/location.rs:254:12
[INFO] [stdout]     |
[INFO] [stdout] 253 | impl Span {
[INFO] [stdout]     | --------- associated items in this implementation
[INFO] [stdout] 254 |     pub fn empty(location: Location) -> Self {
[INFO] [stdout]     |            ^^^^^
[INFO] [stdout] ...
[INFO] [stdout] 261 |     pub fn is_empty(&self) -> bool {
[INFO] [stdout]     |            ^^^^^^^^
[INFO] [stdout]     |
[INFO] [stdout]     = note: `#[warn(dead_code)]` on by default
[INFO] [stdout] 
[INFO] [stdout] 
[INFO] [stdout] warning: function `read_range` is never used
[INFO] [stdout]    --> src/location.rs:267:8
[INFO] [stdout]     |
[INFO] [stdout] 267 | pub fn read_range<'a>(text: &'a str, range: &Range) -> String {
[INFO] [stdout]     |        ^^^^^^^^^^
[INFO] [stdout] 
[INFO] [stdout] 
[INFO] [stdout] warning: unused imports: `ExtendsType`, `Function`, and `NamedFunction`
[INFO] [stdout]  --> src/passes/parse_table_fields.rs:4:43
[INFO] [stdout]   |
[INFO] [stdout] 4 | use crate::{doctree::{DocItemEnum, Field, Function, MetaFile, NamedFunction}, errors::*, json::{DefineType, ExtendsType}, workspace::Sour...
[INFO] [stdout]   |                                           ^^^^^^^^            ^^^^^^^^^^^^^                                 ^^^^^^^^^^^
[INFO] [stdout]   |
[INFO] [stdout]   = note: `#[warn(unused_imports)]` on by default
[INFO] [stdout] 
[INFO] [stdout] 
[INFO] [stdout] warning: unused import: `self`
[INFO] [stdout]  --> src/mdbook.rs:9:105
[INFO] [stdout]   |
[INFO] [stdout] 9 | use crate::{doctree::{build_docs, MetaFile}, errors::*, json::Definition, location::FileUri, markdown::{self, MarkdownRenderer}, workspac...
[INFO] [stdout]   |                                                                                                         ^^^^
[INFO] [stdout] 
[INFO] [stdout] 
[INFO] [stdout] warning: associated items `empty` and `is_empty` are never used
[INFO] [stdout]    --> src/location.rs:254:12
[INFO] [stdout]     |
[INFO] [stdout] 253 | impl Span {
[INFO] [stdout]     | --------- associated items in this implementation
[INFO] [stdout] 254 |     pub fn empty(location: Location) -> Self {
[INFO] [stdout]     |            ^^^^^
[INFO] [stdout] ...
[INFO] [stdout] 261 |     pub fn is_empty(&self) -> bool {
[INFO] [stdout]     |            ^^^^^^^^
[INFO] [stdout]     |
[INFO] [stdout]     = note: `#[warn(dead_code)]` on by default
[INFO] [stdout] 
[INFO] [stdout] 
[INFO] [stdout] warning: function `read_range` is never used
[INFO] [stdout]    --> src/location.rs:267:8
[INFO] [stdout]     |
[INFO] [stdout] 267 | pub fn read_range<'a>(text: &'a str, range: &Range) -> String {
[INFO] [stdout]     |        ^^^^^^^^^^
[INFO] [stdout] 
[INFO] [stdout] 
[INFO] [stderr]     Finished `test` profile [unoptimized + debuginfo] target(s) in 4.33s
[INFO] running `Command { std: "docker" "inspect" "e0f6fcaed28010cd6081f865398f9585e5747e54a8b7ec4c9ef73766d9b25cd6", kill_on_drop: false }`
[INFO] running `Command { std: "docker" "rm" "-f" "e0f6fcaed28010cd6081f865398f9585e5747e54a8b7ec4c9ef73766d9b25cd6", kill_on_drop: false }`
[INFO] [stdout] e0f6fcaed28010cd6081f865398f9585e5747e54a8b7ec4c9ef73766d9b25cd6
[INFO] running `Command { std: "docker" "create" "-v" "/var/lib/crater-agent-workspace/builds/worker-6-tc2/target:/opt/rustwide/target:rw,Z" "-v" "/var/lib/crater-agent-workspace/builds/worker-6-tc2/source:/opt/rustwide/workdir:ro,Z" "-v" "/var/lib/crater-agent-workspace/cargo-home:/opt/rustwide/cargo-home:ro,Z" "-v" "/var/lib/crater-agent-workspace/rustup-home:/opt/rustwide/rustup-home:ro,Z" "-e" "SOURCE_DIR=/opt/rustwide/workdir" "-e" "CARGO_TARGET_DIR=/opt/rustwide/target" "-e" "CARGO_INCREMENTAL=0" "-e" "RUST_BACKTRACE=full" "-e" "RUSTFLAGS=--cap-lints=forbid -Zrandomize-layout" "-e" "RUSTDOCFLAGS=--cap-lints=forbid" "-e" "CARGO_HOME=/opt/rustwide/cargo-home" "-e" "RUSTUP_HOME=/opt/rustwide/rustup-home" "-w" "/opt/rustwide/workdir" "-m" "1610612736" "--user" "0:0" "--network" "none" "ghcr.io/rust-lang/crates-build-env/linux@sha256:819108c5571ea2e421544af4d832f968d213c87fbe3707a016657f43d2f853bc" "/opt/rustwide/cargo-home/bin/cargo" "+nightly-2025-01-18" "test" "--frozen", kill_on_drop: false }`
[INFO] [stdout] bfebf186fb6e0295c0099a884c98da96fc922b1b8c68f27e9c60f792b4a75af9
[INFO] running `Command { std: "docker" "start" "-a" "bfebf186fb6e0295c0099a884c98da96fc922b1b8c68f27e9c60f792b4a75af9", kill_on_drop: false }`
[INFO] [stderr] warning: unused imports: `ExtendsType`, `Function`, and `NamedFunction`
[INFO] [stderr]  --> src/passes/parse_table_fields.rs:4:43
[INFO] [stderr]   |
[INFO] [stderr] 4 | use crate::{doctree::{DocItemEnum, Field, Function, MetaFile, NamedFunction}, errors::*, json::{DefineType, ExtendsType}, workspace::Sour...
[INFO] [stderr]   |                                           ^^^^^^^^            ^^^^^^^^^^^^^                                 ^^^^^^^^^^^
[INFO] [stderr]   |
[INFO] [stderr]   = note: `#[warn(unused_imports)]` on by default
[INFO] [stderr] 
[INFO] [stderr] warning: unused import: `self`
[INFO] [stderr]  --> src/mdbook.rs:9:105
[INFO] [stderr]   |
[INFO] [stderr] 9 | use crate::{doctree::{build_docs, MetaFile}, errors::*, json::Definition, location::FileUri, markdown::{self, MarkdownRenderer}, workspac...
[INFO] [stderr]   |                                                                                                         ^^^^
[INFO] [stderr] 
[INFO] [stderr] warning: associated items `empty` and `is_empty` are never used
[INFO] [stderr]    --> src/location.rs:254:12
[INFO] [stderr]     |
[INFO] [stderr] 253 | impl Span {
[INFO] [stderr]     | --------- associated items in this implementation
[INFO] [stderr] 254 |     pub fn empty(location: Location) -> Self {
[INFO] [stderr]     |            ^^^^^
[INFO] [stderr] ...
[INFO] [stderr] 261 |     pub fn is_empty(&self) -> bool {
[INFO] [stderr]     |            ^^^^^^^^
[INFO] [stderr]     |
[INFO] [stderr]     = note: `#[warn(dead_code)]` on by default
[INFO] [stderr] 
[INFO] [stderr] warning: function `read_range` is never used
[INFO] [stderr]    --> src/location.rs:267:8
[INFO] [stderr]     |
[INFO] [stderr] 267 | pub fn read_range<'a>(text: &'a str, range: &Range) -> String {
[INFO] [stderr]     |        ^^^^^^^^^^
[INFO] [stderr] 
[INFO] [stderr] warning: `mooncats` (lib) generated 4 warnings (run `cargo fix --lib -p mooncats` to apply 2 suggestions)
[INFO] [stderr] warning: `mooncats` (lib test) generated 4 warnings (4 duplicates)
[INFO] [stderr]     Finished `test` profile [unoptimized + debuginfo] target(s) in 0.24s
[INFO] [stderr]      Running unittests src/lib.rs (/opt/rustwide/target/debug/deps/mooncats-91fefedc796db5d1)
[INFO] [stdout] 
[INFO] [stdout] running 2 tests
[INFO] [stdout] test json::test::parse_json ... ok
[INFO] [stdout] test mdbook::test::preprocessor_run ... FAILED
[INFO] [stdout] 
[INFO] [stdout] failures:
[INFO] [stdout] 
[INFO] [stdout] ---- mdbook::test::preprocessor_run stdout ----
[INFO] [stdout] 
[INFO] [stdout] thread 'mdbook::test::preprocessor_run' panicked at src/mdbook.rs:239:9:
[INFO] [stdout] preprocessor failed: Some(
[INFO] [stdout]     Os {
[INFO] [stdout]         code: 2,
[INFO] [stdout]         kind: NotFound,
[INFO] [stdout]         message: "No such file or directory",
[INFO] [stdout]     },
[INFO] [stdout] )
[INFO] [stdout] stack backtrace:
[INFO] [stdout]    0:     0x56c6b29adfea - std::backtrace_rs::backtrace::libunwind::trace::hb059275cfc8d6126
[INFO] [stdout]                                at /rustc/6067b36314ab5eb2eb47cecc464545ba58e1ad24/library/std/src/../../backtrace/src/backtrace/libunwind.rs:116:5
[INFO] [stdout]    1:     0x56c6b29adfea - std::backtrace_rs::backtrace::trace_unsynchronized::h2da071e4327ce3ee
[INFO] [stdout]                                at /rustc/6067b36314ab5eb2eb47cecc464545ba58e1ad24/library/std/src/../../backtrace/src/backtrace/mod.rs:66:5
[INFO] [stdout]    2:     0x56c6b29adfea - std::sys::backtrace::_print_fmt::h842a1474e6f8d23f
[INFO] [stdout]                                at /rustc/6067b36314ab5eb2eb47cecc464545ba58e1ad24/library/std/src/sys/backtrace.rs:66:9
[INFO] [stdout]    3:     0x56c6b29adfea - <std::sys::backtrace::BacktraceLock::print::DisplayBacktrace as core::fmt::Display>::fmt::h71a62eb3b9696b12
[INFO] [stdout]                                at /rustc/6067b36314ab5eb2eb47cecc464545ba58e1ad24/library/std/src/sys/backtrace.rs:39:26
[INFO] [stdout]    4:     0x56c6b29d7703 - core::fmt::rt::Argument::fmt::hdb6b616786b41dc1
[INFO] [stdout]                                at /rustc/6067b36314ab5eb2eb47cecc464545ba58e1ad24/library/core/src/fmt/rt.rs:177:76
[INFO] [stdout]    5:     0x56c6b29d7703 - core::fmt::write::h2cc1698af7e2d686
[INFO] [stdout]                                at /rustc/6067b36314ab5eb2eb47cecc464545ba58e1ad24/library/core/src/fmt/mod.rs:1440:21
[INFO] [stdout]    6:     0x56c6b29aa383 - std::io::Write::write_fmt::hab1b4cd059a79022
[INFO] [stdout]                                at /rustc/6067b36314ab5eb2eb47cecc464545ba58e1ad24/library/std/src/io/mod.rs:1887:15
[INFO] [stdout]    7:     0x56c6b29ade32 - std::sys::backtrace::BacktraceLock::print::h147fe35b4ea13b08
[INFO] [stdout]                                at /rustc/6067b36314ab5eb2eb47cecc464545ba58e1ad24/library/std/src/sys/backtrace.rs:42:9
[INFO] [stdout]    8:     0x56c6b29af40f - std::panicking::default_hook::{{closure}}::hbd44223dbdc0d208
[INFO] [stdout]                                at /rustc/6067b36314ab5eb2eb47cecc464545ba58e1ad24/library/std/src/panicking.rs:298:22
[INFO] [stdout]    9:     0x56c6b29af228 - std::panicking::default_hook::h20f81eb0576efcec
[INFO] [stdout]                                at /rustc/6067b36314ab5eb2eb47cecc464545ba58e1ad24/library/std/src/panicking.rs:322:9
[INFO] [stdout]   10:     0x56c6b24d22c3 - <alloc::boxed::Box<F,A> as core::ops::function::Fn<Args>>::call::hdb53814c496a4d34
[INFO] [stdout]                                at /rustc/6067b36314ab5eb2eb47cecc464545ba58e1ad24/library/alloc/src/boxed.rs:2027:9
[INFO] [stdout]   11:     0x56c6b24d22c3 - test::test_main::{{closure}}::hc0a4963c59427c24
[INFO] [stdout]                                at /rustc/6067b36314ab5eb2eb47cecc464545ba58e1ad24/library/test/src/lib.rs:134:21
[INFO] [stdout]   12:     0x56c6b29aff03 - <alloc::boxed::Box<F,A> as core::ops::function::Fn<Args>>::call::h591b2225413a77e9
[INFO] [stdout]                                at /rustc/6067b36314ab5eb2eb47cecc464545ba58e1ad24/library/alloc/src/boxed.rs:2027:9
[INFO] [stdout]   13:     0x56c6b29aff03 - std::panicking::rust_panic_with_hook::h625eea43051b2edc
[INFO] [stdout]                                at /rustc/6067b36314ab5eb2eb47cecc464545ba58e1ad24/library/std/src/panicking.rs:839:13
[INFO] [stdout]   14:     0x56c6b29afbba - std::panicking::begin_panic_handler::{{closure}}::h4f9159cfbc3f6bd3
[INFO] [stdout]                                at /rustc/6067b36314ab5eb2eb47cecc464545ba58e1ad24/library/std/src/panicking.rs:704:13
[INFO] [stdout]   15:     0x56c6b29ae4e9 - std::sys::backtrace::__rust_end_short_backtrace::h0390abce48353151
[INFO] [stdout]                                at /rustc/6067b36314ab5eb2eb47cecc464545ba58e1ad24/library/std/src/sys/backtrace.rs:168:18
[INFO] [stdout]   16:     0x56c6b29af84d - rust_begin_unwind
[INFO] [stdout]                                at /rustc/6067b36314ab5eb2eb47cecc464545ba58e1ad24/library/std/src/panicking.rs:695:5
[INFO] [stdout]   17:     0x56c6b29d5c80 - core::panicking::panic_fmt::h9e7c637e9e5f29c9
[INFO] [stdout]                                at /rustc/6067b36314ab5eb2eb47cecc464545ba58e1ad24/library/core/src/panicking.rs:75:14
[INFO] [stdout]   18:     0x56c6b244163a - mooncats::mdbook::test::preprocessor_run::hee5335c28a672e20
[INFO] [stdout]                                at /opt/rustwide/workdir/src/mdbook.rs:239:9
[INFO] [stdout]   19:     0x56c6b24410f7 - mooncats::mdbook::test::preprocessor_run::{{closure}}::hf4a34cd816f24199
[INFO] [stdout]                                at /opt/rustwide/workdir/src/mdbook.rs:195:26
[INFO] [stdout]   20:     0x56c6b2456496 - core::ops::function::FnOnce::call_once::h9ff01864f99ade6e
[INFO] [stdout]                                at /rustc/6067b36314ab5eb2eb47cecc464545ba58e1ad24/library/core/src/ops/function.rs:250:5
[INFO] [stdout]   21:     0x56c6b24d7a1b - core::ops::function::FnOnce::call_once::he27718dfdd183f43
[INFO] [stdout]                                at /rustc/6067b36314ab5eb2eb47cecc464545ba58e1ad24/library/core/src/ops/function.rs:250:5
[INFO] [stdout]   22:     0x56c6b24d7a1b - test::__rust_begin_short_backtrace::h4e84902998457a5d
[INFO] [stdout]                                at /rustc/6067b36314ab5eb2eb47cecc464545ba58e1ad24/library/test/src/lib.rs:632:18
[INFO] [stdout]   23:     0x56c6b24d6953 - test::run_test_in_process::{{closure}}::h7176fd18fc1feca0
[INFO] [stdout]                                at /rustc/6067b36314ab5eb2eb47cecc464545ba58e1ad24/library/test/src/lib.rs:655:60
[INFO] [stdout]   24:     0x56c6b24d6953 - <core::panic::unwind_safe::AssertUnwindSafe<F> as core::ops::function::FnOnce<()>>::call_once::hf79cff2a624d8cf7
[INFO] [stdout]                                at /rustc/6067b36314ab5eb2eb47cecc464545ba58e1ad24/library/core/src/panic/unwind_safe.rs:272:9
[INFO] [stdout]   25:     0x56c6b24d6953 - std::panicking::try::do_call::h3da0561d9ab99c25
[INFO] [stdout]                                at /rustc/6067b36314ab5eb2eb47cecc464545ba58e1ad24/library/std/src/panicking.rs:587:40
[INFO] [stdout]   26:     0x56c6b24d6953 - std::panicking::try::h41c9fa508bc61df6
[INFO] [stdout]                                at /rustc/6067b36314ab5eb2eb47cecc464545ba58e1ad24/library/std/src/panicking.rs:550:19
[INFO] [stdout]   27:     0x56c6b24d6953 - std::panic::catch_unwind::h6b3ff07bb5afad93
[INFO] [stdout]                                at /rustc/6067b36314ab5eb2eb47cecc464545ba58e1ad24/library/std/src/panic.rs:358:14
[INFO] [stdout]   28:     0x56c6b24d6953 - test::run_test_in_process::hc7253dd11b39b9f4
[INFO] [stdout]                                at /rustc/6067b36314ab5eb2eb47cecc464545ba58e1ad24/library/test/src/lib.rs:655:27
[INFO] [stdout]   29:     0x56c6b24d6953 - test::run_test::{{closure}}::hfb2007f8649c30bb
[INFO] [stdout]                                at /rustc/6067b36314ab5eb2eb47cecc464545ba58e1ad24/library/test/src/lib.rs:576:43
[INFO] [stdout]   30:     0x56c6b2499a35 - test::run_test::{{closure}}::h56a17aa7a282a9f4
[INFO] [stdout]                                at /rustc/6067b36314ab5eb2eb47cecc464545ba58e1ad24/library/test/src/lib.rs:606:41
[INFO] [stdout]   31:     0x56c6b2499a35 - std::sys::backtrace::__rust_begin_short_backtrace::hd2d2d2fb8e8c6aac
[INFO] [stdout]                                at /rustc/6067b36314ab5eb2eb47cecc464545ba58e1ad24/library/std/src/sys/backtrace.rs:152:18
[INFO] [stdout]   32:     0x56c6b249d31a - std::thread::Builder::spawn_unchecked_::{{closure}}::{{closure}}::h4faa3f9db6133423
[INFO] [stdout]                                at /rustc/6067b36314ab5eb2eb47cecc464545ba58e1ad24/library/std/src/thread/mod.rs:559:17
[INFO] [stdout]   33:     0x56c6b249d31a - <core::panic::unwind_safe::AssertUnwindSafe<F> as core::ops::function::FnOnce<()>>::call_once::hf2e855a36a4ea846
[INFO] [stdout]                                at /rustc/6067b36314ab5eb2eb47cecc464545ba58e1ad24/library/core/src/panic/unwind_safe.rs:272:9
[INFO] [stdout]   34:     0x56c6b249d31a - std::panicking::try::do_call::h2f73af3616c35465
[INFO] [stdout]                                at /rustc/6067b36314ab5eb2eb47cecc464545ba58e1ad24/library/std/src/panicking.rs:587:40
[INFO] [stdout]   35:     0x56c6b249d31a - std::panicking::try::hd1660ce9efadef5a
[INFO] [stdout]                                at /rustc/6067b36314ab5eb2eb47cecc464545ba58e1ad24/library/std/src/panicking.rs:550:19
[INFO] [stdout]   36:     0x56c6b249d31a - std::panic::catch_unwind::h5ee8d7823b8ca744
[INFO] [stdout]                                at /rustc/6067b36314ab5eb2eb47cecc464545ba58e1ad24/library/std/src/panic.rs:358:14
[INFO] [stdout]   37:     0x56c6b249d31a - std::thread::Builder::spawn_unchecked_::{{closure}}::h53c3a1894dce8407
[INFO] [stdout]                                at /rustc/6067b36314ab5eb2eb47cecc464545ba58e1ad24/library/std/src/thread/mod.rs:557:30
[INFO] [stdout]   38:     0x56c6b249d31a - core::ops::function::FnOnce::call_once{{vtable.shim}}::h048ce291ad4f62bf
[INFO] [stdout]                                at /rustc/6067b36314ab5eb2eb47cecc464545ba58e1ad24/library/core/src/ops/function.rs:250:5
[INFO] [stdout]   39:     0x56c6b29b4d3b - <alloc::boxed::Box<F,A> as core::ops::function::FnOnce<Args>>::call_once::ha52bedf99a3b4981
[INFO] [stdout]                                at /rustc/6067b36314ab5eb2eb47cecc464545ba58e1ad24/library/alloc/src/boxed.rs:2013:9
[INFO] [stdout]   40:     0x56c6b29b4d3b - <alloc::boxed::Box<F,A> as core::ops::function::FnOnce<Args>>::call_once::h567748934d80ccf8
[INFO] [stdout]                                at /rustc/6067b36314ab5eb2eb47cecc464545ba58e1ad24/library/alloc/src/boxed.rs:2013:9
[INFO] [stdout]   41:     0x56c6b29b4d3b - std::sys::pal::unix::thread::Thread::new::thread_start::h2d970728ae887adc
[INFO] [stdout]                                at /rustc/6067b36314ab5eb2eb47cecc464545ba58e1ad24/library/std/src/sys/pal/unix/thread.rs:106:17
[INFO] [stdout]   42:     0x79525506bac3 - <unknown>
[INFO] [stdout]   43:     0x7952550fca04 - clone
[INFO] [stdout]   44:                0x0 - <unknown>
[INFO] [stdout] 
[INFO] [stdout] 
[INFO] [stdout] failures:
[INFO] [stdout]     mdbook::test::preprocessor_run
[INFO] [stdout] 
[INFO] [stdout] test result: FAILED. 1 passed; 1 failed; 0 ignored; 0 measured; 0 filtered out; finished in 0.09s
[INFO] [stdout] 
[INFO] [stderr] error: test failed, to rerun pass `--lib`
[INFO] running `Command { std: "docker" "inspect" "bfebf186fb6e0295c0099a884c98da96fc922b1b8c68f27e9c60f792b4a75af9", kill_on_drop: false }`
[INFO] running `Command { std: "docker" "rm" "-f" "bfebf186fb6e0295c0099a884c98da96fc922b1b8c68f27e9c60f792b4a75af9", kill_on_drop: false }`
[INFO] [stdout] bfebf186fb6e0295c0099a884c98da96fc922b1b8c68f27e9c60f792b4a75af9
