[INFO] cloning repository https://github.com/mathieu-lemay/aoc-2024
[INFO] running `Command { std: "git" "-c" "credential.helper=" "-c" "credential.helper=/workspace/cargo-home/bin/git-credential-null" "clone" "--bare" "https://github.com/mathieu-lemay/aoc-2024" "/workspace/cache/git-repos/https%3A%2F%2Fgithub.com%2Fmathieu-lemay%2Faoc-2024", kill_on_drop: false }`
[INFO] [stderr] Cloning into bare repository '/workspace/cache/git-repos/https%3A%2F%2Fgithub.com%2Fmathieu-lemay%2Faoc-2024'...
[INFO] running `Command { std: "git" "rev-parse" "HEAD", kill_on_drop: false }`
[INFO] [stdout] 36eaa523076cb86ca15148c7fa6211233b6a2f7a
[INFO] testing mathieu-lemay/aoc-2024 against nightly-2025-01-18+rustflags=-Zrandomize-layout for randomize-layout-2
[INFO] running `Command { std: "git" "clone" "/workspace/cache/git-repos/https%3A%2F%2Fgithub.com%2Fmathieu-lemay%2Faoc-2024" "/workspace/builds/worker-0-tc2/source", kill_on_drop: false }`
[INFO] [stderr] Cloning into '/workspace/builds/worker-0-tc2/source'...
[INFO] [stderr] done.
[INFO] validating manifest of git repo https://github.com/mathieu-lemay/aoc-2024 on toolchain nightly-2025-01-18
[INFO] running `Command { std: CARGO_HOME="/workspace/cargo-home" RUSTUP_HOME="/workspace/rustup-home" "/workspace/cargo-home/bin/cargo" "+nightly-2025-01-18" "metadata" "--manifest-path" "Cargo.toml" "--no-deps", kill_on_drop: false }`
[INFO] started tweaking git repo https://github.com/mathieu-lemay/aoc-2024
[INFO] finished tweaking git repo https://github.com/mathieu-lemay/aoc-2024
[INFO] tweaked toml for git repo https://github.com/mathieu-lemay/aoc-2024 written to /workspace/builds/worker-0-tc2/source/Cargo.toml
[INFO] crate git repo https://github.com/mathieu-lemay/aoc-2024 already has a lockfile, it will not be regenerated
[INFO] running `Command { std: CARGO_HOME="/workspace/cargo-home" RUSTUP_HOME="/workspace/rustup-home" "/workspace/cargo-home/bin/cargo" "+nightly-2025-01-18" "fetch" "--manifest-path" "Cargo.toml", kill_on_drop: false }`
[INFO] running `Command { std: "docker" "create" "-v" "/var/lib/crater-agent-workspace/builds/worker-0-tc2/target:/opt/rustwide/target:rw,Z" "-v" "/var/lib/crater-agent-workspace/builds/worker-0-tc2/source:/opt/rustwide/workdir:ro,Z" "-v" "/var/lib/crater-agent-workspace/cargo-home:/opt/rustwide/cargo-home:ro,Z" "-v" "/var/lib/crater-agent-workspace/rustup-home:/opt/rustwide/rustup-home:ro,Z" "-e" "SOURCE_DIR=/opt/rustwide/workdir" "-e" "CARGO_TARGET_DIR=/opt/rustwide/target" "-e" "CARGO_HOME=/opt/rustwide/cargo-home" "-e" "RUSTUP_HOME=/opt/rustwide/rustup-home" "-w" "/opt/rustwide/workdir" "-m" "1610612736" "--user" "0:0" "--network" "none" "ghcr.io/rust-lang/crates-build-env/linux@sha256:819108c5571ea2e421544af4d832f968d213c87fbe3707a016657f43d2f853bc" "/opt/rustwide/cargo-home/bin/cargo" "+nightly-2025-01-18" "metadata" "--no-deps" "--format-version=1", kill_on_drop: false }`
[INFO] [stdout] 4020f6f8dc9143f1748c46542a02de898afffc134eca6ec1cdf047b62454048f
[INFO] running `Command { std: "docker" "start" "-a" "4020f6f8dc9143f1748c46542a02de898afffc134eca6ec1cdf047b62454048f", kill_on_drop: false }`
[INFO] running `Command { std: "docker" "inspect" "4020f6f8dc9143f1748c46542a02de898afffc134eca6ec1cdf047b62454048f", kill_on_drop: false }`
[INFO] running `Command { std: "docker" "rm" "-f" "4020f6f8dc9143f1748c46542a02de898afffc134eca6ec1cdf047b62454048f", kill_on_drop: false }`
[INFO] [stdout] 4020f6f8dc9143f1748c46542a02de898afffc134eca6ec1cdf047b62454048f
[INFO] running `Command { std: "docker" "create" "-v" "/var/lib/crater-agent-workspace/builds/worker-0-tc2/target:/opt/rustwide/target:rw,Z" "-v" "/var/lib/crater-agent-workspace/builds/worker-0-tc2/source:/opt/rustwide/workdir:ro,Z" "-v" "/var/lib/crater-agent-workspace/cargo-home:/opt/rustwide/cargo-home:ro,Z" "-v" "/var/lib/crater-agent-workspace/rustup-home:/opt/rustwide/rustup-home:ro,Z" "-e" "SOURCE_DIR=/opt/rustwide/workdir" "-e" "CARGO_TARGET_DIR=/opt/rustwide/target" "-e" "CARGO_INCREMENTAL=0" "-e" "RUST_BACKTRACE=full" "-e" "RUSTFLAGS=--cap-lints=forbid -Zrandomize-layout" "-e" "RUSTDOCFLAGS=--cap-lints=forbid" "-e" "CARGO_HOME=/opt/rustwide/cargo-home" "-e" "RUSTUP_HOME=/opt/rustwide/rustup-home" "-w" "/opt/rustwide/workdir" "-m" "1610612736" "--user" "0:0" "--network" "none" "ghcr.io/rust-lang/crates-build-env/linux@sha256:819108c5571ea2e421544af4d832f968d213c87fbe3707a016657f43d2f853bc" "/opt/rustwide/cargo-home/bin/cargo" "+nightly-2025-01-18" "build" "--frozen" "--message-format=json", kill_on_drop: false }`
[INFO] [stdout] 39456eab1660b4d70bdc1db216f00823851f068739c8610820dc2f9013370c3e
[INFO] running `Command { std: "docker" "start" "-a" "39456eab1660b4d70bdc1db216f00823851f068739c8610820dc2f9013370c3e", kill_on_drop: false }`
[INFO] [stderr]    Compiling proc-macro2 v1.0.92
[INFO] [stderr]    Compiling memchr v2.7.4
[INFO] [stderr]    Compiling regex-syntax v0.8.5
[INFO] [stderr]    Compiling regex-syntax v0.6.29
[INFO] [stderr]    Compiling pin-project-lite v0.2.15
[INFO] [stderr]    Compiling log v0.4.22
[INFO] [stderr]    Compiling overload v0.1.1
[INFO] [stderr]    Compiling smawk v0.3.2
[INFO] [stderr]    Compiling unicode-linebreak v0.1.5
[INFO] [stderr]    Compiling tracing-core v0.1.33
[INFO] [stderr]    Compiling sharded-slab v0.1.7
[INFO] [stderr]    Compiling thread_local v1.1.8
[INFO] [stderr]    Compiling itertools v0.13.0
[INFO] [stderr]    Compiling crossbeam-utils v0.8.20
[INFO] [stderr]    Compiling byteorder v1.5.0
[INFO] [stderr]    Compiling libc v0.2.168
[INFO] [stderr]    Compiling ident_case v1.0.1
[INFO] [stderr]    Compiling nu-ansi-term v0.46.0
[INFO] [stderr]    Compiling strsim v0.11.1
[INFO] [stderr]    Compiling textwrap v0.16.1
[INFO] [stderr]    Compiling fnv v1.0.7
[INFO] [stderr]    Compiling ahash v0.8.11
[INFO] [stderr]    Compiling matrixmultiply v0.3.9
[INFO] [stderr]    Compiling rawpointer v0.2.1
[INFO] [stderr]    Compiling allocator-api2 v0.2.21
[INFO] [stderr]    Compiling tracing-log v0.2.0
[INFO] [stderr]    Compiling aho-corasick v1.1.3
[INFO] [stderr]    Compiling lambert_w v0.5.9
[INFO] [stderr]    Compiling cached_proc_macro_types v0.1.1
[INFO] [stderr]    Compiling web-time v1.1.0
[INFO] [stderr]    Compiling crossbeam-epoch v0.9.18
[INFO] [stderr]    Compiling crossbeam-channel v0.5.13
[INFO] [stderr]    Compiling quote v1.0.37
[INFO] [stderr]    Compiling syn v2.0.90
[INFO] [stderr]    Compiling crossbeam-deque v0.8.5
[INFO] [stderr]    Compiling getrandom v0.2.15
[INFO] [stderr]    Compiling num_cpus v1.16.0
[INFO] [stderr]    Compiling rand_core v0.6.4
[INFO] [stderr]    Compiling thread-tree v0.3.3
[INFO] [stderr]    Compiling rayon-core v1.12.1
[INFO] [stderr]    Compiling regex-automata v0.1.10
[INFO] [stderr]    Compiling regex-automata v0.4.9
[INFO] [stderr]    Compiling rayon v1.10.0
[INFO] [stderr]    Compiling matchers v0.1.0
[INFO] [stderr]    Compiling regex v1.11.1
[INFO] [stderr]    Compiling darling_core v0.20.10
[INFO] [stderr]    Compiling tracing-attributes v0.1.28
[INFO] [stderr]    Compiling zerocopy-derive v0.7.35
[INFO] [stderr]    Compiling thiserror-impl v1.0.69
[INFO] [stderr]    Compiling zerocopy v0.7.35
[INFO] [stderr]    Compiling thiserror v1.0.69
[INFO] [stderr]    Compiling tracing v0.1.41
[INFO] [stderr]    Compiling tracing-subscriber v0.3.19
[INFO] [stderr]    Compiling darling_macro v0.20.10
[INFO] [stderr]    Compiling ppv-lite86 v0.2.20
[INFO] [stderr]    Compiling darling v0.20.10
[INFO] [stderr]    Compiling cached_proc_macro v0.23.0
[INFO] [stderr]    Compiling hashbrown v0.14.5
[INFO] [stderr]    Compiling rand_chacha v0.3.1
[INFO] [stderr]    Compiling rand v0.8.5
[INFO] [stderr]    Compiling cached v0.54.0
[INFO] [stderr]    Compiling mathru v0.15.4
[INFO] [stderr]    Compiling aoc-common v0.1.0 (/opt/rustwide/workdir/aoc-common)
[INFO] [stderr]    Compiling day10 v0.1.0 (/opt/rustwide/workdir/day10)
[INFO] [stderr]    Compiling day24 v0.1.0 (/opt/rustwide/workdir/day24)
[INFO] [stderr]    Compiling day17 v0.1.0 (/opt/rustwide/workdir/day17)
[INFO] [stderr]    Compiling day07 v0.1.0 (/opt/rustwide/workdir/day07)
[INFO] [stderr]    Compiling day19 v0.1.0 (/opt/rustwide/workdir/day19)
[INFO] [stderr]    Compiling day25 v0.1.0 (/opt/rustwide/workdir/day25)
[INFO] [stderr]    Compiling day05 v0.1.0 (/opt/rustwide/workdir/day05)
[INFO] [stderr]    Compiling day08 v0.1.0 (/opt/rustwide/workdir/day08)
[INFO] [stderr]    Compiling day11 v0.1.0 (/opt/rustwide/workdir/day11)
[INFO] [stderr]    Compiling day12 v0.1.0 (/opt/rustwide/workdir/day12)
[INFO] [stderr]    Compiling day14 v0.1.0 (/opt/rustwide/workdir/day14)
[INFO] [stderr]    Compiling day23 v0.1.0 (/opt/rustwide/workdir/day23)
[INFO] [stderr]    Compiling day04 v0.1.0 (/opt/rustwide/workdir/day04)
[INFO] [stderr]    Compiling day16 v0.1.0 (/opt/rustwide/workdir/day16)
[INFO] [stderr]    Compiling day18 v0.1.0 (/opt/rustwide/workdir/day18)
[INFO] [stderr]    Compiling day01 v0.1.0 (/opt/rustwide/workdir/day01)
[INFO] [stderr]    Compiling day06 v0.1.0 (/opt/rustwide/workdir/day06)
[INFO] [stderr]    Compiling day09 v0.1.0 (/opt/rustwide/workdir/day09)
[INFO] [stderr]    Compiling day15 v0.1.0 (/opt/rustwide/workdir/day15)
[INFO] [stderr]    Compiling day20 v0.1.0 (/opt/rustwide/workdir/day20)
[INFO] [stderr]    Compiling day21 v0.1.0 (/opt/rustwide/workdir/day21)
[INFO] [stderr]    Compiling day22 v0.1.0 (/opt/rustwide/workdir/day22)
[INFO] [stderr]    Compiling day03 v0.1.0 (/opt/rustwide/workdir/day03)
[INFO] [stderr]    Compiling day02 v0.1.0 (/opt/rustwide/workdir/day02)
[INFO] [stderr]    Compiling day13 v0.1.0 (/opt/rustwide/workdir/day13)
[INFO] [stderr]     Finished `dev` profile [unoptimized + debuginfo] target(s) in 17.37s
[INFO] running `Command { std: "docker" "inspect" "39456eab1660b4d70bdc1db216f00823851f068739c8610820dc2f9013370c3e", kill_on_drop: false }`
[INFO] running `Command { std: "docker" "rm" "-f" "39456eab1660b4d70bdc1db216f00823851f068739c8610820dc2f9013370c3e", kill_on_drop: false }`
[INFO] [stdout] 39456eab1660b4d70bdc1db216f00823851f068739c8610820dc2f9013370c3e
[INFO] running `Command { std: "docker" "create" "-v" "/var/lib/crater-agent-workspace/builds/worker-0-tc2/target:/opt/rustwide/target:rw,Z" "-v" "/var/lib/crater-agent-workspace/builds/worker-0-tc2/source:/opt/rustwide/workdir:ro,Z" "-v" "/var/lib/crater-agent-workspace/cargo-home:/opt/rustwide/cargo-home:ro,Z" "-v" "/var/lib/crater-agent-workspace/rustup-home:/opt/rustwide/rustup-home:ro,Z" "-e" "SOURCE_DIR=/opt/rustwide/workdir" "-e" "CARGO_TARGET_DIR=/opt/rustwide/target" "-e" "CARGO_INCREMENTAL=0" "-e" "RUST_BACKTRACE=full" "-e" "RUSTFLAGS=--cap-lints=forbid -Zrandomize-layout" "-e" "RUSTDOCFLAGS=--cap-lints=forbid" "-e" "CARGO_HOME=/opt/rustwide/cargo-home" "-e" "RUSTUP_HOME=/opt/rustwide/rustup-home" "-w" "/opt/rustwide/workdir" "-m" "1610612736" "--user" "0:0" "--network" "none" "ghcr.io/rust-lang/crates-build-env/linux@sha256:819108c5571ea2e421544af4d832f968d213c87fbe3707a016657f43d2f853bc" "/opt/rustwide/cargo-home/bin/cargo" "+nightly-2025-01-18" "test" "--frozen" "--no-run" "--message-format=json", kill_on_drop: false }`
[INFO] [stdout] 5cb335c4bca15314829f709a22bdd1eb061ebac641e9030703794e6a0c2df21c
[INFO] running `Command { std: "docker" "start" "-a" "5cb335c4bca15314829f709a22bdd1eb061ebac641e9030703794e6a0c2df21c", kill_on_drop: false }`
[INFO] [stderr]    Compiling semver v1.0.23
[INFO] [stderr]    Compiling futures-core v0.3.31
[INFO] [stderr]    Compiling equivalent v1.0.1
[INFO] [stderr]    Compiling memchr v2.7.4
[INFO] [stderr]    Compiling futures-sink v0.3.31
[INFO] [stderr]    Compiling hashbrown v0.15.2
[INFO] [stderr]    Compiling winnow v0.6.20
[INFO] [stderr]    Compiling slab v0.4.9
[INFO] [stderr]    Compiling futures-io v0.3.31
[INFO] [stderr]    Compiling toml_datetime v0.6.8
[INFO] [stderr]    Compiling futures-task v0.3.31
[INFO] [stderr]    Compiling pin-utils v0.1.0
[INFO] [stderr]    Compiling regex-automata v0.4.9
[INFO] [stderr]    Compiling syn v2.0.90
[INFO] [stderr]    Compiling relative-path v1.9.3
[INFO] [stderr]    Compiling glob v0.3.1
[INFO] [stderr]    Compiling futures-timer v3.0.3
[INFO] [stderr]    Compiling futures-channel v0.3.31
[INFO] [stderr]    Compiling aho-corasick v1.1.3
[INFO] [stderr]    Compiling indexmap v2.7.0
[INFO] [stderr]    Compiling rustc_version v0.4.1
[INFO] [stderr]    Compiling rstest_macros v0.23.0
[INFO] [stderr]    Compiling toml_edit v0.22.22
[INFO] [stderr]    Compiling regex v1.11.1
[INFO] [stderr]    Compiling proc-macro-crate v3.2.0
[INFO] [stderr]    Compiling darling_core v0.20.10
[INFO] [stderr]    Compiling futures-macro v0.3.31
[INFO] [stderr]    Compiling tracing-attributes v0.1.28
[INFO] [stderr]    Compiling zerocopy-derive v0.7.35
[INFO] [stderr]    Compiling thiserror-impl v1.0.69
[INFO] [stderr]    Compiling futures-util v0.3.31
[INFO] [stderr]    Compiling zerocopy v0.7.35
[INFO] [stderr]    Compiling tracing v0.1.41
[INFO] [stderr]    Compiling thiserror v1.0.69
[INFO] [stderr]    Compiling tracing-subscriber v0.3.19
[INFO] [stderr]    Compiling darling_macro v0.20.10
[INFO] [stderr]    Compiling ppv-lite86 v0.2.20
[INFO] [stderr]    Compiling ahash v0.8.11
[INFO] [stderr]    Compiling darling v0.20.10
[INFO] [stderr]    Compiling hashbrown v0.14.5
[INFO] [stderr]    Compiling cached_proc_macro v0.23.0
[INFO] [stderr]    Compiling rand_chacha v0.3.1
[INFO] [stderr]    Compiling rand v0.8.5
[INFO] [stderr]    Compiling cached v0.54.0
[INFO] [stderr]    Compiling mathru v0.15.4
[INFO] [stderr]    Compiling aoc-common v0.1.0 (/opt/rustwide/workdir/aoc-common)
[INFO] [stderr]    Compiling futures-executor v0.3.31
[INFO] [stderr]    Compiling futures v0.3.31
[INFO] [stderr]    Compiling rstest v0.23.0
[INFO] [stderr]    Compiling day14 v0.1.0 (/opt/rustwide/workdir/day14)
[INFO] [stderr]    Compiling day15 v0.1.0 (/opt/rustwide/workdir/day15)
[INFO] [stderr]    Compiling day01 v0.1.0 (/opt/rustwide/workdir/day01)
[INFO] [stderr]    Compiling day11 v0.1.0 (/opt/rustwide/workdir/day11)
[INFO] [stderr]    Compiling day20 v0.1.0 (/opt/rustwide/workdir/day20)
[INFO] [stderr]    Compiling day07 v0.1.0 (/opt/rustwide/workdir/day07)
[INFO] [stderr]    Compiling day16 v0.1.0 (/opt/rustwide/workdir/day16)
[INFO] [stderr]    Compiling day24 v0.1.0 (/opt/rustwide/workdir/day24)
[INFO] [stderr]    Compiling day23 v0.1.0 (/opt/rustwide/workdir/day23)
[INFO] [stderr]    Compiling day22 v0.1.0 (/opt/rustwide/workdir/day22)
[INFO] [stderr]    Compiling day05 v0.1.0 (/opt/rustwide/workdir/day05)
[INFO] [stderr]    Compiling day04 v0.1.0 (/opt/rustwide/workdir/day04)
[INFO] [stderr]    Compiling day09 v0.1.0 (/opt/rustwide/workdir/day09)
[INFO] [stderr]    Compiling day17 v0.1.0 (/opt/rustwide/workdir/day17)
[INFO] [stderr]    Compiling day25 v0.1.0 (/opt/rustwide/workdir/day25)
[INFO] [stdout] warning: unused variable: `test_input`
[INFO] [stdout]   --> day16/src/main.rs:48:16
[INFO] [stdout]    |
[INFO] [stdout] 48 |     fn test_p1(test_input: Vec<String>) {
[INFO] [stdout]    |                ^^^^^^^^^^ help: if this is intentional, prefix it with an underscore: `_test_input`
[INFO] [stdout]    |
[INFO] [stdout]    = note: `#[warn(unused_variables)]` on by default
[INFO] [stdout] 
[INFO] [stdout] 
[INFO] [stdout] warning: unused variable: `puzzle_input`
[INFO] [stdout]   --> day16/src/main.rs:55:27
[INFO] [stdout]    |
[INFO] [stdout] 55 |     fn test_p1_full_input(puzzle_input: Vec<String>) {
[INFO] [stdout]    |                           ^^^^^^^^^^^^ help: if this is intentional, prefix it with an underscore: `_puzzle_input`
[INFO] [stdout] 
[INFO] [stdout] 
[INFO] [stdout] warning: unused variable: `test_input`
[INFO] [stdout]   --> day16/src/main.rs:62:16
[INFO] [stdout]    |
[INFO] [stdout] 62 |     fn test_p2(test_input: Vec<String>) {
[INFO] [stdout]    |                ^^^^^^^^^^ help: if this is intentional, prefix it with an underscore: `_test_input`
[INFO] [stdout] 
[INFO] [stdout] 
[INFO] [stdout] warning: unused variable: `puzzle_input`
[INFO] [stdout]   --> day16/src/main.rs:69:27
[INFO] [stdout]    |
[INFO] [stdout] 69 |     fn test_p2_full_input(puzzle_input: Vec<String>) {
[INFO] [stdout]    |                           ^^^^^^^^^^^^ help: if this is intentional, prefix it with an underscore: `_puzzle_input`
[INFO] [stdout] 
[INFO] [stdout] 
[INFO] [stdout] warning: unused variable: `test_input`
[INFO] [stdout]   --> day20/src/main.rs:48:16
[INFO] [stdout]    |
[INFO] [stdout] 48 |     fn test_p1(test_input: Vec<String>) {
[INFO] [stdout]    |                ^^^^^^^^^^ help: if this is intentional, prefix it with an underscore: `_test_input`
[INFO] [stdout]    |
[INFO] [stdout]    = note: `#[warn(unused_variables)]` on by default
[INFO] [stdout] 
[INFO] [stdout] 
[INFO] [stdout] warning: unused variable: `puzzle_input`
[INFO] [stdout]   --> day20/src/main.rs:55:27
[INFO] [stdout]    |
[INFO] [stdout] 55 |     fn test_p1_full_input(puzzle_input: Vec<String>) {
[INFO] [stdout]    |                           ^^^^^^^^^^^^ help: if this is intentional, prefix it with an underscore: `_puzzle_input`
[INFO] [stdout] 
[INFO] [stdout] 
[INFO] [stdout] warning: unused variable: `test_input`
[INFO] [stdout]   --> day20/src/main.rs:62:16
[INFO] [stdout]    |
[INFO] [stdout] 62 |     fn test_p2(test_input: Vec<String>) {
[INFO] [stdout]    |                ^^^^^^^^^^ help: if this is intentional, prefix it with an underscore: `_test_input`
[INFO] [stdout] 
[INFO] [stdout] 
[INFO] [stdout] warning: unused variable: `puzzle_input`
[INFO] [stdout]   --> day20/src/main.rs:69:27
[INFO] [stdout]    |
[INFO] [stdout] 69 |     fn test_p2_full_input(puzzle_input: Vec<String>) {
[INFO] [stdout]    |                           ^^^^^^^^^^^^ help: if this is intentional, prefix it with an underscore: `_puzzle_input`
[INFO] [stdout] 
[INFO] [stdout] 
[INFO] [stdout] warning: unused variable: `test_input`
[INFO] [stdout]   --> day23/src/main.rs:48:16
[INFO] [stdout]    |
[INFO] [stdout] 48 |     fn test_p1(test_input: Vec<String>) {
[INFO] [stdout]    |                ^^^^^^^^^^ help: if this is intentional, prefix it with an underscore: `_test_input`
[INFO] [stdout]    |
[INFO] [stdout]    = note: `#[warn(unused_variables)]` on by default
[INFO] [stdout] 
[INFO] [stdout] 
[INFO] [stdout] warning: unused variable: `puzzle_input`
[INFO] [stdout]   --> day23/src/main.rs:55:27
[INFO] [stdout]    |
[INFO] [stdout] 55 |     fn test_p1_full_input(puzzle_input: Vec<String>) {
[INFO] [stdout]    |                           ^^^^^^^^^^^^ help: if this is intentional, prefix it with an underscore: `_puzzle_input`
[INFO] [stdout] 
[INFO] [stdout] 
[INFO] [stdout] warning: unused variable: `test_input`
[INFO] [stdout]   --> day23/src/main.rs:62:16
[INFO] [stdout]    |
[INFO] [stdout] 62 |     fn test_p2(test_input: Vec<String>) {
[INFO] [stdout]    |                ^^^^^^^^^^ help: if this is intentional, prefix it with an underscore: `_test_input`
[INFO] [stdout] 
[INFO] [stdout] 
[INFO] [stdout] warning: unused variable: `puzzle_input`
[INFO] [stdout]   --> day23/src/main.rs:69:27
[INFO] [stdout]    |
[INFO] [stdout] 69 |     fn test_p2_full_input(puzzle_input: Vec<String>) {
[INFO] [stdout]    |                           ^^^^^^^^^^^^ help: if this is intentional, prefix it with an underscore: `_puzzle_input`
[INFO] [stdout] 
[INFO] [stdout] 
[INFO] [stdout] warning: unused variable: `test_input`
[INFO] [stdout]    --> day25/src/main.rs:159:16
[INFO] [stdout]     |
[INFO] [stdout] 159 |     fn test_p2(test_input: Vec<String>) {
[INFO] [stdout]     |                ^^^^^^^^^^ help: if this is intentional, prefix it with an underscore: `_test_input`
[INFO] [stdout]     |
[INFO] [stdout]     = note: `#[warn(unused_variables)]` on by default
[INFO] [stdout] 
[INFO] [stdout] 
[INFO] [stdout] warning: unused variable: `puzzle_input`
[INFO] [stdout]    --> day25/src/main.rs:166:27
[INFO] [stdout]     |
[INFO] [stdout] 166 |     fn test_p2_full_input(puzzle_input: Vec<String>) {
[INFO] [stdout]     |                           ^^^^^^^^^^^^ help: if this is intentional, prefix it with an underscore: `_puzzle_input`
[INFO] [stdout] 
[INFO] [stdout] 
[INFO] [stdout] warning: unused variable: `test_input`
[INFO] [stdout]    --> day17/src/main.rs:232:16
[INFO] [stdout]     |
[INFO] [stdout] 232 |     fn test_p2(test_input: Vec<String>) {
[INFO] [stdout]     |                ^^^^^^^^^^ help: if this is intentional, prefix it with an underscore: `_test_input`
[INFO] [stdout]     |
[INFO] [stdout]     = note: `#[warn(unused_variables)]` on by default
[INFO] [stdout] 
[INFO] [stdout] 
[INFO] [stdout] warning: unused variable: `puzzle_input`
[INFO] [stdout]    --> day17/src/main.rs:239:27
[INFO] [stdout]     |
[INFO] [stdout] 239 |     fn test_p2_full_input(puzzle_input: Vec<String>) {
[INFO] [stdout]     |                           ^^^^^^^^^^^^ help: if this is intentional, prefix it with an underscore: `_puzzle_input`
[INFO] [stdout] 
[INFO] [stdout] 
[INFO] [stdout] warning: unused variable: `test_input`
[INFO] [stdout]    --> day24/src/main.rs:214:16
[INFO] [stdout]     |
[INFO] [stdout] 214 |     fn test_p2(test_input: Vec<String>) {
[INFO] [stdout]     |                ^^^^^^^^^^ help: if this is intentional, prefix it with an underscore: `_test_input`
[INFO] [stdout]     |
[INFO] [stdout]     = note: `#[warn(unused_variables)]` on by default
[INFO] [stdout] 
[INFO] [stdout] 
[INFO] [stdout] warning: unused variable: `puzzle_input`
[INFO] [stdout]    --> day24/src/main.rs:221:27
[INFO] [stdout]     |
[INFO] [stdout] 221 |     fn test_p2_full_input(puzzle_input: Vec<String>) {
[INFO] [stdout]     |                           ^^^^^^^^^^^^ help: if this is intentional, prefix it with an underscore: `_puzzle_input`
[INFO] [stdout] 
[INFO] [stdout] 
[INFO] [stdout] warning: unused variable: `test_input`
[INFO] [stdout]    --> day15/src/main.rs:300:16
[INFO] [stdout]     |
[INFO] [stdout] 300 |     fn test_p2(test_input: Vec<String>) {
[INFO] [stdout]     |                ^^^^^^^^^^ help: if this is intentional, prefix it with an underscore: `_test_input`
[INFO] [stdout]     |
[INFO] [stdout]     = note: `#[warn(unused_variables)]` on by default
[INFO] [stdout] 
[INFO] [stdout] 
[INFO] [stdout] warning: unused variable: `puzzle_input`
[INFO] [stdout]    --> day15/src/main.rs:307:27
[INFO] [stdout]     |
[INFO] [stdout] 307 |     fn test_p2_full_input(puzzle_input: Vec<String>) {
[INFO] [stdout]     |                           ^^^^^^^^^^^^ help: if this is intentional, prefix it with an underscore: `_puzzle_input`
[INFO] [stdout] 
[INFO] [stdout] 
[INFO] [stderr]    Compiling day13 v0.1.0 (/opt/rustwide/workdir/day13)
[INFO] [stderr]    Compiling day06 v0.1.0 (/opt/rustwide/workdir/day06)
[INFO] [stderr]    Compiling day02 v0.1.0 (/opt/rustwide/workdir/day02)
[INFO] [stderr]    Compiling day12 v0.1.0 (/opt/rustwide/workdir/day12)
[INFO] [stderr]    Compiling day18 v0.1.0 (/opt/rustwide/workdir/day18)
[INFO] [stderr]    Compiling day19 v0.1.0 (/opt/rustwide/workdir/day19)
[INFO] [stdout] warning: unused variable: `test_input`
[INFO] [stdout]   --> day12/src/main.rs:48:16
[INFO] [stdout]    |
[INFO] [stdout] 48 |     fn test_p1(test_input: Vec<String>) {
[INFO] [stdout]    |                ^^^^^^^^^^ help: if this is intentional, prefix it with an underscore: `_test_input`
[INFO] [stdout]    |
[INFO] [stdout]    = note: `#[warn(unused_variables)]` on by default
[INFO] [stdout] 
[INFO] [stdout] 
[INFO] [stdout] warning: unused variable: `puzzle_input`
[INFO] [stdout]   --> day12/src/main.rs:55:27
[INFO] [stdout]    |
[INFO] [stdout] 55 |     fn test_p1_full_input(puzzle_input: Vec<String>) {
[INFO] [stdout]    |                           ^^^^^^^^^^^^ help: if this is intentional, prefix it with an underscore: `_puzzle_input`
[INFO] [stdout] 
[INFO] [stdout] 
[INFO] [stdout] warning: unused variable: `test_input`
[INFO] [stdout]   --> day12/src/main.rs:62:16
[INFO] [stdout]    |
[INFO] [stdout] 62 |     fn test_p2(test_input: Vec<String>) {
[INFO] [stdout]    |                ^^^^^^^^^^ help: if this is intentional, prefix it with an underscore: `_test_input`
[INFO] [stdout] 
[INFO] [stdout] 
[INFO] [stdout] warning: unused variable: `puzzle_input`
[INFO] [stdout]   --> day12/src/main.rs:69:27
[INFO] [stdout]    |
[INFO] [stdout] 69 |     fn test_p2_full_input(puzzle_input: Vec<String>) {
[INFO] [stdout]    |                           ^^^^^^^^^^^^ help: if this is intentional, prefix it with an underscore: `_puzzle_input`
[INFO] [stdout] 
[INFO] [stdout] 
[INFO] [stdout] warning: unused variable: `test_input`
[INFO] [stdout]   --> day18/src/main.rs:48:16
[INFO] [stdout]    |
[INFO] [stdout] 48 |     fn test_p1(test_input: Vec<String>) {
[INFO] [stdout]    |                ^^^^^^^^^^ help: if this is intentional, prefix it with an underscore: `_test_input`
[INFO] [stdout]    |
[INFO] [stdout]    = note: `#[warn(unused_variables)]` on by default
[INFO] [stdout] 
[INFO] [stdout] 
[INFO] [stderr]    Compiling day03 v0.1.0 (/opt/rustwide/workdir/day03)
[INFO] [stdout] warning: unused variable: `puzzle_input`
[INFO] [stdout]   --> day18/src/main.rs:55:27
[INFO] [stdout]    |
[INFO] [stdout] 55 |     fn test_p1_full_input(puzzle_input: Vec<String>) {
[INFO] [stdout]    |                           ^^^^^^^^^^^^ help: if this is intentional, prefix it with an underscore: `_puzzle_input`
[INFO] [stdout] 
[INFO] [stdout] 
[INFO] [stdout] warning: unused variable: `test_input`
[INFO] [stdout]   --> day18/src/main.rs:62:16
[INFO] [stdout]    |
[INFO] [stdout] 62 |     fn test_p2(test_input: Vec<String>) {
[INFO] [stdout]    |                ^^^^^^^^^^ help: if this is intentional, prefix it with an underscore: `_test_input`
[INFO] [stdout] 
[INFO] [stdout] 
[INFO] [stdout] warning: unused variable: `puzzle_input`
[INFO] [stdout]   --> day18/src/main.rs:69:27
[INFO] [stdout]    |
[INFO] [stdout] 69 |     fn test_p2_full_input(puzzle_input: Vec<String>) {
[INFO] [stdout]    |                           ^^^^^^^^^^^^ help: if this is intentional, prefix it with an underscore: `_puzzle_input`
[INFO] [stdout] 
[INFO] [stdout] 
[INFO] [stderr]    Compiling day10 v0.1.0 (/opt/rustwide/workdir/day10)
[INFO] [stdout] warning: unused variable: `test_input`
[INFO] [stdout]   --> day10/src/main.rs:48:16
[INFO] [stdout]    |
[INFO] [stdout] 48 |     fn test_p1(test_input: Vec<String>) {
[INFO] [stdout]    |                ^^^^^^^^^^ help: if this is intentional, prefix it with an underscore: `_test_input`
[INFO] [stdout]    |
[INFO] [stdout]    = note: `#[warn(unused_variables)]` on by default
[INFO] [stdout] 
[INFO] [stdout] 
[INFO] [stdout] warning: unused variable: `puzzle_input`
[INFO] [stdout]   --> day10/src/main.rs:55:27
[INFO] [stdout]    |
[INFO] [stdout] 55 |     fn test_p1_full_input(puzzle_input: Vec<String>) {
[INFO] [stdout]    |                           ^^^^^^^^^^^^ help: if this is intentional, prefix it with an underscore: `_puzzle_input`
[INFO] [stdout] 
[INFO] [stdout] 
[INFO] [stdout] warning: unused variable: `test_input`
[INFO] [stdout]   --> day10/src/main.rs:62:16
[INFO] [stdout]    |
[INFO] [stdout] 62 |     fn test_p2(test_input: Vec<String>) {
[INFO] [stdout]    |                ^^^^^^^^^^ help: if this is intentional, prefix it with an underscore: `_test_input`
[INFO] [stdout] 
[INFO] [stdout] 
[INFO] [stdout] warning: unused variable: `puzzle_input`
[INFO] [stdout]   --> day10/src/main.rs:69:27
[INFO] [stdout]    |
[INFO] [stdout] 69 |     fn test_p2_full_input(puzzle_input: Vec<String>) {
[INFO] [stdout]    |                           ^^^^^^^^^^^^ help: if this is intentional, prefix it with an underscore: `_puzzle_input`
[INFO] [stdout] 
[INFO] [stdout] 
[INFO] [stderr]    Compiling day21 v0.1.0 (/opt/rustwide/workdir/day21)
[INFO] [stderr]    Compiling day08 v0.1.0 (/opt/rustwide/workdir/day08)
[INFO] [stdout] warning: unused variable: `test_input`
[INFO] [stdout]   --> day21/src/main.rs:48:16
[INFO] [stdout]    |
[INFO] [stdout] 48 |     fn test_p1(test_input: Vec<String>) {
[INFO] [stdout]    |                ^^^^^^^^^^ help: if this is intentional, prefix it with an underscore: `_test_input`
[INFO] [stdout]    |
[INFO] [stdout]    = note: `#[warn(unused_variables)]` on by default
[INFO] [stdout] 
[INFO] [stdout] 
[INFO] [stdout] warning: unused variable: `puzzle_input`
[INFO] [stdout]   --> day21/src/main.rs:55:27
[INFO] [stdout]    |
[INFO] [stdout] 55 |     fn test_p1_full_input(puzzle_input: Vec<String>) {
[INFO] [stdout]    |                           ^^^^^^^^^^^^ help: if this is intentional, prefix it with an underscore: `_puzzle_input`
[INFO] [stdout] 
[INFO] [stdout] 
[INFO] [stdout] warning: unused variable: `test_input`
[INFO] [stdout]   --> day21/src/main.rs:62:16
[INFO] [stdout]    |
[INFO] [stdout] 62 |     fn test_p2(test_input: Vec<String>) {
[INFO] [stdout]    |                ^^^^^^^^^^ help: if this is intentional, prefix it with an underscore: `_test_input`
[INFO] [stdout] 
[INFO] [stdout] 
[INFO] [stdout] warning: unused variable: `puzzle_input`
[INFO] [stdout]   --> day21/src/main.rs:69:27
[INFO] [stdout]    |
[INFO] [stdout] 69 |     fn test_p2_full_input(puzzle_input: Vec<String>) {
[INFO] [stdout]    |                           ^^^^^^^^^^^^ help: if this is intentional, prefix it with an underscore: `_puzzle_input`
[INFO] [stdout] 
[INFO] [stdout] 
[INFO] [stderr]     Finished `test` profile [unoptimized + debuginfo] target(s) in 23.41s
[INFO] running `Command { std: "docker" "inspect" "5cb335c4bca15314829f709a22bdd1eb061ebac641e9030703794e6a0c2df21c", kill_on_drop: false }`
[INFO] running `Command { std: "docker" "rm" "-f" "5cb335c4bca15314829f709a22bdd1eb061ebac641e9030703794e6a0c2df21c", kill_on_drop: false }`
[INFO] [stdout] 5cb335c4bca15314829f709a22bdd1eb061ebac641e9030703794e6a0c2df21c
[INFO] running `Command { std: "docker" "create" "-v" "/var/lib/crater-agent-workspace/builds/worker-0-tc2/target:/opt/rustwide/target:rw,Z" "-v" "/var/lib/crater-agent-workspace/builds/worker-0-tc2/source:/opt/rustwide/workdir:ro,Z" "-v" "/var/lib/crater-agent-workspace/cargo-home:/opt/rustwide/cargo-home:ro,Z" "-v" "/var/lib/crater-agent-workspace/rustup-home:/opt/rustwide/rustup-home:ro,Z" "-e" "SOURCE_DIR=/opt/rustwide/workdir" "-e" "CARGO_TARGET_DIR=/opt/rustwide/target" "-e" "CARGO_INCREMENTAL=0" "-e" "RUST_BACKTRACE=full" "-e" "RUSTFLAGS=--cap-lints=forbid -Zrandomize-layout" "-e" "RUSTDOCFLAGS=--cap-lints=forbid" "-e" "CARGO_HOME=/opt/rustwide/cargo-home" "-e" "RUSTUP_HOME=/opt/rustwide/rustup-home" "-w" "/opt/rustwide/workdir" "-m" "1610612736" "--user" "0:0" "--network" "none" "ghcr.io/rust-lang/crates-build-env/linux@sha256:819108c5571ea2e421544af4d832f968d213c87fbe3707a016657f43d2f853bc" "/opt/rustwide/cargo-home/bin/cargo" "+nightly-2025-01-18" "test" "--frozen", kill_on_drop: false }`
[INFO] [stdout] 4c4c7451c9df90379b5c21458a029215829ca70398eae41f925da0cbc5f876dc
[INFO] running `Command { std: "docker" "start" "-a" "4c4c7451c9df90379b5c21458a029215829ca70398eae41f925da0cbc5f876dc", kill_on_drop: false }`
[INFO] [stderr] warning: unused variable: `test_input`
[INFO] [stderr]   --> day20/src/main.rs:48:16
[INFO] [stderr]    |
[INFO] [stderr] 48 |     fn test_p1(test_input: Vec<String>) {
[INFO] [stderr]    |                ^^^^^^^^^^ help: if this is intentional, prefix it with an underscore: `_test_input`
[INFO] [stderr]    |
[INFO] [stderr]    = note: `#[warn(unused_variables)]` on by default
[INFO] [stderr] 
[INFO] [stderr] warning: unused variable: `puzzle_input`
[INFO] [stderr]   --> day20/src/main.rs:55:27
[INFO] [stderr]    |
[INFO] [stderr] 55 |     fn test_p1_full_input(puzzle_input: Vec<String>) {
[INFO] [stderr]    |                           ^^^^^^^^^^^^ help: if this is intentional, prefix it with an underscore: `_puzzle_input`
[INFO] [stderr] 
[INFO] [stderr] warning: unused variable: `test_input`
[INFO] [stderr]   --> day20/src/main.rs:62:16
[INFO] [stderr]    |
[INFO] [stderr] 62 |     fn test_p2(test_input: Vec<String>) {
[INFO] [stderr]    |                ^^^^^^^^^^ help: if this is intentional, prefix it with an underscore: `_test_input`
[INFO] [stderr] 
[INFO] [stderr] warning: unused variable: `puzzle_input`
[INFO] [stderr]   --> day20/src/main.rs:69:27
[INFO] [stderr]    |
[INFO] [stderr] 69 |     fn test_p2_full_input(puzzle_input: Vec<String>) {
[INFO] [stderr]    |                           ^^^^^^^^^^^^ help: if this is intentional, prefix it with an underscore: `_puzzle_input`
[INFO] [stderr] 
[INFO] [stderr] warning: unused variable: `test_input`
[INFO] [stderr]   --> day12/src/main.rs:48:16
[INFO] [stderr]    |
[INFO] [stderr] 48 |     fn test_p1(test_input: Vec<String>) {
[INFO] [stderr]    |                ^^^^^^^^^^ help: if this is intentional, prefix it with an underscore: `_test_input`
[INFO] [stderr]    |
[INFO] [stderr]    = note: `#[warn(unused_variables)]` on by default
[INFO] [stderr] 
[INFO] [stderr] warning: unused variable: `puzzle_input`
[INFO] [stderr]   --> day12/src/main.rs:55:27
[INFO] [stderr]    |
[INFO] [stderr] 55 |     fn test_p1_full_input(puzzle_input: Vec<String>) {
[INFO] [stderr]    |                           ^^^^^^^^^^^^ help: if this is intentional, prefix it with an underscore: `_puzzle_input`
[INFO] [stderr] 
[INFO] [stderr] warning: unused variable: `test_input`
[INFO] [stderr]   --> day12/src/main.rs:62:16
[INFO] [stderr]    |
[INFO] [stderr] 62 |     fn test_p2(test_input: Vec<String>) {
[INFO] [stderr]    |                ^^^^^^^^^^ help: if this is intentional, prefix it with an underscore: `_test_input`
[INFO] [stderr] 
[INFO] [stderr] warning: unused variable: `puzzle_input`
[INFO] [stderr]   --> day12/src/main.rs:69:27
[INFO] [stderr]    |
[INFO] [stderr] 69 |     fn test_p2_full_input(puzzle_input: Vec<String>) {
[INFO] [stderr]    |                           ^^^^^^^^^^^^ help: if this is intentional, prefix it with an underscore: `_puzzle_input`
[INFO] [stderr] 
[INFO] [stderr] warning: unused variable: `test_input`
[INFO] [stderr]   --> day16/src/main.rs:48:16
[INFO] [stderr]    |
[INFO] [stderr] 48 |     fn test_p1(test_input: Vec<String>) {
[INFO] [stderr]    |                ^^^^^^^^^^ help: if this is intentional, prefix it with an underscore: `_test_input`
[INFO] [stderr]    |
[INFO] [stderr]    = note: `#[warn(unused_variables)]` on by default
[INFO] [stderr] 
[INFO] [stderr] warning: unused variable: `puzzle_input`
[INFO] [stderr]   --> day16/src/main.rs:55:27
[INFO] [stderr]    |
[INFO] [stderr] 55 |     fn test_p1_full_input(puzzle_input: Vec<String>) {
[INFO] [stderr]    |                           ^^^^^^^^^^^^ help: if this is intentional, prefix it with an underscore: `_puzzle_input`
[INFO] [stderr] 
[INFO] [stderr] warning: unused variable: `test_input`
[INFO] [stderr]   --> day16/src/main.rs:62:16
[INFO] [stderr]    |
[INFO] [stderr] 62 |     fn test_p2(test_input: Vec<String>) {
[INFO] [stderr]    |                ^^^^^^^^^^ help: if this is intentional, prefix it with an underscore: `_test_input`
[INFO] [stderr] 
[INFO] [stderr] warning: unused variable: `puzzle_input`
[INFO] [stderr]   --> day16/src/main.rs:69:27
[INFO] [stderr]    |
[INFO] [stderr] 69 |     fn test_p2_full_input(puzzle_input: Vec<String>) {
[INFO] [stderr]    |                           ^^^^^^^^^^^^ help: if this is intentional, prefix it with an underscore: `_puzzle_input`
[INFO] [stderr] 
[INFO] [stderr] warning: unused variable: `test_input`
[INFO] [stderr]   --> day21/src/main.rs:48:16
[INFO] [stderr]    |
[INFO] [stderr] 48 |     fn test_p1(test_input: Vec<String>) {
[INFO] [stderr]    |                ^^^^^^^^^^ help: if this is intentional, prefix it with an underscore: `_test_input`
[INFO] [stderr]    |
[INFO] [stderr]    = note: `#[warn(unused_variables)]` on by default
[INFO] [stderr] 
[INFO] [stderr] warning: unused variable: `puzzle_input`
[INFO] [stderr]   --> day21/src/main.rs:55:27
[INFO] [stderr]    |
[INFO] [stderr] 55 |     fn test_p1_full_input(puzzle_input: Vec<String>) {
[INFO] [stderr]    |                           ^^^^^^^^^^^^ help: if this is intentional, prefix it with an underscore: `_puzzle_input`
[INFO] [stderr] 
[INFO] [stderr] warning: unused variable: `test_input`
[INFO] [stderr]   --> day21/src/main.rs:62:16
[INFO] [stderr]    |
[INFO] [stderr] 62 |     fn test_p2(test_input: Vec<String>) {
[INFO] [stderr]    |                ^^^^^^^^^^ help: if this is intentional, prefix it with an underscore: `_test_input`
[INFO] [stderr] 
[INFO] [stderr] warning: unused variable: `puzzle_input`
[INFO] [stderr]   --> day21/src/main.rs:69:27
[INFO] [stderr]    |
[INFO] [stderr] 69 |     fn test_p2_full_input(puzzle_input: Vec<String>) {
[INFO] [stderr]    |                           ^^^^^^^^^^^^ help: if this is intentional, prefix it with an underscore: `_puzzle_input`
[INFO] [stderr] 
[INFO] [stderr] warning: unused variable: `test_input`
[INFO] [stderr]   --> day23/src/main.rs:48:16
[INFO] [stderr]    |
[INFO] [stderr] 48 |     fn test_p1(test_input: Vec<String>) {
[INFO] [stderr]    |                ^^^^^^^^^^ help: if this is intentional, prefix it with an underscore: `_test_input`
[INFO] [stderr]    |
[INFO] [stderr]    = note: `#[warn(unused_variables)]` on by default
[INFO] [stderr] 
[INFO] [stderr] warning: unused variable: `puzzle_input`
[INFO] [stderr]   --> day23/src/main.rs:55:27
[INFO] [stderr]    |
[INFO] [stderr] 55 |     fn test_p1_full_input(puzzle_input: Vec<String>) {
[INFO] [stderr]    |                           ^^^^^^^^^^^^ help: if this is intentional, prefix it with an underscore: `_puzzle_input`
[INFO] [stderr] 
[INFO] [stderr] warning: unused variable: `test_input`
[INFO] [stderr]   --> day23/src/main.rs:62:16
[INFO] [stderr]    |
[INFO] [stderr] 62 |     fn test_p2(test_input: Vec<String>) {
[INFO] [stderr]    |                ^^^^^^^^^^ help: if this is intentional, prefix it with an underscore: `_test_input`
[INFO] [stderr] 
[INFO] [stderr] warning: unused variable: `puzzle_input`
[INFO] [stderr]   --> day23/src/main.rs:69:27
[INFO] [stderr]    |
[INFO] [stderr] 69 |     fn test_p2_full_input(puzzle_input: Vec<String>) {
[INFO] [stderr]    |                           ^^^^^^^^^^^^ help: if this is intentional, prefix it with an underscore: `_puzzle_input`
[INFO] [stderr] 
[INFO] [stderr] warning: `day20` (bin "day20" test) generated 4 warnings
[INFO] [stderr] warning: `day12` (bin "day12" test) generated 4 warnings
[INFO] [stderr] warning: `day16` (bin "day16" test) generated 4 warnings
[INFO] [stderr] warning: `day21` (bin "day21" test) generated 4 warnings
[INFO] [stderr] warning: `day23` (bin "day23" test) generated 4 warnings
[INFO] [stderr] warning: unused variable: `test_input`
[INFO] [stderr]   --> day18/src/main.rs:48:16
[INFO] [stderr]    |
[INFO] [stderr] 48 |     fn test_p1(test_input: Vec<String>) {
[INFO] [stderr]    |                ^^^^^^^^^^ help: if this is intentional, prefix it with an underscore: `_test_input`
[INFO] [stderr]    |
[INFO] [stderr]    = note: `#[warn(unused_variables)]` on by default
[INFO] [stderr] 
[INFO] [stderr] warning: unused variable: `puzzle_input`
[INFO] [stderr]   --> day18/src/main.rs:55:27
[INFO] [stderr]    |
[INFO] [stderr] 55 |     fn test_p1_full_input(puzzle_input: Vec<String>) {
[INFO] [stderr]    |                           ^^^^^^^^^^^^ help: if this is intentional, prefix it with an underscore: `_puzzle_input`
[INFO] [stderr] 
[INFO] [stderr] warning: unused variable: `test_input`
[INFO] [stderr]   --> day18/src/main.rs:62:16
[INFO] [stderr]    |
[INFO] [stderr] 62 |     fn test_p2(test_input: Vec<String>) {
[INFO] [stderr]    |                ^^^^^^^^^^ help: if this is intentional, prefix it with an underscore: `_test_input`
[INFO] [stderr] 
[INFO] [stderr] warning: unused variable: `puzzle_input`
[INFO] [stderr]   --> day18/src/main.rs:69:27
[INFO] [stderr]    |
[INFO] [stderr] 69 |     fn test_p2_full_input(puzzle_input: Vec<String>) {
[INFO] [stderr]    |                           ^^^^^^^^^^^^ help: if this is intentional, prefix it with an underscore: `_puzzle_input`
[INFO] [stderr] 
[INFO] [stderr] warning: unused variable: `test_input`
[INFO] [stderr]    --> day15/src/main.rs:300:16
[INFO] [stderr]     |
[INFO] [stderr] 300 |     fn test_p2(test_input: Vec<String>) {
[INFO] [stderr]     |                ^^^^^^^^^^ help: if this is intentional, prefix it with an underscore: `_test_input`
[INFO] [stderr]     |
[INFO] [stderr]     = note: `#[warn(unused_variables)]` on by default
[INFO] [stderr] 
[INFO] [stderr] warning: unused variable: `puzzle_input`
[INFO] [stderr]    --> day15/src/main.rs:307:27
[INFO] [stderr]     |
[INFO] [stderr] 307 |     fn test_p2_full_input(puzzle_input: Vec<String>) {
[INFO] [stderr]     |                           ^^^^^^^^^^^^ help: if this is intentional, prefix it with an underscore: `_puzzle_input`
[INFO] [stderr] 
[INFO] [stderr] warning: unused variable: `test_input`
[INFO] [stderr]    --> day17/src/main.rs:232:16
[INFO] [stderr]     |
[INFO] [stderr] 232 |     fn test_p2(test_input: Vec<String>) {
[INFO] [stderr]     |                ^^^^^^^^^^ help: if this is intentional, prefix it with an underscore: `_test_input`
[INFO] [stderr]     |
[INFO] [stderr]     = note: `#[warn(unused_variables)]` on by default
[INFO] [stderr] 
[INFO] [stderr] warning: unused variable: `puzzle_input`
[INFO] [stderr]    --> day17/src/main.rs:239:27
[INFO] [stderr]     |
[INFO] [stderr] 239 |     fn test_p2_full_input(puzzle_input: Vec<String>) {
[INFO] [stderr]     |                           ^^^^^^^^^^^^ help: if this is intentional, prefix it with an underscore: `_puzzle_input`
[INFO] [stderr] 
[INFO] [stderr] warning: unused variable: `test_input`
[INFO] [stderr]    --> day25/src/main.rs:159:16
[INFO] [stderr]     |
[INFO] [stderr] 159 |     fn test_p2(test_input: Vec<String>) {
[INFO] [stderr]     |                ^^^^^^^^^^ help: if this is intentional, prefix it with an underscore: `_test_input`
[INFO] [stderr]     |
[INFO] [stderr]     = note: `#[warn(unused_variables)]` on by default
[INFO] [stderr] 
[INFO] [stderr] warning: unused variable: `puzzle_input`
[INFO] [stderr]    --> day25/src/main.rs:166:27
[INFO] [stderr]     |
[INFO] [stderr] 166 |     fn test_p2_full_input(puzzle_input: Vec<String>) {
[INFO] [stderr]     |                           ^^^^^^^^^^^^ help: if this is intentional, prefix it with an underscore: `_puzzle_input`
[INFO] [stderr] 
[INFO] [stderr] warning: unused variable: `test_input`
[INFO] [stderr]    --> day24/src/main.rs:214:16
[INFO] [stderr]     |
[INFO] [stderr] 214 |     fn test_p2(test_input: Vec<String>) {
[INFO] [stderr]     |                ^^^^^^^^^^ help: if this is intentional, prefix it with an underscore: `_test_input`
[INFO] [stderr]     |
[INFO] [stderr]     = note: `#[warn(unused_variables)]` on by default
[INFO] [stderr] 
[INFO] [stderr] warning: unused variable: `puzzle_input`
[INFO] [stderr]    --> day24/src/main.rs:221:27
[INFO] [stderr]     |
[INFO] [stderr] 221 |     fn test_p2_full_input(puzzle_input: Vec<String>) {
[INFO] [stderr]     |                           ^^^^^^^^^^^^ help: if this is intentional, prefix it with an underscore: `_puzzle_input`
[INFO] [stderr] 
[INFO] [stderr] warning: unused variable: `test_input`
[INFO] [stderr]   --> day10/src/main.rs:48:16
[INFO] [stderr]    |
[INFO] [stderr] 48 |     fn test_p1(test_input: Vec<String>) {
[INFO] [stderr]    |                ^^^^^^^^^^ help: if this is intentional, prefix it with an underscore: `_test_input`
[INFO] [stderr]    |
[INFO] [stderr]    = note: `#[warn(unused_variables)]` on by default
[INFO] [stderr] 
[INFO] [stderr] warning: unused variable: `puzzle_input`
[INFO] [stderr]   --> day10/src/main.rs:55:27
[INFO] [stderr]    |
[INFO] [stderr] 55 |     fn test_p1_full_input(puzzle_input: Vec<String>) {
[INFO] [stderr]    |                           ^^^^^^^^^^^^ help: if this is intentional, prefix it with an underscore: `_puzzle_input`
[INFO] [stderr] 
[INFO] [stderr] warning: unused variable: `test_input`
[INFO] [stderr]   --> day10/src/main.rs:62:16
[INFO] [stderr]    |
[INFO] [stderr] 62 |     fn test_p2(test_input: Vec<String>) {
[INFO] [stderr]    |                ^^^^^^^^^^ help: if this is intentional, prefix it with an underscore: `_test_input`
[INFO] [stderr] 
[INFO] [stderr] warning: unused variable: `puzzle_input`
[INFO] [stderr]   --> day10/src/main.rs:69:27
[INFO] [stderr]    |
[INFO] [stderr] 69 |     fn test_p2_full_input(puzzle_input: Vec<String>) {
[INFO] [stderr]    |                           ^^^^^^^^^^^^ help: if this is intentional, prefix it with an underscore: `_puzzle_input`
[INFO] [stderr] 
[INFO] [stderr] warning: `day18` (bin "day18" test) generated 4 warnings
[INFO] [stderr] warning: `day15` (bin "day15" test) generated 2 warnings
[INFO] [stderr] warning: `day17` (bin "day17" test) generated 2 warnings
[INFO] [stderr] warning: `day25` (bin "day25" test) generated 2 warnings
[INFO] [stderr] warning: `day24` (bin "day24" test) generated 2 warnings
[INFO] [stderr] warning: `day10` (bin "day10" test) generated 4 warnings
[INFO] [stderr]     Finished `test` profile [unoptimized + debuginfo] target(s) in 0.18s
[INFO] [stderr]      Running unittests src/lib.rs (/opt/rustwide/target/debug/deps/aoc_common-501430b3bc8fa76f)
[INFO] [stdout] 
[INFO] [stdout] running 12 tests
[INFO] [stdout] test tests::test_format_duration::case_1 ... ok
[INFO] [stdout] test tests::test_format_duration::case_3 ... ok
[INFO] [stdout] test tests::test_format_duration::case_5 ... ok
[INFO] [stdout] test tests::test_format_duration::case_6 ... ok
[INFO] [stdout] test tests::test_parse_input_as_string_dedents_input ... ok
[INFO] [stdout] test tests::test_format_duration::case_2 ... ok
[INFO] [stdout] test tests::test_parse_input_as_string_removes_empty_lines_at_start_and_end ... ok
[INFO] [stdout] test tests::test_parse_input_as_string ... ok
[INFO] [stdout] test tests::test_format_duration::case_4 ... ok
[INFO] [stdout] test tests::test_parse_input ... ok
[INFO] [stdout] test tests::test_parse_input_dedents_input ... ok
[INFO] [stdout] test tests::test_parse_input_removes_empty_lines_at_start_and_end ... ok
[INFO] [stdout] 
[INFO] [stdout] test result: ok. 12 passed; 0 failed; 0 ignored; 0 measured; 0 filtered out; finished in 0.00s
[INFO] [stdout] 
[INFO] [stderr]      Running unittests src/main.rs (/opt/rustwide/target/debug/deps/day01-9fb702904286e01f)
[INFO] [stdout] 
[INFO] [stdout] running 4 tests
[INFO] [stdout] test tests::test_p1 ... ok
[INFO] [stdout] test tests::test_p2 ... ok
[INFO] [stdout] test tests::test_p1_full_input ... FAILED
[INFO] [stdout] test tests::test_p2_full_input ... FAILED
[INFO] [stdout] 
[INFO] [stdout] failures:
[INFO] [stdout] 
[INFO] [stdout] ---- tests::test_p1_full_input stdout ----
[INFO] [stdout] 
[INFO] [stdout] thread 'tests::test_p1_full_input' panicked at aoc-common/src/lib.rs:17:23:
[INFO] [stdout] Unable to open file day01.txt: No such file or directory (os error 2)
[INFO] [stdout] stack backtrace:
[INFO] [stdout]    0:     0x64213bc132ca - std::backtrace_rs::backtrace::libunwind::trace::hb059275cfc8d6126
[INFO] [stdout]                                at /rustc/6067b36314ab5eb2eb47cecc464545ba58e1ad24/library/std/src/../../backtrace/src/backtrace/libunwind.rs:116:5
[INFO] [stdout]    1:     0x64213bc132ca - std::backtrace_rs::backtrace::trace_unsynchronized::h2da071e4327ce3ee
[INFO] [stdout]                                at /rustc/6067b36314ab5eb2eb47cecc464545ba58e1ad24/library/std/src/../../backtrace/src/backtrace/mod.rs:66:5
[INFO] [stdout]    2:     0x64213bc132ca - std::sys::backtrace::_print_fmt::h842a1474e6f8d23f
[INFO] [stdout]                                at /rustc/6067b36314ab5eb2eb47cecc464545ba58e1ad24/library/std/src/sys/backtrace.rs:66:9
[INFO] [stdout]    3:     0x64213bc132ca - <std::sys::backtrace::BacktraceLock::print::DisplayBacktrace as core::fmt::Display>::fmt::h71a62eb3b9696b12
[INFO] [stdout]                                at /rustc/6067b36314ab5eb2eb47cecc464545ba58e1ad24/library/std/src/sys/backtrace.rs:39:26
[INFO] [stdout]    4:     0x64213bc3ab13 - core::fmt::rt::Argument::fmt::hdb6b616786b41dc1
[INFO] [stdout]                                at /rustc/6067b36314ab5eb2eb47cecc464545ba58e1ad24/library/core/src/fmt/rt.rs:177:76
[INFO] [stdout]    5:     0x64213bc3ab13 - core::fmt::write::h2cc1698af7e2d686
[INFO] [stdout]                                at /rustc/6067b36314ab5eb2eb47cecc464545ba58e1ad24/library/core/src/fmt/mod.rs:1440:21
[INFO] [stdout]    6:     0x64213bc0fe23 - std::io::Write::write_fmt::hab1b4cd059a79022
[INFO] [stdout]                                at /rustc/6067b36314ab5eb2eb47cecc464545ba58e1ad24/library/std/src/io/mod.rs:1887:15
[INFO] [stdout]    7:     0x64213bc13112 - std::sys::backtrace::BacktraceLock::print::h147fe35b4ea13b08
[INFO] [stdout]                                at /rustc/6067b36314ab5eb2eb47cecc464545ba58e1ad24/library/std/src/sys/backtrace.rs:42:9
[INFO] [stdout]    8:     0x64213bc146ef - std::panicking::default_hook::{{closure}}::hbd44223dbdc0d208
[INFO] [stdout]                                at /rustc/6067b36314ab5eb2eb47cecc464545ba58e1ad24/library/std/src/panicking.rs:298:22
[INFO] [stdout]    9:     0x64213bc14508 - std::panicking::default_hook::h20f81eb0576efcec
[INFO] [stdout]                                at /rustc/6067b36314ab5eb2eb47cecc464545ba58e1ad24/library/std/src/panicking.rs:322:9
[INFO] [stdout]   10:     0x64213bbc3793 - <alloc::boxed::Box<F,A> as core::ops::function::Fn<Args>>::call::hdb53814c496a4d34
[INFO] [stdout]                                at /rustc/6067b36314ab5eb2eb47cecc464545ba58e1ad24/library/alloc/src/boxed.rs:2027:9
[INFO] [stdout]   11:     0x64213bbc3793 - test::test_main::{{closure}}::hc0a4963c59427c24
[INFO] [stdout]                                at /rustc/6067b36314ab5eb2eb47cecc464545ba58e1ad24/library/test/src/lib.rs:134:21
[INFO] [stdout]   12:     0x64213bc151e3 - <alloc::boxed::Box<F,A> as core::ops::function::Fn<Args>>::call::h591b2225413a77e9
[INFO] [stdout]                                at /rustc/6067b36314ab5eb2eb47cecc464545ba58e1ad24/library/alloc/src/boxed.rs:2027:9
[INFO] [stdout]   13:     0x64213bc151e3 - std::panicking::rust_panic_with_hook::h625eea43051b2edc
[INFO] [stdout]                                at /rustc/6067b36314ab5eb2eb47cecc464545ba58e1ad24/library/std/src/panicking.rs:839:13
[INFO] [stdout]   14:     0x64213bc14e9a - std::panicking::begin_panic_handler::{{closure}}::h4f9159cfbc3f6bd3
[INFO] [stdout]                                at /rustc/6067b36314ab5eb2eb47cecc464545ba58e1ad24/library/std/src/panicking.rs:704:13
[INFO] [stdout]   15:     0x64213bc137c9 - std::sys::backtrace::__rust_end_short_backtrace::h0390abce48353151
[INFO] [stdout]                                at /rustc/6067b36314ab5eb2eb47cecc464545ba58e1ad24/library/std/src/sys/backtrace.rs:168:18
[INFO] [stdout]   16:     0x64213bc14b2d - rust_begin_unwind
[INFO] [stdout]                                at /rustc/6067b36314ab5eb2eb47cecc464545ba58e1ad24/library/std/src/panicking.rs:695:5
[INFO] [stdout]   17:     0x64213bc394f0 - core::panicking::panic_fmt::h9e7c637e9e5f29c9
[INFO] [stdout]                                at /rustc/6067b36314ab5eb2eb47cecc464545ba58e1ad24/library/core/src/panicking.rs:75:14
[INFO] [stdout]   18:     0x64213bbcf9a5 - aoc_common::get_input::hbcb55455f4e4962d
[INFO] [stdout]                                at /opt/rustwide/workdir/aoc-common/src/lib.rs:17:23
[INFO] [stdout]   19:     0x64213bb88e0a - day01::tests::puzzle_input::heaa9f8020117ce03
[INFO] [stdout]                                at /opt/rustwide/workdir/day01/src/main.rs:97:9
[INFO] [stdout]   20:     0x64213bb88dbd - day01::tests::puzzle_input::get::hbc10a17e1dea4309
[INFO] [stdout]                                at /opt/rustwide/workdir/day01/src/main.rs:95:5
[INFO] [stdout]   21:     0x64213bb88ddd - day01::tests::puzzle_input::default::h8b8c663b801457be
[INFO] [stdout]                                at /opt/rustwide/workdir/day01/src/main.rs:95:5
[INFO] [stdout]   22:     0x64213bb8904c - day01::tests::test_p1_full_input::h21ab0433a0c20783
[INFO] [stdout]                                at /opt/rustwide/workdir/day01/src/main.rs:108:5
[INFO] [stdout]   23:     0x64213bb89027 - day01::tests::test_p1_full_input::{{closure}}::h0fe05b258c552b3c
[INFO] [stdout]                                at /opt/rustwide/workdir/day01/src/main.rs:108:14
[INFO] [stdout]   24:     0x64213bb86786 - core::ops::function::FnOnce::call_once::h9f17a94d4d2bce0a
[INFO] [stdout]                                at /rustc/6067b36314ab5eb2eb47cecc464545ba58e1ad24/library/core/src/ops/function.rs:250:5
[INFO] [stdout]   25:     0x64213bbc8eeb - core::ops::function::FnOnce::call_once::he27718dfdd183f43
[INFO] [stdout]                                at /rustc/6067b36314ab5eb2eb47cecc464545ba58e1ad24/library/core/src/ops/function.rs:250:5
[INFO] [stdout]   26:     0x64213bbc8eeb - test::__rust_begin_short_backtrace::h4e84902998457a5d
[INFO] [stdout]                                at /rustc/6067b36314ab5eb2eb47cecc464545ba58e1ad24/library/test/src/lib.rs:632:18
[INFO] [stdout]   27:     0x64213bbc7e23 - test::run_test_in_process::{{closure}}::h7176fd18fc1feca0
[INFO] [stdout]                                at /rustc/6067b36314ab5eb2eb47cecc464545ba58e1ad24/library/test/src/lib.rs:655:60
[INFO] [stdout]   28:     0x64213bbc7e23 - <core::panic::unwind_safe::AssertUnwindSafe<F> as core::ops::function::FnOnce<()>>::call_once::hf79cff2a624d8cf7
[INFO] [stdout]                                at /rustc/6067b36314ab5eb2eb47cecc464545ba58e1ad24/library/core/src/panic/unwind_safe.rs:272:9
[INFO] [stdout]   29:     0x64213bbc7e23 - std::panicking::try::do_call::h3da0561d9ab99c25
[INFO] [stdout]                                at /rustc/6067b36314ab5eb2eb47cecc464545ba58e1ad24/library/std/src/panicking.rs:587:40
[INFO] [stdout]   30:     0x64213bbc7e23 - std::panicking::try::h41c9fa508bc61df6
[INFO] [stdout]                                at /rustc/6067b36314ab5eb2eb47cecc464545ba58e1ad24/library/std/src/panicking.rs:550:19
[INFO] [stdout]   31:     0x64213bbc7e23 - std::panic::catch_unwind::h6b3ff07bb5afad93
[INFO] [stdout]                                at /rustc/6067b36314ab5eb2eb47cecc464545ba58e1ad24/library/std/src/panic.rs:358:14
[INFO] [stdout]   32:     0x64213bbc7e23 - test::run_test_in_process::hc7253dd11b39b9f4
[INFO] [stdout]                                at /rustc/6067b36314ab5eb2eb47cecc464545ba58e1ad24/library/test/src/lib.rs:655:27
[INFO] [stdout]   33:     0x64213bbc7e23 - test::run_test::{{closure}}::hfb2007f8649c30bb
[INFO] [stdout]                                at /rustc/6067b36314ab5eb2eb47cecc464545ba58e1ad24/library/test/src/lib.rs:576:43
[INFO] [stdout]   34:     0x64213bb8af05 - test::run_test::{{closure}}::h56a17aa7a282a9f4
[INFO] [stdout]                                at /rustc/6067b36314ab5eb2eb47cecc464545ba58e1ad24/library/test/src/lib.rs:606:41
[INFO] [stdout]   35:     0x64213bb8af05 - std::sys::backtrace::__rust_begin_short_backtrace::hd2d2d2fb8e8c6aac
[INFO] [stdout]                                at /rustc/6067b36314ab5eb2eb47cecc464545ba58e1ad24/library/std/src/sys/backtrace.rs:152:18
[INFO] [stdout]   36:     0x64213bb8e7ea - std::thread::Builder::spawn_unchecked_::{{closure}}::{{closure}}::h4faa3f9db6133423
[INFO] [stdout]                                at /rustc/6067b36314ab5eb2eb47cecc464545ba58e1ad24/library/std/src/thread/mod.rs:559:17
[INFO] [stdout]   37:     0x64213bb8e7ea - <core::panic::unwind_safe::AssertUnwindSafe<F> as core::ops::function::FnOnce<()>>::call_once::hf2e855a36a4ea846
[INFO] [stdout]                                at /rustc/6067b36314ab5eb2eb47cecc464545ba58e1ad24/library/core/src/panic/unwind_safe.rs:272:9
[INFO] [stdout]   38:     0x64213bb8e7ea - std::panicking::try::do_call::h2f73af3616c35465
[INFO] [stdout]                                at /rustc/6067b36314ab5eb2eb47cecc464545ba58e1ad24/library/std/src/panicking.rs:587:40
[INFO] [stdout]   39:     0x64213bb8e7ea - std::panicking::try::hd1660ce9efadef5a
[INFO] [stdout]                                at /rustc/6067b36314ab5eb2eb47cecc464545ba58e1ad24/library/std/src/panicking.rs:550:19
[INFO] [stdout]   40:     0x64213bb8e7ea - std::panic::catch_unwind::h5ee8d7823b8ca744
[INFO] [stdout]                                at /rustc/6067b36314ab5eb2eb47cecc464545ba58e1ad24/library/std/src/panic.rs:358:14
[INFO] [stdout]   41:     0x64213bb8e7ea - std::thread::Builder::spawn_unchecked_::{{closure}}::h53c3a1894dce8407
[INFO] [stdout]                                at /rustc/6067b36314ab5eb2eb47cecc464545ba58e1ad24/library/std/src/thread/mod.rs:557:30
[INFO] [stdout]   42:     0x64213bb8e7ea - core::ops::function::FnOnce::call_once{{vtable.shim}}::h048ce291ad4f62bf
[INFO] [stdout]                                at /rustc/6067b36314ab5eb2eb47cecc464545ba58e1ad24/library/core/src/ops/function.rs:250:5
[INFO] [stdout]   43:     0x64213bc1912b - <alloc::boxed::Box<F,A> as core::ops::function::FnOnce<Args>>::call_once::ha52bedf99a3b4981
[INFO] [stdout]                                at /rustc/6067b36314ab5eb2eb47cecc464545ba58e1ad24/library/alloc/src/boxed.rs:2013:9
[INFO] [stdout]   44:     0x64213bc1912b - <alloc::boxed::Box<F,A> as core::ops::function::FnOnce<Args>>::call_once::h567748934d80ccf8
[INFO] [stdout]                                at /rustc/6067b36314ab5eb2eb47cecc464545ba58e1ad24/library/alloc/src/boxed.rs:2013:9
[INFO] [stdout]   45:     0x64213bc1912b - std::sys::pal::unix::thread::Thread::new::thread_start::h2d970728ae887adc
[INFO] [stdout]                                at /rustc/6067b36314ab5eb2eb47cecc464545ba58e1ad24/library/std/src/sys/pal/unix/thread.rs:106:17
[INFO] [stdout]   46:     0x7b9c12571ac3 - <unknown>
[INFO] [stdout]   47:     0x7b9c12602a04 - clone
[INFO] [stdout]   48:                0x0 - <unknown>
[INFO] [stdout] 
[INFO] [stdout] ---- tests::test_p2_full_input stdout ----
[INFO] [stdout] 
[INFO] [stdout] thread 'tests::test_p2_full_input' panicked at aoc-common/src/lib.rs:17:23:
[INFO] [stdout] Unable to open file day01.txt: No such file or directory (os error 2)
[INFO] [stdout] stack backtrace:
[INFO] [stdout]    0:     0x64213bc132ca - std::backtrace_rs::backtrace::libunwind::trace::hb059275cfc8d6126
[INFO] [stdout]                                at /rustc/6067b36314ab5eb2eb47cecc464545ba58e1ad24/library/std/src/../../backtrace/src/backtrace/libunwind.rs:116:5
[INFO] [stdout]    1:     0x64213bc132ca - std::backtrace_rs::backtrace::trace_unsynchronized::h2da071e4327ce3ee
[INFO] [stdout]                                at /rustc/6067b36314ab5eb2eb47cecc464545ba58e1ad24/library/std/src/../../backtrace/src/backtrace/mod.rs:66:5
[INFO] [stdout]    2:     0x64213bc132ca - std::sys::backtrace::_print_fmt::h842a1474e6f8d23f
[INFO] [stdout]                                at /rustc/6067b36314ab5eb2eb47cecc464545ba58e1ad24/library/std/src/sys/backtrace.rs:66:9
[INFO] [stdout]    3:     0x64213bc132ca - <std::sys::backtrace::BacktraceLock::print::DisplayBacktrace as core::fmt::Display>::fmt::h71a62eb3b9696b12
[INFO] [stdout]                                at /rustc/6067b36314ab5eb2eb47cecc464545ba58e1ad24/library/std/src/sys/backtrace.rs:39:26
[INFO] [stdout]    4:     0x64213bc3ab13 - core::fmt::rt::Argument::fmt::hdb6b616786b41dc1
[INFO] [stdout]                                at /rustc/6067b36314ab5eb2eb47cecc464545ba58e1ad24/library/core/src/fmt/rt.rs:177:76
[INFO] [stdout]    5:     0x64213bc3ab13 - core::fmt::write::h2cc1698af7e2d686
[INFO] [stdout]                                at /rustc/6067b36314ab5eb2eb47cecc464545ba58e1ad24/library/core/src/fmt/mod.rs:1440:21
[INFO] [stdout]    6:     0x64213bc0fe23 - std::io::Write::write_fmt::hab1b4cd059a79022
[INFO] [stdout]                                at /rustc/6067b36314ab5eb2eb47cecc464545ba58e1ad24/library/std/src/io/mod.rs:1887:15
[INFO] [stdout]    7:     0x64213bc13112 - std::sys::backtrace::BacktraceLock::print::h147fe35b4ea13b08
[INFO] [stdout]                                at /rustc/6067b36314ab5eb2eb47cecc464545ba58e1ad24/library/std/src/sys/backtrace.rs:42:9
[INFO] [stdout]    8:     0x64213bc146ef - std::panicking::default_hook::{{closure}}::hbd44223dbdc0d208
[INFO] [stdout]                                at /rustc/6067b36314ab5eb2eb47cecc464545ba58e1ad24/library/std/src/panicking.rs:298:22
[INFO] [stdout]    9:     0x64213bc14508 - std::panicking::default_hook::h20f81eb0576efcec
[INFO] [stdout]                                at /rustc/6067b36314ab5eb2eb47cecc464545ba58e1ad24/library/std/src/panicking.rs:322:9
[INFO] [stdout]   10:     0x64213bbc3793 - <alloc::boxed::Box<F,A> as core::ops::function::Fn<Args>>::call::hdb53814c496a4d34
[INFO] [stdout]                                at /rustc/6067b36314ab5eb2eb47cecc464545ba58e1ad24/library/alloc/src/boxed.rs:2027:9
[INFO] [stdout]   11:     0x64213bbc3793 - test::test_main::{{closure}}::hc0a4963c59427c24
[INFO] [stdout]                                at /rustc/6067b36314ab5eb2eb47cecc464545ba58e1ad24/library/test/src/lib.rs:134:21
[INFO] [stdout]   12:     0x64213bc151e3 - <alloc::boxed::Box<F,A> as core::ops::function::Fn<Args>>::call::h591b2225413a77e9
[INFO] [stdout]                                at /rustc/6067b36314ab5eb2eb47cecc464545ba58e1ad24/library/alloc/src/boxed.rs:2027:9
[INFO] [stdout]   13:     0x64213bc151e3 - std::panicking::rust_panic_with_hook::h625eea43051b2edc
[INFO] [stdout]                                at /rustc/6067b36314ab5eb2eb47cecc464545ba58e1ad24/library/std/src/panicking.rs:839:13
[INFO] [stdout]   14:     0x64213bc14e9a - std::panicking::begin_panic_handler::{{closure}}::h4f9159cfbc3f6bd3
[INFO] [stdout]                                at /rustc/6067b36314ab5eb2eb47cecc464545ba58e1ad24/library/std/src/panicking.rs:704:13
[INFO] [stdout]   15:     0x64213bc137c9 - std::sys::backtrace::__rust_end_short_backtrace::h0390abce48353151
[INFO] [stdout]                                at /rustc/6067b36314ab5eb2eb47cecc464545ba58e1ad24/library/std/src/sys/backtrace.rs:168:18
[INFO] [stdout]   16:     0x64213bc14b2d - rust_begin_unwind
[INFO] [stdout]                                at /rustc/6067b36314ab5eb2eb47cecc464545ba58e1ad24/library/std/src/panicking.rs:695:5
[INFO] [stdout]   17:     0x64213bc394f0 - core::panicking::panic_fmt::h9e7c637e9e5f29c9
[INFO] [stdout]                                at /rustc/6067b36314ab5eb2eb47cecc464545ba58e1ad24/library/core/src/panicking.rs:75:14
[INFO] [stdout]   18:     0x64213bbcf9a5 - aoc_common::get_input::hbcb55455f4e4962d
[INFO] [stdout]                                at /opt/rustwide/workdir/aoc-common/src/lib.rs:17:23
[INFO] [stdout]   19:     0x64213bb88e0a - day01::tests::puzzle_input::heaa9f8020117ce03
[INFO] [stdout]                                at /opt/rustwide/workdir/day01/src/main.rs:97:9
[INFO] [stdout]   20:     0x64213bb88dbd - day01::tests::puzzle_input::get::hbc10a17e1dea4309
[INFO] [stdout]                                at /opt/rustwide/workdir/day01/src/main.rs:95:5
[INFO] [stdout]   21:     0x64213bb88ddd - day01::tests::puzzle_input::default::h8b8c663b801457be
[INFO] [stdout]                                at /opt/rustwide/workdir/day01/src/main.rs:95:5
[INFO] [stdout]   22:     0x64213bb894ac - day01::tests::test_p2_full_input::h6159bd28669f2fd1
[INFO] [stdout]                                at /opt/rustwide/workdir/day01/src/main.rs:124:5
[INFO] [stdout]   23:     0x64213bb89487 - day01::tests::test_p2_full_input::{{closure}}::h8a5aad77c84123d0
[INFO] [stdout]                                at /opt/rustwide/workdir/day01/src/main.rs:124:14
[INFO] [stdout]   24:     0x64213bb86646 - core::ops::function::FnOnce::call_once::h3c2dec2dd973037f
[INFO] [stdout]                                at /rustc/6067b36314ab5eb2eb47cecc464545ba58e1ad24/library/core/src/ops/function.rs:250:5
[INFO] [stdout]   25:     0x64213bbc8eeb - core::ops::function::FnOnce::call_once::he27718dfdd183f43
[INFO] [stdout]                                at /rustc/6067b36314ab5eb2eb47cecc464545ba58e1ad24/library/core/src/ops/function.rs:250:5
[INFO] [stdout]   26:     0x64213bbc8eeb - test::__rust_begin_short_backtrace::h4e84902998457a5d
[INFO] [stdout]                                at /rustc/6067b36314ab5eb2eb47cecc464545ba58e1ad24/library/test/src/lib.rs:632:18
[INFO] [stdout]   27:     0x64213bbc7e23 - test::run_test_in_process::{{closure}}::h7176fd18fc1feca0
[INFO] [stdout]                                at /rustc/6067b36314ab5eb2eb47cecc464545ba58e1ad24/library/test/src/lib.rs:655:60
[INFO] [stdout]   28:     0x64213bbc7e23 - <core::panic::unwind_safe::AssertUnwindSafe<F> as core::ops::function::FnOnce<()>>::call_once::hf79cff2a624d8cf7
[INFO] [stdout]                                at /rustc/6067b36314ab5eb2eb47cecc464545ba58e1ad24/library/core/src/panic/unwind_safe.rs:272:9
[INFO] [stdout]   29:     0x64213bbc7e23 - std::panicking::try::do_call::h3da0561d9ab99c25
[INFO] [stdout]                                at /rustc/6067b36314ab5eb2eb47cecc464545ba58e1ad24/library/std/src/panicking.rs:587:40
[INFO] [stdout]   30:     0x64213bbc7e23 - std::panicking::try::h41c9fa508bc61df6
[INFO] [stdout]                                at /rustc/6067b36314ab5eb2eb47cecc464545ba58e1ad24/library/std/src/panicking.rs:550:19
[INFO] [stdout]   31:     0x64213bbc7e23 - std::panic::catch_unwind::h6b3ff07bb5afad93
[INFO] [stdout]                                at /rustc/6067b36314ab5eb2eb47cecc464545ba58e1ad24/library/std/src/panic.rs:358:14
[INFO] [stdout]   32:     0x64213bbc7e23 - test::run_test_in_process::hc7253dd11b39b9f4
[INFO] [stdout]                                at /rustc/6067b36314ab5eb2eb47cecc464545ba58e1ad24/library/test/src/lib.rs:655:27
[INFO] [stdout]   33:     0x64213bbc7e23 - test::run_test::{{closure}}::hfb2007f8649c30bb
[INFO] [stdout]                                at /rustc/6067b36314ab5eb2eb47cecc464545ba58e1ad24/library/test/src/lib.rs:576:43
[INFO] [stdout]   34:     0x64213bb8af05 - test::run_test::{{closure}}::h56a17aa7a282a9f4
[INFO] [stdout]                                at /rustc/6067b36314ab5eb2eb47cecc464545ba58e1ad24/library/test/src/lib.rs:606:41
[INFO] [stdout]   35:     0x64213bb8af05 - std::sys::backtrace::__rust_begin_short_backtrace::hd2d2d2fb8e8c6aac
[INFO] [stdout]                                at /rustc/6067b36314ab5eb2eb47cecc464545ba58e1ad24/library/std/src/sys/backtrace.rs:152:18
[INFO] [stdout]   36:     0x64213bb8e7ea - std::thread::Builder::spawn_unchecked_::{{closure}}::{{closure}}::h4faa3f9db6133423
[INFO] [stdout]                                at /rustc/6067b36314ab5eb2eb47cecc464545ba58e1ad24/library/std/src/thread/mod.rs:559:17
[INFO] [stdout]   37:     0x64213bb8e7ea - <core::panic::unwind_safe::AssertUnwindSafe<F> as core::ops::function::FnOnce<()>>::call_once::hf2e855a36a4ea846
[INFO] [stdout]                                at /rustc/6067b36314ab5eb2eb47cecc464545ba58e1ad24/library/core/src/panic/unwind_safe.rs:272:9
[INFO] [stdout]   38:     0x64213bb8e7ea - std::panicking::try::do_call::h2f73af3616c35465
[INFO] [stdout]                                at /rustc/6067b36314ab5eb2eb47cecc464545ba58e1ad24/library/std/src/panicking.rs:587:40
[INFO] [stdout]   39:     0x64213bb8e7ea - std::panicking::try::hd1660ce9efadef5a
[INFO] [stdout]                                at /rustc/6067b36314ab5eb2eb47cecc464545ba58e1ad24/library/std/src/panicking.rs:550:19
[INFO] [stdout]   40:     0x64213bb8e7ea - std::panic::catch_unwind::h5ee8d7823b8ca744
[INFO] [stdout]                                at /rustc/6067b36314ab5eb2eb47cecc464545ba58e1ad24/library/std/src/panic.rs:358:14
[INFO] [stdout]   41:     0x64213bb8e7ea - std::thread::Builder::spawn_unchecked_::{{closure}}::h53c3a1894dce8407
[INFO] [stdout]                                at /rustc/6067b36314ab5eb2eb47cecc464545ba58e1ad24/library/std/src/thread/mod.rs:557:30
[INFO] [stdout]   42:     0x64213bb8e7ea - core::ops::function::FnOnce::call_once{{vtable.shim}}::h048ce291ad4f62bf
[INFO] [stdout]                                at /rustc/6067b36314ab5eb2eb47cecc464545ba58e1ad24/library/core/src/ops/function.rs:250:5
[INFO] [stdout]   43:     0x64213bc1912b - <alloc::boxed::Box<F,A> as core::ops::function::FnOnce<Args>>::call_once::ha52bedf99a3b4981
[INFO] [stdout]                                at /rustc/6067b36314ab5eb2eb47cecc464545ba58e1ad24/library/alloc/src/boxed.rs:2013:9
[INFO] [stdout]   44:     0x64213bc1912b - <alloc::boxed::Box<F,A> as core::ops::function::FnOnce<Args>>::call_once::h567748934d80ccf8
[INFO] [stdout]                                at /rustc/6067b36314ab5eb2eb47cecc464545ba58e1ad24/library/alloc/src/boxed.rs:2013:9
[INFO] [stdout]   45:     0x64213bc1912b - std::sys::pal::unix::thread::Thread::new::thread_start::h2d970728ae887adc
[INFO] [stdout]                                at /rustc/6067b36314ab5eb2eb47cecc464545ba58e1ad24/library/std/src/sys/pal/unix/thread.rs:106:17
[INFO] [stdout]   46:     0x7b9c12571ac3 - <unknown>
[INFO] [stdout]   47:     0x7b9c12602a04 - clone
[INFO] [stdout]   48:                0x0 - <unknown>
[INFO] [stdout] 
[INFO] [stdout] 
[INFO] [stdout] failures:
[INFO] [stdout]     tests::test_p1_full_input
[INFO] [stdout]     tests::test_p2_full_input
[INFO] [stdout] 
[INFO] [stdout] test result: FAILED. 2 passed; 2 failed; 0 ignored; 0 measured; 0 filtered out; finished in 0.04s
[INFO] [stdout] 
[INFO] [stderr] error: test failed, to rerun pass `-p day01 --bin day01`
[INFO] running `Command { std: "docker" "inspect" "4c4c7451c9df90379b5c21458a029215829ca70398eae41f925da0cbc5f876dc", kill_on_drop: false }`
[INFO] running `Command { std: "docker" "rm" "-f" "4c4c7451c9df90379b5c21458a029215829ca70398eae41f925da0cbc5f876dc", kill_on_drop: false }`
[INFO] [stdout] 4c4c7451c9df90379b5c21458a029215829ca70398eae41f925da0cbc5f876dc
