[INFO] cloning repository https://github.com/mateovg/advent-of-code-2023
[INFO] running `Command { std: "git" "-c" "credential.helper=" "-c" "credential.helper=/workspace/cargo-home/bin/git-credential-null" "clone" "--bare" "https://github.com/mateovg/advent-of-code-2023" "/workspace/cache/git-repos/https%3A%2F%2Fgithub.com%2Fmateovg%2Fadvent-of-code-2023", kill_on_drop: false }`
[INFO] [stderr] Cloning into bare repository '/workspace/cache/git-repos/https%3A%2F%2Fgithub.com%2Fmateovg%2Fadvent-of-code-2023'...
[INFO] running `Command { std: "git" "rev-parse" "HEAD", kill_on_drop: false }`
[INFO] [stdout] 380dbc2734ba60b33b8a791786cac10ac6a5e827
[INFO] testing mateovg/advent-of-code-2023 against nightly-2025-01-18 for randomize-layout-2
[INFO] running `Command { std: "git" "clone" "/workspace/cache/git-repos/https%3A%2F%2Fgithub.com%2Fmateovg%2Fadvent-of-code-2023" "/workspace/builds/worker-4-tc1/source", kill_on_drop: false }`
[INFO] [stderr] Cloning into '/workspace/builds/worker-4-tc1/source'...
[INFO] [stderr] done.
[INFO] validating manifest of git repo https://github.com/mateovg/advent-of-code-2023 on toolchain nightly-2025-01-18
[INFO] running `Command { std: CARGO_HOME="/workspace/cargo-home" RUSTUP_HOME="/workspace/rustup-home" "/workspace/cargo-home/bin/cargo" "+nightly-2025-01-18" "metadata" "--manifest-path" "Cargo.toml" "--no-deps", kill_on_drop: false }`
[INFO] removed /workspace/builds/worker-4-tc1/source/.cargo/config.toml
[INFO] started tweaking git repo https://github.com/mateovg/advent-of-code-2023
[INFO] finished tweaking git repo https://github.com/mateovg/advent-of-code-2023
[INFO] tweaked toml for git repo https://github.com/mateovg/advent-of-code-2023 written to /workspace/builds/worker-4-tc1/source/Cargo.toml
[INFO] crate git repo https://github.com/mateovg/advent-of-code-2023 already has a lockfile, it will not be regenerated
[INFO] running `Command { std: CARGO_HOME="/workspace/cargo-home" RUSTUP_HOME="/workspace/rustup-home" "/workspace/cargo-home/bin/cargo" "+nightly-2025-01-18" "fetch" "--manifest-path" "Cargo.toml", kill_on_drop: false }`
[INFO] [stderr]     Blocking waiting for file lock on package cache
[INFO] [stderr]     Updating crates.io index
[INFO] [stderr]     Blocking waiting for file lock on package cache
[INFO] [stderr]  Downloading crates ...
[INFO] [stderr]   Downloaded combinations v0.1.0
[INFO] running `Command { std: "docker" "create" "-v" "/var/lib/crater-agent-workspace/builds/worker-4-tc1/target:/opt/rustwide/target:rw,Z" "-v" "/var/lib/crater-agent-workspace/builds/worker-4-tc1/source:/opt/rustwide/workdir:ro,Z" "-v" "/var/lib/crater-agent-workspace/cargo-home:/opt/rustwide/cargo-home:ro,Z" "-v" "/var/lib/crater-agent-workspace/rustup-home:/opt/rustwide/rustup-home:ro,Z" "-e" "SOURCE_DIR=/opt/rustwide/workdir" "-e" "CARGO_TARGET_DIR=/opt/rustwide/target" "-e" "CARGO_HOME=/opt/rustwide/cargo-home" "-e" "RUSTUP_HOME=/opt/rustwide/rustup-home" "-w" "/opt/rustwide/workdir" "-m" "1610612736" "--user" "0:0" "--network" "none" "ghcr.io/rust-lang/crates-build-env/linux@sha256:819108c5571ea2e421544af4d832f968d213c87fbe3707a016657f43d2f853bc" "/opt/rustwide/cargo-home/bin/cargo" "+nightly-2025-01-18" "metadata" "--no-deps" "--format-version=1", kill_on_drop: false }`
[INFO] [stdout] 58483367df18fa5c040b4fac80d8a6a0952b28ed4728182c160eaf030c89d73e
[INFO] running `Command { std: "docker" "start" "-a" "58483367df18fa5c040b4fac80d8a6a0952b28ed4728182c160eaf030c89d73e", kill_on_drop: false }`
[INFO] running `Command { std: "docker" "inspect" "58483367df18fa5c040b4fac80d8a6a0952b28ed4728182c160eaf030c89d73e", kill_on_drop: false }`
[INFO] running `Command { std: "docker" "rm" "-f" "58483367df18fa5c040b4fac80d8a6a0952b28ed4728182c160eaf030c89d73e", kill_on_drop: false }`
[INFO] [stdout] 58483367df18fa5c040b4fac80d8a6a0952b28ed4728182c160eaf030c89d73e
[INFO] running `Command { std: "docker" "create" "-v" "/var/lib/crater-agent-workspace/builds/worker-4-tc1/target:/opt/rustwide/target:rw,Z" "-v" "/var/lib/crater-agent-workspace/builds/worker-4-tc1/source:/opt/rustwide/workdir:ro,Z" "-v" "/var/lib/crater-agent-workspace/cargo-home:/opt/rustwide/cargo-home:ro,Z" "-v" "/var/lib/crater-agent-workspace/rustup-home:/opt/rustwide/rustup-home:ro,Z" "-e" "SOURCE_DIR=/opt/rustwide/workdir" "-e" "CARGO_TARGET_DIR=/opt/rustwide/target" "-e" "CARGO_INCREMENTAL=0" "-e" "RUST_BACKTRACE=full" "-e" "RUSTFLAGS=--cap-lints=forbid" "-e" "RUSTDOCFLAGS=--cap-lints=forbid" "-e" "CARGO_HOME=/opt/rustwide/cargo-home" "-e" "RUSTUP_HOME=/opt/rustwide/rustup-home" "-w" "/opt/rustwide/workdir" "-m" "1610612736" "--user" "0:0" "--network" "none" "ghcr.io/rust-lang/crates-build-env/linux@sha256:819108c5571ea2e421544af4d832f968d213c87fbe3707a016657f43d2f853bc" "/opt/rustwide/cargo-home/bin/cargo" "+nightly-2025-01-18" "build" "--frozen" "--message-format=json", kill_on_drop: false }`
[INFO] [stdout] 51262790ee92130176c3eadd47edfbf99f2df8168616729f12cd9c69e1a6665a
[INFO] running `Command { std: "docker" "start" "-a" "51262790ee92130176c3eadd47edfbf99f2df8168616729f12cd9c69e1a6665a", kill_on_drop: false }`
[INFO] [stderr]    Compiling autocfg v1.1.0
[INFO] [stderr]    Compiling crossbeam-utils v0.8.20
[INFO] [stderr]    Compiling memchr v2.6.4
[INFO] [stderr]    Compiling rayon-core v1.12.1
[INFO] [stderr]    Compiling regex-syntax v0.8.4
[INFO] [stderr]    Compiling either v1.13.0
[INFO] [stderr]    Compiling arrayvec v0.7.4
[INFO] [stderr]    Compiling minimal-lexical v0.2.1
[INFO] [stderr]    Compiling indent_write v2.2.0
[INFO] [stderr]    Compiling joinery v2.1.0
[INFO] [stderr]    Compiling tinyjson v2.5.1
[INFO] [stderr]    Compiling pico-args v0.5.0
[INFO] [stderr]    Compiling combinations v0.1.0
[INFO] [stderr]    Compiling brownstone v3.0.0
[INFO] [stderr]    Compiling num-traits v0.2.19
[INFO] [stderr]    Compiling itertools v0.13.0
[INFO] [stderr]    Compiling aho-corasick v1.1.3
[INFO] [stderr]    Compiling nom v7.1.3
[INFO] [stderr]    Compiling crossbeam-epoch v0.9.18
[INFO] [stderr]    Compiling crossbeam-deque v0.8.5
[INFO] [stderr]    Compiling rayon v1.10.0
[INFO] [stderr]    Compiling num-integer v0.1.46
[INFO] [stderr]    Compiling num-complex v0.4.6
[INFO] [stderr]    Compiling num-bigint v0.4.6
[INFO] [stderr]    Compiling num-iter v0.1.45
[INFO] [stderr]    Compiling regex-automata v0.4.7
[INFO] [stderr]    Compiling nom-supreme v0.8.0
[INFO] [stderr]    Compiling num-rational v0.4.2
[INFO] [stderr]    Compiling num v0.4.3
[INFO] [stderr]    Compiling regex v1.10.6
[INFO] [stderr]    Compiling advent_of_code v0.11.0 (/opt/rustwide/workdir)
[INFO] [stdout] warning: enum `Direction` is never used
[INFO] [stdout]  --> src/lib.rs:6:6
[INFO] [stdout]   |
[INFO] [stdout] 6 | enum Direction {
[INFO] [stdout]   |      ^^^^^^^^^
[INFO] [stdout]   |
[INFO] [stdout]   = note: `#[warn(dead_code)]` on by default
[INFO] [stdout] 
[INFO] [stdout] 
[INFO] [stdout] warning: methods `turn_left` and `turn_right` are never used
[INFO] [stdout]   --> src/lib.rs:14:8
[INFO] [stdout]    |
[INFO] [stdout] 13 | impl Direction {
[INFO] [stdout]    | -------------- methods in this implementation
[INFO] [stdout] 14 |     fn turn_left(&self) -> Direction {
[INFO] [stdout]    |        ^^^^^^^^^
[INFO] [stdout] ...
[INFO] [stdout] 22 |     fn turn_right(&self) -> Direction {
[INFO] [stdout]    |        ^^^^^^^^^^
[INFO] [stdout] 
[INFO] [stdout] 
[INFO] [stdout] warning: struct `Point` is never constructed
[INFO] [stdout]   --> src/lib.rs:32:8
[INFO] [stdout]    |
[INFO] [stdout] 32 | struct Point {
[INFO] [stdout]    |        ^^^^^
[INFO] [stdout] 
[INFO] [stdout] 
[INFO] [stdout] warning: unused variable: `current`
[INFO] [stdout]   --> src/bin/10.rs:29:13
[INFO] [stdout]    |
[INFO] [stdout] 29 |         let current = self.find_start();
[INFO] [stdout]    |             ^^^^^^^ help: if this is intentional, prefix it with an underscore: `_current`
[INFO] [stdout]    |
[INFO] [stdout]    = note: `#[warn(unused_variables)]` on by default
[INFO] [stdout] 
[INFO] [stdout] 
[INFO] [stdout] warning: variable does not need to be mutable
[INFO] [stdout]   --> src/bin/10.rs:28:13
[INFO] [stdout]    |
[INFO] [stdout] 28 |         let mut path = vec![];
[INFO] [stdout]    |             ----^^^^
[INFO] [stdout]    |             |
[INFO] [stdout]    |             help: remove this `mut`
[INFO] [stdout]    |
[INFO] [stdout]    = note: `#[warn(unused_mut)]` on by default
[INFO] [stdout] 
[INFO] [stdout] 
[INFO] [stdout] warning: unused variable: `input`
[INFO] [stdout]   --> src/bin/10.rs:88:17
[INFO] [stdout]    |
[INFO] [stdout] 88 | pub fn part_two(input: &str) -> Option<usize> {
[INFO] [stdout]    |                 ^^^^^ help: if this is intentional, prefix it with an underscore: `_input`
[INFO] [stdout] 
[INFO] [stdout] 
[INFO] [stdout] warning: method `neighbor` is never used
[INFO] [stdout]   --> src/bin/10.rs:60:8
[INFO] [stdout]    |
[INFO] [stdout] 46 | impl PipeType {
[INFO] [stdout]    | ------------- method in this implementation
[INFO] [stdout] ...
[INFO] [stdout] 60 |     fn neighbor(self, Point { x, y }: Point) -> Vec<Point> {
[INFO] [stdout]    |        ^^^^^^^^
[INFO] [stdout]    |
[INFO] [stdout]    = note: `#[warn(dead_code)]` on by default
[INFO] [stdout] 
[INFO] [stdout] 
[INFO] [stdout] warning: method `print_grid` is never used
[INFO] [stdout]    --> src/bin/18.rs:175:8
[INFO] [stdout]     |
[INFO] [stdout] 92  | impl Grid {
[INFO] [stdout]     | --------- method in this implementation
[INFO] [stdout] ...
[INFO] [stdout] 175 |     fn print_grid(&self) {
[INFO] [stdout]     |        ^^^^^^^^^^
[INFO] [stdout]     |
[INFO] [stdout]     = note: `#[warn(dead_code)]` on by default
[INFO] [stdout] 
[INFO] [stdout] 
[INFO] [stderr]     Finished `dev` profile [unoptimized + debuginfo] target(s) in 12.58s
[INFO] running `Command { std: "docker" "inspect" "51262790ee92130176c3eadd47edfbf99f2df8168616729f12cd9c69e1a6665a", kill_on_drop: false }`
[INFO] running `Command { std: "docker" "rm" "-f" "51262790ee92130176c3eadd47edfbf99f2df8168616729f12cd9c69e1a6665a", kill_on_drop: false }`
[INFO] [stdout] 51262790ee92130176c3eadd47edfbf99f2df8168616729f12cd9c69e1a6665a
[INFO] running `Command { std: "docker" "create" "-v" "/var/lib/crater-agent-workspace/builds/worker-4-tc1/target:/opt/rustwide/target:rw,Z" "-v" "/var/lib/crater-agent-workspace/builds/worker-4-tc1/source:/opt/rustwide/workdir:ro,Z" "-v" "/var/lib/crater-agent-workspace/cargo-home:/opt/rustwide/cargo-home:ro,Z" "-v" "/var/lib/crater-agent-workspace/rustup-home:/opt/rustwide/rustup-home:ro,Z" "-e" "SOURCE_DIR=/opt/rustwide/workdir" "-e" "CARGO_TARGET_DIR=/opt/rustwide/target" "-e" "CARGO_INCREMENTAL=0" "-e" "RUST_BACKTRACE=full" "-e" "RUSTFLAGS=--cap-lints=forbid" "-e" "RUSTDOCFLAGS=--cap-lints=forbid" "-e" "CARGO_HOME=/opt/rustwide/cargo-home" "-e" "RUSTUP_HOME=/opt/rustwide/rustup-home" "-w" "/opt/rustwide/workdir" "-m" "1610612736" "--user" "0:0" "--network" "none" "ghcr.io/rust-lang/crates-build-env/linux@sha256:819108c5571ea2e421544af4d832f968d213c87fbe3707a016657f43d2f853bc" "/opt/rustwide/cargo-home/bin/cargo" "+nightly-2025-01-18" "test" "--frozen" "--no-run" "--message-format=json", kill_on_drop: false }`
[INFO] [stdout] 0d58090c934f926430620ec62a04cb3de62bb27a95ea246dc469f3d9fa58ad01
[INFO] running `Command { std: "docker" "start" "-a" "0d58090c934f926430620ec62a04cb3de62bb27a95ea246dc469f3d9fa58ad01", kill_on_drop: false }`
[INFO] [stdout] warning: enum `Direction` is never used
[INFO] [stdout]  --> src/lib.rs:6:6
[INFO] [stdout]   |
[INFO] [stdout] 6 | enum Direction {
[INFO] [stdout]   |      ^^^^^^^^^
[INFO] [stdout]   |
[INFO] [stdout]   = note: `#[warn(dead_code)]` on by default
[INFO] [stdout] 
[INFO] [stdout] 
[INFO] [stdout] warning: methods `turn_left` and `turn_right` are never used
[INFO] [stdout]   --> src/lib.rs:14:8
[INFO] [stdout]    |
[INFO] [stdout] 13 | impl Direction {
[INFO] [stdout]    | -------------- methods in this implementation
[INFO] [stdout] 14 |     fn turn_left(&self) -> Direction {
[INFO] [stdout]    |        ^^^^^^^^^
[INFO] [stdout] ...
[INFO] [stdout] 22 |     fn turn_right(&self) -> Direction {
[INFO] [stdout]    |        ^^^^^^^^^^
[INFO] [stdout] 
[INFO] [stdout] 
[INFO] [stdout] warning: struct `Point` is never constructed
[INFO] [stdout]   --> src/lib.rs:32:8
[INFO] [stdout]    |
[INFO] [stdout] 32 | struct Point {
[INFO] [stdout]    |        ^^^^^
[INFO] [stdout] 
[INFO] [stdout] 
[INFO] [stderr]    Compiling advent_of_code v0.11.0 (/opt/rustwide/workdir)
[INFO] [stdout] warning: unused variable: `current`
[INFO] [stdout]   --> src/bin/10.rs:29:13
[INFO] [stdout]    |
[INFO] [stdout] 29 |         let current = self.find_start();
[INFO] [stdout]    |             ^^^^^^^ help: if this is intentional, prefix it with an underscore: `_current`
[INFO] [stdout]    |
[INFO] [stdout]    = note: `#[warn(unused_variables)]` on by default
[INFO] [stdout] 
[INFO] [stdout] 
[INFO] [stdout] warning: variable does not need to be mutable
[INFO] [stdout]   --> src/bin/10.rs:28:13
[INFO] [stdout]    |
[INFO] [stdout] 28 |         let mut path = vec![];
[INFO] [stdout]    |             ----^^^^
[INFO] [stdout]    |             |
[INFO] [stdout]    |             help: remove this `mut`
[INFO] [stdout]    |
[INFO] [stdout]    = note: `#[warn(unused_mut)]` on by default
[INFO] [stdout] 
[INFO] [stdout] 
[INFO] [stdout] warning: unused variable: `input`
[INFO] [stdout]   --> src/bin/10.rs:88:17
[INFO] [stdout]    |
[INFO] [stdout] 88 | pub fn part_two(input: &str) -> Option<usize> {
[INFO] [stdout]    |                 ^^^^^ help: if this is intentional, prefix it with an underscore: `_input`
[INFO] [stdout] 
[INFO] [stdout] 
[INFO] [stdout] warning: method `neighbor` is never used
[INFO] [stdout]   --> src/bin/10.rs:60:8
[INFO] [stdout]    |
[INFO] [stdout] 46 | impl PipeType {
[INFO] [stdout]    | ------------- method in this implementation
[INFO] [stdout] ...
[INFO] [stdout] 60 |     fn neighbor(self, Point { x, y }: Point) -> Vec<Point> {
[INFO] [stdout]    |        ^^^^^^^^
[INFO] [stdout]    |
[INFO] [stdout]    = note: `#[warn(dead_code)]` on by default
[INFO] [stdout] 
[INFO] [stdout] 
[INFO] [stdout] warning: enum `Direction` is never used
[INFO] [stdout]  --> src/lib.rs:6:6
[INFO] [stdout]   |
[INFO] [stdout] 6 | enum Direction {
[INFO] [stdout]   |      ^^^^^^^^^
[INFO] [stdout]   |
[INFO] [stdout]   = note: `#[warn(dead_code)]` on by default
[INFO] [stdout] 
[INFO] [stdout] 
[INFO] [stdout] warning: methods `turn_left` and `turn_right` are never used
[INFO] [stdout]   --> src/lib.rs:14:8
[INFO] [stdout]    |
[INFO] [stdout] 13 | impl Direction {
[INFO] [stdout]    | -------------- methods in this implementation
[INFO] [stdout] 14 |     fn turn_left(&self) -> Direction {
[INFO] [stdout]    |        ^^^^^^^^^
[INFO] [stdout] ...
[INFO] [stdout] 22 |     fn turn_right(&self) -> Direction {
[INFO] [stdout]    |        ^^^^^^^^^^
[INFO] [stdout] 
[INFO] [stdout] 
[INFO] [stdout] warning: struct `Point` is never constructed
[INFO] [stdout]   --> src/lib.rs:32:8
[INFO] [stdout]    |
[INFO] [stdout] 32 | struct Point {
[INFO] [stdout]    |        ^^^^^
[INFO] [stdout] 
[INFO] [stdout] 
[INFO] [stdout] warning: method `print_grid` is never used
[INFO] [stdout]    --> src/bin/18.rs:175:8
[INFO] [stdout]     |
[INFO] [stdout] 92  | impl Grid {
[INFO] [stdout]     | --------- method in this implementation
[INFO] [stdout] ...
[INFO] [stdout] 175 |     fn print_grid(&self) {
[INFO] [stdout]     |        ^^^^^^^^^^
[INFO] [stdout]     |
[INFO] [stdout]     = note: `#[warn(dead_code)]` on by default
[INFO] [stdout] 
[INFO] [stdout] 
[INFO] [stderr]     Finished `test` profile [unoptimized + debuginfo] target(s) in 1.40s
[INFO] running `Command { std: "docker" "inspect" "0d58090c934f926430620ec62a04cb3de62bb27a95ea246dc469f3d9fa58ad01", kill_on_drop: false }`
[INFO] running `Command { std: "docker" "rm" "-f" "0d58090c934f926430620ec62a04cb3de62bb27a95ea246dc469f3d9fa58ad01", kill_on_drop: false }`
[INFO] [stdout] 0d58090c934f926430620ec62a04cb3de62bb27a95ea246dc469f3d9fa58ad01
[INFO] running `Command { std: "docker" "create" "-v" "/var/lib/crater-agent-workspace/builds/worker-4-tc1/target:/opt/rustwide/target:rw,Z" "-v" "/var/lib/crater-agent-workspace/builds/worker-4-tc1/source:/opt/rustwide/workdir:ro,Z" "-v" "/var/lib/crater-agent-workspace/cargo-home:/opt/rustwide/cargo-home:ro,Z" "-v" "/var/lib/crater-agent-workspace/rustup-home:/opt/rustwide/rustup-home:ro,Z" "-e" "SOURCE_DIR=/opt/rustwide/workdir" "-e" "CARGO_TARGET_DIR=/opt/rustwide/target" "-e" "CARGO_INCREMENTAL=0" "-e" "RUST_BACKTRACE=full" "-e" "RUSTFLAGS=--cap-lints=forbid" "-e" "RUSTDOCFLAGS=--cap-lints=forbid" "-e" "CARGO_HOME=/opt/rustwide/cargo-home" "-e" "RUSTUP_HOME=/opt/rustwide/rustup-home" "-w" "/opt/rustwide/workdir" "-m" "1610612736" "--user" "0:0" "--network" "none" "ghcr.io/rust-lang/crates-build-env/linux@sha256:819108c5571ea2e421544af4d832f968d213c87fbe3707a016657f43d2f853bc" "/opt/rustwide/cargo-home/bin/cargo" "+nightly-2025-01-18" "test" "--frozen", kill_on_drop: false }`
[INFO] [stdout] aacdebc90ca7a508bab5aacb041062d691c9383a89660c12943b8ce0e5ff3e78
[INFO] running `Command { std: "docker" "start" "-a" "aacdebc90ca7a508bab5aacb041062d691c9383a89660c12943b8ce0e5ff3e78", kill_on_drop: false }`
[INFO] [stderr] warning: enum `Direction` is never used
[INFO] [stderr]  --> src/lib.rs:6:6
[INFO] [stderr]   |
[INFO] [stderr] 6 | enum Direction {
[INFO] [stderr]   |      ^^^^^^^^^
[INFO] [stderr]   |
[INFO] [stderr]   = note: `#[warn(dead_code)]` on by default
[INFO] [stderr] 
[INFO] [stderr] warning: methods `turn_left` and `turn_right` are never used
[INFO] [stderr]   --> src/lib.rs:14:8
[INFO] [stderr]    |
[INFO] [stderr] 13 | impl Direction {
[INFO] [stderr]    | -------------- methods in this implementation
[INFO] [stderr] 14 |     fn turn_left(&self) -> Direction {
[INFO] [stderr]    |        ^^^^^^^^^
[INFO] [stderr] ...
[INFO] [stderr] 22 |     fn turn_right(&self) -> Direction {
[INFO] [stderr]    |        ^^^^^^^^^^
[INFO] [stderr] 
[INFO] [stderr] warning: struct `Point` is never constructed
[INFO] [stderr]   --> src/lib.rs:32:8
[INFO] [stderr]    |
[INFO] [stderr] 32 | struct Point {
[INFO] [stderr]    |        ^^^^^
[INFO] [stderr] 
[INFO] [stderr] warning: `advent_of_code` (lib) generated 3 warnings
[INFO] [stderr] warning: `advent_of_code` (lib test) generated 3 warnings (3 duplicates)
[INFO] [stderr] warning: method `print_grid` is never used
[INFO] [stderr]    --> src/bin/18.rs:175:8
[INFO] [stderr]     |
[INFO] [stderr] 92  | impl Grid {
[INFO] [stderr]     | --------- method in this implementation
[INFO] [stderr] ...
[INFO] [stderr] 175 |     fn print_grid(&self) {
[INFO] [stderr]     |        ^^^^^^^^^^
[INFO] [stderr]     |
[INFO] [stderr]     = note: `#[warn(dead_code)]` on by default
[INFO] [stderr] 
[INFO] [stderr] warning: unused variable: `current`
[INFO] [stderr]   --> src/bin/10.rs:29:13
[INFO] [stderr]    |
[INFO] [stderr] 29 |         let current = self.find_start();
[INFO] [stderr]    |             ^^^^^^^ help: if this is intentional, prefix it with an underscore: `_current`
[INFO] [stderr]    |
[INFO] [stderr]    = note: `#[warn(unused_variables)]` on by default
[INFO] [stderr] 
[INFO] [stderr] warning: variable does not need to be mutable
[INFO] [stderr]   --> src/bin/10.rs:28:13
[INFO] [stderr]    |
[INFO] [stderr] 28 |         let mut path = vec![];
[INFO] [stderr]    |             ----^^^^
[INFO] [stderr]    |             |
[INFO] [stderr]    |             help: remove this `mut`
[INFO] [stderr]    |
[INFO] [stderr]    = note: `#[warn(unused_mut)]` on by default
[INFO] [stderr] 
[INFO] [stderr] warning: unused variable: `input`
[INFO] [stderr]   --> src/bin/10.rs:88:17
[INFO] [stderr]    |
[INFO] [stderr] 88 | pub fn part_two(input: &str) -> Option<usize> {
[INFO] [stderr]    |                 ^^^^^ help: if this is intentional, prefix it with an underscore: `_input`
[INFO] [stderr] 
[INFO] [stderr] warning: method `neighbor` is never used
[INFO] [stderr]   --> src/bin/10.rs:60:8
[INFO] [stderr]    |
[INFO] [stderr] 46 | impl PipeType {
[INFO] [stderr]    | ------------- method in this implementation
[INFO] [stderr] ...
[INFO] [stderr] 60 |     fn neighbor(self, Point { x, y }: Point) -> Vec<Point> {
[INFO] [stderr]    |        ^^^^^^^^
[INFO] [stderr]    |
[INFO] [stderr]    = note: `#[warn(dead_code)]` on by default
[INFO] [stderr] 
[INFO] [stderr] warning: `advent_of_code` (bin "18" test) generated 1 warning
[INFO] [stderr] warning: `advent_of_code` (bin "10" test) generated 4 warnings (run `cargo fix --bin "10" --tests` to apply 1 suggestion)
[INFO] [stderr]     Finished `test` profile [unoptimized + debuginfo] target(s) in 0.06s
[INFO] [stdout] 
[INFO] [stderr]      Running unittests src/lib.rs (/opt/rustwide/target/debug/deps/advent_of_code-cc81b9733a3dc5b3)
[INFO] [stdout] running 0 tests
[INFO] [stdout] 
[INFO] [stdout] test result: ok. 0 passed; 0 failed; 0 ignored; 0 measured; 0 filtered out; finished in 0.00s
[INFO] [stdout] 
[INFO] [stderr]      Running unittests src/bin/01.rs (/opt/rustwide/target/debug/deps/01-95e228e9f6b462c2)
[INFO] [stdout] 
[INFO] [stdout] running 5 tests
[INFO] [stdout] test tests::test_get_numbers ... ok
[INFO] [stdout] test tests::test_part_one ... ok
[INFO] [stdout] test tests::test_read_digits ... ok
[INFO] [stdout] test tests::test_read_digits_two ... ok
[INFO] [stdout] test tests::test_part_two ... ok
[INFO] [stdout] 
[INFO] [stdout] test result: ok. 5 passed; 0 failed; 0 ignored; 0 measured; 0 filtered out; finished in 0.00s
[INFO] [stdout] 
[INFO] [stderr]      Running unittests src/bin/02.rs (/opt/rustwide/target/debug/deps/02-cde201a4625adc42)
[INFO] [stdout] 
[INFO] [stdout] running 2 tests
[INFO] [stdout] test tests::test_part_one ... ok
[INFO] [stdout] test tests::test_part_two ... ok
[INFO] [stdout] 
[INFO] [stdout] test result: ok. 2 passed; 0 failed; 0 ignored; 0 measured; 0 filtered out; finished in 0.00s
[INFO] [stdout] 
[INFO] [stderr]      Running unittests src/bin/03.rs (/opt/rustwide/target/debug/deps/03-91d5325c91f1953c)
[INFO] [stdout] 
[INFO] [stdout] running 3 tests
[INFO] [stdout] test tests::parse_line_test ... ok
[INFO] [stdout] test tests::test_part_one ... ok
[INFO] [stdout] test tests::test_part_two ... ok
[INFO] [stdout] 
[INFO] [stdout] test result: ok. 3 passed; 0 failed; 0 ignored; 0 measured; 0 filtered out; finished in 0.08s
[INFO] [stdout] 
[INFO] [stderr]      Running unittests src/bin/04.rs (/opt/rustwide/target/debug/deps/04-72dbfa1d3c135fbb)
[INFO] [stdout] 
[INFO] [stdout] running 5 tests
[INFO] [stdout] test tests::test_get_score ... ok
[INFO] [stdout] test tests::test_get_wins ... ok
[INFO] [stdout] test tests::test_part_two ... ok
[INFO] [stdout] test tests::test_parse_line ... ok
[INFO] [stdout] test tests::test_part_one ... ok
[INFO] [stdout] 
[INFO] [stdout] test result: ok. 5 passed; 0 failed; 0 ignored; 0 measured; 0 filtered out; finished in 0.01s
[INFO] [stdout] 
[INFO] [stderr]      Running unittests src/bin/05.rs (/opt/rustwide/target/debug/deps/05-cb4b8621ff770d71)
[INFO] [stdout] 
[INFO] [stdout] running 2 tests
[INFO] [stdout] test tests::test_part_one ... FAILED
[INFO] [stdout] test tests::test_part_two ... FAILED
[INFO] [stdout] 
[INFO] [stdout] failures:
[INFO] [stdout] 
[INFO] [stdout] ---- tests::test_part_one stdout ----
[INFO] [stdout] 
[INFO] [stdout] thread 'tests::test_part_one' panicked at src/bin/05.rs:13:20:
[INFO] [stdout] attempt to subtract with overflow
[INFO] [stdout] stack backtrace:
[INFO] [stdout]    0:     0x62b31a61675a - std::backtrace_rs::backtrace::libunwind::trace::hb059275cfc8d6126
[INFO] [stdout]                                at /rustc/6067b36314ab5eb2eb47cecc464545ba58e1ad24/library/std/src/../../backtrace/src/backtrace/libunwind.rs:116:5
[INFO] [stdout]    1:     0x62b31a61675a - std::backtrace_rs::backtrace::trace_unsynchronized::h2da071e4327ce3ee
[INFO] [stdout]                                at /rustc/6067b36314ab5eb2eb47cecc464545ba58e1ad24/library/std/src/../../backtrace/src/backtrace/mod.rs:66:5
[INFO] [stdout]    2:     0x62b31a61675a - std::sys::backtrace::_print_fmt::h842a1474e6f8d23f
[INFO] [stdout]                                at /rustc/6067b36314ab5eb2eb47cecc464545ba58e1ad24/library/std/src/sys/backtrace.rs:66:9
[INFO] [stdout]    3:     0x62b31a61675a - <std::sys::backtrace::BacktraceLock::print::DisplayBacktrace as core::fmt::Display>::fmt::h71a62eb3b9696b12
[INFO] [stdout]                                at /rustc/6067b36314ab5eb2eb47cecc464545ba58e1ad24/library/std/src/sys/backtrace.rs:39:26
[INFO] [stdout]    4:     0x62b31a63e113 - core::fmt::rt::Argument::fmt::hdb6b616786b41dc1
[INFO] [stdout]                                at /rustc/6067b36314ab5eb2eb47cecc464545ba58e1ad24/library/core/src/fmt/rt.rs:177:76
[INFO] [stdout]    5:     0x62b31a63e113 - core::fmt::write::h2cc1698af7e2d686
[INFO] [stdout]                                at /rustc/6067b36314ab5eb2eb47cecc464545ba58e1ad24/library/core/src/fmt/mod.rs:1440:21
[INFO] [stdout]    6:     0x62b31a6130a3 - std::io::Write::write_fmt::hab1b4cd059a79022
[INFO] [stdout]                                at /rustc/6067b36314ab5eb2eb47cecc464545ba58e1ad24/library/std/src/io/mod.rs:1887:15
[INFO] [stdout]    7:     0x62b31a6165a2 - std::sys::backtrace::BacktraceLock::print::h147fe35b4ea13b08
[INFO] [stdout]                                at /rustc/6067b36314ab5eb2eb47cecc464545ba58e1ad24/library/std/src/sys/backtrace.rs:42:9
[INFO] [stdout]    8:     0x62b31a617b7f - std::panicking::default_hook::{{closure}}::hbd44223dbdc0d208
[INFO] [stdout]                                at /rustc/6067b36314ab5eb2eb47cecc464545ba58e1ad24/library/std/src/panicking.rs:298:22
[INFO] [stdout]    9:     0x62b31a617998 - std::panicking::default_hook::h20f81eb0576efcec
[INFO] [stdout]                                at /rustc/6067b36314ab5eb2eb47cecc464545ba58e1ad24/library/std/src/panicking.rs:322:9
[INFO] [stdout]   10:     0x62b31a5b04c3 - <alloc::boxed::Box<F,A> as core::ops::function::Fn<Args>>::call::hdb53814c496a4d34
[INFO] [stdout]                                at /rustc/6067b36314ab5eb2eb47cecc464545ba58e1ad24/library/alloc/src/boxed.rs:2027:9
[INFO] [stdout]   11:     0x62b31a5b04c3 - test::test_main::{{closure}}::hc0a4963c59427c24
[INFO] [stdout]                                at /rustc/6067b36314ab5eb2eb47cecc464545ba58e1ad24/library/test/src/lib.rs:134:21
[INFO] [stdout]   12:     0x62b31a618673 - <alloc::boxed::Box<F,A> as core::ops::function::Fn<Args>>::call::h591b2225413a77e9
[INFO] [stdout]                                at /rustc/6067b36314ab5eb2eb47cecc464545ba58e1ad24/library/alloc/src/boxed.rs:2027:9
[INFO] [stdout]   13:     0x62b31a618673 - std::panicking::rust_panic_with_hook::h625eea43051b2edc
[INFO] [stdout]                                at /rustc/6067b36314ab5eb2eb47cecc464545ba58e1ad24/library/std/src/panicking.rs:839:13
[INFO] [stdout]   14:     0x62b31a6182f6 - std::panicking::begin_panic_handler::{{closure}}::h4f9159cfbc3f6bd3
[INFO] [stdout]                                at /rustc/6067b36314ab5eb2eb47cecc464545ba58e1ad24/library/std/src/panicking.rs:697:13
[INFO] [stdout]   15:     0x62b31a616c59 - std::sys::backtrace::__rust_end_short_backtrace::h0390abce48353151
[INFO] [stdout]                                at /rustc/6067b36314ab5eb2eb47cecc464545ba58e1ad24/library/std/src/sys/backtrace.rs:168:18
[INFO] [stdout]   16:     0x62b31a617fbd - rust_begin_unwind
[INFO] [stdout]                                at /rustc/6067b36314ab5eb2eb47cecc464545ba58e1ad24/library/std/src/panicking.rs:695:5
[INFO] [stdout]   17:     0x62b31a63caf0 - core::panicking::panic_fmt::h9e7c637e9e5f29c9
[INFO] [stdout]                                at /rustc/6067b36314ab5eb2eb47cecc464545ba58e1ad24/library/core/src/panicking.rs:75:14
[INFO] [stdout]   18:     0x62b31a642e67 - core::panicking::panic_const::panic_const_sub_overflow::hc936e676af9fcd5b
[INFO] [stdout]                                at /rustc/6067b36314ab5eb2eb47cecc464545ba58e1ad24/library/core/src/panicking.rs:178:21
[INFO] [stdout]   19:     0x62b31a57517a - _05::Conversion::convert::h561b7a086d02cc01
[INFO] [stdout]                                at /opt/rustwide/workdir/src/bin/05.rs:13:20
[INFO] [stdout]   20:     0x62b31a575248 - _05::ConversionChart::convert::h86e4ef36f9930de1
[INFO] [stdout]                                at /opt/rustwide/workdir/src/bin/05.rs:29:28
[INFO] [stdout]   21:     0x62b31a5754d5 - _05::Almanac::seed_to_location::{{closure}}::hecfde98bdde70392
[INFO] [stdout]                                at /opt/rustwide/workdir/src/bin/05.rs:62:38
[INFO] [stdout]   22:     0x62b31a56dec1 - <core::slice::iter::Iter<T> as core::iter::traits::iterator::Iterator>::fold::h42507c1e9e49ca98
[INFO] [stdout]                                at /rustc/6067b36314ab5eb2eb47cecc464545ba58e1ad24/library/core/src/slice/iter/macros.rs:232:27
[INFO] [stdout]   23:     0x62b31a5754a5 - _05::Almanac::seed_to_location::hcf9f16009eecdc1a
[INFO] [stdout]                                at /opt/rustwide/workdir/src/bin/05.rs:60:9
[INFO] [stdout]   24:     0x62b31a575469 - _05::Almanac::min_location::{{closure}}::h6895980216b0b4b9
[INFO] [stdout]                                at /opt/rustwide/workdir/src/bin/05.rs:53:22
[INFO] [stdout]   25:     0x62b31a571988 - core::ops::function::impls::<impl core::ops::function::FnOnce<A> for &mut F>::call_once::h5d8e230c93af09ab
[INFO] [stdout]                                at /rustc/6067b36314ab5eb2eb47cecc464545ba58e1ad24/library/core/src/ops/function.rs:305:13
[INFO] [stdout]   26:     0x62b31a567fc4 - core::option::Option<T>::map::h5e8252a049420533
[INFO] [stdout]                                at /rustc/6067b36314ab5eb2eb47cecc464545ba58e1ad24/library/core/src/option.rs:1119:29
[INFO] [stdout]   27:     0x62b31a567fc4 - <core::iter::adapters::map::Map<I,F> as core::iter::traits::iterator::Iterator>::next::h2e79b4b1ebbe5b9a
[INFO] [stdout]                                at /rustc/6067b36314ab5eb2eb47cecc464545ba58e1ad24/library/core/src/iter/adapters/map.rs:107:26
[INFO] [stdout]   28:     0x62b31a56b44b - core::iter::traits::iterator::Iterator::reduce::h454f5bc82a9ed905
[INFO] [stdout]                                at /rustc/6067b36314ab5eb2eb47cecc464545ba58e1ad24/library/core/src/iter/traits/iterator.rs:2581:21
[INFO] [stdout]   29:     0x62b31a56b316 - core::iter::traits::iterator::Iterator::min_by::ha6e172f9b19ec66f
[INFO] [stdout]                                at /rustc/6067b36314ab5eb2eb47cecc464545ba58e1ad24/library/core/src/iter/traits/iterator.rs:3268:9
[INFO] [stdout]   30:     0x62b31a56b0b6 - core::iter::traits::iterator::Iterator::min::he73bd188de536be1
[INFO] [stdout]                                at /rustc/6067b36314ab5eb2eb47cecc464545ba58e1ad24/library/core/src/iter/traits/iterator.rs:3148:9
[INFO] [stdout]   31:     0x62b31a57541a - _05::Almanac::min_location::h3e90f946ee33ca86
[INFO] [stdout]                                at /opt/rustwide/workdir/src/bin/05.rs:51:9
[INFO] [stdout]   32:     0x62b31a57579d - _05::part_one::h5137507f7b23e4fc
[INFO] [stdout]                                at /opt/rustwide/workdir/src/bin/05.rs:82:10
[INFO] [stdout]   33:     0x62b31a576169 - _05::tests::test_part_one::h41ee8689d246e0d8
[INFO] [stdout]                                at /opt/rustwide/workdir/src/bin/05.rs:138:22
[INFO] [stdout]   34:     0x62b31a5760d7 - _05::tests::test_part_one::{{closure}}::h99e0e9d55b703aec
[INFO] [stdout]                                at /opt/rustwide/workdir/src/bin/05.rs:137:23
[INFO] [stdout]   35:     0x62b31a571a66 - core::ops::function::FnOnce::call_once::h4c28a326198b07da
[INFO] [stdout]                                at /rustc/6067b36314ab5eb2eb47cecc464545ba58e1ad24/library/core/src/ops/function.rs:250:5
[INFO] [stdout]   36:     0x62b31a5b5c1b - core::ops::function::FnOnce::call_once::he27718dfdd183f43
[INFO] [stdout]                                at /rustc/6067b36314ab5eb2eb47cecc464545ba58e1ad24/library/core/src/ops/function.rs:250:5
[INFO] [stdout]   37:     0x62b31a5b5c1b - test::__rust_begin_short_backtrace::h4e84902998457a5d
[INFO] [stdout]                                at /rustc/6067b36314ab5eb2eb47cecc464545ba58e1ad24/library/test/src/lib.rs:632:18
[INFO] [stdout]   38:     0x62b31a5b4b53 - test::run_test_in_process::{{closure}}::h7176fd18fc1feca0
[INFO] [stdout]                                at /rustc/6067b36314ab5eb2eb47cecc464545ba58e1ad24/library/test/src/lib.rs:655:60
[INFO] [stdout]   39:     0x62b31a5b4b53 - <core::panic::unwind_safe::AssertUnwindSafe<F> as core::ops::function::FnOnce<()>>::call_once::hf79cff2a624d8cf7
[INFO] [stdout]                                at /rustc/6067b36314ab5eb2eb47cecc464545ba58e1ad24/library/core/src/panic/unwind_safe.rs:272:9
[INFO] [stdout]   40:     0x62b31a5b4b53 - std::panicking::try::do_call::h3da0561d9ab99c25
[INFO] [stdout]                                at /rustc/6067b36314ab5eb2eb47cecc464545ba58e1ad24/library/std/src/panicking.rs:587:40
[INFO] [stdout]   41:     0x62b31a5b4b53 - std::panicking::try::h41c9fa508bc61df6
[INFO] [stdout]                                at /rustc/6067b36314ab5eb2eb47cecc464545ba58e1ad24/library/std/src/panicking.rs:550:19
[INFO] [stdout]   42:     0x62b31a5b4b53 - std::panic::catch_unwind::h6b3ff07bb5afad93
[INFO] [stdout]                                at /rustc/6067b36314ab5eb2eb47cecc464545ba58e1ad24/library/std/src/panic.rs:358:14
[INFO] [stdout]   43:     0x62b31a5b4b53 - test::run_test_in_process::hc7253dd11b39b9f4
[INFO] [stdout]                                at /rustc/6067b36314ab5eb2eb47cecc464545ba58e1ad24/library/test/src/lib.rs:655:27
[INFO] [stdout]   44:     0x62b31a5b4b53 - test::run_test::{{closure}}::hfb2007f8649c30bb
[INFO] [stdout]                                at /rustc/6067b36314ab5eb2eb47cecc464545ba58e1ad24/library/test/src/lib.rs:576:43
[INFO] [stdout]   45:     0x62b31a577c35 - test::run_test::{{closure}}::h56a17aa7a282a9f4
[INFO] [stdout]                                at /rustc/6067b36314ab5eb2eb47cecc464545ba58e1ad24/library/test/src/lib.rs:606:41
[INFO] [stdout]   46:     0x62b31a577c35 - std::sys::backtrace::__rust_begin_short_backtrace::hd2d2d2fb8e8c6aac
[INFO] [stdout]                                at /rustc/6067b36314ab5eb2eb47cecc464545ba58e1ad24/library/std/src/sys/backtrace.rs:152:18
[INFO] [stdout]   47:     0x62b31a57b51a - std::thread::Builder::spawn_unchecked_::{{closure}}::{{closure}}::h4faa3f9db6133423
[INFO] [stdout]                                at /rustc/6067b36314ab5eb2eb47cecc464545ba58e1ad24/library/std/src/thread/mod.rs:559:17
[INFO] [stdout]   48:     0x62b31a57b51a - <core::panic::unwind_safe::AssertUnwindSafe<F> as core::ops::function::FnOnce<()>>::call_once::hf2e855a36a4ea846
[INFO] [stdout]                                at /rustc/6067b36314ab5eb2eb47cecc464545ba58e1ad24/library/core/src/panic/unwind_safe.rs:272:9
[INFO] [stdout]   49:     0x62b31a57b51a - std::panicking::try::do_call::h2f73af3616c35465
[INFO] [stdout]                                at /rustc/6067b36314ab5eb2eb47cecc464545ba58e1ad24/library/std/src/panicking.rs:587:40
[INFO] [stdout]   50:     0x62b31a57b51a - std::panicking::try::hd1660ce9efadef5a
[INFO] [stdout]                                at /rustc/6067b36314ab5eb2eb47cecc464545ba58e1ad24/library/std/src/panicking.rs:550:19
[INFO] [stdout]   51:     0x62b31a57b51a - std::panic::catch_unwind::h5ee8d7823b8ca744
[INFO] [stdout]                                at /rustc/6067b36314ab5eb2eb47cecc464545ba58e1ad24/library/std/src/panic.rs:358:14
[INFO] [stdout]   52:     0x62b31a57b51a - std::thread::Builder::spawn_unchecked_::{{closure}}::h53c3a1894dce8407
[INFO] [stdout]                                at /rustc/6067b36314ab5eb2eb47cecc464545ba58e1ad24/library/std/src/thread/mod.rs:557:30
[INFO] [stdout]   53:     0x62b31a57b51a - core::ops::function::FnOnce::call_once{{vtable.shim}}::h048ce291ad4f62bf
[INFO] [stdout]                                at /rustc/6067b36314ab5eb2eb47cecc464545ba58e1ad24/library/core/src/ops/function.rs:250:5
[INFO] [stdout]   54:     0x62b31a61c6ab - <alloc::boxed::Box<F,A> as core::ops::function::FnOnce<Args>>::call_once::ha52bedf99a3b4981
[INFO] [stdout]                                at /rustc/6067b36314ab5eb2eb47cecc464545ba58e1ad24/library/alloc/src/boxed.rs:2013:9
[INFO] [stdout]   55:     0x62b31a61c6ab - <alloc::boxed::Box<F,A> as core::ops::function::FnOnce<Args>>::call_once::h567748934d80ccf8
[INFO] [stdout]                                at /rustc/6067b36314ab5eb2eb47cecc464545ba58e1ad24/library/alloc/src/boxed.rs:2013:9
[INFO] [stdout]   56:     0x62b31a61c6ab - std::sys::pal::unix::thread::Thread::new::thread_start::h2d970728ae887adc
[INFO] [stdout]                                at /rustc/6067b36314ab5eb2eb47cecc464545ba58e1ad24/library/std/src/sys/pal/unix/thread.rs:106:17
[INFO] [stdout]   57:     0x7027ab601ac3 - <unknown>
[INFO] [stdout]   58:     0x7027ab692a04 - clone
[INFO] [stdout]   59:                0x0 - <unknown>
[INFO] [stdout] 
[INFO] [stdout] ---- tests::test_part_two stdout ----
[INFO] [stdout] [src/bin/05.rs:69:17] r = 79..93
[INFO] [stdout] 
[INFO] [stdout] thread '<unnamed>' panicked at src/bin/05.rs:13:20:
[INFO] [stdout] attempt to subtract with overflow
[INFO] [stdout] stack backtrace:
[INFO] [stdout]    0:     0x62b31a61675a - std::backtrace_rs::backtrace::libunwind::trace::hb059275cfc8d6126
[INFO] [stdout]                                at /rustc/6067b36314ab5eb2eb47cecc464545ba58e1ad24/library/std/src/../../backtrace/src/backtrace/libunwind.rs:116:5
[INFO] [stdout]    1:     0x62b31a61675a - std::backtrace_rs::backtrace::trace_unsynchronized::h2da071e4327ce3ee
[INFO] [stdout]                                at /rustc/6067b36314ab5eb2eb47cecc464545ba58e1ad24/library/std/src/../../backtrace/src/backtrace/mod.rs:66:5
[INFO] [stdout]    2:     0x62b31a61675a - std::sys::backtrace::_print_fmt::h842a1474e6f8d23f
[INFO] [stdout]                                at /rustc/6067b36314ab5eb2eb47cecc464545ba58e1ad24/library/std/src/sys/backtrace.rs:66:9
[INFO] [stdout]    3:     0x62b31a61675a - <std::sys::backtrace::BacktraceLock::print::DisplayBacktrace as core::fmt::Display>::fmt::h71a62eb3b9696b12
[INFO] [stdout]                                at /rustc/6067b36314ab5eb2eb47cecc464545ba58e1ad24/library/std/src/sys/backtrace.rs:39:26
[INFO] [stdout]    4:     0x62b31a63e113 - core::fmt::rt::Argument::fmt::hdb6b616786b41dc1
[INFO] [stdout]                                at /rustc/6067b36314ab5eb2eb47cecc464545ba58e1ad24/library/core/src/fmt/rt.rs:177:76
[INFO] [stdout]    5:     0x62b31a63e113 - core::fmt::write::h2cc1698af7e2d686
[INFO] [stdout]                                at /rustc/6067b36314ab5eb2eb47cecc464545ba58e1ad24/library/core/src/fmt/mod.rs:1440:21
[INFO] [stdout]    6:     0x62b31a6130a3 - std::io::Write::write_fmt::hab1b4cd059a79022
[INFO] [stdout]                                at /rustc/6067b36314ab5eb2eb47cecc464545ba58e1ad24/library/std/src/io/mod.rs:1887:15
[INFO] [stdout]    7:     0x62b31a6165a2 - std::sys::backtrace::BacktraceLock::print::h147fe35b4ea13b08
[INFO] [stdout]                                at /rustc/6067b36314ab5eb2eb47cecc464545ba58e1ad24/library/std/src/sys/backtrace.rs:42:9
[INFO] [stdout]    8:     0x62b31a617b7f - std::panicking::default_hook::{{closure}}::hbd44223dbdc0d208
[INFO] [stdout]                                at /rustc/6067b36314ab5eb2eb47cecc464545ba58e1ad24/library/std/src/panicking.rs:298:22
[INFO] [stdout]    9:     0x62b31a617998 - std::panicking::default_hook::h20f81eb0576efcec
[INFO] [stdout]                                at /rustc/6067b36314ab5eb2eb47cecc464545ba58e1ad24/library/std/src/panicking.rs:322:9
[INFO] [stdout]   10:     0x62b31a5b04c3 - <alloc::boxed::Box<F,A> as core::ops::function::Fn<Args>>::call::hdb53814c496a4d34
[INFO] [stdout]                                at /rustc/6067b36314ab5eb2eb47cecc464545ba58e1ad24/library/alloc/src/boxed.rs:2027:9
[INFO] [stdout]   11:     0x62b31a5b04c3 - test::test_main::{{closure}}::hc0a4963c59427c24
[INFO] [stdout]                                at /rustc/6067b36314ab5eb2eb47cecc464545ba58e1ad24/library/test/src/lib.rs:134:21
[INFO] [stdout]   12:     0x62b31a618673 - <alloc::boxed::Box<F,A> as core::ops::function::Fn<Args>>::call::h591b2225413a77e9
[INFO] [stdout]                                at /rustc/6067b36314ab5eb2eb47cecc464545ba58e1ad24/library/alloc/src/boxed.rs:2027:9
[INFO] [stdout]   13:     0x62b31a618673 - std::panicking::rust_panic_with_hook::h625eea43051b2edc
[INFO] [stdout]                                at /rustc/6067b36314ab5eb2eb47cecc464545ba58e1ad24/library/std/src/panicking.rs:839:13
[INFO] [stdout]   14:     0x62b31a6182f6 - std::panicking::begin_panic_handler::{{closure}}::h4f9159cfbc3f6bd3
[INFO] [stdout]                                at /rustc/6067b36314ab5eb2eb47cecc464545ba58e1ad24/library/std/src/panicking.rs:697:13
[INFO] [stdout]   15:     0x62b31a616c59 - std::sys::backtrace::__rust_end_short_backtrace::h0390abce48353151
[INFO] [stdout]                                at /rustc/6067b36314ab5eb2eb47cecc464545ba58e1ad24/library/std/src/sys/backtrace.rs:168:18
[INFO] [stdout]   16:     0x62b31a617fbd - rust_begin_unwind
[INFO] [stdout]                                at /rustc/6067b36314ab5eb2eb47cecc464545ba58e1ad24/library/std/src/panicking.rs:695:5
[INFO] [stdout]   17:     0x62b31a63caf0 - core::panicking::panic_fmt::h9e7c637e9e5f29c9
[INFO] [stdout]                                at /rustc/6067b36314ab5eb2eb47cecc464545ba58e1ad24/library/core/src/panicking.rs:75:14
[INFO] [stdout]   18:     0x62b31a642e67 - core::panicking::panic_const::panic_const_sub_overflow::hc936e676af9fcd5b
[INFO] [stdout]                                at /rustc/6067b36314ab5eb2eb47cecc464545ba58e1ad24/library/core/src/panicking.rs:178:21
[INFO] [stdout]   19:     0x62b31a57517a - _05::Conversion::convert::h561b7a086d02cc01
[INFO] [stdout]                                at /opt/rustwide/workdir/src/bin/05.rs:13:20
[INFO] [stdout]   20:     0x62b31a575248 - _05::ConversionChart::convert::h86e4ef36f9930de1
[INFO] [stdout]                                at /opt/rustwide/workdir/src/bin/05.rs:29:28
[INFO] [stdout]   21:     0x62b31a5754d5 - _05::Almanac::seed_to_location::{{closure}}::hecfde98bdde70392
[INFO] [stdout]                                at /opt/rustwide/workdir/src/bin/05.rs:62:38
[INFO] [stdout]   22:     0x62b31a56dec1 - <core::slice::iter::Iter<T> as core::iter::traits::iterator::Iterator>::fold::h42507c1e9e49ca98
[INFO] [stdout]                                at /rustc/6067b36314ab5eb2eb47cecc464545ba58e1ad24/library/core/src/slice/iter/macros.rs:232:27
[INFO] [stdout]   23:     0x62b31a5754a5 - _05::Almanac::seed_to_location::hcf9f16009eecdc1a
[INFO] [stdout]                                at /opt/rustwide/workdir/src/bin/05.rs:60:9
[INFO] [stdout]   24:     0x62b31a575766 - _05::Almanac::range_locations::{{closure}}::{{closure}}::h399dbc530f57ce38
[INFO] [stdout]                                at /opt/rustwide/workdir/src/bin/05.rs:71:30
[INFO] [stdout]   25:     0x62b31a5719d8 - core::ops::function::impls::<impl core::ops::function::FnOnce<A> for &mut F>::call_once::he5d3d4899c12b397
[INFO] [stdout]                                at /rustc/6067b36314ab5eb2eb47cecc464545ba58e1ad24/library/core/src/ops/function.rs:305:13
[INFO] [stdout]   26:     0x62b31a568042 - core::option::Option<T>::map::h48a2795cfc7cbd16
[INFO] [stdout]                                at /rustc/6067b36314ab5eb2eb47cecc464545ba58e1ad24/library/core/src/option.rs:1119:29
[INFO] [stdout]   27:     0x62b31a568042 - <core::iter::adapters::map::Map<I,F> as core::iter::traits::iterator::Iterator>::next::h541bff58ccab70d0
[INFO] [stdout]                                at /rustc/6067b36314ab5eb2eb47cecc464545ba58e1ad24/library/core/src/iter/adapters/map.rs:107:26
[INFO] [stdout]   28:     0x62b31a56b33b - core::iter::traits::iterator::Iterator::reduce::h39da9b142eea0da8
[INFO] [stdout]                                at /rustc/6067b36314ab5eb2eb47cecc464545ba58e1ad24/library/core/src/iter/traits/iterator.rs:2581:21
[INFO] [stdout]   29:     0x62b31a56b306 - core::iter::traits::iterator::Iterator::min_by::h54e9b69bf615ce35
[INFO] [stdout]                                at /rustc/6067b36314ab5eb2eb47cecc464545ba58e1ad24/library/core/src/iter/traits/iterator.rs:3268:9
[INFO] [stdout]   30:     0x62b31a56b0a6 - core::iter::traits::iterator::Iterator::min::h24cf14a8399ebb75
[INFO] [stdout]                                at /rustc/6067b36314ab5eb2eb47cecc464545ba58e1ad24/library/core/src/iter/traits/iterator.rs:3148:9
[INFO] [stdout]   31:     0x62b31a575737 - _05::Almanac::range_locations::{{closure}}::h5a580056ed69914c
[INFO] [stdout]                                at /opt/rustwide/workdir/src/bin/05.rs:70:17
[INFO] [stdout]   32:     0x62b31a5718db - core::ops::function::impls::<impl core::ops::function::FnMut<A> for &F>::call_mut::h44872a079de6c4fb
[INFO] [stdout]                                at /rustc/6067b36314ab5eb2eb47cecc464545ba58e1ad24/library/core/src/ops/function.rs:272:13
[INFO] [stdout]   33:     0x62b31a56bc1e - core::iter::adapters::map::map_try_fold::{{closure}}::h897b4068d0d2c935
[INFO] [stdout]                                at /rustc/6067b36314ab5eb2eb47cecc464545ba58e1ad24/library/core/src/iter/adapters/map.rs:95:28
[INFO] [stdout]   34:     0x62b31a56b78b - core::iter::traits::iterator::Iterator::try_fold::h6b496ccf9c57186d
[INFO] [stdout]                                at /rustc/6067b36314ab5eb2eb47cecc464545ba58e1ad24/library/core/src/iter/traits/iterator.rs:2370:21
[INFO] [stdout]   35:     0x62b31a56813f - <core::iter::adapters::map::Map<I,F> as core::iter::traits::iterator::Iterator>::try_fold::h19074ac34769b4b7
[INFO] [stdout]                                at /rustc/6067b36314ab5eb2eb47cecc464545ba58e1ad24/library/core/src/iter/adapters/map.rs:121:9
[INFO] [stdout]   36:     0x62b31a56fe4c - <core::iter::adapters::take_while::TakeWhile<I,P> as core::iter::traits::iterator::Iterator>::try_fold::hbcfca7a1f1033a47
[INFO] [stdout]                                at /rustc/6067b36314ab5eb2eb47cecc464545ba58e1ad24/library/core/src/iter/adapters/take_while.rs:95:13
[INFO] [stdout]   37:     0x62b31a56fd68 - <core::iter::adapters::take_while::TakeWhile<I,P> as core::iter::traits::iterator::Iterator>::fold::hfc5ac0e4b8a1a236
[INFO] [stdout]                                at /rustc/6067b36314ab5eb2eb47cecc464545ba58e1ad24/library/core/src/iter/mod.rs:378:13
[INFO] [stdout]   38:     0x62b31a56ecaf - <rayon::iter::fold::FoldFolder<C,ID,F> as rayon::iter::plumbing::Folder<T>>::consume_iter::h7a5974703a76724a
[INFO] [stdout]                                at /opt/rustwide/cargo-home/registry/src/index.crates.io-1949cf8c6b5b557f/rayon-1.10.0/src/iter/fold.rs:158:20
[INFO] [stdout]   39:     0x62b31a57509b - <rayon::iter::map::MapFolder<C,F> as rayon::iter::plumbing::Folder<T>>::consume_iter::h9c6985c8871d9fe6
[INFO] [stdout]                                at /opt/rustwide/cargo-home/registry/src/index.crates.io-1949cf8c6b5b557f/rayon-1.10.0/src/iter/map.rs:248:21
[INFO] [stdout]   40:     0x62b31a574241 - rayon::iter::plumbing::Producer::fold_with::h77bbae451508f9c6
[INFO] [stdout]                                at /opt/rustwide/cargo-home/registry/src/index.crates.io-1949cf8c6b5b557f/rayon-1.10.0/src/iter/plumbing/mod.rs:109:9
[INFO] [stdout]   41:     0x62b31a57391a - rayon::iter::plumbing::bridge_producer_consumer::helper::h14d292c9a7f0f166
[INFO] [stdout]                                at /opt/rustwide/cargo-home/registry/src/index.crates.io-1949cf8c6b5b557f/rayon-1.10.0/src/iter/plumbing/mod.rs:437:13
[INFO] [stdout]   42:     0x62b31a57400d - rayon::iter::plumbing::bridge_producer_consumer::helper::{{closure}}::hff9a345fbaded35c
[INFO] [stdout]                                at /opt/rustwide/cargo-home/registry/src/index.crates.io-1949cf8c6b5b557f/rayon-1.10.0/src/iter/plumbing/mod.rs:417:21
[INFO] [stdout]   43:     0x62b31a569444 - rayon_core::join::join_context::call_a::{{closure}}::h49384f2770716a1a
[INFO] [stdout]                                at /opt/rustwide/cargo-home/registry/src/index.crates.io-1949cf8c6b5b557f/rayon-core-1.12.1/src/join/mod.rs:124:17
[INFO] [stdout]   44:     0x62b31a57019a - <core::panic::unwind_safe::AssertUnwindSafe<F> as core::ops::function::FnOnce<()>>::call_once::h4c3a071d505e6630
[INFO] [stdout]                                at /rustc/6067b36314ab5eb2eb47cecc464545ba58e1ad24/library/core/src/panic/unwind_safe.rs:272:9
[INFO] [stdout]   45:     0x62b31a5709f7 - std::panicking::try::do_call::hd57a78a4b58155fc
[INFO] [stdout]                                at /rustc/6067b36314ab5eb2eb47cecc464545ba58e1ad24/library/std/src/panicking.rs:587:40
[INFO] [stdout]   46:     0x62b31a5763bb - __rust_try
[INFO] [stdout]   47:     0x62b31a5705c9 - std::panicking::try::h7c2403244349c2a1
[INFO] [stdout]                                at /rustc/6067b36314ab5eb2eb47cecc464545ba58e1ad24/library/std/src/panicking.rs:550:19
[INFO] [stdout]   48:     0x62b31a5705c9 - std::panic::catch_unwind::h63769bedc7b134c9
[INFO] [stdout]                                at /rustc/6067b36314ab5eb2eb47cecc464545ba58e1ad24/library/std/src/panic.rs:358:14
[INFO] [stdout]   49:     0x62b31a569a6c - rayon_core::unwind::halt_unwinding::hc14e6b63e6ca2971
[INFO] [stdout]                                at /opt/rustwide/cargo-home/registry/src/index.crates.io-1949cf8c6b5b557f/rayon-core-1.12.1/src/unwind.rs:17:5
[INFO] [stdout]   50:     0x62b31a568fd1 - rayon_core::join::join_context::{{closure}}::h58fc4360929e23c5
[INFO] [stdout]                                at /opt/rustwide/cargo-home/registry/src/index.crates.io-1949cf8c6b5b557f/rayon-core-1.12.1/src/join/mod.rs:142:24
[INFO] [stdout]   51:     0x62b31a56f3b9 - rayon_core::registry::Registry::in_worker_cold::{{closure}}::{{closure}}::h668cc1eed0830596
[INFO] [stdout]                                at /opt/rustwide/cargo-home/registry/src/index.crates.io-1949cf8c6b5b557f/rayon-core-1.12.1/src/registry.rs:522:21
[INFO] [stdout]   52:     0x62b31a5685c2 - rayon_core::job::JobResult<T>::call::{{closure}}::h39958fb250342886
[INFO] [stdout]                                at /opt/rustwide/cargo-home/registry/src/index.crates.io-1949cf8c6b5b557f/rayon-core-1.12.1/src/job.rs:218:41
[INFO] [stdout]   53:     0x62b31a57020d - <core::panic::unwind_safe::AssertUnwindSafe<F> as core::ops::function::FnOnce<()>>::call_once::h9222f8530350c537
[INFO] [stdout]                                at /rustc/6067b36314ab5eb2eb47cecc464545ba58e1ad24/library/core/src/panic/unwind_safe.rs:272:9
[INFO] [stdout]   54:     0x62b31a570a67 - std::panicking::try::do_call::hd7f2ef61e0632dfe
[INFO] [stdout]                                at /rustc/6067b36314ab5eb2eb47cecc464545ba58e1ad24/library/std/src/panicking.rs:587:40
[INFO] [stdout]   55:     0x62b31a5763bb - __rust_try
[INFO] [stdout]   56:     0x62b31a5706af - std::panicking::try::h282c873fcee4e053
[INFO] [stdout]                                at /rustc/6067b36314ab5eb2eb47cecc464545ba58e1ad24/library/std/src/panicking.rs:550:19
[INFO] [stdout]   57:     0x62b31a5706af - std::panic::catch_unwind::h72e559d18caf1410
[INFO] [stdout]                                at /rustc/6067b36314ab5eb2eb47cecc464545ba58e1ad24/library/std/src/panic.rs:358:14
[INFO] [stdout]   58:     0x62b31a569aad - rayon_core::unwind::halt_unwinding::hcadc27db60ef38ab
[INFO] [stdout]                                at /opt/rustwide/cargo-home/registry/src/index.crates.io-1949cf8c6b5b557f/rayon-core-1.12.1/src/unwind.rs:17:5
[INFO] [stdout]   59:     0x62b31a56847e - rayon_core::job::JobResult<T>::call::h9ca01a9010a8f310
[INFO] [stdout]                                at /opt/rustwide/cargo-home/registry/src/index.crates.io-1949cf8c6b5b557f/rayon-core-1.12.1/src/job.rs:218:15
[INFO] [stdout]   60:     0x62b31a56d695 - <rayon_core::job::StackJob<L,F,R> as rayon_core::job::Job>::execute::h0600b5d790cd1d71
[INFO] [stdout]                                at /opt/rustwide/cargo-home/registry/src/index.crates.io-1949cf8c6b5b557f/rayon-core-1.12.1/src/job.rs:120:32
[INFO] [stdout]   61:     0x62b31a5daa0b - rayon_core::job::JobRef::execute::h50329b6d50891de8
[INFO] [stdout]                                at /opt/rustwide/cargo-home/registry/src/index.crates.io-1949cf8c6b5b557f/rayon-core-1.12.1/src/job.rs:64:9
[INFO] [stdout]   62:     0x62b31a5c7530 - rayon_core::registry::WorkerThread::execute::h4c4677abdf17bd06
[INFO] [stdout]                                at /opt/rustwide/cargo-home/registry/src/index.crates.io-1949cf8c6b5b557f/rayon-core-1.12.1/src/registry.rs:860:9
[INFO] [stdout]   63:     0x62b31a5c728c - rayon_core::registry::WorkerThread::wait_until_cold::hc4439ef3b2b6a3a3
[INFO] [stdout]                                at /opt/rustwide/cargo-home/registry/src/index.crates.io-1949cf8c6b5b557f/rayon-core-1.12.1/src/registry.rs:794:21
[INFO] [stdout]   64:     0x62b31a5c702b - rayon_core::registry::WorkerThread::wait_until::hbb9860c2fa349b6c
[INFO] [stdout]                                at /opt/rustwide/cargo-home/registry/src/index.crates.io-1949cf8c6b5b557f/rayon-core-1.12.1/src/registry.rs:769:13
[INFO] [stdout]   65:     0x62b31a5c7405 - rayon_core::registry::WorkerThread::wait_until_out_of_work::hedd34feda7fef7c9
[INFO] [stdout]                                at /opt/rustwide/cargo-home/registry/src/index.crates.io-1949cf8c6b5b557f/rayon-core-1.12.1/src/registry.rs:818:9
[INFO] [stdout]   66:     0x62b31a5c790f - rayon_core::registry::main_loop::h1fae615f9adb724f
[INFO] [stdout]                                at /opt/rustwide/cargo-home/registry/src/index.crates.io-1949cf8c6b5b557f/rayon-core-1.12.1/src/registry.rs:923:5
[INFO] [stdout]   67:     0x62b31a5c46b6 - rayon_core::registry::ThreadBuilder::run::hfdb4549d2e2708dc
[INFO] [stdout]                                at /opt/rustwide/cargo-home/registry/src/index.crates.io-1949cf8c6b5b557f/rayon-core-1.12.1/src/registry.rs:53:18
[INFO] [stdout]   68:     0x62b31a5c4b3d - <rayon_core::registry::DefaultSpawn as rayon_core::registry::ThreadSpawn>::spawn::{{closure}}::h5afd03f9227577e1
[INFO] [stdout]                                at /opt/rustwide/cargo-home/registry/src/index.crates.io-1949cf8c6b5b557f/rayon-core-1.12.1/src/registry.rs:98:20
[INFO] [stdout]   69:     0x62b31a5cdbe6 - std::sys::backtrace::__rust_begin_short_backtrace::hd10335ec14f17ebd
[INFO] [stdout]                                at /rustc/6067b36314ab5eb2eb47cecc464545ba58e1ad24/library/std/src/sys/backtrace.rs:152:18
[INFO] [stdout]   70:     0x62b31a5dcafb - std::thread::Builder::spawn_unchecked_::{{closure}}::{{closure}}::h2121be1268138f63
[INFO] [stdout]                                at /rustc/6067b36314ab5eb2eb47cecc464545ba58e1ad24/library/std/src/thread/mod.rs:559:17
[INFO] [stdout]   71:     0x62b31a5db194 - <core::panic::unwind_safe::AssertUnwindSafe<F> as core::ops::function::FnOnce<()>>::call_once::h1eca4eac69a9b801
[INFO] [stdout]                                at /rustc/6067b36314ab5eb2eb47cecc464545ba58e1ad24/library/core/src/panic/unwind_safe.rs:272:9
[INFO] [stdout]   72:     0x62b31a5d6b68 - std::panicking::try::do_call::h331a9a654d850a25
[INFO] [stdout]                                at /rustc/6067b36314ab5eb2eb47cecc464545ba58e1ad24/library/std/src/panicking.rs:587:40
[INFO] [stdout]   73:     0x62b31a5de6cb - __rust_try
[INFO] [stdout]   74:     0x62b31a5dc878 - std::panicking::try::h98c6e3f5cf660d53
[INFO] [stdout]                                at /rustc/6067b36314ab5eb2eb47cecc464545ba58e1ad24/library/std/src/panicking.rs:550:19
[INFO] [stdout]   75:     0x62b31a5dc878 - std::panic::catch_unwind::he878d2fce2dbbaed
[INFO] [stdout]                                at /rustc/6067b36314ab5eb2eb47cecc464545ba58e1ad24/library/std/src/panic.rs:358:14
[INFO] [stdout]   76:     0x62b31a5dc878 - std::thread::Builder::spawn_unchecked_::{{closure}}::ha24d7c0bcca2883f
[INFO] [stdout]                                at /rustc/6067b36314ab5eb2eb47cecc464545ba58e1ad24/library/std/src/thread/mod.rs:557:30
[INFO] [stdout]   77:     0x62b31a5cb11f - core::ops::function::FnOnce::call_once{{vtable.shim}}::h2bfcfef46ede7935
[INFO] [stdout]                                at /rustc/6067b36314ab5eb2eb47cecc464545ba58e1ad24/library/core/src/ops/function.rs:250:5
[INFO] [stdout]   78:     0x62b31a61c6ab - <alloc::boxed::Box<F,A> as core::ops::function::FnOnce<Args>>::call_once::ha52bedf99a3b4981
[INFO] [stdout]                                at /rustc/6067b36314ab5eb2eb47cecc464545ba58e1ad24/library/alloc/src/boxed.rs:2013:9
[INFO] [stdout]   79:     0x62b31a61c6ab - <alloc::boxed::Box<F,A> as core::ops::function::FnOnce<Args>>::call_once::h567748934d80ccf8
[INFO] [stdout]                                at /rustc/6067b36314ab5eb2eb47cecc464545ba58e1ad24/library/alloc/src/boxed.rs:2013:9
[INFO] [stdout]   80:     0x62b31a61c6ab - std::sys::pal::unix::thread::Thread::new::thread_start::h2d970728ae887adc
[INFO] [stdout]                                at /rustc/6067b36314ab5eb2eb47cecc464545ba58e1ad24/library/std/src/sys/pal/unix/thread.rs:106:17
[INFO] [stdout]   81:     0x7027ab601ac3 - <unknown>
[INFO] [stdout]   82:     0x7027ab692a04 - clone
[INFO] [stdout]   83:                0x0 - <unknown>
[INFO] [stdout] [src/bin/05.rs:69:17] r = 55..68
[INFO] [stdout] 
[INFO] [stdout] thread '<unnamed>' panicked at src/bin/05.rs:13:20:
[INFO] [stdout] attempt to subtract with overflow
[INFO] [stdout] stack backtrace:
[INFO] [stdout]    0:     0x62b31a61675a - std::backtrace_rs::backtrace::libunwind::trace::hb059275cfc8d6126
[INFO] [stdout]                                at /rustc/6067b36314ab5eb2eb47cecc464545ba58e1ad24/library/std/src/../../backtrace/src/backtrace/libunwind.rs:116:5
[INFO] [stdout]    1:     0x62b31a61675a - std::backtrace_rs::backtrace::trace_unsynchronized::h2da071e4327ce3ee
[INFO] [stdout]                                at /rustc/6067b36314ab5eb2eb47cecc464545ba58e1ad24/library/std/src/../../backtrace/src/backtrace/mod.rs:66:5
[INFO] [stdout]    2:     0x62b31a61675a - std::sys::backtrace::_print_fmt::h842a1474e6f8d23f
[INFO] [stdout]                                at /rustc/6067b36314ab5eb2eb47cecc464545ba58e1ad24/library/std/src/sys/backtrace.rs:66:9
[INFO] [stdout]    3:     0x62b31a61675a - <std::sys::backtrace::BacktraceLock::print::DisplayBacktrace as core::fmt::Display>::fmt::h71a62eb3b9696b12
[INFO] [stdout]                                at /rustc/6067b36314ab5eb2eb47cecc464545ba58e1ad24/library/std/src/sys/backtrace.rs:39:26
[INFO] [stdout]    4:     0x62b31a63e113 - core::fmt::rt::Argument::fmt::hdb6b616786b41dc1
[INFO] [stdout]                                at /rustc/6067b36314ab5eb2eb47cecc464545ba58e1ad24/library/core/src/fmt/rt.rs:177:76
[INFO] [stdout]    5:     0x62b31a63e113 - core::fmt::write::h2cc1698af7e2d686
[INFO] [stdout]                                at /rustc/6067b36314ab5eb2eb47cecc464545ba58e1ad24/library/core/src/fmt/mod.rs:1440:21
[INFO] [stdout]    6:     0x62b31a6130a3 - std::io::Write::write_fmt::hab1b4cd059a79022
[INFO] [stdout]                                at /rustc/6067b36314ab5eb2eb47cecc464545ba58e1ad24/library/std/src/io/mod.rs:1887:15
[INFO] [stdout]    7:     0x62b31a6165a2 - std::sys::backtrace::BacktraceLock::print::h147fe35b4ea13b08
[INFO] [stdout]                                at /rustc/6067b36314ab5eb2eb47cecc464545ba58e1ad24/library/std/src/sys/backtrace.rs:42:9
[INFO] [stdout]    8:     0x62b31a617b7f - std::panicking::default_hook::{{closure}}::hbd44223dbdc0d208
[INFO] [stdout]                                at /rustc/6067b36314ab5eb2eb47cecc464545ba58e1ad24/library/std/src/panicking.rs:298:22
[INFO] [stdout]    9:     0x62b31a617998 - std::panicking::default_hook::h20f81eb0576efcec
[INFO] [stdout]                                at /rustc/6067b36314ab5eb2eb47cecc464545ba58e1ad24/library/std/src/panicking.rs:322:9
[INFO] [stdout]   10:     0x62b31a5b04c3 - <alloc::boxed::Box<F,A> as core::ops::function::Fn<Args>>::call::hdb53814c496a4d34
[INFO] [stdout]                                at /rustc/6067b36314ab5eb2eb47cecc464545ba58e1ad24/library/alloc/src/boxed.rs:2027:9
[INFO] [stdout]   11:     0x62b31a5b04c3 - test::test_main::{{closure}}::hc0a4963c59427c24
[INFO] [stdout]                                at /rustc/6067b36314ab5eb2eb47cecc464545ba58e1ad24/library/test/src/lib.rs:134:21
[INFO] [stdout]   12:     0x62b31a618673 - <alloc::boxed::Box<F,A> as core::ops::function::Fn<Args>>::call::h591b2225413a77e9
[INFO] [stdout]                                at /rustc/6067b36314ab5eb2eb47cecc464545ba58e1ad24/library/alloc/src/boxed.rs:2027:9
[INFO] [stdout]   13:     0x62b31a618673 - std::panicking::rust_panic_with_hook::h625eea43051b2edc
[INFO] [stdout]                                at /rustc/6067b36314ab5eb2eb47cecc464545ba58e1ad24/library/std/src/panicking.rs:839:13
[INFO] [stdout]   14:     0x62b31a6182f6 - std::panicking::begin_panic_handler::{{closure}}::h4f9159cfbc3f6bd3
[INFO] [stdout]                                at /rustc/6067b36314ab5eb2eb47cecc464545ba58e1ad24/library/std/src/panicking.rs:697:13
[INFO] [stderr] error: test failed, to rerun pass `--bin 05`
[INFO] [stdout]   15:     0x62b31a616c59 - std::sys::backtrace::__rust_end_short_backtrace::h0390abce48353151
[INFO] [stdout]                                at /rustc/6067b36314ab5eb2eb47cecc464545ba58e1ad24/library/std/src/sys/backtrace.rs:168:18
[INFO] [stdout]   16:     0x62b31a617fbd - rust_begin_unwind
[INFO] [stdout]                                at /rustc/6067b36314ab5eb2eb47cecc464545ba58e1ad24/library/std/src/panicking.rs:695:5
[INFO] [stdout]   17:     0x62b31a63caf0 - core::panicking::panic_fmt::h9e7c637e9e5f29c9
[INFO] [stdout]                                at /rustc/6067b36314ab5eb2eb47cecc464545ba58e1ad24/library/core/src/panicking.rs:75:14
[INFO] [stdout]   18:     0x62b31a642e67 - core::panicking::panic_const::panic_const_sub_overflow::hc936e676af9fcd5b
[INFO] [stdout]                                at /rustc/6067b36314ab5eb2eb47cecc464545ba58e1ad24/library/core/src/panicking.rs:178:21
[INFO] [stdout]   19:     0x62b31a57517a - _05::Conversion::convert::h561b7a086d02cc01
[INFO] [stdout]                                at /opt/rustwide/workdir/src/bin/05.rs:13:20
[INFO] [stdout]   20:     0x62b31a575248 - _05::ConversionChart::convert::h86e4ef36f9930de1
[INFO] [stdout]                                at /opt/rustwide/workdir/src/bin/05.rs:29:28
[INFO] [stdout]   21:     0x62b31a5754d5 - _05::Almanac::seed_to_location::{{closure}}::hecfde98bdde70392
[INFO] [stdout]                                at /opt/rustwide/workdir/src/bin/05.rs:62:38
[INFO] [stdout]   22:     0x62b31a56dec1 - <core::slice::iter::Iter<T> as core::iter::traits::iterator::Iterator>::fold::h42507c1e9e49ca98
[INFO] [stdout]                                at /rustc/6067b36314ab5eb2eb47cecc464545ba58e1ad24/library/core/src/slice/iter/macros.rs:232:27
[INFO] [stdout]   23:     0x62b31a5754a5 - _05::Almanac::seed_to_location::hcf9f16009eecdc1a
[INFO] [stdout]                                at /opt/rustwide/workdir/src/bin/05.rs:60:9
[INFO] [stdout]   24:     0x62b31a575766 - _05::Almanac::range_locations::{{closure}}::{{closure}}::h399dbc530f57ce38
[INFO] [stdout]                                at /opt/rustwide/workdir/src/bin/05.rs:71:30
[INFO] [stdout]   25:     0x62b31a5719d8 - core::ops::function::impls::<impl core::ops::function::FnOnce<A> for &mut F>::call_once::he5d3d4899c12b397
[INFO] [stdout]                                at /rustc/6067b36314ab5eb2eb47cecc464545ba58e1ad24/library/core/src/ops/function.rs:305:13
[INFO] [stdout]   26:     0x62b31a568042 - core::option::Option<T>::map::h48a2795cfc7cbd16
[INFO] [stdout]                                at /rustc/6067b36314ab5eb2eb47cecc464545ba58e1ad24/library/core/src/option.rs:1119:29
[INFO] [stdout]   27:     0x62b31a568042 - <core::iter::adapters::map::Map<I,F> as core::iter::traits::iterator::Iterator>::next::h541bff58ccab70d0
[INFO] [stdout]                                at /rustc/6067b36314ab5eb2eb47cecc464545ba58e1ad24/library/core/src/iter/adapters/map.rs:107:26
[INFO] [stdout]   28:     0x62b31a56b33b - core::iter::traits::iterator::Iterator::reduce::h39da9b142eea0da8
[INFO] [stdout]                                at /rustc/6067b36314ab5eb2eb47cecc464545ba58e1ad24/library/core/src/iter/traits/iterator.rs:2581:21
[INFO] [stdout]   29:     0x62b31a56b306 - core::iter::traits::iterator::Iterator::min_by::h54e9b69bf615ce35
[INFO] [stdout]                                at /rustc/6067b36314ab5eb2eb47cecc464545ba58e1ad24/library/core/src/iter/traits/iterator.rs:3268:9
[INFO] [stdout]   30:     0x62b31a56b0a6 - core::iter::traits::iterator::Iterator::min::h24cf14a8399ebb75
[INFO] [stdout]                                at /rustc/6067b36314ab5eb2eb47cecc464545ba58e1ad24/library/core/src/iter/traits/iterator.rs:3148:9
[INFO] [stdout]   31:     0x62b31a575737 - _05::Almanac::range_locations::{{closure}}::h5a580056ed69914c
[INFO] [stdout]                                at /opt/rustwide/workdir/src/bin/05.rs:70:17
[INFO] [stdout]   32:     0x62b31a5718db - core::ops::function::impls::<impl core::ops::function::FnMut<A> for &F>::call_mut::h44872a079de6c4fb
[INFO] [stdout]                                at /rustc/6067b36314ab5eb2eb47cecc464545ba58e1ad24/library/core/src/ops/function.rs:272:13
[INFO] [stdout]   33:     0x62b31a56bc1e - core::iter::adapters::map::map_try_fold::{{closure}}::h897b4068d0d2c935
[INFO] [stdout]                                at /rustc/6067b36314ab5eb2eb47cecc464545ba58e1ad24/library/core/src/iter/adapters/map.rs:95:28
[INFO] [stdout]   34:     0x62b31a56b78b - core::iter::traits::iterator::Iterator::try_fold::h6b496ccf9c57186d
[INFO] [stdout]                                at /rustc/6067b36314ab5eb2eb47cecc464545ba58e1ad24/library/core/src/iter/traits/iterator.rs:2370:21
[INFO] [stdout]   35:     0x62b31a56813f - <core::iter::adapters::map::Map<I,F> as core::iter::traits::iterator::Iterator>::try_fold::h19074ac34769b4b7
[INFO] [stdout]                                at /rustc/6067b36314ab5eb2eb47cecc464545ba58e1ad24/library/core/src/iter/adapters/map.rs:121:9
[INFO] [stdout]   36:     0x62b31a56fe4c - <core::iter::adapters::take_while::TakeWhile<I,P> as core::iter::traits::iterator::Iterator>::try_fold::hbcfca7a1f1033a47
[INFO] [stdout]                                at /rustc/6067b36314ab5eb2eb47cecc464545ba58e1ad24/library/core/src/iter/adapters/take_while.rs:95:13
[INFO] [stdout]   37:     0x62b31a56fd68 - <core::iter::adapters::take_while::TakeWhile<I,P> as core::iter::traits::iterator::Iterator>::fold::hfc5ac0e4b8a1a236
[INFO] [stdout]                                at /rustc/6067b36314ab5eb2eb47cecc464545ba58e1ad24/library/core/src/iter/mod.rs:378:13
[INFO] [stdout]   38:     0x62b31a56ecaf - <rayon::iter::fold::FoldFolder<C,ID,F> as rayon::iter::plumbing::Folder<T>>::consume_iter::h7a5974703a76724a
[INFO] [stdout]                                at /opt/rustwide/cargo-home/registry/src/index.crates.io-1949cf8c6b5b557f/rayon-1.10.0/src/iter/fold.rs:158:20
[INFO] [stdout]   39:     0x62b31a57509b - <rayon::iter::map::MapFolder<C,F> as rayon::iter::plumbing::Folder<T>>::consume_iter::h9c6985c8871d9fe6
[INFO] [stdout]                                at /opt/rustwide/cargo-home/registry/src/index.crates.io-1949cf8c6b5b557f/rayon-1.10.0/src/iter/map.rs:248:21
[INFO] [stdout]   40:     0x62b31a574241 - rayon::iter::plumbing::Producer::fold_with::h77bbae451508f9c6
[INFO] [stdout]                                at /opt/rustwide/cargo-home/registry/src/index.crates.io-1949cf8c6b5b557f/rayon-1.10.0/src/iter/plumbing/mod.rs:109:9
[INFO] [stdout]   41:     0x62b31a57391a - rayon::iter::plumbing::bridge_producer_consumer::helper::h14d292c9a7f0f166
[INFO] [stdout]                                at /opt/rustwide/cargo-home/registry/src/index.crates.io-1949cf8c6b5b557f/rayon-1.10.0/src/iter/plumbing/mod.rs:437:13
[INFO] [stdout]   42:     0x62b31a573f19 - rayon::iter::plumbing::bridge_producer_consumer::helper::{{closure}}::h5bfcb317b8842ab4
[INFO] [stdout]                                at /opt/rustwide/cargo-home/registry/src/index.crates.io-1949cf8c6b5b557f/rayon-1.10.0/src/iter/plumbing/mod.rs:426:21
[INFO] [stdout]   43:     0x62b31a56952f - rayon_core::join::join_context::call_b::{{closure}}::hfb1c244042d04659
[INFO] [stdout]                                at /opt/rustwide/cargo-home/registry/src/index.crates.io-1949cf8c6b5b557f/rayon-core-1.12.1/src/join/mod.rs:129:25
[INFO] [stdout]   44:     0x62b31a56857c - rayon_core::job::JobResult<T>::call::{{closure}}::h0540653aeb9becc0
[INFO] [stdout]                                at /opt/rustwide/cargo-home/registry/src/index.crates.io-1949cf8c6b5b557f/rayon-core-1.12.1/src/job.rs:218:41
[INFO] [stdout]   45:     0x62b31a57015a - <core::panic::unwind_safe::AssertUnwindSafe<F> as core::ops::function::FnOnce<()>>::call_once::h05bef3d0578136b6
[INFO] [stdout]                                at /rustc/6067b36314ab5eb2eb47cecc464545ba58e1ad24/library/core/src/panic/unwind_safe.rs:272:9
[INFO] [stdout]   46:     0x62b31a570997 - std::panicking::try::do_call::h9a86c8cbff89fdd9
[INFO] [stdout]                                at /rustc/6067b36314ab5eb2eb47cecc464545ba58e1ad24/library/std/src/panicking.rs:587:40
[INFO] [stdout]   47:     0x62b31a5763bb - __rust_try
[INFO] [stdout]   48:     0x62b31a5704e9 - std::panicking::try::h9101a9e5579d256d
[INFO] [stdout]                                at /rustc/6067b36314ab5eb2eb47cecc464545ba58e1ad24/library/std/src/panicking.rs:550:19
[INFO] [stdout]   49:     0x62b31a5704e9 - std::panic::catch_unwind::h1820a352209f4732
[INFO] [stdout]                                at /rustc/6067b36314ab5eb2eb47cecc464545ba58e1ad24/library/std/src/panic.rs:358:14
[INFO] [stdout]   50:     0x62b31a569a2c - rayon_core::unwind::halt_unwinding::h3fbbf6fb18a8eda6
[INFO] [stdout]                                at /opt/rustwide/cargo-home/registry/src/index.crates.io-1949cf8c6b5b557f/rayon-core-1.12.1/src/unwind.rs:17:5
[INFO] [stdout]   51:     0x62b31a5682ee - rayon_core::job::JobResult<T>::call::h22866d7d5c89730b
[INFO] [stdout]                                at /opt/rustwide/cargo-home/registry/src/index.crates.io-1949cf8c6b5b557f/rayon-core-1.12.1/src/job.rs:218:15
[INFO] [stdout]   52:     0x62b31a56d8d4 - <rayon_core::job::StackJob<L,F,R> as rayon_core::job::Job>::execute::h377dbf5e2055b3bf
[INFO] [stdout]                                at /opt/rustwide/cargo-home/registry/src/index.crates.io-1949cf8c6b5b557f/rayon-core-1.12.1/src/job.rs:120:32
[INFO] [stdout]   53:     0x62b31a5daa0b - rayon_core::job::JobRef::execute::h50329b6d50891de8
[INFO] [stdout]                                at /opt/rustwide/cargo-home/registry/src/index.crates.io-1949cf8c6b5b557f/rayon-core-1.12.1/src/job.rs:64:9
[INFO] [stdout]   54:     0x62b31a5c7530 - rayon_core::registry::WorkerThread::execute::h4c4677abdf17bd06
[INFO] [stdout]                                at /opt/rustwide/cargo-home/registry/src/index.crates.io-1949cf8c6b5b557f/rayon-core-1.12.1/src/registry.rs:860:9
[INFO] [stdout]   55:     0x62b31a5c728c - rayon_core::registry::WorkerThread::wait_until_cold::hc4439ef3b2b6a3a3
[INFO] [stdout]                                at /opt/rustwide/cargo-home/registry/src/index.crates.io-1949cf8c6b5b557f/rayon-core-1.12.1/src/registry.rs:794:21
[INFO] [stdout]   56:     0x62b31a5c702b - rayon_core::registry::WorkerThread::wait_until::hbb9860c2fa349b6c
[INFO] [stdout]                                at /opt/rustwide/cargo-home/registry/src/index.crates.io-1949cf8c6b5b557f/rayon-core-1.12.1/src/registry.rs:769:13
[INFO] [stdout]   57:     0x62b31a5c7405 - rayon_core::registry::WorkerThread::wait_until_out_of_work::hedd34feda7fef7c9
[INFO] [stdout]                                at /opt/rustwide/cargo-home/registry/src/index.crates.io-1949cf8c6b5b557f/rayon-core-1.12.1/src/registry.rs:818:9
[INFO] [stdout]   58:     0x62b31a5c790f - rayon_core::registry::main_loop::h1fae615f9adb724f
[INFO] [stdout]                                at /opt/rustwide/cargo-home/registry/src/index.crates.io-1949cf8c6b5b557f/rayon-core-1.12.1/src/registry.rs:923:5
[INFO] [stdout]   59:     0x62b31a5c46b6 - rayon_core::registry::ThreadBuilder::run::hfdb4549d2e2708dc
[INFO] [stdout]                                at /opt/rustwide/cargo-home/registry/src/index.crates.io-1949cf8c6b5b557f/rayon-core-1.12.1/src/registry.rs:53:18
[INFO] [stdout]   60:     0x62b31a5c4b3d - <rayon_core::registry::DefaultSpawn as rayon_core::registry::ThreadSpawn>::spawn::{{closure}}::h5afd03f9227577e1
[INFO] [stdout]                                at /opt/rustwide/cargo-home/registry/src/index.crates.io-1949cf8c6b5b557f/rayon-core-1.12.1/src/registry.rs:98:20
[INFO] [stdout]   61:     0x62b31a5cdbe6 - std::sys::backtrace::__rust_begin_short_backtrace::hd10335ec14f17ebd
[INFO] [stdout]                                at /rustc/6067b36314ab5eb2eb47cecc464545ba58e1ad24/library/std/src/sys/backtrace.rs:152:18
[INFO] [stdout]   62:     0x62b31a5dcafb - std::thread::Builder::spawn_unchecked_::{{closure}}::{{closure}}::h2121be1268138f63
[INFO] [stdout]                                at /rustc/6067b36314ab5eb2eb47cecc464545ba58e1ad24/library/std/src/thread/mod.rs:559:17
[INFO] [stdout]   63:     0x62b31a5db194 - <core::panic::unwind_safe::AssertUnwindSafe<F> as core::ops::function::FnOnce<()>>::call_once::h1eca4eac69a9b801
[INFO] [stdout]                                at /rustc/6067b36314ab5eb2eb47cecc464545ba58e1ad24/library/core/src/panic/unwind_safe.rs:272:9
[INFO] [stdout]   64:     0x62b31a5d6b68 - std::panicking::try::do_call::h331a9a654d850a25
[INFO] [stdout]                                at /rustc/6067b36314ab5eb2eb47cecc464545ba58e1ad24/library/std/src/panicking.rs:587:40
[INFO] [stdout]   65:     0x62b31a5de6cb - __rust_try
[INFO] [stdout]   66:     0x62b31a5dc878 - std::panicking::try::h98c6e3f5cf660d53
[INFO] [stdout]                                at /rustc/6067b36314ab5eb2eb47cecc464545ba58e1ad24/library/std/src/panicking.rs:550:19
[INFO] [stdout]   67:     0x62b31a5dc878 - std::panic::catch_unwind::he878d2fce2dbbaed
[INFO] [stdout]                                at /rustc/6067b36314ab5eb2eb47cecc464545ba58e1ad24/library/std/src/panic.rs:358:14
[INFO] [stdout]   68:     0x62b31a5dc878 - std::thread::Builder::spawn_unchecked_::{{closure}}::ha24d7c0bcca2883f
[INFO] [stdout]                                at /rustc/6067b36314ab5eb2eb47cecc464545ba58e1ad24/library/std/src/thread/mod.rs:557:30
[INFO] [stdout]   69:     0x62b31a5cb11f - core::ops::function::FnOnce::call_once{{vtable.shim}}::h2bfcfef46ede7935
[INFO] [stdout]                                at /rustc/6067b36314ab5eb2eb47cecc464545ba58e1ad24/library/core/src/ops/function.rs:250:5
[INFO] [stdout]   70:     0x62b31a61c6ab - <alloc::boxed::Box<F,A> as core::ops::function::FnOnce<Args>>::call_once::ha52bedf99a3b4981
[INFO] [stdout]                                at /rustc/6067b36314ab5eb2eb47cecc464545ba58e1ad24/library/alloc/src/boxed.rs:2013:9
[INFO] [stdout]   71:     0x62b31a61c6ab - <alloc::boxed::Box<F,A> as core::ops::function::FnOnce<Args>>::call_once::h567748934d80ccf8
[INFO] [stdout]                                at /rustc/6067b36314ab5eb2eb47cecc464545ba58e1ad24/library/alloc/src/boxed.rs:2013:9
[INFO] [stdout]   72:     0x62b31a61c6ab - std::sys::pal::unix::thread::Thread::new::thread_start::h2d970728ae887adc
[INFO] [stdout]                                at /rustc/6067b36314ab5eb2eb47cecc464545ba58e1ad24/library/std/src/sys/pal/unix/thread.rs:106:17
[INFO] [stdout]   73:     0x7027ab601ac3 - <unknown>
[INFO] [stdout]   74:     0x7027ab692a04 - clone
[INFO] [stdout]   75:                0x0 - <unknown>
[INFO] [stdout] 
[INFO] [stdout] 
[INFO] [stdout] failures:
[INFO] [stdout]     tests::test_part_one
[INFO] [stdout]     tests::test_part_two
[INFO] [stdout] 
[INFO] [stdout] test result: FAILED. 0 passed; 2 failed; 0 ignored; 0 measured; 0 filtered out; finished in 0.03s
[INFO] [stdout] 
[INFO] running `Command { std: "docker" "inspect" "aacdebc90ca7a508bab5aacb041062d691c9383a89660c12943b8ce0e5ff3e78", kill_on_drop: false }`
[INFO] running `Command { std: "docker" "rm" "-f" "aacdebc90ca7a508bab5aacb041062d691c9383a89660c12943b8ce0e5ff3e78", kill_on_drop: false }`
[INFO] [stdout] aacdebc90ca7a508bab5aacb041062d691c9383a89660c12943b8ce0e5ff3e78
