[INFO] cloning repository https://github.com/matahariramadhan/obsion-sync
[INFO] running `Command { std: "git" "-c" "credential.helper=" "-c" "credential.helper=/workspace/cargo-home/bin/git-credential-null" "clone" "--bare" "https://github.com/matahariramadhan/obsion-sync" "/workspace/cache/git-repos/https%3A%2F%2Fgithub.com%2Fmatahariramadhan%2Fobsion-sync", kill_on_drop: false }`
[INFO] [stderr] Cloning into bare repository '/workspace/cache/git-repos/https%3A%2F%2Fgithub.com%2Fmatahariramadhan%2Fobsion-sync'...
[INFO] running `Command { std: "git" "rev-parse" "HEAD", kill_on_drop: false }`
[INFO] [stdout] edf38482ba84c11300fe6c56c61f57872ea3bd07
[INFO] testing matahariramadhan/obsion-sync against nightly-2025-01-18+rustflags=-Zrandomize-layout for randomize-layout-2
[INFO] running `Command { std: "git" "clone" "/workspace/cache/git-repos/https%3A%2F%2Fgithub.com%2Fmatahariramadhan%2Fobsion-sync" "/workspace/builds/worker-1-tc2/source", kill_on_drop: false }`
[INFO] [stderr] Cloning into '/workspace/builds/worker-1-tc2/source'...
[INFO] [stderr] done.
[INFO] validating manifest of git repo https://github.com/matahariramadhan/obsion-sync on toolchain nightly-2025-01-18
[INFO] running `Command { std: CARGO_HOME="/workspace/cargo-home" RUSTUP_HOME="/workspace/rustup-home" "/workspace/cargo-home/bin/cargo" "+nightly-2025-01-18" "metadata" "--manifest-path" "Cargo.toml" "--no-deps", kill_on_drop: false }`
[INFO] started tweaking git repo https://github.com/matahariramadhan/obsion-sync
[INFO] finished tweaking git repo https://github.com/matahariramadhan/obsion-sync
[INFO] tweaked toml for git repo https://github.com/matahariramadhan/obsion-sync written to /workspace/builds/worker-1-tc2/source/Cargo.toml
[INFO] crate git repo https://github.com/matahariramadhan/obsion-sync already has a lockfile, it will not be regenerated
[INFO] running `Command { std: CARGO_HOME="/workspace/cargo-home" RUSTUP_HOME="/workspace/rustup-home" "/workspace/cargo-home/bin/cargo" "+nightly-2025-01-18" "fetch" "--manifest-path" "Cargo.toml", kill_on_drop: false }`
[INFO] running `Command { std: "docker" "create" "-v" "/var/lib/crater-agent-workspace/builds/worker-1-tc2/target:/opt/rustwide/target:rw,Z" "-v" "/var/lib/crater-agent-workspace/builds/worker-1-tc2/source:/opt/rustwide/workdir:ro,Z" "-v" "/var/lib/crater-agent-workspace/cargo-home:/opt/rustwide/cargo-home:ro,Z" "-v" "/var/lib/crater-agent-workspace/rustup-home:/opt/rustwide/rustup-home:ro,Z" "-e" "SOURCE_DIR=/opt/rustwide/workdir" "-e" "CARGO_TARGET_DIR=/opt/rustwide/target" "-e" "CARGO_HOME=/opt/rustwide/cargo-home" "-e" "RUSTUP_HOME=/opt/rustwide/rustup-home" "-w" "/opt/rustwide/workdir" "-m" "1610612736" "--user" "0:0" "--network" "none" "ghcr.io/rust-lang/crates-build-env/linux@sha256:819108c5571ea2e421544af4d832f968d213c87fbe3707a016657f43d2f853bc" "/opt/rustwide/cargo-home/bin/cargo" "+nightly-2025-01-18" "metadata" "--no-deps" "--format-version=1", kill_on_drop: false }`
[INFO] [stdout] 572aa76f4cc847bd5f08c4cfc2591e47ced828bebf72499a384e180255b6f8be
[INFO] running `Command { std: "docker" "start" "-a" "572aa76f4cc847bd5f08c4cfc2591e47ced828bebf72499a384e180255b6f8be", kill_on_drop: false }`
[INFO] running `Command { std: "docker" "inspect" "572aa76f4cc847bd5f08c4cfc2591e47ced828bebf72499a384e180255b6f8be", kill_on_drop: false }`
[INFO] running `Command { std: "docker" "rm" "-f" "572aa76f4cc847bd5f08c4cfc2591e47ced828bebf72499a384e180255b6f8be", kill_on_drop: false }`
[INFO] [stdout] 572aa76f4cc847bd5f08c4cfc2591e47ced828bebf72499a384e180255b6f8be
[INFO] running `Command { std: "docker" "create" "-v" "/var/lib/crater-agent-workspace/builds/worker-1-tc2/target:/opt/rustwide/target:rw,Z" "-v" "/var/lib/crater-agent-workspace/builds/worker-1-tc2/source:/opt/rustwide/workdir:ro,Z" "-v" "/var/lib/crater-agent-workspace/cargo-home:/opt/rustwide/cargo-home:ro,Z" "-v" "/var/lib/crater-agent-workspace/rustup-home:/opt/rustwide/rustup-home:ro,Z" "-e" "SOURCE_DIR=/opt/rustwide/workdir" "-e" "CARGO_TARGET_DIR=/opt/rustwide/target" "-e" "CARGO_INCREMENTAL=0" "-e" "RUST_BACKTRACE=full" "-e" "RUSTFLAGS=--cap-lints=forbid -Zrandomize-layout" "-e" "RUSTDOCFLAGS=--cap-lints=forbid" "-e" "CARGO_HOME=/opt/rustwide/cargo-home" "-e" "RUSTUP_HOME=/opt/rustwide/rustup-home" "-w" "/opt/rustwide/workdir" "-m" "1610612736" "--user" "0:0" "--network" "none" "ghcr.io/rust-lang/crates-build-env/linux@sha256:819108c5571ea2e421544af4d832f968d213c87fbe3707a016657f43d2f853bc" "/opt/rustwide/cargo-home/bin/cargo" "+nightly-2025-01-18" "build" "--frozen" "--message-format=json", kill_on_drop: false }`
[INFO] [stdout] 96d4ccadf25f92b8414ca00b70f3726e03532fe3291928bc3e5d4d06d3f81be8
[INFO] running `Command { std: "docker" "start" "-a" "96d4ccadf25f92b8414ca00b70f3726e03532fe3291928bc3e5d4d06d3f81be8", kill_on_drop: false }`
[INFO] [stderr]    Compiling libc v0.2.147
[INFO] [stderr]    Compiling pkg-config v0.3.27
[INFO] [stderr]    Compiling vcpkg v0.2.15
[INFO] [stderr]    Compiling tinyvec_macros v0.1.1
[INFO] [stderr]    Compiling autocfg v1.1.0
[INFO] [stderr]    Compiling percent-encoding v2.3.0
[INFO] [stderr]    Compiling rustix v0.38.7
[INFO] [stderr]    Compiling unicode-bidi v0.3.13
[INFO] [stderr]    Compiling tinyvec v1.6.0
[INFO] [stderr]    Compiling form_urlencoded v1.2.0
[INFO] [stderr]    Compiling bitflags v2.3.3
[INFO] [stderr]    Compiling linux-raw-sys v0.4.5
[INFO] [stderr]    Compiling fastrand v2.0.0
[INFO] [stderr]    Compiling num-traits v0.2.16
[INFO] [stderr]    Compiling openssl-probe v0.1.5
[INFO] [stderr]    Compiling iana-time-zone v0.1.57
[INFO] [stderr]    Compiling cfg-if v1.0.0
[INFO] [stderr]    Compiling bitflags v1.3.2
[INFO] [stderr]    Compiling log v0.4.19
[INFO] [stderr]    Compiling unicode-normalization v0.1.22
[INFO] [stderr]    Compiling jobserver v0.1.26
[INFO] [stderr]    Compiling time v0.1.45
[INFO] [stderr]    Compiling cc v1.0.81
[INFO] [stderr]    Compiling idna v0.4.0
[INFO] [stderr]    Compiling openssl-sys v0.9.90
[INFO] [stderr]    Compiling libz-sys v1.1.12
[INFO] [stderr]    Compiling libssh2-sys v0.3.0
[INFO] [stderr]    Compiling libgit2-sys v0.15.2+1.6.4
[INFO] [stderr]    Compiling url v2.4.0
[INFO] [stderr]    Compiling chrono v0.4.26
[INFO] [stderr]    Compiling tempfile v3.7.0
[INFO] [stderr]    Compiling git2 v0.17.2
[INFO] [stderr]    Compiling obsidian_to_notion v0.1.0 (/opt/rustwide/workdir)
[INFO] [stdout] warning: unused variable: `path1`
[INFO] [stdout]   --> src/sync.rs:24:21
[INFO] [stdout]    |
[INFO] [stdout] 24 | pub fn bisync_paths(path1: &str, path2: &str, rclone_settings: &HashMap<&'static str, String>) {
[INFO] [stdout]    |                     ^^^^^ help: if this is intentional, prefix it with an underscore: `_path1`
[INFO] [stdout]    |
[INFO] [stdout]    = note: `#[warn(unused_variables)]` on by default
[INFO] [stdout] 
[INFO] [stdout] 
[INFO] [stdout] warning: unused variable: `path2`
[INFO] [stdout]   --> src/sync.rs:24:34
[INFO] [stdout]    |
[INFO] [stdout] 24 | pub fn bisync_paths(path1: &str, path2: &str, rclone_settings: &HashMap<&'static str, String>) {
[INFO] [stdout]    |                                  ^^^^^ help: if this is intentional, prefix it with an underscore: `_path2`
[INFO] [stdout] 
[INFO] [stdout] 
[INFO] [stdout] warning: unused variable: `rclone_settings`
[INFO] [stdout]   --> src/sync.rs:24:47
[INFO] [stdout]    |
[INFO] [stdout] 24 | pub fn bisync_paths(path1: &str, path2: &str, rclone_settings: &HashMap<&'static str, String>) {
[INFO] [stdout]    |                                               ^^^^^^^^^^^^^^^ help: if this is intentional, prefix it with an underscore: `_rclone_settings`
[INFO] [stdout] 
[INFO] [stdout] 
[INFO] [stderr]     Finished `dev` profile [unoptimized + debuginfo] target(s) in 42.80s
[INFO] running `Command { std: "docker" "inspect" "96d4ccadf25f92b8414ca00b70f3726e03532fe3291928bc3e5d4d06d3f81be8", kill_on_drop: false }`
[INFO] running `Command { std: "docker" "rm" "-f" "96d4ccadf25f92b8414ca00b70f3726e03532fe3291928bc3e5d4d06d3f81be8", kill_on_drop: false }`
[INFO] [stdout] 96d4ccadf25f92b8414ca00b70f3726e03532fe3291928bc3e5d4d06d3f81be8
[INFO] running `Command { std: "docker" "create" "-v" "/var/lib/crater-agent-workspace/builds/worker-1-tc2/target:/opt/rustwide/target:rw,Z" "-v" "/var/lib/crater-agent-workspace/builds/worker-1-tc2/source:/opt/rustwide/workdir:ro,Z" "-v" "/var/lib/crater-agent-workspace/cargo-home:/opt/rustwide/cargo-home:ro,Z" "-v" "/var/lib/crater-agent-workspace/rustup-home:/opt/rustwide/rustup-home:ro,Z" "-e" "SOURCE_DIR=/opt/rustwide/workdir" "-e" "CARGO_TARGET_DIR=/opt/rustwide/target" "-e" "CARGO_INCREMENTAL=0" "-e" "RUST_BACKTRACE=full" "-e" "RUSTFLAGS=--cap-lints=forbid -Zrandomize-layout" "-e" "RUSTDOCFLAGS=--cap-lints=forbid" "-e" "CARGO_HOME=/opt/rustwide/cargo-home" "-e" "RUSTUP_HOME=/opt/rustwide/rustup-home" "-w" "/opt/rustwide/workdir" "-m" "1610612736" "--user" "0:0" "--network" "none" "ghcr.io/rust-lang/crates-build-env/linux@sha256:819108c5571ea2e421544af4d832f968d213c87fbe3707a016657f43d2f853bc" "/opt/rustwide/cargo-home/bin/cargo" "+nightly-2025-01-18" "test" "--frozen" "--no-run" "--message-format=json", kill_on_drop: false }`
[INFO] [stdout] 3e1d31f2523c4fd62bd30747f22a7013564043a4fd4ae226e90ba413c9f1ea87
[INFO] running `Command { std: "docker" "start" "-a" "3e1d31f2523c4fd62bd30747f22a7013564043a4fd4ae226e90ba413c9f1ea87", kill_on_drop: false }`
[INFO] [stderr]    Compiling obsidian_to_notion v0.1.0 (/opt/rustwide/workdir)
[INFO] [stdout] warning: unused variable: `path1`
[INFO] [stdout]   --> src/sync.rs:24:21
[INFO] [stdout]    |
[INFO] [stdout] 24 | pub fn bisync_paths(path1: &str, path2: &str, rclone_settings: &HashMap<&'static str, String>) {
[INFO] [stdout]    |                     ^^^^^ help: if this is intentional, prefix it with an underscore: `_path1`
[INFO] [stdout]    |
[INFO] [stdout]    = note: `#[warn(unused_variables)]` on by default
[INFO] [stdout] 
[INFO] [stdout] 
[INFO] [stdout] warning: unused variable: `path2`
[INFO] [stdout]   --> src/sync.rs:24:34
[INFO] [stdout]    |
[INFO] [stdout] 24 | pub fn bisync_paths(path1: &str, path2: &str, rclone_settings: &HashMap<&'static str, String>) {
[INFO] [stdout]    |                                  ^^^^^ help: if this is intentional, prefix it with an underscore: `_path2`
[INFO] [stdout] 
[INFO] [stdout] 
[INFO] [stdout] warning: unused variable: `rclone_settings`
[INFO] [stdout]   --> src/sync.rs:24:47
[INFO] [stdout]    |
[INFO] [stdout] 24 | pub fn bisync_paths(path1: &str, path2: &str, rclone_settings: &HashMap<&'static str, String>) {
[INFO] [stdout]    |                                               ^^^^^^^^^^^^^^^ help: if this is intentional, prefix it with an underscore: `_rclone_settings`
[INFO] [stdout] 
[INFO] [stdout] 
[INFO] [stdout] warning: unused import: `std::io`
[INFO] [stdout]  --> tests/integration_tests.rs:3:5
[INFO] [stdout]   |
[INFO] [stdout] 3 | use std::io;
[INFO] [stdout]   |     ^^^^^^^
[INFO] [stdout]   |
[INFO] [stdout]   = note: `#[warn(unused_imports)]` on by default
[INFO] [stdout] 
[INFO] [stdout] 
[INFO] [stdout] warning: unused import: `std::io::Write`
[INFO] [stdout]  --> tests/integration_tests.rs:4:5
[INFO] [stdout]   |
[INFO] [stdout] 4 | use std::io::Write;
[INFO] [stdout]   |     ^^^^^^^^^^^^^^
[INFO] [stdout] 
[INFO] [stdout] 
[INFO] [stdout] warning: unused variable: `path1`
[INFO] [stdout]   --> src/sync.rs:24:21
[INFO] [stdout]    |
[INFO] [stdout] 24 | pub fn bisync_paths(path1: &str, path2: &str, rclone_settings: &HashMap<&'static str, String>) {
[INFO] [stdout]    |                     ^^^^^ help: if this is intentional, prefix it with an underscore: `_path1`
[INFO] [stdout]    |
[INFO] [stdout]    = note: `#[warn(unused_variables)]` on by default
[INFO] [stdout] 
[INFO] [stdout] 
[INFO] [stdout] warning: unused variable: `path2`
[INFO] [stdout]   --> src/sync.rs:24:34
[INFO] [stdout]    |
[INFO] [stdout] 24 | pub fn bisync_paths(path1: &str, path2: &str, rclone_settings: &HashMap<&'static str, String>) {
[INFO] [stdout]    |                                  ^^^^^ help: if this is intentional, prefix it with an underscore: `_path2`
[INFO] [stdout] 
[INFO] [stdout] 
[INFO] [stdout] warning: unused variable: `rclone_settings`
[INFO] [stdout]   --> src/sync.rs:24:47
[INFO] [stdout]    |
[INFO] [stdout] 24 | pub fn bisync_paths(path1: &str, path2: &str, rclone_settings: &HashMap<&'static str, String>) {
[INFO] [stdout]    |                                               ^^^^^^^^^^^^^^^ help: if this is intentional, prefix it with an underscore: `_rclone_settings`
[INFO] [stdout] 
[INFO] [stdout] 
[INFO] [stderr]     Finished `test` profile [unoptimized + debuginfo] target(s) in 0.90s
[INFO] running `Command { std: "docker" "inspect" "3e1d31f2523c4fd62bd30747f22a7013564043a4fd4ae226e90ba413c9f1ea87", kill_on_drop: false }`
[INFO] running `Command { std: "docker" "rm" "-f" "3e1d31f2523c4fd62bd30747f22a7013564043a4fd4ae226e90ba413c9f1ea87", kill_on_drop: false }`
[INFO] [stdout] 3e1d31f2523c4fd62bd30747f22a7013564043a4fd4ae226e90ba413c9f1ea87
[INFO] running `Command { std: "docker" "create" "-v" "/var/lib/crater-agent-workspace/builds/worker-1-tc2/target:/opt/rustwide/target:rw,Z" "-v" "/var/lib/crater-agent-workspace/builds/worker-1-tc2/source:/opt/rustwide/workdir:ro,Z" "-v" "/var/lib/crater-agent-workspace/cargo-home:/opt/rustwide/cargo-home:ro,Z" "-v" "/var/lib/crater-agent-workspace/rustup-home:/opt/rustwide/rustup-home:ro,Z" "-e" "SOURCE_DIR=/opt/rustwide/workdir" "-e" "CARGO_TARGET_DIR=/opt/rustwide/target" "-e" "CARGO_INCREMENTAL=0" "-e" "RUST_BACKTRACE=full" "-e" "RUSTFLAGS=--cap-lints=forbid -Zrandomize-layout" "-e" "RUSTDOCFLAGS=--cap-lints=forbid" "-e" "CARGO_HOME=/opt/rustwide/cargo-home" "-e" "RUSTUP_HOME=/opt/rustwide/rustup-home" "-w" "/opt/rustwide/workdir" "-m" "1610612736" "--user" "0:0" "--network" "none" "ghcr.io/rust-lang/crates-build-env/linux@sha256:819108c5571ea2e421544af4d832f968d213c87fbe3707a016657f43d2f853bc" "/opt/rustwide/cargo-home/bin/cargo" "+nightly-2025-01-18" "test" "--frozen", kill_on_drop: false }`
[INFO] [stdout] 18e6a1c23310e88f9a698f8d80b1c6e02069c8258c888e28337c55ccef42badc
[INFO] running `Command { std: "docker" "start" "-a" "18e6a1c23310e88f9a698f8d80b1c6e02069c8258c888e28337c55ccef42badc", kill_on_drop: false }`
[INFO] [stderr] warning: unused variable: `path1`
[INFO] [stderr]   --> src/sync.rs:24:21
[INFO] [stderr]    |
[INFO] [stderr] 24 | pub fn bisync_paths(path1: &str, path2: &str, rclone_settings: &HashMap<&'static str, String>) {
[INFO] [stderr]    |                     ^^^^^ help: if this is intentional, prefix it with an underscore: `_path1`
[INFO] [stderr]    |
[INFO] [stderr]    = note: `#[warn(unused_variables)]` on by default
[INFO] [stderr] 
[INFO] [stderr] warning: unused variable: `path2`
[INFO] [stderr]   --> src/sync.rs:24:34
[INFO] [stderr]    |
[INFO] [stderr] 24 | pub fn bisync_paths(path1: &str, path2: &str, rclone_settings: &HashMap<&'static str, String>) {
[INFO] [stderr]    |                                  ^^^^^ help: if this is intentional, prefix it with an underscore: `_path2`
[INFO] [stderr] 
[INFO] [stderr] warning: unused variable: `rclone_settings`
[INFO] [stderr]   --> src/sync.rs:24:47
[INFO] [stderr]    |
[INFO] [stderr] 24 | pub fn bisync_paths(path1: &str, path2: &str, rclone_settings: &HashMap<&'static str, String>) {
[INFO] [stderr]    |                                               ^^^^^^^^^^^^^^^ help: if this is intentional, prefix it with an underscore: `_rclone_settings`
[INFO] [stderr] 
[INFO] [stderr] warning: `obsidian_to_notion` (lib) generated 3 warnings
[INFO] [stderr] warning: unused import: `std::io`
[INFO] [stderr]  --> tests/integration_tests.rs:3:5
[INFO] [stderr]   |
[INFO] [stderr] 3 | use std::io;
[INFO] [stderr]   |     ^^^^^^^
[INFO] [stderr]   |
[INFO] [stderr]   = note: `#[warn(unused_imports)]` on by default
[INFO] [stderr] 
[INFO] [stderr] warning: unused import: `std::io::Write`
[INFO] [stderr]  --> tests/integration_tests.rs:4:5
[INFO] [stderr]   |
[INFO] [stderr] 4 | use std::io::Write;
[INFO] [stderr]   |     ^^^^^^^^^^^^^^
[INFO] [stderr] 
[INFO] [stderr] warning: `obsidian_to_notion` (test "integration_tests") generated 2 warnings (run `cargo fix --test "integration_tests"` to apply 2 suggestions)
[INFO] [stderr] warning: `obsidian_to_notion` (lib test) generated 3 warnings (3 duplicates)
[INFO] [stderr]     Finished `test` profile [unoptimized + debuginfo] target(s) in 0.07s
[INFO] [stderr]      Running unittests src/lib.rs (/opt/rustwide/target/debug/deps/obsidian_to_notion-751256eb0978a2fd)
[INFO] [stdout] 
[INFO] [stdout] running 0 tests
[INFO] [stdout] 
[INFO] [stdout] test result: ok. 0 passed; 0 failed; 0 ignored; 0 measured; 0 filtered out; finished in 0.00s
[INFO] [stdout] 
[INFO] [stderr]      Running unittests src/main.rs (/opt/rustwide/target/debug/deps/obsidian_to_notion-d6b7f8d11126412f)
[INFO] [stdout] 
[INFO] [stdout] running 0 tests
[INFO] [stdout] 
[INFO] [stdout] test result: ok. 0 passed; 0 failed; 0 ignored; 0 measured; 0 filtered out; finished in 0.00s
[INFO] [stdout] 
[INFO] [stderr]      Running tests/integration_tests.rs (/opt/rustwide/target/debug/deps/integration_tests-3413d84adeb2beb2)
[INFO] [stdout] 
[INFO] [stdout] running 1 test
[INFO] [stdout] test test_backup_and_sync ... FAILED
[INFO] [stdout] 
[INFO] [stdout] failures:
[INFO] [stdout] 
[INFO] [stdout] ---- test_backup_and_sync stdout ----
[INFO] [stdout] 
[INFO] [stdout] thread 'test_backup_and_sync' panicked at src/sync.rs:13:10:
[INFO] [stdout] Failed to run rclone config: Os { code: 2, kind: NotFound, message: "No such file or directory" }
[INFO] [stdout] stack backtrace:
[INFO] [stdout]    0:     0x57aef6c4d77a - std::backtrace_rs::backtrace::libunwind::trace::hb059275cfc8d6126
[INFO] [stdout]                                at /rustc/6067b36314ab5eb2eb47cecc464545ba58e1ad24/library/std/src/../../backtrace/src/backtrace/libunwind.rs:116:5
[INFO] [stdout]    1:     0x57aef6c4d77a - std::backtrace_rs::backtrace::trace_unsynchronized::h2da071e4327ce3ee
[INFO] [stdout]                                at /rustc/6067b36314ab5eb2eb47cecc464545ba58e1ad24/library/std/src/../../backtrace/src/backtrace/mod.rs:66:5
[INFO] [stdout]    2:     0x57aef6c4d77a - std::sys::backtrace::_print_fmt::h842a1474e6f8d23f
[INFO] [stdout]                                at /rustc/6067b36314ab5eb2eb47cecc464545ba58e1ad24/library/std/src/sys/backtrace.rs:66:9
[INFO] [stdout]    3:     0x57aef6c4d77a - <std::sys::backtrace::BacktraceLock::print::DisplayBacktrace as core::fmt::Display>::fmt::h71a62eb3b9696b12
[INFO] [stdout]                                at /rustc/6067b36314ab5eb2eb47cecc464545ba58e1ad24/library/std/src/sys/backtrace.rs:39:26
[INFO] [stdout]    4:     0x57aef6c764e3 - core::fmt::rt::Argument::fmt::hdb6b616786b41dc1
[INFO] [stdout]                                at /rustc/6067b36314ab5eb2eb47cecc464545ba58e1ad24/library/core/src/fmt/rt.rs:177:76
[INFO] [stdout]    5:     0x57aef6c764e3 - core::fmt::write::h2cc1698af7e2d686
[INFO] [stdout]                                at /rustc/6067b36314ab5eb2eb47cecc464545ba58e1ad24/library/core/src/fmt/mod.rs:1440:21
[INFO] [stdout]    6:     0x57aef6c49ec3 - std::io::Write::write_fmt::hab1b4cd059a79022
[INFO] [stdout]                                at /rustc/6067b36314ab5eb2eb47cecc464545ba58e1ad24/library/std/src/io/mod.rs:1887:15
[INFO] [stdout]    7:     0x57aef6c4d5c2 - std::sys::backtrace::BacktraceLock::print::h147fe35b4ea13b08
[INFO] [stdout]                                at /rustc/6067b36314ab5eb2eb47cecc464545ba58e1ad24/library/std/src/sys/backtrace.rs:42:9
[INFO] [stdout]    8:     0x57aef6c4eb9f - std::panicking::default_hook::{{closure}}::hbd44223dbdc0d208
[INFO] [stdout]                                at /rustc/6067b36314ab5eb2eb47cecc464545ba58e1ad24/library/std/src/panicking.rs:298:22
[INFO] [stdout]    9:     0x57aef6c4e9b8 - std::panicking::default_hook::h20f81eb0576efcec
[INFO] [stdout]                                at /rustc/6067b36314ab5eb2eb47cecc464545ba58e1ad24/library/std/src/panicking.rs:322:9
[INFO] [stdout]   10:     0x57aef6b0cfc3 - <alloc::boxed::Box<F,A> as core::ops::function::Fn<Args>>::call::hdb53814c496a4d34
[INFO] [stdout]                                at /rustc/6067b36314ab5eb2eb47cecc464545ba58e1ad24/library/alloc/src/boxed.rs:2027:9
[INFO] [stdout]   11:     0x57aef6b0cfc3 - test::test_main::{{closure}}::hc0a4963c59427c24
[INFO] [stdout]                                at /rustc/6067b36314ab5eb2eb47cecc464545ba58e1ad24/library/test/src/lib.rs:134:21
[INFO] [stdout]   12:     0x57aef6c4f693 - <alloc::boxed::Box<F,A> as core::ops::function::Fn<Args>>::call::h591b2225413a77e9
[INFO] [stdout]                                at /rustc/6067b36314ab5eb2eb47cecc464545ba58e1ad24/library/alloc/src/boxed.rs:2027:9
[INFO] [stdout]   13:     0x57aef6c4f693 - std::panicking::rust_panic_with_hook::h625eea43051b2edc
[INFO] [stdout]                                at /rustc/6067b36314ab5eb2eb47cecc464545ba58e1ad24/library/std/src/panicking.rs:839:13
[INFO] [stdout]   14:     0x57aef6c4f34a - std::panicking::begin_panic_handler::{{closure}}::h4f9159cfbc3f6bd3
[INFO] [stdout]                                at /rustc/6067b36314ab5eb2eb47cecc464545ba58e1ad24/library/std/src/panicking.rs:704:13
[INFO] [stdout]   15:     0x57aef6c4dc79 - std::sys::backtrace::__rust_end_short_backtrace::h0390abce48353151
[INFO] [stdout]                                at /rustc/6067b36314ab5eb2eb47cecc464545ba58e1ad24/library/std/src/sys/backtrace.rs:168:18
[INFO] [stdout]   16:     0x57aef6c4efdd - rust_begin_unwind
[INFO] [stdout]                                at /rustc/6067b36314ab5eb2eb47cecc464545ba58e1ad24/library/std/src/panicking.rs:695:5
[INFO] [stdout]   17:     0x57aef6c74ec0 - core::panicking::panic_fmt::h9e7c637e9e5f29c9
[INFO] [stdout]                                at /rustc/6067b36314ab5eb2eb47cecc464545ba58e1ad24/library/core/src/panicking.rs:75:14
[INFO] [stdout]   18:     0x57aef6c75336 - core::result::unwrap_failed::h7979f09313fe1849
[INFO] [stdout]                                at /rustc/6067b36314ab5eb2eb47cecc464545ba58e1ad24/library/core/src/result.rs:1704:5
[INFO] [stdout]   19:     0x57aef6b1cba5 - core::result::Result<T,E>::expect::h657bd11209c3c508
[INFO] [stdout]                                at /rustc/6067b36314ab5eb2eb47cecc464545ba58e1ad24/library/core/src/result.rs:1061:23
[INFO] [stdout]   20:     0x57aef6b1ea1a - obsidian_to_notion::sync::configure_rclone::hfa6231d926e4d6c0
[INFO] [stdout]                                at /opt/rustwide/workdir/src/sync.rs:10:22
[INFO] [stdout]   21:     0x57aef6ad2c0b - integration_tests::test_backup_and_sync::h5856aa484766fd16
[INFO] [stdout]                                at /opt/rustwide/workdir/tests/integration_tests.rs:27:5
[INFO] [stdout]   22:     0x57aef6ad2a07 - integration_tests::test_backup_and_sync::{{closure}}::h1ab4abc66d0d2546
[INFO] [stdout]                                at /opt/rustwide/workdir/tests/integration_tests.rs:11:26
[INFO] [stdout]   23:     0x57aef6ad0e06 - core::ops::function::FnOnce::call_once::h9e089c2d377bf1de
[INFO] [stdout]                                at /rustc/6067b36314ab5eb2eb47cecc464545ba58e1ad24/library/core/src/ops/function.rs:250:5
[INFO] [stdout]   24:     0x57aef6b1271b - core::ops::function::FnOnce::call_once::he27718dfdd183f43
[INFO] [stdout]                                at /rustc/6067b36314ab5eb2eb47cecc464545ba58e1ad24/library/core/src/ops/function.rs:250:5
[INFO] [stdout]   25:     0x57aef6b1271b - test::__rust_begin_short_backtrace::h4e84902998457a5d
[INFO] [stdout]                                at /rustc/6067b36314ab5eb2eb47cecc464545ba58e1ad24/library/test/src/lib.rs:632:18
[INFO] [stdout]   26:     0x57aef6b11653 - test::run_test_in_process::{{closure}}::h7176fd18fc1feca0
[INFO] [stdout]                                at /rustc/6067b36314ab5eb2eb47cecc464545ba58e1ad24/library/test/src/lib.rs:655:60
[INFO] [stdout]   27:     0x57aef6b11653 - <core::panic::unwind_safe::AssertUnwindSafe<F> as core::ops::function::FnOnce<()>>::call_once::hf79cff2a624d8cf7
[INFO] [stdout]                                at /rustc/6067b36314ab5eb2eb47cecc464545ba58e1ad24/library/core/src/panic/unwind_safe.rs:272:9
[INFO] [stdout]   28:     0x57aef6b11653 - std::panicking::try::do_call::h3da0561d9ab99c25
[INFO] [stdout]                                at /rustc/6067b36314ab5eb2eb47cecc464545ba58e1ad24/library/std/src/panicking.rs:587:40
[INFO] [stdout]   29:     0x57aef6b11653 - std::panicking::try::h41c9fa508bc61df6
[INFO] [stdout]                                at /rustc/6067b36314ab5eb2eb47cecc464545ba58e1ad24/library/std/src/panicking.rs:550:19
[INFO] [stdout]   30:     0x57aef6b11653 - std::panic::catch_unwind::h6b3ff07bb5afad93
[INFO] [stdout]                                at /rustc/6067b36314ab5eb2eb47cecc464545ba58e1ad24/library/std/src/panic.rs:358:14
[INFO] [stdout]   31:     0x57aef6b11653 - test::run_test_in_process::hc7253dd11b39b9f4
[INFO] [stdout]                                at /rustc/6067b36314ab5eb2eb47cecc464545ba58e1ad24/library/test/src/lib.rs:655:27
[INFO] [stdout]   32:     0x57aef6b11653 - test::run_test::{{closure}}::hfb2007f8649c30bb
[INFO] [stdout]                                at /rustc/6067b36314ab5eb2eb47cecc464545ba58e1ad24/library/test/src/lib.rs:576:43
[INFO] [stdout]   33:     0x57aef6ad4735 - test::run_test::{{closure}}::h56a17aa7a282a9f4
[INFO] [stdout]                                at /rustc/6067b36314ab5eb2eb47cecc464545ba58e1ad24/library/test/src/lib.rs:606:41
[INFO] [stdout]   34:     0x57aef6ad4735 - std::sys::backtrace::__rust_begin_short_backtrace::hd2d2d2fb8e8c6aac
[INFO] [stdout]                                at /rustc/6067b36314ab5eb2eb47cecc464545ba58e1ad24/library/std/src/sys/backtrace.rs:152:18
[INFO] [stdout]   35:     0x57aef6ad801a - std::thread::Builder::spawn_unchecked_::{{closure}}::{{closure}}::h4faa3f9db6133423
[INFO] [stdout]                                at /rustc/6067b36314ab5eb2eb47cecc464545ba58e1ad24/library/std/src/thread/mod.rs:559:17
[INFO] [stdout]   36:     0x57aef6ad801a - <core::panic::unwind_safe::AssertUnwindSafe<F> as core::ops::function::FnOnce<()>>::call_once::hf2e855a36a4ea846
[INFO] [stdout]                                at /rustc/6067b36314ab5eb2eb47cecc464545ba58e1ad24/library/core/src/panic/unwind_safe.rs:272:9
[INFO] [stdout]   37:     0x57aef6ad801a - std::panicking::try::do_call::h2f73af3616c35465
[INFO] [stdout]                                at /rustc/6067b36314ab5eb2eb47cecc464545ba58e1ad24/library/std/src/panicking.rs:587:40
[INFO] [stdout]   38:     0x57aef6ad801a - std::panicking::try::hd1660ce9efadef5a
[INFO] [stdout]                                at /rustc/6067b36314ab5eb2eb47cecc464545ba58e1ad24/library/std/src/panicking.rs:550:19
[INFO] [stdout]   39:     0x57aef6ad801a - std::panic::catch_unwind::h5ee8d7823b8ca744
[INFO] [stdout]                                at /rustc/6067b36314ab5eb2eb47cecc464545ba58e1ad24/library/std/src/panic.rs:358:14
[INFO] [stdout]   40:     0x57aef6ad801a - std::thread::Builder::spawn_unchecked_::{{closure}}::h53c3a1894dce8407
[INFO] [stdout]                                at /rustc/6067b36314ab5eb2eb47cecc464545ba58e1ad24/library/std/src/thread/mod.rs:557:30
[INFO] [stdout]   41:     0x57aef6ad801a - core::ops::function::FnOnce::call_once{{vtable.shim}}::h048ce291ad4f62bf
[INFO] [stdout]                                at /rustc/6067b36314ab5eb2eb47cecc464545ba58e1ad24/library/core/src/ops/function.rs:250:5
[INFO] [stdout]   42:     0x57aef6c545ab - <alloc::boxed::Box<F,A> as core::ops::function::FnOnce<Args>>::call_once::ha52bedf99a3b4981
[INFO] [stdout]                                at /rustc/6067b36314ab5eb2eb47cecc464545ba58e1ad24/library/alloc/src/boxed.rs:2013:9
[INFO] [stdout]   43:     0x57aef6c545ab - <alloc::boxed::Box<F,A> as core::ops::function::FnOnce<Args>>::call_once::h567748934d80ccf8
[INFO] [stdout]                                at /rustc/6067b36314ab5eb2eb47cecc464545ba58e1ad24/library/alloc/src/boxed.rs:2013:9
[INFO] [stdout]   44:     0x57aef6c545ab - std::sys::pal::unix::thread::Thread::new::thread_start::h2d970728ae887adc
[INFO] [stdout]                                at /rustc/6067b36314ab5eb2eb47cecc464545ba58e1ad24/library/std/src/sys/pal/unix/thread.rs:106:17
[INFO] [stdout]   45:     0x77ffb7a8dac3 - <unknown>
[INFO] [stdout]   46:     0x77ffb7b1ea04 - clone
[INFO] [stdout]   47:                0x0 - <unknown>
[INFO] [stdout] 
[INFO] [stdout] 
[INFO] [stdout] failures:
[INFO] [stdout]     test_backup_and_sync
[INFO] [stdout] 
[INFO] [stdout] test result: FAILED. 0 passed; 1 failed; 0 ignored; 0 measured; 0 filtered out; finished in 0.09s
[INFO] [stdout] 
[INFO] [stderr] error: test failed, to rerun pass `--test integration_tests`
[INFO] running `Command { std: "docker" "inspect" "18e6a1c23310e88f9a698f8d80b1c6e02069c8258c888e28337c55ccef42badc", kill_on_drop: false }`
[INFO] running `Command { std: "docker" "rm" "-f" "18e6a1c23310e88f9a698f8d80b1c6e02069c8258c888e28337c55ccef42badc", kill_on_drop: false }`
[INFO] [stdout] 18e6a1c23310e88f9a698f8d80b1c6e02069c8258c888e28337c55ccef42badc
