[INFO] cloning repository https://github.com/masapasa/trader
[INFO] running `Command { std: "git" "-c" "credential.helper=" "-c" "credential.helper=/workspace/cargo-home/bin/git-credential-null" "clone" "--bare" "https://github.com/masapasa/trader" "/workspace/cache/git-repos/https%3A%2F%2Fgithub.com%2Fmasapasa%2Ftrader", kill_on_drop: false }`
[INFO] [stderr] Cloning into bare repository '/workspace/cache/git-repos/https%3A%2F%2Fgithub.com%2Fmasapasa%2Ftrader'...
[INFO] running `Command { std: "git" "rev-parse" "HEAD", kill_on_drop: false }`
[INFO] [stdout] c746cc045b0d7fc530762a44a84231d1e30fc099
[INFO] testing masapasa/trader against nightly-2025-01-18 for randomize-layout-2
[INFO] running `Command { std: "git" "clone" "/workspace/cache/git-repos/https%3A%2F%2Fgithub.com%2Fmasapasa%2Ftrader" "/workspace/builds/worker-6-tc1/source", kill_on_drop: false }`
[INFO] [stderr] Cloning into '/workspace/builds/worker-6-tc1/source'...
[INFO] [stderr] done.
[INFO] validating manifest of git repo https://github.com/masapasa/trader on toolchain nightly-2025-01-18
[INFO] running `Command { std: CARGO_HOME="/workspace/cargo-home" RUSTUP_HOME="/workspace/rustup-home" "/workspace/cargo-home/bin/cargo" "+nightly-2025-01-18" "metadata" "--manifest-path" "Cargo.toml" "--no-deps", kill_on_drop: false }`
[INFO] started tweaking git repo https://github.com/masapasa/trader
[INFO] finished tweaking git repo https://github.com/masapasa/trader
[INFO] tweaked toml for git repo https://github.com/masapasa/trader written to /workspace/builds/worker-6-tc1/source/Cargo.toml
[INFO] crate git repo https://github.com/masapasa/trader already has a lockfile, it will not be regenerated
[INFO] running `Command { std: CARGO_HOME="/workspace/cargo-home" RUSTUP_HOME="/workspace/rustup-home" "/workspace/cargo-home/bin/cargo" "+nightly-2025-01-18" "fetch" "--manifest-path" "Cargo.toml", kill_on_drop: false }`
[INFO] running `Command { std: "docker" "create" "-v" "/var/lib/crater-agent-workspace/builds/worker-6-tc1/target:/opt/rustwide/target:rw,Z" "-v" "/var/lib/crater-agent-workspace/builds/worker-6-tc1/source:/opt/rustwide/workdir:ro,Z" "-v" "/var/lib/crater-agent-workspace/cargo-home:/opt/rustwide/cargo-home:ro,Z" "-v" "/var/lib/crater-agent-workspace/rustup-home:/opt/rustwide/rustup-home:ro,Z" "-e" "SOURCE_DIR=/opt/rustwide/workdir" "-e" "CARGO_TARGET_DIR=/opt/rustwide/target" "-e" "CARGO_HOME=/opt/rustwide/cargo-home" "-e" "RUSTUP_HOME=/opt/rustwide/rustup-home" "-w" "/opt/rustwide/workdir" "-m" "1610612736" "--user" "0:0" "--network" "none" "ghcr.io/rust-lang/crates-build-env/linux@sha256:819108c5571ea2e421544af4d832f968d213c87fbe3707a016657f43d2f853bc" "/opt/rustwide/cargo-home/bin/cargo" "+nightly-2025-01-18" "metadata" "--no-deps" "--format-version=1", kill_on_drop: false }`
[INFO] [stdout] 6b948151e3d1767d82ae31577e939b46a121481edde5aa6a7c412474ff6f74fb
[INFO] running `Command { std: "docker" "start" "-a" "6b948151e3d1767d82ae31577e939b46a121481edde5aa6a7c412474ff6f74fb", kill_on_drop: false }`
[INFO] running `Command { std: "docker" "inspect" "6b948151e3d1767d82ae31577e939b46a121481edde5aa6a7c412474ff6f74fb", kill_on_drop: false }`
[INFO] running `Command { std: "docker" "rm" "-f" "6b948151e3d1767d82ae31577e939b46a121481edde5aa6a7c412474ff6f74fb", kill_on_drop: false }`
[INFO] [stdout] 6b948151e3d1767d82ae31577e939b46a121481edde5aa6a7c412474ff6f74fb
[INFO] running `Command { std: "docker" "create" "-v" "/var/lib/crater-agent-workspace/builds/worker-6-tc1/target:/opt/rustwide/target:rw,Z" "-v" "/var/lib/crater-agent-workspace/builds/worker-6-tc1/source:/opt/rustwide/workdir:ro,Z" "-v" "/var/lib/crater-agent-workspace/cargo-home:/opt/rustwide/cargo-home:ro,Z" "-v" "/var/lib/crater-agent-workspace/rustup-home:/opt/rustwide/rustup-home:ro,Z" "-e" "SOURCE_DIR=/opt/rustwide/workdir" "-e" "CARGO_TARGET_DIR=/opt/rustwide/target" "-e" "CARGO_INCREMENTAL=0" "-e" "RUST_BACKTRACE=full" "-e" "RUSTFLAGS=--cap-lints=forbid" "-e" "RUSTDOCFLAGS=--cap-lints=forbid" "-e" "CARGO_HOME=/opt/rustwide/cargo-home" "-e" "RUSTUP_HOME=/opt/rustwide/rustup-home" "-w" "/opt/rustwide/workdir" "-m" "1610612736" "--user" "0:0" "--network" "none" "ghcr.io/rust-lang/crates-build-env/linux@sha256:819108c5571ea2e421544af4d832f968d213c87fbe3707a016657f43d2f853bc" "/opt/rustwide/cargo-home/bin/cargo" "+nightly-2025-01-18" "build" "--frozen" "--message-format=json", kill_on_drop: false }`
[INFO] [stdout] c468eebfc1c435b1323c64625d25375a03aba1491536390ad54f7b20853f2af0
[INFO] running `Command { std: "docker" "start" "-a" "c468eebfc1c435b1323c64625d25375a03aba1491536390ad54f7b20853f2af0", kill_on_drop: false }`
[INFO] [stderr]    Compiling cfg-if v1.0.0
[INFO] [stderr]    Compiling libc v0.2.118
[INFO] [stderr]    Compiling autocfg v1.1.0
[INFO] [stderr]    Compiling proc-macro2 v1.0.36
[INFO] [stderr]    Compiling unicode-xid v0.2.2
[INFO] [stderr]    Compiling lazy_static v1.4.0
[INFO] [stderr]    Compiling crossbeam-utils v0.8.7
[INFO] [stderr]    Compiling syn v1.0.86
[INFO] [stderr]    Compiling serde_derive v1.0.136
[INFO] [stderr]    Compiling crossbeam-epoch v0.9.7
[INFO] [stderr]    Compiling memchr v2.4.1
[INFO] [stderr]    Compiling serde v1.0.136
[INFO] [stderr]    Compiling scopeguard v1.1.0
[INFO] [stderr]    Compiling rayon-core v1.9.1
[INFO] [stderr]    Compiling serde_json v1.0.79
[INFO] [stderr]    Compiling ppv-lite86 v0.2.16
[INFO] [stderr]    Compiling regex-automata v0.1.10
[INFO] [stderr]    Compiling memoffset v0.6.5
[INFO] [stderr]    Compiling rayon v1.5.1
[INFO] [stderr]    Compiling crossbeam-channel v0.5.2
[INFO] [stderr]    Compiling getrandom v0.2.4
[INFO] [stderr]    Compiling num_cpus v1.13.1
[INFO] [stderr]    Compiling quote v1.0.15
[INFO] [stderr]    Compiling rand_core v0.6.3
[INFO] [stderr]    Compiling crossbeam-deque v0.8.1
[INFO] [stderr]    Compiling ryu v1.0.9
[INFO] [stderr]    Compiling rand_chacha v0.3.1
[INFO] [stderr]    Compiling csv-core v0.1.10
[INFO] [stderr]    Compiling either v1.6.1
[INFO] [stderr]    Compiling itoa v1.0.1
[INFO] [stderr]    Compiling itoa v0.4.8
[INFO] [stderr]    Compiling rand v0.8.5
[INFO] [stderr]    Compiling rand_pcg v0.3.1
[INFO] [stderr]    Compiling bstr v0.2.17
[INFO] [stderr]    Compiling csv v1.1.6
[INFO] [stderr]    Compiling trade_optimizer v0.1.0 (/opt/rustwide/workdir)
[INFO] [stdout] warning: unused import: `Candlestick`
[INFO] [stdout]  --> src/indicators/true_range.rs:1:26
[INFO] [stdout]   |
[INFO] [stdout] 1 | use crate::candlestick::{Candlestick, Close, High, Low};
[INFO] [stdout]   |                          ^^^^^^^^^^^
[INFO] [stdout]   |
[INFO] [stdout]   = note: `#[warn(unused_imports)]` on by default
[INFO] [stdout] 
[INFO] [stdout] 
[INFO] [stdout] warning: unused import: `std::thread::current`
[INFO] [stdout]  --> src/backtest/trade.rs:1:5
[INFO] [stdout]   |
[INFO] [stdout] 1 | use std::thread::current;
[INFO] [stdout]   |     ^^^^^^^^^^^^^^^^^^^^
[INFO] [stdout] 
[INFO] [stdout] 
[INFO] [stdout] warning: unused imports: `Candlestick` and `load_candlesticks`
[INFO] [stdout]  --> src/brkga.rs:5:26
[INFO] [stdout]   |
[INFO] [stdout] 5 | use crate::candlestick::{Candlestick, load_candlesticks};
[INFO] [stdout]   |                          ^^^^^^^^^^^  ^^^^^^^^^^^^^^^^^
[INFO] [stdout] 
[INFO] [stdout] 
[INFO] [stdout] warning: unused variable: `current_stoploss`
[INFO] [stdout]   --> src/backtest.rs:91:21
[INFO] [stdout]    |
[INFO] [stdout] 91 |             let mut current_stoploss: Option<f32> = None;
[INFO] [stdout]    |                     ^^^^^^^^^^^^^^^^ help: if this is intentional, prefix it with an underscore: `_current_stoploss`
[INFO] [stdout]    |
[INFO] [stdout]    = note: `#[warn(unused_variables)]` on by default
[INFO] [stdout] 
[INFO] [stdout] 
[INFO] [stdout] warning: unused variable: `current_takeprofit`
[INFO] [stdout]   --> src/backtest.rs:92:21
[INFO] [stdout]    |
[INFO] [stdout] 92 |             let mut current_takeprofit: Option<f32> = None;
[INFO] [stdout]    |                     ^^^^^^^^^^^^^^^^^^ help: if this is intentional, prefix it with an underscore: `_current_takeprofit`
[INFO] [stdout] 
[INFO] [stdout] 
[INFO] [stdout] warning: variable does not need to be mutable
[INFO] [stdout]   --> src/backtest.rs:91:17
[INFO] [stdout]    |
[INFO] [stdout] 91 |             let mut current_stoploss: Option<f32> = None;
[INFO] [stdout]    |                 ----^^^^^^^^^^^^^^^^
[INFO] [stdout]    |                 |
[INFO] [stdout]    |                 help: remove this `mut`
[INFO] [stdout]    |
[INFO] [stdout]    = note: `#[warn(unused_mut)]` on by default
[INFO] [stdout] 
[INFO] [stdout] 
[INFO] [stdout] warning: variable does not need to be mutable
[INFO] [stdout]   --> src/backtest.rs:92:17
[INFO] [stdout]    |
[INFO] [stdout] 92 |             let mut current_takeprofit: Option<f32> = None;
[INFO] [stdout]    |                 ----^^^^^^^^^^^^^^^^^^
[INFO] [stdout]    |                 |
[INFO] [stdout]    |                 help: remove this `mut`
[INFO] [stdout] 
[INFO] [stdout] 
[INFO] [stdout] warning: fields `open_timestamp` and `initial_position_size` are never read
[INFO] [stdout]   --> src/backtest/trade.rs:7:5
[INFO] [stdout]    |
[INFO] [stdout] 6  | pub struct Trade {
[INFO] [stdout]    |            ----- fields in this struct
[INFO] [stdout] 7  |     open_timestamp: u64,
[INFO] [stdout]    |     ^^^^^^^^^^^^^^
[INFO] [stdout] ...
[INFO] [stdout] 14 |     pub initial_position_size: f32, // initial value of the position in USD without leverage
[INFO] [stdout]    |         ^^^^^^^^^^^^^^^^^^^^^
[INFO] [stdout]    |
[INFO] [stdout]    = note: `#[warn(dead_code)]` on by default
[INFO] [stdout] 
[INFO] [stdout] 
[INFO] [stdout] warning: methods `increase_position`, `close`, `minutes_open`, and `check_profit` are never used
[INFO] [stdout]    --> src/backtest/trade.rs:81:12
[INFO] [stdout]     |
[INFO] [stdout] 31  | impl Trade {
[INFO] [stdout]     | ---------- methods in this implementation
[INFO] [stdout] ...
[INFO] [stdout] 81  |     pub fn increase_position(&mut self, current_candle: &Candlestick, position_size_increase: f32) {
[INFO] [stdout]     |            ^^^^^^^^^^^^^^^^^
[INFO] [stdout] ...
[INFO] [stdout] 112 |     pub fn close(&mut self, end_candle: &Candlestick) -> f32 {
[INFO] [stdout]     |            ^^^^^
[INFO] [stdout] ...
[INFO] [stdout] 145 |     pub fn minutes_open(&self) -> u64{
[INFO] [stdout]     |            ^^^^^^^^^^^^
[INFO] [stdout] ...
[INFO] [stdout] 188 |     pub fn check_profit(&self, current_candle: &Candlestick) -> f32 {
[INFO] [stdout]     |            ^^^^^^^^^^^^
[INFO] [stdout] 
[INFO] [stdout] 
[INFO] [stdout] warning: trait `FitnessFunction` is never used
[INFO] [stdout]   --> src/brkga.rs:21:7
[INFO] [stdout]    |
[INFO] [stdout] 21 | trait FitnessFunction {
[INFO] [stdout]    |       ^^^^^^^^^^^^^^^
[INFO] [stdout] 
[INFO] [stdout] 
[INFO] [stderr]     Finished `dev` profile [optimized + debuginfo] target(s) in 46.70s
[INFO] running `Command { std: "docker" "inspect" "c468eebfc1c435b1323c64625d25375a03aba1491536390ad54f7b20853f2af0", kill_on_drop: false }`
[INFO] running `Command { std: "docker" "rm" "-f" "c468eebfc1c435b1323c64625d25375a03aba1491536390ad54f7b20853f2af0", kill_on_drop: false }`
[INFO] [stdout] c468eebfc1c435b1323c64625d25375a03aba1491536390ad54f7b20853f2af0
[INFO] running `Command { std: "docker" "create" "-v" "/var/lib/crater-agent-workspace/builds/worker-6-tc1/target:/opt/rustwide/target:rw,Z" "-v" "/var/lib/crater-agent-workspace/builds/worker-6-tc1/source:/opt/rustwide/workdir:ro,Z" "-v" "/var/lib/crater-agent-workspace/cargo-home:/opt/rustwide/cargo-home:ro,Z" "-v" "/var/lib/crater-agent-workspace/rustup-home:/opt/rustwide/rustup-home:ro,Z" "-e" "SOURCE_DIR=/opt/rustwide/workdir" "-e" "CARGO_TARGET_DIR=/opt/rustwide/target" "-e" "CARGO_INCREMENTAL=0" "-e" "RUST_BACKTRACE=full" "-e" "RUSTFLAGS=--cap-lints=forbid" "-e" "RUSTDOCFLAGS=--cap-lints=forbid" "-e" "CARGO_HOME=/opt/rustwide/cargo-home" "-e" "RUSTUP_HOME=/opt/rustwide/rustup-home" "-w" "/opt/rustwide/workdir" "-m" "1610612736" "--user" "0:0" "--network" "none" "ghcr.io/rust-lang/crates-build-env/linux@sha256:819108c5571ea2e421544af4d832f968d213c87fbe3707a016657f43d2f853bc" "/opt/rustwide/cargo-home/bin/cargo" "+nightly-2025-01-18" "test" "--frozen" "--no-run" "--message-format=json", kill_on_drop: false }`
[INFO] [stdout] a3c46df22f978f04f76e8f947fab81ee3ee619340c2f31ef26540ae2eaff3a7d
[INFO] running `Command { std: "docker" "start" "-a" "a3c46df22f978f04f76e8f947fab81ee3ee619340c2f31ef26540ae2eaff3a7d", kill_on_drop: false }`
[INFO] [stderr]    Compiling trade_optimizer v0.1.0 (/opt/rustwide/workdir)
[INFO] [stdout] warning: unused import: `std::thread::current`
[INFO] [stdout]  --> src/backtest/trade.rs:1:5
[INFO] [stdout]   |
[INFO] [stdout] 1 | use std::thread::current;
[INFO] [stdout]   |     ^^^^^^^^^^^^^^^^^^^^
[INFO] [stdout]   |
[INFO] [stdout]   = note: `#[warn(unused_imports)]` on by default
[INFO] [stdout] 
[INFO] [stdout] 
[INFO] [stdout] warning: unused import: `Candlestick`
[INFO] [stdout]  --> src/brkga.rs:5:26
[INFO] [stdout]   |
[INFO] [stdout] 5 | use crate::candlestick::{Candlestick, load_candlesticks};
[INFO] [stdout]   |                          ^^^^^^^^^^^
[INFO] [stdout] 
[INFO] [stdout] 
[INFO] [stdout] warning: unused variable: `current_stoploss`
[INFO] [stdout]   --> src/backtest.rs:91:21
[INFO] [stdout]    |
[INFO] [stdout] 91 |             let mut current_stoploss: Option<f32> = None;
[INFO] [stdout]    |                     ^^^^^^^^^^^^^^^^ help: if this is intentional, prefix it with an underscore: `_current_stoploss`
[INFO] [stdout]    |
[INFO] [stdout]    = note: `#[warn(unused_variables)]` on by default
[INFO] [stdout] 
[INFO] [stdout] 
[INFO] [stdout] warning: unused variable: `current_takeprofit`
[INFO] [stdout]   --> src/backtest.rs:92:21
[INFO] [stdout]    |
[INFO] [stdout] 92 |             let mut current_takeprofit: Option<f32> = None;
[INFO] [stdout]    |                     ^^^^^^^^^^^^^^^^^^ help: if this is intentional, prefix it with an underscore: `_current_takeprofit`
[INFO] [stdout] 
[INFO] [stdout] 
[INFO] [stdout] warning: variable does not need to be mutable
[INFO] [stdout]   --> src/backtest.rs:91:17
[INFO] [stdout]    |
[INFO] [stdout] 91 |             let mut current_stoploss: Option<f32> = None;
[INFO] [stdout]    |                 ----^^^^^^^^^^^^^^^^
[INFO] [stdout]    |                 |
[INFO] [stdout]    |                 help: remove this `mut`
[INFO] [stdout]    |
[INFO] [stdout]    = note: `#[warn(unused_mut)]` on by default
[INFO] [stdout] 
[INFO] [stdout] 
[INFO] [stdout] warning: variable does not need to be mutable
[INFO] [stdout]   --> src/backtest.rs:92:17
[INFO] [stdout]    |
[INFO] [stdout] 92 |             let mut current_takeprofit: Option<f32> = None;
[INFO] [stdout]    |                 ----^^^^^^^^^^^^^^^^^^
[INFO] [stdout]    |                 |
[INFO] [stdout]    |                 help: remove this `mut`
[INFO] [stdout] 
[INFO] [stdout] 
[INFO] [stdout] warning: unused variable: `i`
[INFO] [stdout]    --> src/backtest.rs:165:17
[INFO] [stdout]     |
[INFO] [stdout] 165 |             for i in 0..100 {
[INFO] [stdout]     |                 ^ help: if this is intentional, prefix it with an underscore: `_i`
[INFO] [stdout] 
[INFO] [stdout] 
[INFO] [stdout] warning: fields `open_timestamp` and `initial_position_size` are never read
[INFO] [stdout]   --> src/backtest/trade.rs:7:5
[INFO] [stdout]    |
[INFO] [stdout] 6  | pub struct Trade {
[INFO] [stdout]    |            ----- fields in this struct
[INFO] [stdout] 7  |     open_timestamp: u64,
[INFO] [stdout]    |     ^^^^^^^^^^^^^^
[INFO] [stdout] ...
[INFO] [stdout] 14 |     pub initial_position_size: f32, // initial value of the position in USD without leverage
[INFO] [stdout]    |         ^^^^^^^^^^^^^^^^^^^^^
[INFO] [stdout]    |
[INFO] [stdout]    = note: `#[warn(dead_code)]` on by default
[INFO] [stdout] 
[INFO] [stdout] 
[INFO] [stdout] warning: methods `increase_position`, `minutes_open`, and `check_profit` are never used
[INFO] [stdout]    --> src/backtest/trade.rs:81:12
[INFO] [stdout]     |
[INFO] [stdout] 31  | impl Trade {
[INFO] [stdout]     | ---------- methods in this implementation
[INFO] [stdout] ...
[INFO] [stdout] 81  |     pub fn increase_position(&mut self, current_candle: &Candlestick, position_size_increase: f32) {
[INFO] [stdout]     |            ^^^^^^^^^^^^^^^^^
[INFO] [stdout] ...
[INFO] [stdout] 145 |     pub fn minutes_open(&self) -> u64{
[INFO] [stdout]     |            ^^^^^^^^^^^^
[INFO] [stdout] ...
[INFO] [stdout] 188 |     pub fn check_profit(&self, current_candle: &Candlestick) -> f32 {
[INFO] [stdout]     |            ^^^^^^^^^^^^
[INFO] [stdout] 
[INFO] [stdout] 
[INFO] [stdout] warning: trait `FitnessFunction` is never used
[INFO] [stdout]   --> src/brkga.rs:21:7
[INFO] [stdout]    |
[INFO] [stdout] 21 | trait FitnessFunction {
[INFO] [stdout]    |       ^^^^^^^^^^^^^^^
[INFO] [stdout] 
[INFO] [stdout] 
[INFO] [stderr]     Finished `test` profile [optimized + debuginfo] target(s) in 2.70s
[INFO] running `Command { std: "docker" "inspect" "a3c46df22f978f04f76e8f947fab81ee3ee619340c2f31ef26540ae2eaff3a7d", kill_on_drop: false }`
[INFO] running `Command { std: "docker" "rm" "-f" "a3c46df22f978f04f76e8f947fab81ee3ee619340c2f31ef26540ae2eaff3a7d", kill_on_drop: false }`
[INFO] [stdout] a3c46df22f978f04f76e8f947fab81ee3ee619340c2f31ef26540ae2eaff3a7d
[INFO] running `Command { std: "docker" "create" "-v" "/var/lib/crater-agent-workspace/builds/worker-6-tc1/target:/opt/rustwide/target:rw,Z" "-v" "/var/lib/crater-agent-workspace/builds/worker-6-tc1/source:/opt/rustwide/workdir:ro,Z" "-v" "/var/lib/crater-agent-workspace/cargo-home:/opt/rustwide/cargo-home:ro,Z" "-v" "/var/lib/crater-agent-workspace/rustup-home:/opt/rustwide/rustup-home:ro,Z" "-e" "SOURCE_DIR=/opt/rustwide/workdir" "-e" "CARGO_TARGET_DIR=/opt/rustwide/target" "-e" "CARGO_INCREMENTAL=0" "-e" "RUST_BACKTRACE=full" "-e" "RUSTFLAGS=--cap-lints=forbid" "-e" "RUSTDOCFLAGS=--cap-lints=forbid" "-e" "CARGO_HOME=/opt/rustwide/cargo-home" "-e" "RUSTUP_HOME=/opt/rustwide/rustup-home" "-w" "/opt/rustwide/workdir" "-m" "1610612736" "--user" "0:0" "--network" "none" "ghcr.io/rust-lang/crates-build-env/linux@sha256:819108c5571ea2e421544af4d832f968d213c87fbe3707a016657f43d2f853bc" "/opt/rustwide/cargo-home/bin/cargo" "+nightly-2025-01-18" "test" "--frozen", kill_on_drop: false }`
[INFO] [stdout] 7fc29786d41b171a33ce8d650f528816fd83ab378967b88f3c1c39c70f8cb431
[INFO] running `Command { std: "docker" "start" "-a" "7fc29786d41b171a33ce8d650f528816fd83ab378967b88f3c1c39c70f8cb431", kill_on_drop: false }`
[INFO] [stderr] warning: unused import: `std::thread::current`
[INFO] [stderr]  --> src/backtest/trade.rs:1:5
[INFO] [stderr]   |
[INFO] [stderr] 1 | use std::thread::current;
[INFO] [stderr]   |     ^^^^^^^^^^^^^^^^^^^^
[INFO] [stderr]   |
[INFO] [stderr]   = note: `#[warn(unused_imports)]` on by default
[INFO] [stderr] 
[INFO] [stderr] warning: unused import: `Candlestick`
[INFO] [stderr]  --> src/brkga.rs:5:26
[INFO] [stderr]   |
[INFO] [stderr] 5 | use crate::candlestick::{Candlestick, load_candlesticks};
[INFO] [stderr]   |                          ^^^^^^^^^^^
[INFO] [stderr] 
[INFO] [stderr] warning: unused variable: `current_stoploss`
[INFO] [stderr]   --> src/backtest.rs:91:21
[INFO] [stderr]    |
[INFO] [stderr] 91 |             let mut current_stoploss: Option<f32> = None;
[INFO] [stderr]    |                     ^^^^^^^^^^^^^^^^ help: if this is intentional, prefix it with an underscore: `_current_stoploss`
[INFO] [stderr]    |
[INFO] [stderr]    = note: `#[warn(unused_variables)]` on by default
[INFO] [stderr] 
[INFO] [stderr] warning: unused variable: `current_takeprofit`
[INFO] [stderr]   --> src/backtest.rs:92:21
[INFO] [stderr]    |
[INFO] [stderr] 92 |             let mut current_takeprofit: Option<f32> = None;
[INFO] [stderr]    |                     ^^^^^^^^^^^^^^^^^^ help: if this is intentional, prefix it with an underscore: `_current_takeprofit`
[INFO] [stderr] 
[INFO] [stderr] warning: variable does not need to be mutable
[INFO] [stderr]   --> src/backtest.rs:91:17
[INFO] [stderr]    |
[INFO] [stderr] 91 |             let mut current_stoploss: Option<f32> = None;
[INFO] [stderr]    |                 ----^^^^^^^^^^^^^^^^
[INFO] [stderr]    |                 |
[INFO] [stderr]    |                 help: remove this `mut`
[INFO] [stderr]    |
[INFO] [stderr]    = note: `#[warn(unused_mut)]` on by default
[INFO] [stderr] 
[INFO] [stderr] warning: variable does not need to be mutable
[INFO] [stderr]   --> src/backtest.rs:92:17
[INFO] [stderr]    |
[INFO] [stderr] 92 |             let mut current_takeprofit: Option<f32> = None;
[INFO] [stderr]    |                 ----^^^^^^^^^^^^^^^^^^
[INFO] [stderr]    |                 |
[INFO] [stderr]    |                 help: remove this `mut`
[INFO] [stderr] 
[INFO] [stderr] warning: unused variable: `i`
[INFO] [stderr]    --> src/backtest.rs:165:17
[INFO] [stderr]     |
[INFO] [stderr] 165 |             for i in 0..100 {
[INFO] [stderr]     |                 ^ help: if this is intentional, prefix it with an underscore: `_i`
[INFO] [stderr] 
[INFO] [stderr] warning: fields `open_timestamp` and `initial_position_size` are never read
[INFO] [stderr]   --> src/backtest/trade.rs:7:5
[INFO] [stderr]    |
[INFO] [stderr] 6  | pub struct Trade {
[INFO] [stderr]    |            ----- fields in this struct
[INFO] [stderr] 7  |     open_timestamp: u64,
[INFO] [stderr]    |     ^^^^^^^^^^^^^^
[INFO] [stderr] ...
[INFO] [stderr] 14 |     pub initial_position_size: f32, // initial value of the position in USD without leverage
[INFO] [stderr]    |         ^^^^^^^^^^^^^^^^^^^^^
[INFO] [stderr]    |
[INFO] [stderr]    = note: `#[warn(dead_code)]` on by default
[INFO] [stderr] 
[INFO] [stderr] warning: methods `increase_position`, `minutes_open`, and `check_profit` are never used
[INFO] [stderr]    --> src/backtest/trade.rs:81:12
[INFO] [stderr]     |
[INFO] [stderr] 31  | impl Trade {
[INFO] [stderr]     | ---------- methods in this implementation
[INFO] [stderr] ...
[INFO] [stderr] 81  |     pub fn increase_position(&mut self, current_candle: &Candlestick, position_size_increase: f32) {
[INFO] [stderr]     |            ^^^^^^^^^^^^^^^^^
[INFO] [stderr] ...
[INFO] [stderr] 145 |     pub fn minutes_open(&self) -> u64{
[INFO] [stderr]     |            ^^^^^^^^^^^^
[INFO] [stderr] ...
[INFO] [stderr] 188 |     pub fn check_profit(&self, current_candle: &Candlestick) -> f32 {
[INFO] [stderr]     |            ^^^^^^^^^^^^
[INFO] [stderr] 
[INFO] [stderr] warning: trait `FitnessFunction` is never used
[INFO] [stderr]   --> src/brkga.rs:21:7
[INFO] [stderr]    |
[INFO] [stderr] 21 | trait FitnessFunction {
[INFO] [stderr]    |       ^^^^^^^^^^^^^^^
[INFO] [stderr] 
[INFO] [stderr] warning: `trade_optimizer` (bin "trade_optimizer" test) generated 10 warnings (run `cargo fix --bin "trade_optimizer" --tests` to apply 4 suggestions)
[INFO] [stderr]     Finished `test` profile [optimized + debuginfo] target(s) in 0.15s
[INFO] [stderr]      Running unittests src/main.rs (/opt/rustwide/target/debug/deps/trade_optimizer-d30de22588098b1f)
[INFO] [stdout] 
[INFO] [stdout] running 33 tests
[INFO] [stdout] test backtest::tests::split_candlesticks_for_validation_and_training ... ok
[INFO] [stdout] test backtest::trade::tests::open_short_trade_correctly ... ok
[INFO] [stdout] test backtest::trade::tests::test_close_trade_with_profit ... ok
[INFO] [stdout] test backtest::trade::tests::test_long_liquidation_price ... ok
[INFO] [stdout] test backtest::trade::tests::close_short_trade_correctly ... ok
[INFO] [stdout] test backtest::strategy::tests::test_decode_single_strategy ... ok
[INFO] [stdout] test backtest::trade::tests::open_long_trade_correctly ... ok
[INFO] [stdout] test indicators::average_true_range::tests::test_display ... ok
[INFO] [stdout] test indicators::average_true_range::tests::test_next ... ok
[INFO] [stdout] test backtest::trade::tests::test_short_liquidation_price ... ok
[INFO] [stdout] test indicators::exponential_moving_average::tests::test_display ... ok
[INFO] [stdout] test indicators::average_true_range::tests::test_new ... ok
[INFO] [stdout] test indicators::exponential_moving_average::tests::test_new ... ok
[INFO] [stdout] test indicators::exponential_moving_average::tests::test_next ... ok
[INFO] [stdout] test indicators::moving_average_convergence_divergence::tests::test_display ... ok
[INFO] [stdout] test indicators::moving_average_convergence_divergence::tests::test_macd ... ok
[INFO] [stdout] test indicators::relative_strength_index::tests::test_display ... ok
[INFO] [stdout] test indicators::relative_strength_index::tests::test_new ... ok
[INFO] [stdout] test indicators::relative_strength_index::tests::test_next ... ok
[INFO] [stdout] test indicators::simple_moving_average::tests::test_display ... ok
[INFO] [stdout] test indicators::simple_moving_average::tests::test_max_value ... ok
[INFO] [stdout] test indicators::simple_moving_average::tests::test_new ... ok
[INFO] [stdout] test indicators::simple_moving_average::tests::test_min_value ... ok
[INFO] [stdout] test indicators::simple_moving_average::tests::test_next ... ok
[INFO] [stdout] test indicators::true_range::tests::test_display ... ok
[INFO] [stdout] test utils::tests::test_map_range ... ok
[INFO] [stdout] test indicators::true_range::tests::test_next_candle ... ok
[INFO] [stdout] test utils::tests::test_percentage_difference ... ok
[INFO] [stdout] test indicators::true_range::tests::test_next_f32 ... ok
[INFO] [stdout] test indicators::simple_moving_average::tests::test_next_with_candlesticks ... ok
[INFO] [stdout] test backtest::trade::tests::close_long_trade_correctly ... ok
[INFO] [stdout] test brkga::tests::test_new_brkga ... FAILED
[INFO] [stdout] test brkga::tests::test_generate_random_invidiual ... FAILED
[INFO] [stdout] 
[INFO] [stdout] failures:
[INFO] [stdout] 
[INFO] [stdout] ---- brkga::tests::test_new_brkga stdout ----
[INFO] [stdout] 
[INFO] [stdout] thread 'brkga::tests::test_new_brkga' panicked at src/brkga.rs:205:71:
[INFO] [stdout] called `Result::unwrap()` on an `Err` value: Error(Io(Os { code: 2, kind: NotFound, message: "No such file or directory" }))
[INFO] [stdout] stack backtrace:
[INFO] [stdout]    0:     0x62267eb8fd0a - std::backtrace_rs::backtrace::libunwind::trace::hb059275cfc8d6126
[INFO] [stdout]                                at /rustc/6067b36314ab5eb2eb47cecc464545ba58e1ad24/library/std/src/../../backtrace/src/backtrace/libunwind.rs:116:5
[INFO] [stdout]    1:     0x62267eb8fd0a - std::backtrace_rs::backtrace::trace_unsynchronized::h2da071e4327ce3ee
[INFO] [stdout]                                at /rustc/6067b36314ab5eb2eb47cecc464545ba58e1ad24/library/std/src/../../backtrace/src/backtrace/mod.rs:66:5
[INFO] [stdout]    2:     0x62267eb8fd0a - std::sys::backtrace::_print_fmt::h842a1474e6f8d23f
[INFO] [stdout]                                at /rustc/6067b36314ab5eb2eb47cecc464545ba58e1ad24/library/std/src/sys/backtrace.rs:66:9
[INFO] [stdout]    3:     0x62267eb8fd0a - <std::sys::backtrace::BacktraceLock::print::DisplayBacktrace as core::fmt::Display>::fmt::h71a62eb3b9696b12
[INFO] [stdout]                                at /rustc/6067b36314ab5eb2eb47cecc464545ba58e1ad24/library/std/src/sys/backtrace.rs:39:26
[INFO] [stdout]    4:     0x62267ebb8d13 - core::fmt::rt::Argument::fmt::hdb6b616786b41dc1
[INFO] [stdout]                                at /rustc/6067b36314ab5eb2eb47cecc464545ba58e1ad24/library/core/src/fmt/rt.rs:177:76
[INFO] [stdout]    5:     0x62267ebb8d13 - core::fmt::write::h2cc1698af7e2d686
[INFO] [stdout]                                at /rustc/6067b36314ab5eb2eb47cecc464545ba58e1ad24/library/core/src/fmt/mod.rs:1440:21
[INFO] [stdout]    6:     0x62267eb8c863 - std::io::Write::write_fmt::hab1b4cd059a79022
[INFO] [stdout]                                at /rustc/6067b36314ab5eb2eb47cecc464545ba58e1ad24/library/std/src/io/mod.rs:1887:15
[INFO] [stdout]    7:     0x62267eb8fb52 - std::sys::backtrace::BacktraceLock::print::h147fe35b4ea13b08
[INFO] [stdout]                                at /rustc/6067b36314ab5eb2eb47cecc464545ba58e1ad24/library/std/src/sys/backtrace.rs:42:9
[INFO] [stdout]    8:     0x62267eb9112f - std::panicking::default_hook::{{closure}}::hbd44223dbdc0d208
[INFO] [stdout]                                at /rustc/6067b36314ab5eb2eb47cecc464545ba58e1ad24/library/std/src/panicking.rs:298:22
[INFO] [stdout]    9:     0x62267eb90f48 - std::panicking::default_hook::h20f81eb0576efcec
[INFO] [stdout]                                at /rustc/6067b36314ab5eb2eb47cecc464545ba58e1ad24/library/std/src/panicking.rs:322:9
[INFO] [stdout]   10:     0x62267eb55023 - <alloc::boxed::Box<F,A> as core::ops::function::Fn<Args>>::call::hdb53814c496a4d34
[INFO] [stdout]                                at /rustc/6067b36314ab5eb2eb47cecc464545ba58e1ad24/library/alloc/src/boxed.rs:2027:9
[INFO] [stdout]   11:     0x62267eb55023 - test::test_main::{{closure}}::hc0a4963c59427c24
[INFO] [stdout]                                at /rustc/6067b36314ab5eb2eb47cecc464545ba58e1ad24/library/test/src/lib.rs:134:21
[INFO] [stdout]   12:     0x62267eb91c23 - <alloc::boxed::Box<F,A> as core::ops::function::Fn<Args>>::call::h591b2225413a77e9
[INFO] [stdout]                                at /rustc/6067b36314ab5eb2eb47cecc464545ba58e1ad24/library/alloc/src/boxed.rs:2027:9
[INFO] [stdout]   13:     0x62267eb91c23 - std::panicking::rust_panic_with_hook::h625eea43051b2edc
[INFO] [stdout]                                at /rustc/6067b36314ab5eb2eb47cecc464545ba58e1ad24/library/std/src/panicking.rs:839:13
[INFO] [stdout]   14:     0x62267eb918da - std::panicking::begin_panic_handler::{{closure}}::h4f9159cfbc3f6bd3
[INFO] [stdout]                                at /rustc/6067b36314ab5eb2eb47cecc464545ba58e1ad24/library/std/src/panicking.rs:704:13
[INFO] [stdout]   15:     0x62267eb90209 - std::sys::backtrace::__rust_end_short_backtrace::h0390abce48353151
[INFO] [stdout]                                at /rustc/6067b36314ab5eb2eb47cecc464545ba58e1ad24/library/std/src/sys/backtrace.rs:168:18
[INFO] [stdout]   16:     0x62267eb9156d - rust_begin_unwind
[INFO] [stdout]                                at /rustc/6067b36314ab5eb2eb47cecc464545ba58e1ad24/library/std/src/panicking.rs:695:5
[INFO] [stdout]   17:     0x62267ebb6c90 - core::panicking::panic_fmt::h9e7c637e9e5f29c9
[INFO] [stdout]                                at /rustc/6067b36314ab5eb2eb47cecc464545ba58e1ad24/library/core/src/panicking.rs:75:14
[INFO] [stdout]   18:     0x62267ebb7106 - core::result::unwrap_failed::h7979f09313fe1849
[INFO] [stdout]                                at /rustc/6067b36314ab5eb2eb47cecc464545ba58e1ad24/library/core/src/result.rs:1704:5
[INFO] [stdout]   19:     0x62267eb15d71 - core::result::Result<T,E>::unwrap::h72a103b1802d997a
[INFO] [stdout]                                at /rustc/6067b36314ab5eb2eb47cecc464545ba58e1ad24/library/core/src/result.rs:1109:23
[INFO] [stdout]   20:     0x62267eb15d71 - trade_optimizer::brkga::tests::test_new_brkga::h10b285499e538bcc
[INFO] [stdout]                                at /opt/rustwide/workdir/src/brkga.rs:205:23
[INFO] [stdout]   21:     0x62267eb17a79 - trade_optimizer::brkga::tests::test_new_brkga::{{closure}}::ha88a63e3d90463cb
[INFO] [stdout]                                at /opt/rustwide/workdir/src/brkga.rs:203:24
[INFO] [stdout]   22:     0x62267eb17a79 - core::ops::function::FnOnce::call_once::hd383a79400de931b
[INFO] [stdout]                                at /rustc/6067b36314ab5eb2eb47cecc464545ba58e1ad24/library/core/src/ops/function.rs:250:5
[INFO] [stdout]   23:     0x62267eb5a77b - core::ops::function::FnOnce::call_once::he27718dfdd183f43
[INFO] [stdout]                                at /rustc/6067b36314ab5eb2eb47cecc464545ba58e1ad24/library/core/src/ops/function.rs:250:5
[INFO] [stdout]   24:     0x62267eb5a77b - test::__rust_begin_short_backtrace::h4e84902998457a5d
[INFO] [stdout]                                at /rustc/6067b36314ab5eb2eb47cecc464545ba58e1ad24/library/test/src/lib.rs:632:18
[INFO] [stdout]   25:     0x62267eb596b3 - test::run_test_in_process::{{closure}}::h7176fd18fc1feca0
[INFO] [stdout]                                at /rustc/6067b36314ab5eb2eb47cecc464545ba58e1ad24/library/test/src/lib.rs:655:60
[INFO] [stdout]   26:     0x62267eb596b3 - <core::panic::unwind_safe::AssertUnwindSafe<F> as core::ops::function::FnOnce<()>>::call_once::hf79cff2a624d8cf7
[INFO] [stdout]                                at /rustc/6067b36314ab5eb2eb47cecc464545ba58e1ad24/library/core/src/panic/unwind_safe.rs:272:9
[INFO] [stdout]   27:     0x62267eb596b3 - std::panicking::try::do_call::h3da0561d9ab99c25
[INFO] [stdout]                                at /rustc/6067b36314ab5eb2eb47cecc464545ba58e1ad24/library/std/src/panicking.rs:587:40
[INFO] [stdout]   28:     0x62267eb596b3 - std::panicking::try::h41c9fa508bc61df6
[INFO] [stdout]                                at /rustc/6067b36314ab5eb2eb47cecc464545ba58e1ad24/library/std/src/panicking.rs:550:19
[INFO] [stdout]   29:     0x62267eb596b3 - std::panic::catch_unwind::h6b3ff07bb5afad93
[INFO] [stdout]                                at /rustc/6067b36314ab5eb2eb47cecc464545ba58e1ad24/library/std/src/panic.rs:358:14
[INFO] [stdout]   30:     0x62267eb596b3 - test::run_test_in_process::hc7253dd11b39b9f4
[INFO] [stdout]                                at /rustc/6067b36314ab5eb2eb47cecc464545ba58e1ad24/library/test/src/lib.rs:655:27
[INFO] [stdout]   31:     0x62267eb596b3 - test::run_test::{{closure}}::hfb2007f8649c30bb
[INFO] [stdout]                                at /rustc/6067b36314ab5eb2eb47cecc464545ba58e1ad24/library/test/src/lib.rs:576:43
[INFO] [stdout]   32:     0x62267eb1c795 - test::run_test::{{closure}}::h56a17aa7a282a9f4
[INFO] [stdout]                                at /rustc/6067b36314ab5eb2eb47cecc464545ba58e1ad24/library/test/src/lib.rs:606:41
[INFO] [stdout]   33:     0x62267eb1c795 - std::sys::backtrace::__rust_begin_short_backtrace::hd2d2d2fb8e8c6aac
[INFO] [stdout]                                at /rustc/6067b36314ab5eb2eb47cecc464545ba58e1ad24/library/std/src/sys/backtrace.rs:152:18
[INFO] [stdout]   34:     0x62267eb2007a - std::thread::Builder::spawn_unchecked_::{{closure}}::{{closure}}::h4faa3f9db6133423
[INFO] [stdout]                                at /rustc/6067b36314ab5eb2eb47cecc464545ba58e1ad24/library/std/src/thread/mod.rs:559:17
[INFO] [stdout]   35:     0x62267eb2007a - <core::panic::unwind_safe::AssertUnwindSafe<F> as core::ops::function::FnOnce<()>>::call_once::hf2e855a36a4ea846
[INFO] [stdout]                                at /rustc/6067b36314ab5eb2eb47cecc464545ba58e1ad24/library/core/src/panic/unwind_safe.rs:272:9
[INFO] [stdout]   36:     0x62267eb2007a - std::panicking::try::do_call::h2f73af3616c35465
[INFO] [stdout]                                at /rustc/6067b36314ab5eb2eb47cecc464545ba58e1ad24/library/std/src/panicking.rs:587:40
[INFO] [stdout]   37:     0x62267eb2007a - std::panicking::try::hd1660ce9efadef5a
[INFO] [stdout]                                at /rustc/6067b36314ab5eb2eb47cecc464545ba58e1ad24/library/std/src/panicking.rs:550:19
[INFO] [stdout]   38:     0x62267eb2007a - std::panic::catch_unwind::h5ee8d7823b8ca744
[INFO] [stdout]                                at /rustc/6067b36314ab5eb2eb47cecc464545ba58e1ad24/library/std/src/panic.rs:358:14
[INFO] [stdout]   39:     0x62267eb2007a - std::thread::Builder::spawn_unchecked_::{{closure}}::h53c3a1894dce8407
[INFO] [stdout]                                at /rustc/6067b36314ab5eb2eb47cecc464545ba58e1ad24/library/std/src/thread/mod.rs:557:30
[INFO] [stdout]   40:     0x62267eb2007a - core::ops::function::FnOnce::call_once{{vtable.shim}}::h048ce291ad4f62bf
[INFO] [stdout]                                at /rustc/6067b36314ab5eb2eb47cecc464545ba58e1ad24/library/core/src/ops/function.rs:250:5
[INFO] [stdout]   41:     0x62267eb95b6b - <alloc::boxed::Box<F,A> as core::ops::function::FnOnce<Args>>::call_once::ha52bedf99a3b4981
[INFO] [stdout]                                at /rustc/6067b36314ab5eb2eb47cecc464545ba58e1ad24/library/alloc/src/boxed.rs:2013:9
[INFO] [stdout]   42:     0x62267eb95b6b - <alloc::boxed::Box<F,A> as core::ops::function::FnOnce<Args>>::call_once::h567748934d80ccf8
[INFO] [stdout]                                at /rustc/6067b36314ab5eb2eb47cecc464545ba58e1ad24/library/alloc/src/boxed.rs:2013:9
[INFO] [stdout]   43:     0x62267eb95b6b - std::sys::pal::unix::thread::Thread::new::thread_start::h2d970728ae887adc
[INFO] [stdout]                                at /rustc/6067b36314ab5eb2eb47cecc464545ba58e1ad24/library/std/src/sys/pal/unix/thread.rs:106:17
[INFO] [stdout]   44:     0x73945b99bac3 - <unknown>
[INFO] [stdout]   45:     0x73945ba2ca04 - clone
[INFO] [stdout]   46:                0x0 - <unknown>
[INFO] [stdout] 
[INFO] [stdout] ---- brkga::tests::test_generate_random_invidiual stdout ----
[INFO] [stdout] 
[INFO] [stdout] thread 'brkga::tests::test_generate_random_invidiual' panicked at src/brkga.rs:220:71:
[INFO] [stdout] called `Result::unwrap()` on an `Err` value: Error(Io(Os { code: 2, kind: NotFound, message: "No such file or directory" }))
[INFO] [stdout] stack backtrace:
[INFO] [stdout]    0:     0x62267eb8fd0a - std::backtrace_rs::backtrace::libunwind::trace::hb059275cfc8d6126
[INFO] [stdout]                                at /rustc/6067b36314ab5eb2eb47cecc464545ba58e1ad24/library/std/src/../../backtrace/src/backtrace/libunwind.rs:116:5
[INFO] [stdout]    1:     0x62267eb8fd0a - std::backtrace_rs::backtrace::trace_unsynchronized::h2da071e4327ce3ee
[INFO] [stdout]                                at /rustc/6067b36314ab5eb2eb47cecc464545ba58e1ad24/library/std/src/../../backtrace/src/backtrace/mod.rs:66:5
[INFO] [stdout]    2:     0x62267eb8fd0a - std::sys::backtrace::_print_fmt::h842a1474e6f8d23f
[INFO] [stdout]                                at /rustc/6067b36314ab5eb2eb47cecc464545ba58e1ad24/library/std/src/sys/backtrace.rs:66:9
[INFO] [stdout]    3:     0x62267eb8fd0a - <std::sys::backtrace::BacktraceLock::print::DisplayBacktrace as core::fmt::Display>::fmt::h71a62eb3b9696b12
[INFO] [stdout]                                at /rustc/6067b36314ab5eb2eb47cecc464545ba58e1ad24/library/std/src/sys/backtrace.rs:39:26
[INFO] [stdout]    4:     0x62267ebb8d13 - core::fmt::rt::Argument::fmt::hdb6b616786b41dc1
[INFO] [stdout]                                at /rustc/6067b36314ab5eb2eb47cecc464545ba58e1ad24/library/core/src/fmt/rt.rs:177:76
[INFO] [stdout]    5:     0x62267ebb8d13 - core::fmt::write::h2cc1698af7e2d686
[INFO] [stdout]                                at /rustc/6067b36314ab5eb2eb47cecc464545ba58e1ad24/library/core/src/fmt/mod.rs:1440:21
[INFO] [stdout]    6:     0x62267eb8c863 - std::io::Write::write_fmt::hab1b4cd059a79022
[INFO] [stdout]                                at /rustc/6067b36314ab5eb2eb47cecc464545ba58e1ad24/library/std/src/io/mod.rs:1887:15
[INFO] [stdout]    7:     0x62267eb8fb52 - std::sys::backtrace::BacktraceLock::print::h147fe35b4ea13b08
[INFO] [stdout]                                at /rustc/6067b36314ab5eb2eb47cecc464545ba58e1ad24/library/std/src/sys/backtrace.rs:42:9
[INFO] [stdout]    8:     0x62267eb9112f - std::panicking::default_hook::{{closure}}::hbd44223dbdc0d208
[INFO] [stdout]                                at /rustc/6067b36314ab5eb2eb47cecc464545ba58e1ad24/library/std/src/panicking.rs:298:22
[INFO] [stdout]    9:     0x62267eb90f48 - std::panicking::default_hook::h20f81eb0576efcec
[INFO] [stdout]                                at /rustc/6067b36314ab5eb2eb47cecc464545ba58e1ad24/library/std/src/panicking.rs:322:9
[INFO] [stdout]   10:     0x62267eb55023 - <alloc::boxed::Box<F,A> as core::ops::function::Fn<Args>>::call::hdb53814c496a4d34
[INFO] [stdout]                                at /rustc/6067b36314ab5eb2eb47cecc464545ba58e1ad24/library/alloc/src/boxed.rs:2027:9
[INFO] [stdout]   11:     0x62267eb55023 - test::test_main::{{closure}}::hc0a4963c59427c24
[INFO] [stdout]                                at /rustc/6067b36314ab5eb2eb47cecc464545ba58e1ad24/library/test/src/lib.rs:134:21
[INFO] [stdout]   12:     0x62267eb91c23 - <alloc::boxed::Box<F,A> as core::ops::function::Fn<Args>>::call::h591b2225413a77e9
[INFO] [stdout]                                at /rustc/6067b36314ab5eb2eb47cecc464545ba58e1ad24/library/alloc/src/boxed.rs:2027:9
[INFO] [stdout]   13:     0x62267eb91c23 - std::panicking::rust_panic_with_hook::h625eea43051b2edc
[INFO] [stdout]                                at /rustc/6067b36314ab5eb2eb47cecc464545ba58e1ad24/library/std/src/panicking.rs:839:13
[INFO] [stdout]   14:     0x62267eb918da - std::panicking::begin_panic_handler::{{closure}}::h4f9159cfbc3f6bd3
[INFO] [stdout]                                at /rustc/6067b36314ab5eb2eb47cecc464545ba58e1ad24/library/std/src/panicking.rs:704:13
[INFO] [stdout]   15:     0x62267eb90209 - std::sys::backtrace::__rust_end_short_backtrace::h0390abce48353151
[INFO] [stdout]                                at /rustc/6067b36314ab5eb2eb47cecc464545ba58e1ad24/library/std/src/sys/backtrace.rs:168:18
[INFO] [stdout]   16:     0x62267eb9156d - rust_begin_unwind
[INFO] [stdout]                                at /rustc/6067b36314ab5eb2eb47cecc464545ba58e1ad24/library/std/src/panicking.rs:695:5
[INFO] [stdout]   17:     0x62267ebb6c90 - core::panicking::panic_fmt::h9e7c637e9e5f29c9
[INFO] [stdout]                                at /rustc/6067b36314ab5eb2eb47cecc464545ba58e1ad24/library/core/src/panicking.rs:75:14
[INFO] [stdout]   18:     0x62267ebb7106 - core::result::unwrap_failed::h7979f09313fe1849
[INFO] [stdout]                                at /rustc/6067b36314ab5eb2eb47cecc464545ba58e1ad24/library/core/src/result.rs:1704:5
[INFO] [stdout]   19:     0x62267eb168a5 - core::result::Result<T,E>::unwrap::h72a103b1802d997a
[INFO] [stdout]                                at /rustc/6067b36314ab5eb2eb47cecc464545ba58e1ad24/library/core/src/result.rs:1109:23
[INFO] [stdout]   20:     0x62267eb168a5 - trade_optimizer::brkga::tests::test_generate_random_invidiual::h67945f0376362c66
[INFO] [stdout]                                at /opt/rustwide/workdir/src/brkga.rs:220:23
[INFO] [stdout]   21:     0x62267eb178d9 - trade_optimizer::brkga::tests::test_generate_random_invidiual::{{closure}}::h12c7cd1eef1704eb
[INFO] [stdout]                                at /opt/rustwide/workdir/src/brkga.rs:218:40
[INFO] [stdout]   22:     0x62267eb178d9 - core::ops::function::FnOnce::call_once::h615dcdf0de192b0d
[INFO] [stdout]                                at /rustc/6067b36314ab5eb2eb47cecc464545ba58e1ad24/library/core/src/ops/function.rs:250:5
[INFO] [stdout]   23:     0x62267eb5a77b - core::ops::function::FnOnce::call_once::he27718dfdd183f43
[INFO] [stdout]                                at /rustc/6067b36314ab5eb2eb47cecc464545ba58e1ad24/library/core/src/ops/function.rs:250:5
[INFO] [stdout]   24:     0x62267eb5a77b - test::__rust_begin_short_backtrace::h4e84902998457a5d
[INFO] [stdout]                                at /rustc/6067b36314ab5eb2eb47cecc464545ba58e1ad24/library/test/src/lib.rs:632:18
[INFO] [stdout]   25:     0x62267eb596b3 - test::run_test_in_process::{{closure}}::h7176fd18fc1feca0
[INFO] [stdout]                                at /rustc/6067b36314ab5eb2eb47cecc464545ba58e1ad24/library/test/src/lib.rs:655:60
[INFO] [stdout]   26:     0x62267eb596b3 - <core::panic::unwind_safe::AssertUnwindSafe<F> as core::ops::function::FnOnce<()>>::call_once::hf79cff2a624d8cf7
[INFO] [stdout]                                at /rustc/6067b36314ab5eb2eb47cecc464545ba58e1ad24/library/core/src/panic/unwind_safe.rs:272:9
[INFO] [stdout]   27:     0x62267eb596b3 - std::panicking::try::do_call::h3da0561d9ab99c25
[INFO] [stdout]                                at /rustc/6067b36314ab5eb2eb47cecc464545ba58e1ad24/library/std/src/panicking.rs:587:40
[INFO] [stdout]   28:     0x62267eb596b3 - std::panicking::try::h41c9fa508bc61df6
[INFO] [stdout]                                at /rustc/6067b36314ab5eb2eb47cecc464545ba58e1ad24/library/std/src/panicking.rs:550:19
[INFO] [stdout]   29:     0x62267eb596b3 - std::panic::catch_unwind::h6b3ff07bb5afad93
[INFO] [stdout]                                at /rustc/6067b36314ab5eb2eb47cecc464545ba58e1ad24/library/std/src/panic.rs:358:14
[INFO] [stdout]   30:     0x62267eb596b3 - test::run_test_in_process::hc7253dd11b39b9f4
[INFO] [stdout]                                at /rustc/6067b36314ab5eb2eb47cecc464545ba58e1ad24/library/test/src/lib.rs:655:27
[INFO] [stdout]   31:     0x62267eb596b3 - test::run_test::{{closure}}::hfb2007f8649c30bb
[INFO] [stdout]                                at /rustc/6067b36314ab5eb2eb47cecc464545ba58e1ad24/library/test/src/lib.rs:576:43
[INFO] [stdout]   32:     0x62267eb1c795 - test::run_test::{{closure}}::h56a17aa7a282a9f4
[INFO] [stdout]                                at /rustc/6067b36314ab5eb2eb47cecc464545ba58e1ad24/library/test/src/lib.rs:606:41
[INFO] [stdout]   33:     0x62267eb1c795 - std::sys::backtrace::__rust_begin_short_backtrace::hd2d2d2fb8e8c6aac
[INFO] [stdout]                                at /rustc/6067b36314ab5eb2eb47cecc464545ba58e1ad24/library/std/src/sys/backtrace.rs:152:18
[INFO] [stdout]   34:     0x62267eb2007a - std::thread::Builder::spawn_unchecked_::{{closure}}::{{closure}}::h4faa3f9db6133423
[INFO] [stdout]                                at /rustc/6067b36314ab5eb2eb47cecc464545ba58e1ad24/library/std/src/thread/mod.rs:559:17
[INFO] [stdout]   35:     0x62267eb2007a - <core::panic::unwind_safe::AssertUnwindSafe<F> as core::ops::function::FnOnce<()>>::call_once::hf2e855a36a4ea846
[INFO] [stdout]                                at /rustc/6067b36314ab5eb2eb47cecc464545ba58e1ad24/library/core/src/panic/unwind_safe.rs:272:9
[INFO] [stdout]   36:     0x62267eb2007a - std::panicking::try::do_call::h2f73af3616c35465
[INFO] [stdout]                                at /rustc/6067b36314ab5eb2eb47cecc464545ba58e1ad24/library/std/src/panicking.rs:587:40
[INFO] [stdout]   37:     0x62267eb2007a - std::panicking::try::hd1660ce9efadef5a
[INFO] [stdout]                                at /rustc/6067b36314ab5eb2eb47cecc464545ba58e1ad24/library/std/src/panicking.rs:550:19
[INFO] [stdout]   38:     0x62267eb2007a - std::panic::catch_unwind::h5ee8d7823b8ca744
[INFO] [stdout]                                at /rustc/6067b36314ab5eb2eb47cecc464545ba58e1ad24/library/std/src/panic.rs:358:14
[INFO] [stdout]   39:     0x62267eb2007a - std::thread::Builder::spawn_unchecked_::{{closure}}::h53c3a1894dce8407
[INFO] [stdout]                                at /rustc/6067b36314ab5eb2eb47cecc464545ba58e1ad24/library/std/src/thread/mod.rs:557:30
[INFO] [stdout]   40:     0x62267eb2007a - core::ops::function::FnOnce::call_once{{vtable.shim}}::h048ce291ad4f62bf
[INFO] [stdout]                                at /rustc/6067b36314ab5eb2eb47cecc464545ba58e1ad24/library/core/src/ops/function.rs:250:5
[INFO] [stdout]   41:     0x62267eb95b6b - <alloc::boxed::Box<F,A> as core::ops::function::FnOnce<Args>>::call_once::ha52bedf99a3b4981
[INFO] [stdout]                                at /rustc/6067b36314ab5eb2eb47cecc464545ba58e1ad24/library/alloc/src/boxed.rs:2013:9
[INFO] [stdout]   42:     0x62267eb95b6b - <alloc::boxed::Box<F,A> as core::ops::function::FnOnce<Args>>::call_once::h567748934d80ccf8
[INFO] [stdout]                                at /rustc/6067b36314ab5eb2eb47cecc464545ba58e1ad24/library/alloc/src/boxed.rs:2013:9
[INFO] [stdout]   43:     0x62267eb95b6b - std::sys::pal::unix::thread::Thread::new::thread_start::h2d970728ae887adc
[INFO] [stdout]                                at /rustc/6067b36314ab5eb2eb47cecc464545ba58e1ad24/library/std/src/sys/pal/unix/thread.rs:106:17
[INFO] [stdout]   44:     0x73945b99bac3 - <unknown>
[INFO] [stdout]   45:     0x73945ba2ca04 - clone
[INFO] [stdout]   46:                0x0 - <unknown>
[INFO] [stdout] 
[INFO] [stdout] 
[INFO] [stdout] failures:
[INFO] [stdout]     brkga::tests::test_generate_random_invidiual
[INFO] [stdout]     brkga::tests::test_new_brkga
[INFO] [stdout] 
[INFO] [stdout] test result: FAILED. 31 passed; 2 failed; 0 ignored; 0 measured; 0 filtered out; finished in 0.12s
[INFO] [stdout] 
[INFO] [stderr] error: test failed, to rerun pass `--bin trade_optimizer`
[INFO] running `Command { std: "docker" "inspect" "7fc29786d41b171a33ce8d650f528816fd83ab378967b88f3c1c39c70f8cb431", kill_on_drop: false }`
[INFO] running `Command { std: "docker" "rm" "-f" "7fc29786d41b171a33ce8d650f528816fd83ab378967b88f3c1c39c70f8cb431", kill_on_drop: false }`
[INFO] [stdout] 7fc29786d41b171a33ce8d650f528816fd83ab378967b88f3c1c39c70f8cb431
