[INFO] cloning repository https://github.com/masapasa/juta
[INFO] running `Command { std: "git" "-c" "credential.helper=" "-c" "credential.helper=/workspace/cargo-home/bin/git-credential-null" "clone" "--bare" "https://github.com/masapasa/juta" "/workspace/cache/git-repos/https%3A%2F%2Fgithub.com%2Fmasapasa%2Fjuta", kill_on_drop: false }`
[INFO] [stderr] Cloning into bare repository '/workspace/cache/git-repos/https%3A%2F%2Fgithub.com%2Fmasapasa%2Fjuta'...
[INFO] running `Command { std: "git" "rev-parse" "HEAD", kill_on_drop: false }`
[INFO] [stdout] 701c89b4a7bb2e7d5435cfc45e5025004d604ab3
[INFO] testing masapasa/juta against nightly-2025-01-18+rustflags=-Zrandomize-layout for randomize-layout-2
[INFO] running `Command { std: "git" "clone" "/workspace/cache/git-repos/https%3A%2F%2Fgithub.com%2Fmasapasa%2Fjuta" "/workspace/builds/worker-5-tc2/source", kill_on_drop: false }`
[INFO] [stderr] Cloning into '/workspace/builds/worker-5-tc2/source'...
[INFO] [stderr] done.
[INFO] validating manifest of git repo https://github.com/masapasa/juta on toolchain nightly-2025-01-18
[INFO] running `Command { std: CARGO_HOME="/workspace/cargo-home" RUSTUP_HOME="/workspace/rustup-home" "/workspace/cargo-home/bin/cargo" "+nightly-2025-01-18" "metadata" "--manifest-path" "Cargo.toml" "--no-deps", kill_on_drop: false }`
[INFO] removed /workspace/builds/worker-5-tc2/source/.cargo/config
[INFO] started tweaking git repo https://github.com/masapasa/juta
[INFO] finished tweaking git repo https://github.com/masapasa/juta
[INFO] tweaked toml for git repo https://github.com/masapasa/juta written to /workspace/builds/worker-5-tc2/source/Cargo.toml
[INFO] crate git repo https://github.com/masapasa/juta already has a lockfile, it will not be regenerated
[INFO] running `Command { std: CARGO_HOME="/workspace/cargo-home" RUSTUP_HOME="/workspace/rustup-home" "/workspace/cargo-home/bin/cargo" "+nightly-2025-01-18" "fetch" "--manifest-path" "Cargo.toml", kill_on_drop: false }`
[INFO] running `Command { std: "docker" "create" "-v" "/var/lib/crater-agent-workspace/builds/worker-5-tc2/target:/opt/rustwide/target:rw,Z" "-v" "/var/lib/crater-agent-workspace/builds/worker-5-tc2/source:/opt/rustwide/workdir:ro,Z" "-v" "/var/lib/crater-agent-workspace/cargo-home:/opt/rustwide/cargo-home:ro,Z" "-v" "/var/lib/crater-agent-workspace/rustup-home:/opt/rustwide/rustup-home:ro,Z" "-e" "SOURCE_DIR=/opt/rustwide/workdir" "-e" "CARGO_TARGET_DIR=/opt/rustwide/target" "-e" "CARGO_HOME=/opt/rustwide/cargo-home" "-e" "RUSTUP_HOME=/opt/rustwide/rustup-home" "-w" "/opt/rustwide/workdir" "-m" "1610612736" "--user" "0:0" "--network" "none" "ghcr.io/rust-lang/crates-build-env/linux@sha256:819108c5571ea2e421544af4d832f968d213c87fbe3707a016657f43d2f853bc" "/opt/rustwide/cargo-home/bin/cargo" "+nightly-2025-01-18" "metadata" "--no-deps" "--format-version=1", kill_on_drop: false }`
[INFO] [stdout] 2d25bc9be7dcf8d15536f88982180cca5ca25bf277d0c7988f88cb8af68d3f79
[INFO] running `Command { std: "docker" "start" "-a" "2d25bc9be7dcf8d15536f88982180cca5ca25bf277d0c7988f88cb8af68d3f79", kill_on_drop: false }`
[INFO] running `Command { std: "docker" "inspect" "2d25bc9be7dcf8d15536f88982180cca5ca25bf277d0c7988f88cb8af68d3f79", kill_on_drop: false }`
[INFO] running `Command { std: "docker" "rm" "-f" "2d25bc9be7dcf8d15536f88982180cca5ca25bf277d0c7988f88cb8af68d3f79", kill_on_drop: false }`
[INFO] [stdout] 2d25bc9be7dcf8d15536f88982180cca5ca25bf277d0c7988f88cb8af68d3f79
[INFO] running `Command { std: "docker" "create" "-v" "/var/lib/crater-agent-workspace/builds/worker-5-tc2/target:/opt/rustwide/target:rw,Z" "-v" "/var/lib/crater-agent-workspace/builds/worker-5-tc2/source:/opt/rustwide/workdir:ro,Z" "-v" "/var/lib/crater-agent-workspace/cargo-home:/opt/rustwide/cargo-home:ro,Z" "-v" "/var/lib/crater-agent-workspace/rustup-home:/opt/rustwide/rustup-home:ro,Z" "-e" "SOURCE_DIR=/opt/rustwide/workdir" "-e" "CARGO_TARGET_DIR=/opt/rustwide/target" "-e" "CARGO_INCREMENTAL=0" "-e" "RUST_BACKTRACE=full" "-e" "RUSTFLAGS=--cap-lints=forbid -Zrandomize-layout" "-e" "RUSTDOCFLAGS=--cap-lints=forbid" "-e" "CARGO_HOME=/opt/rustwide/cargo-home" "-e" "RUSTUP_HOME=/opt/rustwide/rustup-home" "-w" "/opt/rustwide/workdir" "-m" "1610612736" "--user" "0:0" "--network" "none" "ghcr.io/rust-lang/crates-build-env/linux@sha256:819108c5571ea2e421544af4d832f968d213c87fbe3707a016657f43d2f853bc" "/opt/rustwide/cargo-home/bin/cargo" "+nightly-2025-01-18" "build" "--frozen" "--message-format=json", kill_on_drop: false }`
[INFO] [stdout] b3fea2d036ec4dcc03e2f521e813682e19da9f39c3bb783589f6084ae314cce2
[INFO] running `Command { std: "docker" "start" "-a" "b3fea2d036ec4dcc03e2f521e813682e19da9f39c3bb783589f6084ae314cce2", kill_on_drop: false }`
[INFO] [stderr]    Compiling version_check v0.9.4
[INFO] [stderr]    Compiling zeroize v1.8.1
[INFO] [stderr]    Compiling typenum v1.17.0
[INFO] [stderr]    Compiling proc-macro2 v1.0.84
[INFO] [stderr]    Compiling unicode-ident v1.0.12
[INFO] [stderr]    Compiling subtle v2.5.0
[INFO] [stderr]    Compiling const-oid v0.9.6
[INFO] [stderr]    Compiling serde v1.0.203
[INFO] [stderr]    Compiling syn v1.0.109
[INFO] [stderr]    Compiling base16ct v0.2.0
[INFO] [stderr]    Compiling der v0.7.9
[INFO] [stderr]    Compiling ff v0.13.0
[INFO] [stderr]    Compiling once_cell v1.19.0
[INFO] [stderr]    Compiling cpufeatures v0.2.12
[INFO] [stderr]    Compiling thiserror v1.0.61
[INFO] [stderr]    Compiling serde_json v1.0.117
[INFO] [stderr]    Compiling group v0.13.0
[INFO] [stderr]    Compiling generic-array v0.14.7
[INFO] [stderr]    Compiling ahash v0.7.8
[INFO] [stderr]    Compiling byteorder v1.5.0
[INFO] [stderr]    Compiling schemars v0.8.21
[INFO] [stderr]    Compiling opaque-debug v0.3.1
[INFO] [stderr]    Compiling ryu v1.0.18
[INFO] [stderr]    Compiling itoa v1.0.11
[INFO] [stderr]    Compiling quote v1.0.36
[INFO] [stderr]    Compiling rand_core v0.5.1
[INFO] [stderr]    Compiling dyn-clone v1.0.17
[INFO] [stderr]    Compiling syn v2.0.66
[INFO] [stderr]    Compiling hex v0.4.3
[INFO] [stderr]    Compiling forward_ref v1.0.0
[INFO] [stderr]    Compiling base64 v0.21.7
[INFO] [stderr]    Compiling static_assertions v1.1.0
[INFO] [stderr]    Compiling bnum v0.10.0
[INFO] [stderr]    Compiling hashbrown v0.12.3
[INFO] [stderr]    Compiling bech32 v0.9.1
[INFO] [stderr]    Compiling semver v1.0.23
[INFO] [stderr]    Compiling spki v0.7.3
[INFO] [stderr]    Compiling pkcs8 v0.10.2
[INFO] [stderr]    Compiling block-buffer v0.10.4
[INFO] [stderr]    Compiling crypto-common v0.1.6
[INFO] [stderr]    Compiling crypto-bigint v0.5.5
[INFO] [stderr]    Compiling digest v0.9.0
[INFO] [stderr]    Compiling sec1 v0.7.3
[INFO] [stderr]    Compiling block-buffer v0.9.0
[INFO] [stderr]    Compiling curve25519-dalek v3.2.0
[INFO] [stderr]    Compiling sha2 v0.9.9
[INFO] [stderr]    Compiling digest v0.10.7
[INFO] [stderr]    Compiling hmac v0.12.1
[INFO] [stderr]    Compiling signature v2.2.0
[INFO] [stderr]    Compiling rfc6979 v0.4.0
[INFO] [stderr]    Compiling sha2 v0.10.8
[INFO] [stderr]    Compiling serde_derive_internals v0.29.1
[INFO] [stderr]    Compiling serde_derive v1.0.203
[INFO] [stderr]    Compiling thiserror-impl v1.0.61
[INFO] [stderr]    Compiling elliptic-curve v0.13.8
[INFO] [stderr]    Compiling schemars_derive v0.8.21
[INFO] [stderr]    Compiling ecdsa v0.16.9
[INFO] [stderr]    Compiling k256 v0.13.3
[INFO] [stderr]    Compiling derivative v2.2.0
[INFO] [stderr]    Compiling cosmwasm-derive v2.0.3
[INFO] [stderr]    Compiling cosmwasm-schema-derive v2.0.3
[INFO] [stderr]    Compiling ed25519-zebra v3.1.0
[INFO] [stderr]    Compiling serde-json-wasm v1.0.1
[INFO] [stderr]    Compiling cosmwasm-crypto v2.0.3
[INFO] [stderr]    Compiling cosmwasm-std v2.0.3
[INFO] [stderr]    Compiling cosmwasm-schema v2.0.3
[INFO] [stderr]    Compiling cw-utils v2.0.0
[INFO] [stderr]    Compiling cw-storage-plus v2.0.0
[INFO] [stderr]    Compiling cw20 v2.0.0
[INFO] [stderr]    Compiling cw2 v2.0.0
[INFO] [stderr]    Compiling kujira-std v1.1.0
[INFO] [stderr]    Compiling kujira-fin v1.1.0
[INFO] [stderr]    Compiling kujira-orca v1.1.0
[INFO] [stderr]    Compiling kujira-ghost v1.1.0
[INFO] [stderr]    Compiling kujira-bow v1.1.0
[INFO] [stderr]    Compiling kujira-stable v1.1.0
[INFO] [stderr]    Compiling kujira v1.1.0
[INFO] [stderr]    Compiling juta v0.1.0 (/opt/rustwide/workdir)
[INFO] [stdout] warning: unused variable: `deposit_amount`
[INFO] [stdout]   --> src/contract.rs:90:9
[INFO] [stdout]    |
[INFO] [stdout] 90 |     let deposit_amount = amount.checked_div(Uint128::from(vault_count))?;
[INFO] [stdout]    |         ^^^^^^^^^^^^^^ help: if this is intentional, prefix it with an underscore: `_deposit_amount`
[INFO] [stdout]    |
[INFO] [stdout]    = note: `#[warn(unused_variables)]` on by default
[INFO] [stdout] 
[INFO] [stdout] 
[INFO] [stdout] warning: unused variable: `deposit_amount`
[INFO] [stdout]    --> src/contract.rs:133:17
[INFO] [stdout]     |
[INFO] [stdout] 133 |             let deposit_amount = target_balance - *balance;
[INFO] [stdout]     |                 ^^^^^^^^^^^^^^ help: if this is intentional, prefix it with an underscore: `_deposit_amount`
[INFO] [stdout] 
[INFO] [stdout] 
[INFO] [stdout] warning: unused variable: `info`
[INFO] [stdout]    --> src/contract.rs:166:5
[INFO] [stdout]     |
[INFO] [stdout] 166 |     info: MessageInfo,
[INFO] [stdout]     |     ^^^^ help: if this is intentional, prefix it with an underscore: `_info`
[INFO] [stdout] 
[INFO] [stdout] 
[INFO] [stderr]     Finished `dev` profile [unoptimized + debuginfo] target(s) in 1m 10s
[INFO] running `Command { std: "docker" "inspect" "b3fea2d036ec4dcc03e2f521e813682e19da9f39c3bb783589f6084ae314cce2", kill_on_drop: false }`
[INFO] running `Command { std: "docker" "rm" "-f" "b3fea2d036ec4dcc03e2f521e813682e19da9f39c3bb783589f6084ae314cce2", kill_on_drop: false }`
[INFO] [stdout] b3fea2d036ec4dcc03e2f521e813682e19da9f39c3bb783589f6084ae314cce2
[INFO] running `Command { std: "docker" "create" "-v" "/var/lib/crater-agent-workspace/builds/worker-5-tc2/target:/opt/rustwide/target:rw,Z" "-v" "/var/lib/crater-agent-workspace/builds/worker-5-tc2/source:/opt/rustwide/workdir:ro,Z" "-v" "/var/lib/crater-agent-workspace/cargo-home:/opt/rustwide/cargo-home:ro,Z" "-v" "/var/lib/crater-agent-workspace/rustup-home:/opt/rustwide/rustup-home:ro,Z" "-e" "SOURCE_DIR=/opt/rustwide/workdir" "-e" "CARGO_TARGET_DIR=/opt/rustwide/target" "-e" "CARGO_INCREMENTAL=0" "-e" "RUST_BACKTRACE=full" "-e" "RUSTFLAGS=--cap-lints=forbid -Zrandomize-layout" "-e" "RUSTDOCFLAGS=--cap-lints=forbid" "-e" "CARGO_HOME=/opt/rustwide/cargo-home" "-e" "RUSTUP_HOME=/opt/rustwide/rustup-home" "-w" "/opt/rustwide/workdir" "-m" "1610612736" "--user" "0:0" "--network" "none" "ghcr.io/rust-lang/crates-build-env/linux@sha256:819108c5571ea2e421544af4d832f968d213c87fbe3707a016657f43d2f853bc" "/opt/rustwide/cargo-home/bin/cargo" "+nightly-2025-01-18" "test" "--frozen" "--no-run" "--message-format=json", kill_on_drop: false }`
[INFO] [stdout] 96bbca75dc2cd903c85c9602cf793ba9f348b184d650ebed50f85a50404fc522
[INFO] running `Command { std: "docker" "start" "-a" "96bbca75dc2cd903c85c9602cf793ba9f348b184d650ebed50f85a50404fc522", kill_on_drop: false }`
[INFO] [stderr]    Compiling cosmwasm-std v2.0.3
[INFO] [stderr]    Compiling anyhow v1.0.86
[INFO] [stderr]    Compiling either v1.12.0
[INFO] [stderr]    Compiling bytes v1.6.0
[INFO] [stderr]    Compiling bech32 v0.11.0
[INFO] [stderr]    Compiling itertools v0.12.1
[INFO] [stderr]    Compiling prost-derive v0.12.6
[INFO] [stderr]    Compiling prost v0.12.6
[INFO] [stderr]    Compiling cw-utils v2.0.0
[INFO] [stderr]    Compiling cw-storage-plus v2.0.0
[INFO] [stderr]    Compiling cw20 v2.0.0
[INFO] [stderr]    Compiling cw2 v2.0.0
[INFO] [stderr]    Compiling cw-multi-test v2.0.1
[INFO] [stderr]    Compiling kujira-std v1.1.0
[INFO] [stderr]    Compiling kujira-fin v1.1.0
[INFO] [stderr]    Compiling kujira-orca v1.1.0
[INFO] [stderr]    Compiling kujira-ghost v1.1.0
[INFO] [stderr]    Compiling kujira-stable v1.1.0
[INFO] [stderr]    Compiling kujira-bow v1.1.0
[INFO] [stderr]    Compiling kujira v1.1.0
[INFO] [stderr]    Compiling juta v0.1.0 (/opt/rustwide/workdir)
[INFO] [stdout] warning: unused variable: `deposit_amount`
[INFO] [stdout]   --> src/contract.rs:90:9
[INFO] [stdout]    |
[INFO] [stdout] 90 |     let deposit_amount = amount.checked_div(Uint128::from(vault_count))?;
[INFO] [stdout]    |         ^^^^^^^^^^^^^^ help: if this is intentional, prefix it with an underscore: `_deposit_amount`
[INFO] [stdout]    |
[INFO] [stdout]    = note: `#[warn(unused_variables)]` on by default
[INFO] [stdout] 
[INFO] [stdout] 
[INFO] [stdout] warning: unused variable: `deposit_amount`
[INFO] [stdout]    --> src/contract.rs:133:17
[INFO] [stdout]     |
[INFO] [stdout] 133 |             let deposit_amount = target_balance - *balance;
[INFO] [stdout]     |                 ^^^^^^^^^^^^^^ help: if this is intentional, prefix it with an underscore: `_deposit_amount`
[INFO] [stdout] 
[INFO] [stdout] 
[INFO] [stdout] warning: unused variable: `info`
[INFO] [stdout]    --> src/contract.rs:166:5
[INFO] [stdout]     |
[INFO] [stdout] 166 |     info: MessageInfo,
[INFO] [stdout]     |     ^^^^ help: if this is intentional, prefix it with an underscore: `_info`
[INFO] [stdout] 
[INFO] [stdout] 
[INFO] [stdout] warning: unused variable: `deposit_amount`
[INFO] [stdout]   --> src/contract.rs:90:9
[INFO] [stdout]    |
[INFO] [stdout] 90 |     let deposit_amount = amount.checked_div(Uint128::from(vault_count))?;
[INFO] [stdout]    |         ^^^^^^^^^^^^^^ help: if this is intentional, prefix it with an underscore: `_deposit_amount`
[INFO] [stdout]    |
[INFO] [stdout]    = note: `#[warn(unused_variables)]` on by default
[INFO] [stdout] 
[INFO] [stdout] 
[INFO] [stdout] warning: unused variable: `deposit_amount`
[INFO] [stdout]    --> src/contract.rs:133:17
[INFO] [stdout]     |
[INFO] [stdout] 133 |             let deposit_amount = target_balance - *balance;
[INFO] [stdout]     |                 ^^^^^^^^^^^^^^ help: if this is intentional, prefix it with an underscore: `_deposit_amount`
[INFO] [stdout] 
[INFO] [stdout] 
[INFO] [stdout] warning: unused variable: `info`
[INFO] [stdout]    --> src/contract.rs:166:5
[INFO] [stdout]     |
[INFO] [stdout] 166 |     info: MessageInfo,
[INFO] [stdout]     |     ^^^^ help: if this is intentional, prefix it with an underscore: `_info`
[INFO] [stdout] 
[INFO] [stdout] 
[INFO] [stderr]     Finished `test` profile [unoptimized + debuginfo] target(s) in 36.25s
[INFO] running `Command { std: "docker" "inspect" "96bbca75dc2cd903c85c9602cf793ba9f348b184d650ebed50f85a50404fc522", kill_on_drop: false }`
[INFO] running `Command { std: "docker" "rm" "-f" "96bbca75dc2cd903c85c9602cf793ba9f348b184d650ebed50f85a50404fc522", kill_on_drop: false }`
[INFO] [stdout] 96bbca75dc2cd903c85c9602cf793ba9f348b184d650ebed50f85a50404fc522
[INFO] running `Command { std: "docker" "create" "-v" "/var/lib/crater-agent-workspace/builds/worker-5-tc2/target:/opt/rustwide/target:rw,Z" "-v" "/var/lib/crater-agent-workspace/builds/worker-5-tc2/source:/opt/rustwide/workdir:ro,Z" "-v" "/var/lib/crater-agent-workspace/cargo-home:/opt/rustwide/cargo-home:ro,Z" "-v" "/var/lib/crater-agent-workspace/rustup-home:/opt/rustwide/rustup-home:ro,Z" "-e" "SOURCE_DIR=/opt/rustwide/workdir" "-e" "CARGO_TARGET_DIR=/opt/rustwide/target" "-e" "CARGO_INCREMENTAL=0" "-e" "RUST_BACKTRACE=full" "-e" "RUSTFLAGS=--cap-lints=forbid -Zrandomize-layout" "-e" "RUSTDOCFLAGS=--cap-lints=forbid" "-e" "CARGO_HOME=/opt/rustwide/cargo-home" "-e" "RUSTUP_HOME=/opt/rustwide/rustup-home" "-w" "/opt/rustwide/workdir" "-m" "1610612736" "--user" "0:0" "--network" "none" "ghcr.io/rust-lang/crates-build-env/linux@sha256:819108c5571ea2e421544af4d832f968d213c87fbe3707a016657f43d2f853bc" "/opt/rustwide/cargo-home/bin/cargo" "+nightly-2025-01-18" "test" "--frozen", kill_on_drop: false }`
[INFO] [stdout] f6f4d246241e462b496202bb28096686193e50cc6e71e311f0040e131b6dc687
[INFO] running `Command { std: "docker" "start" "-a" "f6f4d246241e462b496202bb28096686193e50cc6e71e311f0040e131b6dc687", kill_on_drop: false }`
[INFO] [stderr] warning: unused variable: `deposit_amount`
[INFO] [stderr]   --> src/contract.rs:90:9
[INFO] [stderr]    |
[INFO] [stderr] 90 |     let deposit_amount = amount.checked_div(Uint128::from(vault_count))?;
[INFO] [stderr]    |         ^^^^^^^^^^^^^^ help: if this is intentional, prefix it with an underscore: `_deposit_amount`
[INFO] [stderr]    |
[INFO] [stderr]    = note: `#[warn(unused_variables)]` on by default
[INFO] [stderr] 
[INFO] [stderr] warning: unused variable: `deposit_amount`
[INFO] [stderr]    --> src/contract.rs:133:17
[INFO] [stderr]     |
[INFO] [stderr] 133 |             let deposit_amount = target_balance - *balance;
[INFO] [stderr]     |                 ^^^^^^^^^^^^^^ help: if this is intentional, prefix it with an underscore: `_deposit_amount`
[INFO] [stderr] 
[INFO] [stderr] warning: unused variable: `info`
[INFO] [stderr]    --> src/contract.rs:166:5
[INFO] [stderr]     |
[INFO] [stderr] 166 |     info: MessageInfo,
[INFO] [stderr]     |     ^^^^ help: if this is intentional, prefix it with an underscore: `_info`
[INFO] [stderr] 
[INFO] [stderr] warning: `juta` (lib) generated 3 warnings
[INFO] [stderr] warning: `juta` (lib test) generated 3 warnings (3 duplicates)
[INFO] [stderr]     Finished `test` profile [unoptimized + debuginfo] target(s) in 0.14s
[INFO] [stderr]      Running unittests src/lib.rs (/opt/rustwide/target/debug/deps/juta-f5a65f4539b290eb)
[INFO] [stdout] 
[INFO] [stdout] running 4 tests
[INFO] [stdout] test contract::tests::increment ... FAILED
[INFO] [stdout] test integration_tests::tests::count::count ... FAILED
[INFO] [stdout] test contract::tests::proper_initialization ... FAILED
[INFO] [stdout] test contract::tests::reset ... FAILED
[INFO] [stdout] 
[INFO] [stdout] failures:
[INFO] [stdout] 
[INFO] [stdout] ---- contract::tests::increment stdout ----
[INFO] [stdout] 
[INFO] [stdout] thread 'contract::tests::increment' panicked at src/contract.rs:250:70:
[INFO] [stdout] called `Result::unwrap()` on an `Err` value: Std(GenericErr { msg: "Error decoding bech32", backtrace: Backtrace [{ fn: "cosmwasm_std::errors::backtrace::BT::capture", file: "/opt/rustwide/cargo-home/registry/src/index.crates.io-1949cf8c6b5b557f/cosmwasm-std-2.0.3/src/errors/backtrace.rs", line: 19 }, { fn: "cosmwasm_std::errors::std_error::StdError::generic_err", file: "/opt/rustwide/cargo-home/registry/src/index.crates.io-1949cf8c6b5b557f/cosmwasm-std-2.0.3/src/errors/std_error.rs", line: 109 }, { fn: "<cosmwasm_std::testing::mock::MockApi as cosmwasm_std::traits::Api>::addr_canonicalize", file: "/opt/rustwide/cargo-home/registry/src/index.crates.io-1949cf8c6b5b557f/cosmwasm-std-2.0.3/src/testing/mock.rs", line: 134 }, { fn: "<cosmwasm_std::testing::mock::MockApi as cosmwasm_std::traits::Api>::addr_validate", file: "/opt/rustwide/cargo-home/registry/src/index.crates.io-1949cf8c6b5b557f/cosmwasm-std-2.0.3/src/testing/mock.rs", line: 118 }, { fn: "juta::contract::instantiate", file: "./src/contract.rs", line: 26 }, { fn: "juta::contract::tests::increment", file: "./src/contract.rs", line: 250 }, { fn: "juta::contract::tests::increment::{{closure}}", file: "./src/contract.rs", line: 241 }, { fn: "core::ops::function::FnOnce::call_once", file: "/rustc/6067b36314ab5eb2eb47cecc464545ba58e1ad24/library/core/src/ops/function.rs", line: 250 }, { fn: "core::ops::function::FnOnce::call_once", file: "/rustc/6067b36314ab5eb2eb47cecc464545ba58e1ad24/library/core/src/ops/function.rs", line: 250 }, { fn: "test::__rust_begin_short_backtrace", file: "/rustc/6067b36314ab5eb2eb47cecc464545ba58e1ad24/library/test/src/lib.rs", line: 632 }, { fn: "test::run_test_in_process::{{closure}}", file: "/rustc/6067b36314ab5eb2eb47cecc464545ba58e1ad24/library/test/src/lib.rs", line: 655 }, { fn: "<core::panic::unwind_safe::AssertUnwindSafe<F> as core::ops::function::FnOnce<()>>::call_once", file: "/rustc/6067b36314ab5eb2eb47cecc464545ba58e1ad24/library/core/src/panic/unwind_safe.rs", line: 272 }, { fn: "std::panicking::try::do_call", file: "/rustc/6067b36314ab5eb2eb47cecc464545ba58e1ad24/library/std/src/panicking.rs", line: 587 }, { fn: "std::panicking::try", file: "/rustc/6067b36314ab5eb2eb47cecc464545ba58e1ad24/library/std/src/panicking.rs", line: 550 }, { fn: "std::panic::catch_unwind", file: "/rustc/6067b36314ab5eb2eb47cecc464545ba58e1ad24/library/std/src/panic.rs", line: 358 }, { fn: "test::run_test_in_process", file: "/rustc/6067b36314ab5eb2eb47cecc464545ba58e1ad24/library/test/src/lib.rs", line: 655 }, { fn: "test::run_test::{{closure}}", file: "/rustc/6067b36314ab5eb2eb47cecc464545ba58e1ad24/library/test/src/lib.rs", line: 576 }, { fn: "test::run_test::{{closure}}", file: "/rustc/6067b36314ab5eb2eb47cecc464545ba58e1ad24/library/test/src/lib.rs", line: 606 }, { fn: "std::sys::backtrace::__rust_begin_short_backtrace", file: "/rustc/6067b36314ab5eb2eb47cecc464545ba58e1ad24/library/std/src/sys/backtrace.rs", line: 152 }, { fn: "std::thread::Builder::spawn_unchecked_::{{closure}}::{{closure}}", file: "/rustc/6067b36314ab5eb2eb47cecc464545ba58e1ad24/library/std/src/thread/mod.rs", line: 559 }, { fn: "<core::panic::unwind_safe::AssertUnwindSafe<F> as core::ops::function::FnOnce<()>>::call_once", file: "/rustc/6067b36314ab5eb2eb47cecc464545ba58e1ad24/library/core/src/panic/unwind_safe.rs", line: 272 }, { fn: "std::panicking::try::do_call", file: "/rustc/6067b36314ab5eb2eb47cecc464545ba58e1ad24/library/std/src/panicking.rs", line: 587 }, { fn: "std::panicking::try", file: "/rustc/6067b36314ab5eb2eb47cecc464545ba58e1ad24/library/std/src/panicking.rs", line: 550 }, { fn: "std::panic::catch_unwind", file: "/rustc/6067b36314ab5eb2eb47cecc464545ba58e1ad24/library/std/src/panic.rs", line: 358 }, { fn: "std::thread::Builder::spawn_unchecked_::{{closure}}", file: "/rustc/6067b36314ab5eb2eb47cecc464545ba58e1ad24/library/std/src/thread/mod.rs", line: 557 }, { fn: "core::ops::function::FnOnce::call_once{{vtable.shim}}", file: "/rustc/6067b36314ab5eb2eb47cecc464545ba58e1ad24/library/core/src/ops/function.rs", line: 250 }, { fn: "<alloc::boxed::Box<F,A> as core::ops::function::FnOnce<Args>>::call_once", file: "/rustc/6067b36314ab5eb2eb47cecc464545ba58e1ad24/library/alloc/src/boxed.rs", line: 2013 }, { fn: "<alloc::boxed::Box<F,A> as core::ops::function::FnOnce<Args>>::call_once", file: "/rustc/6067b36314ab5eb2eb47cecc464545ba58e1ad24/library/alloc/src/boxed.rs", line: 2013 }, { fn: "std::sys::pal::unix::thread::Thread::new::thread_start", file: "/rustc/6067b36314ab5eb2eb47cecc464545ba58e1ad24/library/std/src/sys/pal/unix/thread.rs", line: 106 }, { fn: "clone" }] })
[INFO] [stdout] stack backtrace:
[INFO] [stdout]    0:     0x5d4ffbd0ea3a - std::backtrace_rs::backtrace::libunwind::trace::hb059275cfc8d6126
[INFO] [stdout]                                at /rustc/6067b36314ab5eb2eb47cecc464545ba58e1ad24/library/std/src/../../backtrace/src/backtrace/libunwind.rs:116:5
[INFO] [stdout]    1:     0x5d4ffbd0ea3a - std::backtrace_rs::backtrace::trace_unsynchronized::h2da071e4327ce3ee
[INFO] [stdout]                                at /rustc/6067b36314ab5eb2eb47cecc464545ba58e1ad24/library/std/src/../../backtrace/src/backtrace/mod.rs:66:5
[INFO] [stdout]    2:     0x5d4ffbd0ea3a - std::sys::backtrace::_print_fmt::h842a1474e6f8d23f
[INFO] [stdout]                                at /rustc/6067b36314ab5eb2eb47cecc464545ba58e1ad24/library/std/src/sys/backtrace.rs:66:9
[INFO] [stdout]    3:     0x5d4ffbd0ea3a - <std::sys::backtrace::BacktraceLock::print::DisplayBacktrace as core::fmt::Display>::fmt::h71a62eb3b9696b12
[INFO] [stdout]                                at /rustc/6067b36314ab5eb2eb47cecc464545ba58e1ad24/library/std/src/sys/backtrace.rs:39:26
[INFO] [stdout]    4:     0x5d4ffbd37523 - core::fmt::rt::Argument::fmt::hdb6b616786b41dc1
[INFO] [stdout]                                at /rustc/6067b36314ab5eb2eb47cecc464545ba58e1ad24/library/core/src/fmt/rt.rs:177:76
[INFO] [stdout]    5:     0x5d4ffbd37523 - core::fmt::write::h2cc1698af7e2d686
[INFO] [stdout]                                at /rustc/6067b36314ab5eb2eb47cecc464545ba58e1ad24/library/core/src/fmt/mod.rs:1440:21
[INFO] [stdout]    6:     0x5d4ffbd0b3a3 - std::io::Write::write_fmt::hab1b4cd059a79022
[INFO] [stdout]                                at /rustc/6067b36314ab5eb2eb47cecc464545ba58e1ad24/library/std/src/io/mod.rs:1887:15
[INFO] [stdout]    7:     0x5d4ffbd0e882 - std::sys::backtrace::BacktraceLock::print::h147fe35b4ea13b08
[INFO] [stdout]                                at /rustc/6067b36314ab5eb2eb47cecc464545ba58e1ad24/library/std/src/sys/backtrace.rs:42:9
[INFO] [stdout]    8:     0x5d4ffbd0fe5f - std::panicking::default_hook::{{closure}}::hbd44223dbdc0d208
[INFO] [stdout]                                at /rustc/6067b36314ab5eb2eb47cecc464545ba58e1ad24/library/std/src/panicking.rs:298:22
[INFO] [stdout]    9:     0x5d4ffbd0fc78 - std::panicking::default_hook::h20f81eb0576efcec
[INFO] [stdout]                                at /rustc/6067b36314ab5eb2eb47cecc464545ba58e1ad24/library/std/src/panicking.rs:322:9
[INFO] [stdout]   10:     0x5d4ffbb13e93 - <alloc::boxed::Box<F,A> as core::ops::function::Fn<Args>>::call::hdb53814c496a4d34
[INFO] [stdout]                                at /rustc/6067b36314ab5eb2eb47cecc464545ba58e1ad24/library/alloc/src/boxed.rs:2027:9
[INFO] [stdout]   11:     0x5d4ffbb13e93 - test::test_main::{{closure}}::hc0a4963c59427c24
[INFO] [stdout]                                at /rustc/6067b36314ab5eb2eb47cecc464545ba58e1ad24/library/test/src/lib.rs:134:21
[INFO] [stdout]   12:     0x5d4ffbd10953 - <alloc::boxed::Box<F,A> as core::ops::function::Fn<Args>>::call::h591b2225413a77e9
[INFO] [stdout]                                at /rustc/6067b36314ab5eb2eb47cecc464545ba58e1ad24/library/alloc/src/boxed.rs:2027:9
[INFO] [stdout]   13:     0x5d4ffbd10953 - std::panicking::rust_panic_with_hook::h625eea43051b2edc
[INFO] [stdout]                                at /rustc/6067b36314ab5eb2eb47cecc464545ba58e1ad24/library/std/src/panicking.rs:839:13
[INFO] [stdout]   14:     0x5d4ffbd1060a - std::panicking::begin_panic_handler::{{closure}}::h4f9159cfbc3f6bd3
[INFO] [stdout]                                at /rustc/6067b36314ab5eb2eb47cecc464545ba58e1ad24/library/std/src/panicking.rs:704:13
[INFO] [stdout]   15:     0x5d4ffbd0ef39 - std::sys::backtrace::__rust_end_short_backtrace::h0390abce48353151
[INFO] [stdout]                                at /rustc/6067b36314ab5eb2eb47cecc464545ba58e1ad24/library/std/src/sys/backtrace.rs:168:18
[INFO] [stdout]   16:     0x5d4ffbd1029d - rust_begin_unwind
[INFO] [stdout]                                at /rustc/6067b36314ab5eb2eb47cecc464545ba58e1ad24/library/std/src/panicking.rs:695:5
[INFO] [stdout]   17:     0x5d4ffbd359c0 - core::panicking::panic_fmt::h9e7c637e9e5f29c9
[INFO] [stdout]                                at /rustc/6067b36314ab5eb2eb47cecc464545ba58e1ad24/library/core/src/panicking.rs:75:14
[INFO] [stdout]   18:     0x5d4ffbd35e36 - core::result::unwrap_failed::h7979f09313fe1849
[INFO] [stdout]                                at /rustc/6067b36314ab5eb2eb47cecc464545ba58e1ad24/library/core/src/result.rs:1704:5
[INFO] [stdout]   19:     0x5d4ffba8ec7f - core::result::Result<T,E>::unwrap::h5334ec3ce5d569fa
[INFO] [stdout]                                at /rustc/6067b36314ab5eb2eb47cecc464545ba58e1ad24/library/core/src/result.rs:1109:23
[INFO] [stdout]   20:     0x5d4ffba8ec7f - juta::contract::tests::increment::h99afab20ed160e4e
[INFO] [stdout]                                at /opt/rustwide/workdir/src/contract.rs:250:20
[INFO] [stdout]   21:     0x5d4ffba8e867 - juta::contract::tests::increment::{{closure}}::h4da51bd49746387d
[INFO] [stdout]                                at /opt/rustwide/workdir/src/contract.rs:241:19
[INFO] [stdout]   22:     0x5d4ffbac8b96 - core::ops::function::FnOnce::call_once::h63947e7c5f6b953b
[INFO] [stdout]                                at /rustc/6067b36314ab5eb2eb47cecc464545ba58e1ad24/library/core/src/ops/function.rs:250:5
[INFO] [stdout]   23:     0x5d4ffbb195eb - core::ops::function::FnOnce::call_once::he27718dfdd183f43
[INFO] [stdout]                                at /rustc/6067b36314ab5eb2eb47cecc464545ba58e1ad24/library/core/src/ops/function.rs:250:5
[INFO] [stdout]   24:     0x5d4ffbb195eb - test::__rust_begin_short_backtrace::h4e84902998457a5d
[INFO] [stdout]                                at /rustc/6067b36314ab5eb2eb47cecc464545ba58e1ad24/library/test/src/lib.rs:632:18
[INFO] [stdout]   25:     0x5d4ffbb18523 - test::run_test_in_process::{{closure}}::h7176fd18fc1feca0
[INFO] [stdout]                                at /rustc/6067b36314ab5eb2eb47cecc464545ba58e1ad24/library/test/src/lib.rs:655:60
[INFO] [stdout]   26:     0x5d4ffbb18523 - <core::panic::unwind_safe::AssertUnwindSafe<F> as core::ops::function::FnOnce<()>>::call_once::hf79cff2a624d8cf7
[INFO] [stdout]                                at /rustc/6067b36314ab5eb2eb47cecc464545ba58e1ad24/library/core/src/panic/unwind_safe.rs:272:9
[INFO] [stdout]   27:     0x5d4ffbb18523 - std::panicking::try::do_call::h3da0561d9ab99c25
[INFO] [stdout]                                at /rustc/6067b36314ab5eb2eb47cecc464545ba58e1ad24/library/std/src/panicking.rs:587:40
[INFO] [stdout]   28:     0x5d4ffbb18523 - std::panicking::try::h41c9fa508bc61df6
[INFO] [stdout]                                at /rustc/6067b36314ab5eb2eb47cecc464545ba58e1ad24/library/std/src/panicking.rs:550:19
[INFO] [stdout]   29:     0x5d4ffbb18523 - std::panic::catch_unwind::h6b3ff07bb5afad93
[INFO] [stdout]                                at /rustc/6067b36314ab5eb2eb47cecc464545ba58e1ad24/library/std/src/panic.rs:358:14
[INFO] [stdout]   30:     0x5d4ffbb18523 - test::run_test_in_process::hc7253dd11b39b9f4
[INFO] [stdout]                                at /rustc/6067b36314ab5eb2eb47cecc464545ba58e1ad24/library/test/src/lib.rs:655:27
[INFO] [stdout]   31:     0x5d4ffbb18523 - test::run_test::{{closure}}::hfb2007f8649c30bb
[INFO] [stdout]                                at /rustc/6067b36314ab5eb2eb47cecc464545ba58e1ad24/library/test/src/lib.rs:576:43
[INFO] [stdout]   32:     0x5d4ffbadb605 - test::run_test::{{closure}}::h56a17aa7a282a9f4
[INFO] [stdout]                                at /rustc/6067b36314ab5eb2eb47cecc464545ba58e1ad24/library/test/src/lib.rs:606:41
[INFO] [stdout]   33:     0x5d4ffbadb605 - std::sys::backtrace::__rust_begin_short_backtrace::hd2d2d2fb8e8c6aac
[INFO] [stdout]                                at /rustc/6067b36314ab5eb2eb47cecc464545ba58e1ad24/library/std/src/sys/backtrace.rs:152:18
[INFO] [stdout]   34:     0x5d4ffbadeeea - std::thread::Builder::spawn_unchecked_::{{closure}}::{{closure}}::h4faa3f9db6133423
[INFO] [stdout]                                at /rustc/6067b36314ab5eb2eb47cecc464545ba58e1ad24/library/std/src/thread/mod.rs:559:17
[INFO] [stdout]   35:     0x5d4ffbadeeea - <core::panic::unwind_safe::AssertUnwindSafe<F> as core::ops::function::FnOnce<()>>::call_once::hf2e855a36a4ea846
[INFO] [stdout]                                at /rustc/6067b36314ab5eb2eb47cecc464545ba58e1ad24/library/core/src/panic/unwind_safe.rs:272:9
[INFO] [stdout]   36:     0x5d4ffbadeeea - std::panicking::try::do_call::h2f73af3616c35465
[INFO] [stdout]                                at /rustc/6067b36314ab5eb2eb47cecc464545ba58e1ad24/library/std/src/panicking.rs:587:40
[INFO] [stdout]   37:     0x5d4ffbadeeea - std::panicking::try::hd1660ce9efadef5a
[INFO] [stdout]                                at /rustc/6067b36314ab5eb2eb47cecc464545ba58e1ad24/library/std/src/panicking.rs:550:19
[INFO] [stdout]   38:     0x5d4ffbadeeea - std::panic::catch_unwind::h5ee8d7823b8ca744
[INFO] [stdout]                                at /rustc/6067b36314ab5eb2eb47cecc464545ba58e1ad24/library/std/src/panic.rs:358:14
[INFO] [stdout]   39:     0x5d4ffbadeeea - std::thread::Builder::spawn_unchecked_::{{closure}}::h53c3a1894dce8407
[INFO] [stdout]                                at /rustc/6067b36314ab5eb2eb47cecc464545ba58e1ad24/library/std/src/thread/mod.rs:557:30
[INFO] [stdout]   40:     0x5d4ffbadeeea - core::ops::function::FnOnce::call_once{{vtable.shim}}::h048ce291ad4f62bf
[INFO] [stdout]                                at /rustc/6067b36314ab5eb2eb47cecc464545ba58e1ad24/library/core/src/ops/function.rs:250:5
[INFO] [stdout]   41:     0x5d4ffbd1488b - <alloc::boxed::Box<F,A> as core::ops::function::FnOnce<Args>>::call_once::ha52bedf99a3b4981
[INFO] [stdout]                                at /rustc/6067b36314ab5eb2eb47cecc464545ba58e1ad24/library/alloc/src/boxed.rs:2013:9
[INFO] [stdout]   42:     0x5d4ffbd1488b - <alloc::boxed::Box<F,A> as core::ops::function::FnOnce<Args>>::call_once::h567748934d80ccf8
[INFO] [stdout]                                at /rustc/6067b36314ab5eb2eb47cecc464545ba58e1ad24/library/alloc/src/boxed.rs:2013:9
[INFO] [stdout]   43:     0x5d4ffbd1488b - std::sys::pal::unix::thread::Thread::new::thread_start::h2d970728ae887adc
[INFO] [stdout]                                at /rustc/6067b36314ab5eb2eb47cecc464545ba58e1ad24/library/std/src/sys/pal/unix/thread.rs:106:17
[INFO] [stdout]   44:     0x7c9533f27ac3 - <unknown>
[INFO] [stdout]   45:     0x7c9533fb8a04 - clone
[INFO] [stdout]   46:                0x0 - <unknown>
[INFO] [stdout] 
[INFO] [stdout] ---- integration_tests::tests::count::count stdout ----
[INFO] [stdout] 
[INFO] [stdout] thread 'integration_tests::tests::count::count' panicked at src/integration_tests.rs:55:14:
[INFO] [stdout] called `Result::unwrap()` on an `Err` value: Error executing WasmMsg:
[INFO] [stdout]   sender: ADMIN
[INFO] [stdout]   Instantiate { admin: None, code_id: 1, msg: {"ghost_token":"token","ghost_vaults":[],"threshold":"0","count":0}, funds: [], label: "test" }
[INFO] [stdout] 
[INFO] [stdout] Caused by:
[INFO] [stdout]     Generic error: Error decoding bech32
[INFO] [stdout] 
[INFO] [stdout] Stack backtrace:
[INFO] [stdout]    0: anyhow::kind::Adhoc::new
[INFO] [stdout]              at /opt/rustwide/cargo-home/registry/src/index.crates.io-1949cf8c6b5b557f/anyhow-1.0.86/src/backtrace.rs:27:14
[INFO] [stdout]    1: <cw_multi_test::contracts::ContractWrapper<T1,T2,T3,E1,E2,E3,C,Q,T4,E4,E5,T6,E6> as cw_multi_test::contracts::Contract<C,Q>>::instantiate::{{closure}}
[INFO] [stdout]              at /opt/rustwide/cargo-home/registry/src/index.crates.io-1949cf8c6b5b557f/cw-multi-test-2.0.1/src/contracts.rs:487:71
[INFO] [stdout]    2: core::result::Result<T,E>::map_err
[INFO] [stdout]              at /rustc/6067b36314ab5eb2eb47cecc464545ba58e1ad24/library/core/src/result.rs:856:27
[INFO] [stdout]    3: <cw_multi_test::contracts::ContractWrapper<T1,T2,T3,E1,E2,E3,C,Q,T4,E4,E5,T6,E6> as cw_multi_test::contracts::Contract<C,Q>>::instantiate
[INFO] [stdout]              at /opt/rustwide/cargo-home/registry/src/index.crates.io-1949cf8c6b5b557f/cw-multi-test-2.0.1/src/contracts.rs:487:9
[INFO] [stdout]    4: cw_multi_test::wasm::WasmKeeper<ExecC,QueryC>::call_instantiate::{{closure}}
[INFO] [stdout]              at /opt/rustwide/cargo-home/registry/src/index.crates.io-1949cf8c6b5b557f/cw-multi-test-2.0.1/src/wasm.rs:1057:35
[INFO] [stdout]    5: cw_multi_test::wasm::WasmKeeper<ExecC,QueryC>::with_storage::{{closure}}
[INFO] [stdout]              at /opt/rustwide/cargo-home/registry/src/index.crates.io-1949cf8c6b5b557f/cw-multi-test-2.0.1/src/wasm.rs:1186:13
[INFO] [stdout]    6: cw_multi_test::transactions::transactional
[INFO] [stdout]              at /opt/rustwide/cargo-home/registry/src/index.crates.io-1949cf8c6b5b557f/cw-multi-test-2.0.1/src/transactions.rs:19:15
[INFO] [stdout]    7: cw_multi_test::wasm::WasmKeeper<ExecC,QueryC>::with_storage
[INFO] [stdout]              at /opt/rustwide/cargo-home/registry/src/index.crates.io-1949cf8c6b5b557f/cw-multi-test-2.0.1/src/wasm.rs:1176:9
[INFO] [stdout]    8: cw_multi_test::wasm::WasmKeeper<ExecC,QueryC>::call_instantiate
[INFO] [stdout]              at /opt/rustwide/cargo-home/registry/src/index.crates.io-1949cf8c6b5b557f/cw-multi-test-2.0.1/src/wasm.rs:1051:31
[INFO] [stdout]    9: cw_multi_test::wasm::WasmKeeper<ExecC,QueryC>::process_wasm_msg_instantiate
[INFO] [stdout]              at /opt/rustwide/cargo-home/registry/src/index.crates.io-1949cf8c6b5b557f/cw-multi-test-2.0.1/src/wasm.rs:769:19
[INFO] [stdout]   10: cw_multi_test::wasm::WasmKeeper<ExecC,QueryC>::execute_wasm
[INFO] [stdout]              at /opt/rustwide/cargo-home/registry/src/index.crates.io-1949cf8c6b5b557f/cw-multi-test-2.0.1/src/wasm.rs:655:18
[INFO] [stdout]   11: <cw_multi_test::wasm::WasmKeeper<ExecC,QueryC> as cw_multi_test::wasm::Wasm<ExecC,QueryC>>::execute
[INFO] [stdout]              at /opt/rustwide/cargo-home/registry/src/index.crates.io-1949cf8c6b5b557f/cw-multi-test-2.0.1/src/wasm.rs:213:9
[INFO] [stdout]   12: <cw_multi_test::app::Router<BankT,CustomT,WasmT,StakingT,DistrT,IbcT,GovT,StargateT> as cw_multi_test::app::CosmosRouter>::execute
[INFO] [stdout]              at /opt/rustwide/cargo-home/registry/src/index.crates.io-1949cf8c6b5b557f/cw-multi-test-2.0.1/src/app.rs:653:37
[INFO] [stdout]   13: cw_multi_test::app::App<BankT,ApiT,StorageT,CustomT,WasmT,StakingT,DistrT,IbcT,GovT,StargateT>::execute_multi::{{closure}}::{{closure}}
[INFO] [stdout]              at /opt/rustwide/cargo-home/registry/src/index.crates.io-1949cf8c6b5b557f/cw-multi-test-2.0.1/src/app.rs:456:28
[INFO] [stdout]   14: core::iter::adapters::map::map_try_fold::{{closure}}
[INFO] [stdout]              at /rustc/6067b36314ab5eb2eb47cecc464545ba58e1ad24/library/core/src/iter/adapters/map.rs:95:28
[INFO] [stdout]   15: <alloc::vec::into_iter::IntoIter<T,A> as core::iter::traits::iterator::Iterator>::try_fold
[INFO] [stdout]              at /rustc/6067b36314ab5eb2eb47cecc464545ba58e1ad24/library/alloc/src/vec/into_iter.rs:346:25
[INFO] [stdout]   16: <core::iter::adapters::map::Map<I,F> as core::iter::traits::iterator::Iterator>::try_fold
[INFO] [stdout]              at /rustc/6067b36314ab5eb2eb47cecc464545ba58e1ad24/library/core/src/iter/adapters/map.rs:121:9
[INFO] [stdout]   17: <core::iter::adapters::GenericShunt<I,R> as core::iter::traits::iterator::Iterator>::try_fold
[INFO] [stdout]              at /rustc/6067b36314ab5eb2eb47cecc464545ba58e1ad24/library/core/src/iter/adapters/mod.rs:191:9
[INFO] [stdout]   18: core::iter::traits::iterator::Iterator::try_for_each
[INFO] [stdout]              at /rustc/6067b36314ab5eb2eb47cecc464545ba58e1ad24/library/core/src/iter/traits/iterator.rs:2431:9
[INFO] [stdout]   19: <core::iter::adapters::GenericShunt<I,R> as core::iter::traits::iterator::Iterator>::next
[INFO] [stdout]              at /rustc/6067b36314ab5eb2eb47cecc464545ba58e1ad24/library/core/src/iter/adapters/mod.rs:174:14
[INFO] [stdout]   20: <alloc::vec::Vec<T> as alloc::vec::spec_from_iter_nested::SpecFromIterNested<T,I>>::from_iter
[INFO] [stdout]              at /rustc/6067b36314ab5eb2eb47cecc464545ba58e1ad24/library/alloc/src/vec/spec_from_iter_nested.rs:25:32
[INFO] [stdout]   21: <alloc::vec::Vec<T> as alloc::vec::spec_from_iter_nested::SpecFromIterNested<T,I>>::from_iter{{reify.shim}}
[INFO] [stdout]              at /rustc/6067b36314ab5eb2eb47cecc464545ba58e1ad24/library/alloc/src/vec/spec_from_iter_nested.rs:19:5
[INFO] [stdout]   22: alloc::vec::in_place_collect::<impl alloc::vec::spec_from_iter::SpecFromIter<T,I> for alloc::vec::Vec<T>>::from_iter
[INFO] [stdout]              at /rustc/6067b36314ab5eb2eb47cecc464545ba58e1ad24/library/alloc/src/vec/in_place_collect.rs:246:9
[INFO] [stdout]   23: <alloc::vec::Vec<T> as core::iter::traits::collect::FromIterator<T>>::from_iter
[INFO] [stdout]              at /rustc/6067b36314ab5eb2eb47cecc464545ba58e1ad24/library/alloc/src/vec/mod.rs:3427:9
[INFO] [stdout]   24: core::iter::traits::iterator::Iterator::collect
[INFO] [stdout]              at /rustc/6067b36314ab5eb2eb47cecc464545ba58e1ad24/library/core/src/iter/traits/iterator.rs:1971:9
[INFO] [stdout]   25: <core::result::Result<V,E> as core::iter::traits::collect::FromIterator<core::result::Result<A,E>>>::from_iter::{{closure}}
[INFO] [stdout]              at /rustc/6067b36314ab5eb2eb47cecc464545ba58e1ad24/library/core/src/result.rs:1985:51
[INFO] [stdout]   26: core::iter::adapters::try_process
[INFO] [stdout]              at /rustc/6067b36314ab5eb2eb47cecc464545ba58e1ad24/library/core/src/iter/adapters/mod.rs:160:17
[INFO] [stdout]   27: <core::result::Result<V,E> as core::iter::traits::collect::FromIterator<core::result::Result<A,E>>>::from_iter
[INFO] [stdout]              at /rustc/6067b36314ab5eb2eb47cecc464545ba58e1ad24/library/core/src/result.rs:1985:9
[INFO] [stdout]   28: core::iter::traits::iterator::Iterator::collect
[INFO] [stdout]              at /rustc/6067b36314ab5eb2eb47cecc464545ba58e1ad24/library/core/src/iter/traits/iterator.rs:1971:9
[INFO] [stdout]   29: cw_multi_test::app::App<BankT,ApiT,StorageT,CustomT,WasmT,StakingT,DistrT,IbcT,GovT,StargateT>::execute_multi::{{closure}}
[INFO] [stdout]              at /opt/rustwide/cargo-home/registry/src/index.crates.io-1949cf8c6b5b557f/cw-multi-test-2.0.1/src/app.rs:455:13
[INFO] [stdout]   30: cw_multi_test::transactions::transactional
[INFO] [stdout]              at /opt/rustwide/cargo-home/registry/src/index.crates.io-1949cf8c6b5b557f/cw-multi-test-2.0.1/src/transactions.rs:19:15
[INFO] [stdout]   31: cw_multi_test::app::App<BankT,ApiT,StorageT,CustomT,WasmT,StakingT,DistrT,IbcT,GovT,StargateT>::execute_multi
[INFO] [stdout]              at /opt/rustwide/cargo-home/registry/src/index.crates.io-1949cf8c6b5b557f/cw-multi-test-2.0.1/src/app.rs:454:9
[INFO] [stdout]   32: <cw_multi_test::app::App<BankT,ApiT,StorageT,CustomT,WasmT,StakingT,DistrT,IbcT,GovT,StargateT> as cw_multi_test::executor::Executor<<CustomT as cw_multi_test::module::Module>::ExecT>>::execute
[INFO] [stdout]              at /opt/rustwide/cargo-home/registry/src/index.crates.io-1949cf8c6b5b557f/cw-multi-test-2.0.1/src/app.rs:172:23
[INFO] [stdout]   33: cw_multi_test::executor::Executor::instantiate_contract
[INFO] [stdout]              at /opt/rustwide/cargo-home/registry/src/index.crates.io-1949cf8c6b5b557f/cw-multi-test-2.0.1/src/executor.rs:102:19
[INFO] [stdout]   34: juta::integration_tests::tests::proper_instantiate
[INFO] [stdout]              at ./src/integration_tests.rs:46:41
[INFO] [stdout]   35: juta::integration_tests::tests::count::count
[INFO] [stdout]              at ./src/integration_tests.rs:66:51
[INFO] [stdout]   36: juta::integration_tests::tests::count::count::{{closure}}
[INFO] [stdout]              at ./src/integration_tests.rs:65:19
[INFO] [stdout]   37: core::ops::function::FnOnce::call_once
[INFO] [stdout]              at /rustc/6067b36314ab5eb2eb47cecc464545ba58e1ad24/library/core/src/ops/function.rs:250:5
[INFO] [stdout]   38: core::ops::function::FnOnce::call_once
[INFO] [stdout]              at /rustc/6067b36314ab5eb2eb47cecc464545ba58e1ad24/library/core/src/ops/function.rs:250:5
[INFO] [stdout]   39: test::__rust_begin_short_backtrace
[INFO] [stdout]              at /rustc/6067b36314ab5eb2eb47cecc464545ba58e1ad24/library/test/src/lib.rs:632:18
[INFO] [stdout]   40: test::run_test_in_process::{{closure}}
[INFO] [stdout]              at /rustc/6067b36314ab5eb2eb47cecc464545ba58e1ad24/library/test/src/lib.rs:655:60
[INFO] [stdout]   41: <core::panic::unwind_safe::AssertUnwindSafe<F> as core::ops::function::FnOnce<()>>::call_once
[INFO] [stdout]              at /rustc/6067b36314ab5eb2eb47cecc464545ba58e1ad24/library/core/src/panic/unwind_safe.rs:272:9
[INFO] [stdout]   42: std::panicking::try::do_call
[INFO] [stdout]              at /rustc/6067b36314ab5eb2eb47cecc464545ba58e1ad24/library/std/src/panicking.rs:587:40
[INFO] [stdout]   43: std::panicking::try
[INFO] [stdout]              at /rustc/6067b36314ab5eb2eb47cecc464545ba58e1ad24/library/std/src/panicking.rs:550:19
[INFO] [stdout]   44: std::panic::catch_unwind
[INFO] [stdout]              at /rustc/6067b36314ab5eb2eb47cecc464545ba58e1ad24/library/std/src/panic.rs:358:14
[INFO] [stdout]   45: test::run_test_in_process
[INFO] [stdout]              at /rustc/6067b36314ab5eb2eb47cecc464545ba58e1ad24/library/test/src/lib.rs:655:27
[INFO] [stdout]   46: test::run_test::{{closure}}
[INFO] [stdout]              at /rustc/6067b36314ab5eb2eb47cecc464545ba58e1ad24/library/test/src/lib.rs:576:43
[INFO] [stdout]   47: test::run_test::{{closure}}
[INFO] [stdout]              at /rustc/6067b36314ab5eb2eb47cecc464545ba58e1ad24/library/test/src/lib.rs:606:41
[INFO] [stdout]   48: std::sys::backtrace::__rust_begin_short_backtrace
[INFO] [stdout]              at /rustc/6067b36314ab5eb2eb47cecc464545ba58e1ad24/library/std/src/sys/backtrace.rs:152:18
[INFO] [stdout]   49: std::thread::Builder::spawn_unchecked_::{{closure}}::{{closure}}
[INFO] [stdout]              at /rustc/6067b36314ab5eb2eb47cecc464545ba58e1ad24/library/std/src/thread/mod.rs:559:17
[INFO] [stdout]   50: <core::panic::unwind_safe::AssertUnwindSafe<F> as core::ops::function::FnOnce<()>>::call_once
[INFO] [stdout]              at /rustc/6067b36314ab5eb2eb47cecc464545ba58e1ad24/library/core/src/panic/unwind_safe.rs:272:9
[INFO] [stdout]   51: std::panicking::try::do_call
[INFO] [stdout]              at /rustc/6067b36314ab5eb2eb47cecc464545ba58e1ad24/library/std/src/panicking.rs:587:40
[INFO] [stdout]   52: std::panicking::try
[INFO] [stdout]              at /rustc/6067b36314ab5eb2eb47cecc464545ba58e1ad24/library/std/src/panicking.rs:550:19
[INFO] [stdout]   53: std::panic::catch_unwind
[INFO] [stdout]              at /rustc/6067b36314ab5eb2eb47cecc464545ba58e1ad24/library/std/src/panic.rs:358:14
[INFO] [stdout]   54: std::thread::Builder::spawn_unchecked_::{{closure}}
[INFO] [stdout]              at /rustc/6067b36314ab5eb2eb47cecc464545ba58e1ad24/library/std/src/thread/mod.rs:557:30
[INFO] [stdout]   55: core::ops::function::FnOnce::call_once{{vtable.shim}}
[INFO] [stdout]              at /rustc/6067b36314ab5eb2eb47cecc464545ba58e1ad24/library/core/src/ops/function.rs:250:5
[INFO] [stdout]   56: <alloc::boxed::Box<F,A> as core::ops::function::FnOnce<Args>>::call_once
[INFO] [stdout]              at /rustc/6067b36314ab5eb2eb47cecc464545ba58e1ad24/library/alloc/src/boxed.rs:2013:9
[INFO] [stdout]   57: <alloc::boxed::Box<F,A> as core::ops::function::FnOnce<Args>>::call_once
[INFO] [stdout]              at /rustc/6067b36314ab5eb2eb47cecc464545ba58e1ad24/library/alloc/src/boxed.rs:2013:9
[INFO] [stdout]   58: std::sys::pal::unix::thread::Thread::new::thread_start
[INFO] [stdout]              at /rustc/6067b36314ab5eb2eb47cecc464545ba58e1ad24/library/std/src/sys/pal/unix/thread.rs:106:17
[INFO] [stdout]   59: <unknown>
[INFO] [stdout]   60: clone
[INFO] [stdout] stack backtrace:
[INFO] [stdout]    0:     0x5d4ffbd0ea3a - std::backtrace_rs::backtrace::libunwind::trace::hb059275cfc8d6126
[INFO] [stdout]                                at /rustc/6067b36314ab5eb2eb47cecc464545ba58e1ad24/library/std/src/../../backtrace/src/backtrace/libunwind.rs:116:5
[INFO] [stdout]    1:     0x5d4ffbd0ea3a - std::backtrace_rs::backtrace::trace_unsynchronized::h2da071e4327ce3ee
[INFO] [stdout]                                at /rustc/6067b36314ab5eb2eb47cecc464545ba58e1ad24/library/std/src/../../backtrace/src/backtrace/mod.rs:66:5
[INFO] [stdout]    2:     0x5d4ffbd0ea3a - std::sys::backtrace::_print_fmt::h842a1474e6f8d23f
[INFO] [stdout]                                at /rustc/6067b36314ab5eb2eb47cecc464545ba58e1ad24/library/std/src/sys/backtrace.rs:66:9
[INFO] [stdout]    3:     0x5d4ffbd0ea3a - <std::sys::backtrace::BacktraceLock::print::DisplayBacktrace as core::fmt::Display>::fmt::h71a62eb3b9696b12
[INFO] [stdout]                                at /rustc/6067b36314ab5eb2eb47cecc464545ba58e1ad24/library/std/src/sys/backtrace.rs:39:26
[INFO] [stdout]    4:     0x5d4ffbd37523 - core::fmt::rt::Argument::fmt::hdb6b616786b41dc1
[INFO] [stdout]                                at /rustc/6067b36314ab5eb2eb47cecc464545ba58e1ad24/library/core/src/fmt/rt.rs:177:76
[INFO] [stdout]    5:     0x5d4ffbd37523 - core::fmt::write::h2cc1698af7e2d686
[INFO] [stdout]                                at /rustc/6067b36314ab5eb2eb47cecc464545ba58e1ad24/library/core/src/fmt/mod.rs:1440:21
[INFO] [stdout]    6:     0x5d4ffbd0b3a3 - std::io::Write::write_fmt::hab1b4cd059a79022
[INFO] [stdout]                                at /rustc/6067b36314ab5eb2eb47cecc464545ba58e1ad24/library/std/src/io/mod.rs:1887:15
[INFO] [stdout]    7:     0x5d4ffbd0e882 - std::sys::backtrace::BacktraceLock::print::h147fe35b4ea13b08
[INFO] [stdout]                                at /rustc/6067b36314ab5eb2eb47cecc464545ba58e1ad24/library/std/src/sys/backtrace.rs:42:9
[INFO] [stdout]    8:     0x5d4ffbd0fe5f - std::panicking::default_hook::{{closure}}::hbd44223dbdc0d208
[INFO] [stdout]                                at /rustc/6067b36314ab5eb2eb47cecc464545ba58e1ad24/library/std/src/panicking.rs:298:22
[INFO] [stdout]    9:     0x5d4ffbd0fc78 - std::panicking::default_hook::h20f81eb0576efcec
[INFO] [stdout]                                at /rustc/6067b36314ab5eb2eb47cecc464545ba58e1ad24/library/std/src/panicking.rs:322:9
[INFO] [stdout]   10:     0x5d4ffbb13e93 - <alloc::boxed::Box<F,A> as core::ops::function::Fn<Args>>::call::hdb53814c496a4d34
[INFO] [stdout]                                at /rustc/6067b36314ab5eb2eb47cecc464545ba58e1ad24/library/alloc/src/boxed.rs:2027:9
[INFO] [stdout]   11:     0x5d4ffbb13e93 - test::test_main::{{closure}}::hc0a4963c59427c24
[INFO] [stdout]                                at /rustc/6067b36314ab5eb2eb47cecc464545ba58e1ad24/library/test/src/lib.rs:134:21
[INFO] [stdout]   12:     0x5d4ffbd10953 - <alloc::boxed::Box<F,A> as core::ops::function::Fn<Args>>::call::h591b2225413a77e9
[INFO] [stdout]                                at /rustc/6067b36314ab5eb2eb47cecc464545ba58e1ad24/library/alloc/src/boxed.rs:2027:9
[INFO] [stdout]   13:     0x5d4ffbd10953 - std::panicking::rust_panic_with_hook::h625eea43051b2edc
[INFO] [stdout]                                at /rustc/6067b36314ab5eb2eb47cecc464545ba58e1ad24/library/std/src/panicking.rs:839:13
[INFO] [stdout]   14:     0x5d4ffbd1060a - std::panicking::begin_panic_handler::{{closure}}::h4f9159cfbc3f6bd3
[INFO] [stdout]                                at /rustc/6067b36314ab5eb2eb47cecc464545ba58e1ad24/library/std/src/panicking.rs:704:13
[INFO] [stdout]   15:     0x5d4ffbd0ef39 - std::sys::backtrace::__rust_end_short_backtrace::h0390abce48353151
[INFO] [stdout]                                at /rustc/6067b36314ab5eb2eb47cecc464545ba58e1ad24/library/std/src/sys/backtrace.rs:168:18
[INFO] [stdout]   16:     0x5d4ffbd1029d - rust_begin_unwind
[INFO] [stdout]                                at /rustc/6067b36314ab5eb2eb47cecc464545ba58e1ad24/library/std/src/panicking.rs:695:5
[INFO] [stdout]   17:     0x5d4ffbd359c0 - core::panicking::panic_fmt::h9e7c637e9e5f29c9
[INFO] [stdout]                                at /rustc/6067b36314ab5eb2eb47cecc464545ba58e1ad24/library/core/src/panicking.rs:75:14
[INFO] [stdout]   18:     0x5d4ffbd35e36 - core::result::unwrap_failed::h7979f09313fe1849
[INFO] [stdout]                                at /rustc/6067b36314ab5eb2eb47cecc464545ba58e1ad24/library/core/src/result.rs:1704:5
[INFO] [stdout]   19:     0x5d4ffbacf07d - core::result::Result<T,E>::unwrap::hec23627cb95d6553
[INFO] [stdout]                                at /rustc/6067b36314ab5eb2eb47cecc464545ba58e1ad24/library/core/src/result.rs:1109:23
[INFO] [stdout]   20:     0x5d4ffbacf07d - juta::integration_tests::tests::proper_instantiate::hab09174d19f49b32
[INFO] [stdout]                                at /opt/rustwide/workdir/src/integration_tests.rs:46:41
[INFO] [stdout]   21:     0x5d4ffbabbdf1 - juta::integration_tests::tests::count::count::h29699f7488c820fa
[INFO] [stdout]                                at /opt/rustwide/workdir/src/integration_tests.rs:66:51
[INFO] [stdout]   22:     0x5d4ffbabbdb7 - juta::integration_tests::tests::count::count::{{closure}}::h2903f5f22eb4a060
[INFO] [stdout]                                at /opt/rustwide/workdir/src/integration_tests.rs:65:19
[INFO] [stdout]   23:     0x5d4ffbac8d76 - core::ops::function::FnOnce::call_once::h8fae6892dad0c37b
[INFO] [stdout]                                at /rustc/6067b36314ab5eb2eb47cecc464545ba58e1ad24/library/core/src/ops/function.rs:250:5
[INFO] [stdout]   24:     0x5d4ffbb195eb - core::ops::function::FnOnce::call_once::he27718dfdd183f43
[INFO] [stdout]                                at /rustc/6067b36314ab5eb2eb47cecc464545ba58e1ad24/library/core/src/ops/function.rs:250:5
[INFO] [stdout]   25:     0x5d4ffbb195eb - test::__rust_begin_short_backtrace::h4e84902998457a5d
[INFO] [stdout]                                at /rustc/6067b36314ab5eb2eb47cecc464545ba58e1ad24/library/test/src/lib.rs:632:18
[INFO] [stdout]   26:     0x5d4ffbb18523 - test::run_test_in_process::{{closure}}::h7176fd18fc1feca0
[INFO] [stdout]                                at /rustc/6067b36314ab5eb2eb47cecc464545ba58e1ad24/library/test/src/lib.rs:655:60
[INFO] [stdout]   27:     0x5d4ffbb18523 - <core::panic::unwind_safe::AssertUnwindSafe<F> as core::ops::function::FnOnce<()>>::call_once::hf79cff2a624d8cf7
[INFO] [stdout]                                at /rustc/6067b36314ab5eb2eb47cecc464545ba58e1ad24/library/core/src/panic/unwind_safe.rs:272:9
[INFO] [stdout]   28:     0x5d4ffbb18523 - std::panicking::try::do_call::h3da0561d9ab99c25
[INFO] [stdout]                                at /rustc/6067b36314ab5eb2eb47cecc464545ba58e1ad24/library/std/src/panicking.rs:587:40
[INFO] [stdout]   29:     0x5d4ffbb18523 - std::panicking::try::h41c9fa508bc61df6
[INFO] [stdout]                                at /rustc/6067b36314ab5eb2eb47cecc464545ba58e1ad24/library/std/src/panicking.rs:550:19
[INFO] [stdout]   30:     0x5d4ffbb18523 - std::panic::catch_unwind::h6b3ff07bb5afad93
[INFO] [stdout]                                at /rustc/6067b36314ab5eb2eb47cecc464545ba58e1ad24/library/std/src/panic.rs:358:14
[INFO] [stdout]   31:     0x5d4ffbb18523 - test::run_test_in_process::hc7253dd11b39b9f4
[INFO] [stdout]                                at /rustc/6067b36314ab5eb2eb47cecc464545ba58e1ad24/library/test/src/lib.rs:655:27
[INFO] [stdout]   32:     0x5d4ffbb18523 - test::run_test::{{closure}}::hfb2007f8649c30bb
[INFO] [stdout]                                at /rustc/6067b36314ab5eb2eb47cecc464545ba58e1ad24/library/test/src/lib.rs:576:43
[INFO] [stdout]   33:     0x5d4ffbadb605 - test::run_test::{{closure}}::h56a17aa7a282a9f4
[INFO] [stdout]                                at /rustc/6067b36314ab5eb2eb47cecc464545ba58e1ad24/library/test/src/lib.rs:606:41
[INFO] [stdout]   34:     0x5d4ffbadb605 - std::sys::backtrace::__rust_begin_short_backtrace::hd2d2d2fb8e8c6aac
[INFO] [stdout]                                at /rustc/6067b36314ab5eb2eb47cecc464545ba58e1ad24/library/std/src/sys/backtrace.rs:152:18
[INFO] [stdout]   35:     0x5d4ffbadeeea - std::thread::Builder::spawn_unchecked_::{{closure}}::{{closure}}::h4faa3f9db6133423
[INFO] [stdout]                                at /rustc/6067b36314ab5eb2eb47cecc464545ba58e1ad24/library/std/src/thread/mod.rs:559:17
[INFO] [stdout]   36:     0x5d4ffbadeeea - <core::panic::unwind_safe::AssertUnwindSafe<F> as core::ops::function::FnOnce<()>>::call_once::hf2e855a36a4ea846
[INFO] [stdout]                                at /rustc/6067b36314ab5eb2eb47cecc464545ba58e1ad24/library/core/src/panic/unwind_safe.rs:272:9
[INFO] [stdout]   37:     0x5d4ffbadeeea - std::panicking::try::do_call::h2f73af3616c35465
[INFO] [stdout]                                at /rustc/6067b36314ab5eb2eb47cecc464545ba58e1ad24/library/std/src/panicking.rs:587:40
[INFO] [stdout]   38:     0x5d4ffbadeeea - std::panicking::try::hd1660ce9efadef5a
[INFO] [stdout]                                at /rustc/6067b36314ab5eb2eb47cecc464545ba58e1ad24/library/std/src/panicking.rs:550:19
[INFO] [stdout]   39:     0x5d4ffbadeeea - std::panic::catch_unwind::h5ee8d7823b8ca744
[INFO] [stdout]                                at /rustc/6067b36314ab5eb2eb47cecc464545ba58e1ad24/library/std/src/panic.rs:358:14
[INFO] [stdout]   40:     0x5d4ffbadeeea - std::thread::Builder::spawn_unchecked_::{{closure}}::h53c3a1894dce8407
[INFO] [stdout]                                at /rustc/6067b36314ab5eb2eb47cecc464545ba58e1ad24/library/std/src/thread/mod.rs:557:30
[INFO] [stdout]   41:     0x5d4ffbadeeea - core::ops::function::FnOnce::call_once{{vtable.shim}}::h048ce291ad4f62bf
[INFO] [stdout]                                at /rustc/6067b36314ab5eb2eb47cecc464545ba58e1ad24/library/core/src/ops/function.rs:250:5
[INFO] [stdout]   42:     0x5d4ffbd1488b - <alloc::boxed::Box<F,A> as core::ops::function::FnOnce<Args>>::call_once::ha52bedf99a3b4981
[INFO] [stdout]                                at /rustc/6067b36314ab5eb2eb47cecc464545ba58e1ad24/library/alloc/src/boxed.rs:2013:9
[INFO] [stdout]   43:     0x5d4ffbd1488b - <alloc::boxed::Box<F,A> as core::ops::function::FnOnce<Args>>::call_once::h567748934d80ccf8
[INFO] [stdout]                                at /rustc/6067b36314ab5eb2eb47cecc464545ba58e1ad24/library/alloc/src/boxed.rs:2013:9
[INFO] [stdout]   44:     0x5d4ffbd1488b - std::sys::pal::unix::thread::Thread::new::thread_start::h2d970728ae887adc
[INFO] [stdout]                                at /rustc/6067b36314ab5eb2eb47cecc464545ba58e1ad24/library/std/src/sys/pal/unix/thread.rs:106:17
[INFO] [stdout]   45:     0x7c9533f27ac3 - <unknown>
[INFO] [stdout]   46:     0x7c9533fb8a04 - clone
[INFO] [stdout]   47:                0x0 - <unknown>
[INFO] [stdout] 
[INFO] [stdout] ---- contract::tests::proper_initialization stdout ----
[INFO] [stdout] 
[INFO] [stdout] thread 'contract::tests::proper_initialization' panicked at src/contract.rs:231:69:
[INFO] [stdout] called `Result::unwrap()` on an `Err` value: Std(GenericErr { msg: "Error decoding bech32", backtrace: Backtrace [{ fn: "cosmwasm_std::errors::backtrace::BT::capture", file: "/opt/rustwide/cargo-home/registry/src/index.crates.io-1949cf8c6b5b557f/cosmwasm-std-2.0.3/src/errors/backtrace.rs", line: 19 }, { fn: "cosmwasm_std::errors::std_error::StdError::generic_err", file: "/opt/rustwide/cargo-home/registry/src/index.crates.io-1949cf8c6b5b557f/cosmwasm-std-2.0.3/src/errors/std_error.rs", line: 109 }, { fn: "<cosmwasm_std::testing::mock::MockApi as cosmwasm_std::traits::Api>::addr_canonicalize", file: "/opt/rustwide/cargo-home/registry/src/index.crates.io-1949cf8c6b5b557f/cosmwasm-std-2.0.3/src/testing/mock.rs", line: 134 }, { fn: "<cosmwasm_std::testing::mock::MockApi as cosmwasm_std::traits::Api>::addr_validate", file: "/opt/rustwide/cargo-home/registry/src/index.crates.io-1949cf8c6b5b557f/cosmwasm-std-2.0.3/src/testing/mock.rs", line: 118 }, { fn: "juta::contract::instantiate", file: "./src/contract.rs", line: 26 }, { fn: "juta::contract::tests::proper_initialization", file: "./src/contract.rs", line: 231 }, { fn: "juta::contract::tests::proper_initialization::{{closure}}", file: "./src/contract.rs", line: 222 }, { fn: "core::ops::function::FnOnce::call_once", file: "/rustc/6067b36314ab5eb2eb47cecc464545ba58e1ad24/library/core/src/ops/function.rs", line: 250 }, { fn: "core::ops::function::FnOnce::call_once", file: "/rustc/6067b36314ab5eb2eb47cecc464545ba58e1ad24/library/core/src/ops/function.rs", line: 250 }, { fn: "test::__rust_begin_short_backtrace", file: "/rustc/6067b36314ab5eb2eb47cecc464545ba58e1ad24/library/test/src/lib.rs", line: 632 }, { fn: "test::run_test_in_process::{{closure}}", file: "/rustc/6067b36314ab5eb2eb47cecc464545ba58e1ad24/library/test/src/lib.rs", line: 655 }, { fn: "<core::panic::unwind_safe::AssertUnwindSafe<F> as core::ops::function::FnOnce<()>>::call_once", file: "/rustc/6067b36314ab5eb2eb47cecc464545ba58e1ad24/library/core/src/panic/unwind_safe.rs", line: 272 }, { fn: "std::panicking::try::do_call", file: "/rustc/6067b36314ab5eb2eb47cecc464545ba58e1ad24/library/std/src/panicking.rs", line: 587 }, { fn: "std::panicking::try", file: "/rustc/6067b36314ab5eb2eb47cecc464545ba58e1ad24/library/std/src/panicking.rs", line: 550 }, { fn: "std::panic::catch_unwind", file: "/rustc/6067b36314ab5eb2eb47cecc464545ba58e1ad24/library/std/src/panic.rs", line: 358 }, { fn: "test::run_test_in_process", file: "/rustc/6067b36314ab5eb2eb47cecc464545ba58e1ad24/library/test/src/lib.rs", line: 655 }, { fn: "test::run_test::{{closure}}", file: "/rustc/6067b36314ab5eb2eb47cecc464545ba58e1ad24/library/test/src/lib.rs", line: 576 }, { fn: "test::run_test::{{closure}}", file: "/rustc/6067b36314ab5eb2eb47cecc464545ba58e1ad24/library/test/src/lib.rs", line: 606 }, { fn: "std::sys::backtrace::__rust_begin_short_backtrace", file: "/rustc/6067b36314ab5eb2eb47cecc464545ba58e1ad24/library/std/src/sys/backtrace.rs", line: 152 }, { fn: "std::thread::Builder::spawn_unchecked_::{{closure}}::{{closure}}", file: "/rustc/6067b36314ab5eb2eb47cecc464545ba58e1ad24/library/std/src/thread/mod.rs", line: 559 }, { fn: "<core::panic::unwind_safe::AssertUnwindSafe<F> as core::ops::function::FnOnce<()>>::call_once", file: "/rustc/6067b36314ab5eb2eb47cecc464545ba58e1ad24/library/core/src/panic/unwind_safe.rs", line: 272 }, { fn: "std::panicking::try::do_call", file: "/rustc/6067b36314ab5eb2eb47cecc464545ba58e1ad24/library/std/src/panicking.rs", line: 587 }, { fn: "std::panicking::try", file: "/rustc/6067b36314ab5eb2eb47cecc464545ba58e1ad24/library/std/src/panicking.rs", line: 550 }, { fn: "std::panic::catch_unwind", file: "/rustc/6067b36314ab5eb2eb47cecc464545ba58e1ad24/library/std/src/panic.rs", line: 358 }, { fn: "std::thread::Builder::spawn_unchecked_::{{closure}}", file: "/rustc/6067b36314ab5eb2eb47cecc464545ba58e1ad24/library/std/src/thread/mod.rs", line: 557 }, { fn: "core::ops::function::FnOnce::call_once{{vtable.shim}}", file: "/rustc/6067b36314ab5eb2eb47cecc464545ba58e1ad24/library/core/src/ops/function.rs", line: 250 }, { fn: "<alloc::boxed::Box<F,A> as core::ops::function::FnOnce<Args>>::call_once", file: "/rustc/6067b36314ab5eb2eb47cecc464545ba58e1ad24/library/alloc/src/boxed.rs", line: 2013 }, { fn: "<alloc::boxed::Box<F,A> as core::ops::function::FnOnce<Args>>::call_once", file: "/rustc/6067b36314ab5eb2eb47cecc464545ba58e1ad24/library/alloc/src/boxed.rs", line: 2013 }, { fn: "std::sys::pal::unix::thread::Thread::new::thread_start", file: "/rustc/6067b36314ab5eb2eb47cecc464545ba58e1ad24/library/std/src/sys/pal/unix/thread.rs", line: 106 }, { fn: "clone" }] })
[INFO] [stdout] stack backtrace:
[INFO] [stdout]    0:     0x5d4ffbd0ea3a - std::backtrace_rs::backtrace::libunwind::trace::hb059275cfc8d6126
[INFO] [stdout]                                at /rustc/6067b36314ab5eb2eb47cecc464545ba58e1ad24/library/std/src/../../backtrace/src/backtrace/libunwind.rs:116:5
[INFO] [stdout]    1:     0x5d4ffbd0ea3a - std::backtrace_rs::backtrace::trace_unsynchronized::h2da071e4327ce3ee
[INFO] [stdout]                                at /rustc/6067b36314ab5eb2eb47cecc464545ba58e1ad24/library/std/src/../../backtrace/src/backtrace/mod.rs:66:5
[INFO] [stdout]    2:     0x5d4ffbd0ea3a - std::sys::backtrace::_print_fmt::h842a1474e6f8d23f
[INFO] [stdout]                                at /rustc/6067b36314ab5eb2eb47cecc464545ba58e1ad24/library/std/src/sys/backtrace.rs:66:9
[INFO] [stdout]    3:     0x5d4ffbd0ea3a - <std::sys::backtrace::BacktraceLock::print::DisplayBacktrace as core::fmt::Display>::fmt::h71a62eb3b9696b12
[INFO] [stdout]                                at /rustc/6067b36314ab5eb2eb47cecc464545ba58e1ad24/library/std/src/sys/backtrace.rs:39:26
[INFO] [stdout]    4:     0x5d4ffbd37523 - core::fmt::rt::Argument::fmt::hdb6b616786b41dc1
[INFO] [stdout]                                at /rustc/6067b36314ab5eb2eb47cecc464545ba58e1ad24/library/core/src/fmt/rt.rs:177:76
[INFO] [stdout]    5:     0x5d4ffbd37523 - core::fmt::write::h2cc1698af7e2d686
[INFO] [stdout]                                at /rustc/6067b36314ab5eb2eb47cecc464545ba58e1ad24/library/core/src/fmt/mod.rs:1440:21
[INFO] [stdout]    6:     0x5d4ffbd0b3a3 - std::io::Write::write_fmt::hab1b4cd059a79022
[INFO] [stdout]                                at /rustc/6067b36314ab5eb2eb47cecc464545ba58e1ad24/library/std/src/io/mod.rs:1887:15
[INFO] [stdout]    7:     0x5d4ffbd0e882 - std::sys::backtrace::BacktraceLock::print::h147fe35b4ea13b08
[INFO] [stdout]                                at /rustc/6067b36314ab5eb2eb47cecc464545ba58e1ad24/library/std/src/sys/backtrace.rs:42:9
[INFO] [stdout]    8:     0x5d4ffbd0fe5f - std::panicking::default_hook::{{closure}}::hbd44223dbdc0d208
[INFO] [stdout]                                at /rustc/6067b36314ab5eb2eb47cecc464545ba58e1ad24/library/std/src/panicking.rs:298:22
[INFO] [stdout]    9:     0x5d4ffbd0fc78 - std::panicking::default_hook::h20f81eb0576efcec
[INFO] [stdout]                                at /rustc/6067b36314ab5eb2eb47cecc464545ba58e1ad24/library/std/src/panicking.rs:322:9
[INFO] [stdout]   10:     0x5d4ffbb13e93 - <alloc::boxed::Box<F,A> as core::ops::function::Fn<Args>>::call::hdb53814c496a4d34
[INFO] [stdout]                                at /rustc/6067b36314ab5eb2eb47cecc464545ba58e1ad24/library/alloc/src/boxed.rs:2027:9
[INFO] [stdout]   11:     0x5d4ffbb13e93 - test::test_main::{{closure}}::hc0a4963c59427c24
[INFO] [stdout]                                at /rustc/6067b36314ab5eb2eb47cecc464545ba58e1ad24/library/test/src/lib.rs:134:21
[INFO] [stdout]   12:     0x5d4ffbd10953 - <alloc::boxed::Box<F,A> as core::ops::function::Fn<Args>>::call::h591b2225413a77e9
[INFO] [stdout]                                at /rustc/6067b36314ab5eb2eb47cecc464545ba58e1ad24/library/alloc/src/boxed.rs:2027:9
[INFO] [stdout]   13:     0x5d4ffbd10953 - std::panicking::rust_panic_with_hook::h625eea43051b2edc
[INFO] [stdout]                                at /rustc/6067b36314ab5eb2eb47cecc464545ba58e1ad24/library/std/src/panicking.rs:839:13
[INFO] [stdout]   14:     0x5d4ffbd1060a - std::panicking::begin_panic_handler::{{closure}}::h4f9159cfbc3f6bd3
[INFO] [stdout]                                at /rustc/6067b36314ab5eb2eb47cecc464545ba58e1ad24/library/std/src/panicking.rs:704:13
[INFO] [stdout]   15:     0x5d4ffbd0ef39 - std::sys::backtrace::__rust_end_short_backtrace::h0390abce48353151
[INFO] [stdout]                                at /rustc/6067b36314ab5eb2eb47cecc464545ba58e1ad24/library/std/src/sys/backtrace.rs:168:18
[INFO] [stdout]   16:     0x5d4ffbd1029d - rust_begin_unwind
[INFO] [stdout]                                at /rustc/6067b36314ab5eb2eb47cecc464545ba58e1ad24/library/std/src/panicking.rs:695:5
[INFO] [stdout]   17:     0x5d4ffbd359c0 - core::panicking::panic_fmt::h9e7c637e9e5f29c9
[INFO] [stdout]                                at /rustc/6067b36314ab5eb2eb47cecc464545ba58e1ad24/library/core/src/panicking.rs:75:14
[INFO] [stdout]   18:     0x5d4ffbd35e36 - core::result::unwrap_failed::h7979f09313fe1849
[INFO] [stdout]                                at /rustc/6067b36314ab5eb2eb47cecc464545ba58e1ad24/library/core/src/result.rs:1704:5
[INFO] [stdout]   19:     0x5d4ffba8e0ff - core::result::Result<T,E>::unwrap::h5334ec3ce5d569fa
[INFO] [stdout]                                at /rustc/6067b36314ab5eb2eb47cecc464545ba58e1ad24/library/core/src/result.rs:1109:23
[INFO] [stdout]   20:     0x5d4ffba8e0ff - juta::contract::tests::proper_initialization::ha6806e929ccf99cc
[INFO] [stdout]                                at /opt/rustwide/workdir/src/contract.rs:231:19
[INFO] [stdout]   21:     0x5d4ffba8dcf7 - juta::contract::tests::proper_initialization::{{closure}}::hd886e2e5e8c4a33e
[INFO] [stdout]                                at /opt/rustwide/workdir/src/contract.rs:222:31
[INFO] [stdout]   22:     0x5d4ffbac90f6 - core::ops::function::FnOnce::call_once::hf98502e763f53bb7
[INFO] [stdout]                                at /rustc/6067b36314ab5eb2eb47cecc464545ba58e1ad24/library/core/src/ops/function.rs:250:5
[INFO] [stdout]   23:     0x5d4ffbb195eb - core::ops::function::FnOnce::call_once::he27718dfdd183f43
[INFO] [stdout]                                at /rustc/6067b36314ab5eb2eb47cecc464545ba58e1ad24/library/core/src/ops/function.rs:250:5
[INFO] [stdout]   24:     0x5d4ffbb195eb - test::__rust_begin_short_backtrace::h4e84902998457a5d
[INFO] [stdout]                                at /rustc/6067b36314ab5eb2eb47cecc464545ba58e1ad24/library/test/src/lib.rs:632:18
[INFO] [stdout]   25:     0x5d4ffbb18523 - test::run_test_in_process::{{closure}}::h7176fd18fc1feca0
[INFO] [stdout]                                at /rustc/6067b36314ab5eb2eb47cecc464545ba58e1ad24/library/test/src/lib.rs:655:60
[INFO] [stdout]   26:     0x5d4ffbb18523 - <core::panic::unwind_safe::AssertUnwindSafe<F> as core::ops::function::FnOnce<()>>::call_once::hf79cff2a624d8cf7
[INFO] [stdout]                                at /rustc/6067b36314ab5eb2eb47cecc464545ba58e1ad24/library/core/src/panic/unwind_safe.rs:272:9
[INFO] [stdout]   27:     0x5d4ffbb18523 - std::panicking::try::do_call::h3da0561d9ab99c25
[INFO] [stdout]                                at /rustc/6067b36314ab5eb2eb47cecc464545ba58e1ad24/library/std/src/panicking.rs:587:40
[INFO] [stdout]   28:     0x5d4ffbb18523 - std::panicking::try::h41c9fa508bc61df6
[INFO] [stdout]                                at /rustc/6067b36314ab5eb2eb47cecc464545ba58e1ad24/library/std/src/panicking.rs:550:19
[INFO] [stdout]   29:     0x5d4ffbb18523 - std::panic::catch_unwind::h6b3ff07bb5afad93
[INFO] [stdout]                                at /rustc/6067b36314ab5eb2eb47cecc464545ba58e1ad24/library/std/src/panic.rs:358:14
[INFO] [stdout]   30:     0x5d4ffbb18523 - test::run_test_in_process::hc7253dd11b39b9f4
[INFO] [stdout]                                at /rustc/6067b36314ab5eb2eb47cecc464545ba58e1ad24/library/test/src/lib.rs:655:27
[INFO] [stdout]   31:     0x5d4ffbb18523 - test::run_test::{{closure}}::hfb2007f8649c30bb
[INFO] [stdout]                                at /rustc/6067b36314ab5eb2eb47cecc464545ba58e1ad24/library/test/src/lib.rs:576:43
[INFO] [stdout]   32:     0x5d4ffbadb605 - test::run_test::{{closure}}::h56a17aa7a282a9f4
[INFO] [stdout]                                at /rustc/6067b36314ab5eb2eb47cecc464545ba58e1ad24/library/test/src/lib.rs:606:41
[INFO] [stdout]   33:     0x5d4ffbadb605 - std::sys::backtrace::__rust_begin_short_backtrace::hd2d2d2fb8e8c6aac
[INFO] [stdout]                                at /rustc/6067b36314ab5eb2eb47cecc464545ba58e1ad24/library/std/src/sys/backtrace.rs:152:18
[INFO] [stdout]   34:     0x5d4ffbadeeea - std::thread::Builder::spawn_unchecked_::{{closure}}::{{closure}}::h4faa3f9db6133423
[INFO] [stdout]                                at /rustc/6067b36314ab5eb2eb47cecc464545ba58e1ad24/library/std/src/thread/mod.rs:559:17
[INFO] [stdout]   35:     0x5d4ffbadeeea - <core::panic::unwind_safe::AssertUnwindSafe<F> as core::ops::function::FnOnce<()>>::call_once::hf2e855a36a4ea846
[INFO] [stdout]                                at /rustc/6067b36314ab5eb2eb47cecc464545ba58e1ad24/library/core/src/panic/unwind_safe.rs:272:9
[INFO] [stdout]   36:     0x5d4ffbadeeea - std::panicking::try::do_call::h2f73af3616c35465
[INFO] [stdout]                                at /rustc/6067b36314ab5eb2eb47cecc464545ba58e1ad24/library/std/src/panicking.rs:587:40
[INFO] [stdout]   37:     0x5d4ffbadeeea - std::panicking::try::hd1660ce9efadef5a
[INFO] [stdout]                                at /rustc/6067b36314ab5eb2eb47cecc464545ba58e1ad24/library/std/src/panicking.rs:550:19
[INFO] [stdout]   38:     0x5d4ffbadeeea - std::panic::catch_unwind::h5ee8d7823b8ca744
[INFO] [stdout]                                at /rustc/6067b36314ab5eb2eb47cecc464545ba58e1ad24/library/std/src/panic.rs:358:14
[INFO] [stdout]   39:     0x5d4ffbadeeea - std::thread::Builder::spawn_unchecked_::{{closure}}::h53c3a1894dce8407
[INFO] [stdout]                                at /rustc/6067b36314ab5eb2eb47cecc464545ba58e1ad24/library/std/src/thread/mod.rs:557:30
[INFO] [stdout]   40:     0x5d4ffbadeeea - core::ops::function::FnOnce::call_once{{vtable.shim}}::h048ce291ad4f62bf
[INFO] [stdout]                                at /rustc/6067b36314ab5eb2eb47cecc464545ba58e1ad24/library/core/src/ops/function.rs:250:5
[INFO] [stdout]   41:     0x5d4ffbd1488b - <alloc::boxed::Box<F,A> as core::ops::function::FnOnce<Args>>::call_once::ha52bedf99a3b4981
[INFO] [stdout]                                at /rustc/6067b36314ab5eb2eb47cecc464545ba58e1ad24/library/alloc/src/boxed.rs:2013:9
[INFO] [stdout]   42:     0x5d4ffbd1488b - <alloc::boxed::Box<F,A> as core::ops::function::FnOnce<Args>>::call_once::h567748934d80ccf8
[INFO] [stdout]                                at /rustc/6067b36314ab5eb2eb47cecc464545ba58e1ad24/library/alloc/src/boxed.rs:2013:9
[INFO] [stdout]   43:     0x5d4ffbd1488b - std::sys::pal::unix::thread::Thread::new::thread_start::h2d970728ae887adc
[INFO] [stdout]                                at /rustc/6067b36314ab5eb2eb47cecc464545ba58e1ad24/library/std/src/sys/pal/unix/thread.rs:106:17
[INFO] [stdout]   44:     0x7c9533f27ac3 - <unknown>
[INFO] [stdout]   45:     0x7c9533fb8a04 - clone
[INFO] [stdout]   46:                0x0 - <unknown>
[INFO] [stdout] 
[INFO] [stdout] ---- contract::tests::reset stdout ----
[INFO] [stdout] 
[INFO] [stdout] thread 'contract::tests::reset' panicked at src/contract.rs:269:70:
[INFO] [stdout] called `Result::unwrap()` on an `Err` value: Std(GenericErr { msg: "Error decoding bech32", backtrace: Backtrace [{ fn: "cosmwasm_std::errors::backtrace::BT::capture", file: "/opt/rustwide/cargo-home/registry/src/index.crates.io-1949cf8c6b5b557f/cosmwasm-std-2.0.3/src/errors/backtrace.rs", line: 19 }, { fn: "cosmwasm_std::errors::std_error::StdError::generic_err", file: "/opt/rustwide/cargo-home/registry/src/index.crates.io-1949cf8c6b5b557f/cosmwasm-std-2.0.3/src/errors/std_error.rs", line: 109 }, { fn: "<cosmwasm_std::testing::mock::MockApi as cosmwasm_std::traits::Api>::addr_canonicalize", file: "/opt/rustwide/cargo-home/registry/src/index.crates.io-1949cf8c6b5b557f/cosmwasm-std-2.0.3/src/testing/mock.rs", line: 134 }, { fn: "<cosmwasm_std::testing::mock::MockApi as cosmwasm_std::traits::Api>::addr_validate", file: "/opt/rustwide/cargo-home/registry/src/index.crates.io-1949cf8c6b5b557f/cosmwasm-std-2.0.3/src/testing/mock.rs", line: 118 }, { fn: "juta::contract::instantiate", file: "./src/contract.rs", line: 26 }, { fn: "juta::contract::tests::reset", file: "./src/contract.rs", line: 269 }, { fn: "juta::contract::tests::reset::{{closure}}", file: "./src/contract.rs", line: 260 }, { fn: "core::ops::function::FnOnce::call_once", file: "/rustc/6067b36314ab5eb2eb47cecc464545ba58e1ad24/library/core/src/ops/function.rs", line: 250 }, { fn: "core::ops::function::FnOnce::call_once", file: "/rustc/6067b36314ab5eb2eb47cecc464545ba58e1ad24/library/core/src/ops/function.rs", line: 250 }, { fn: "test::__rust_begin_short_backtrace", file: "/rustc/6067b36314ab5eb2eb47cecc464545ba58e1ad24/library/test/src/lib.rs", line: 632 }, { fn: "test::run_test_in_process::{{closure}}", file: "/rustc/6067b36314ab5eb2eb47cecc464545ba58e1ad24/library/test/src/lib.rs", line: 655 }, { fn: "<core::panic::unwind_safe::AssertUnwindSafe<F> as core::ops::function::FnOnce<()>>::call_once", file: "/rustc/6067b36314ab5eb2eb47cecc464545ba58e1ad24/library/core/src/panic/unwind_safe.rs", line: 272 }, { fn: "std::panicking::try::do_call", file: "/rustc/6067b36314ab5eb2eb47cecc464545ba58e1ad24/library/std/src/panicking.rs", line: 587 }, { fn: "std::panicking::try", file: "/rustc/6067b36314ab5eb2eb47cecc464545ba58e1ad24/library/std/src/panicking.rs", line: 550 }, { fn: "std::panic::catch_unwind", file: "/rustc/6067b36314ab5eb2eb47cecc464545ba58e1ad24/library/std/src/panic.rs", line: 358 }, { fn: "test::run_test_in_process", file: "/rustc/6067b36314ab5eb2eb47cecc464545ba58e1ad24/library/test/src/lib.rs", line: 655 }, { fn: "test::run_test::{{closure}}", file: "/rustc/6067b36314ab5eb2eb47cecc464545ba58e1ad24/library/test/src/lib.rs", line: 576 }, { fn: "test::run_test::{{closure}}", file: "/rustc/6067b36314ab5eb2eb47cecc464545ba58e1ad24/library/test/src/lib.rs", line: 606 }, { fn: "std::sys::backtrace::__rust_begin_short_backtrace", file: "/rustc/6067b36314ab5eb2eb47cecc464545ba58e1ad24/library/std/src/sys/backtrace.rs", line: 152 }, { fn: "std::thread::Builder::spawn_unchecked_::{{closure}}::{{closure}}", file: "/rustc/6067b36314ab5eb2eb47cecc464545ba58e1ad24/library/std/src/thread/mod.rs", line: 559 }, { fn: "<core::panic::unwind_safe::AssertUnwindSafe<F> as core::ops::function::FnOnce<()>>::call_once", file: "/rustc/6067b36314ab5eb2eb47cecc464545ba58e1ad24/library/core/src/panic/unwind_safe.rs", line: 272 }, { fn: "std::panicking::try::do_call", file: "/rustc/6067b36314ab5eb2eb47cecc464545ba58e1ad24/library/std/src/panicking.rs", line: 587 }, { fn: "std::panicking::try", file: "/rustc/6067b36314ab5eb2eb47cecc464545ba58e1ad24/library/std/src/panicking.rs", line: 550 }, { fn: "std::panic::catch_unwind", file: "/rustc/6067b36314ab5eb2eb47cecc464545ba58e1ad24/library/std/src/panic.rs", line: 358 }, { fn: "std::thread::Builder::spawn_unchecked_::{{closure}}", file: "/rustc/6067b36314ab5eb2eb47cecc464545ba58e1ad24/library/std/src/thread/mod.rs", line: 557 }, { fn: "core::ops::function::FnOnce::call_once{{vtable.shim}}", file: "/rustc/6067b36314ab5eb2eb47cecc464545ba58e1ad24/library/core/src/ops/function.rs", line: 250 }, { fn: "<alloc::boxed::Box<F,A> as core::ops::function::FnOnce<Args>>::call_once", file: "/rustc/6067b36314ab5eb2eb47cecc464545ba58e1ad24/library/alloc/src/boxed.rs", line: 2013 }, { fn: "<alloc::boxed::Box<F,A> as core::ops::function::FnOnce<Args>>::call_once", file: "/rustc/6067b36314ab5eb2eb47cecc464545ba58e1ad24/library/alloc/src/boxed.rs", line: 2013 }, { fn: "std::sys::pal::unix::thread::Thread::new::thread_start", file: "/rustc/6067b36314ab5eb2eb47cecc464545ba58e1ad24/library/std/src/sys/pal/unix/thread.rs", line: 106 }, { fn: "clone" }] })
[INFO] [stdout] stack backtrace:
[INFO] [stdout]    0:     0x5d4ffbd0ea3a - std::backtrace_rs::backtrace::libunwind::trace::hb059275cfc8d6126
[INFO] [stderr] error: test failed, to rerun pass `--lib`
[INFO] [stdout]                                at /rustc/6067b36314ab5eb2eb47cecc464545ba58e1ad24/library/std/src/../../backtrace/src/backtrace/libunwind.rs:116:5
[INFO] [stdout]    1:     0x5d4ffbd0ea3a - std::backtrace_rs::backtrace::trace_unsynchronized::h2da071e4327ce3ee
[INFO] [stdout]                                at /rustc/6067b36314ab5eb2eb47cecc464545ba58e1ad24/library/std/src/../../backtrace/src/backtrace/mod.rs:66:5
[INFO] [stdout]    2:     0x5d4ffbd0ea3a - std::sys::backtrace::_print_fmt::h842a1474e6f8d23f
[INFO] [stdout]                                at /rustc/6067b36314ab5eb2eb47cecc464545ba58e1ad24/library/std/src/sys/backtrace.rs:66:9
[INFO] [stdout]    3:     0x5d4ffbd0ea3a - <std::sys::backtrace::BacktraceLock::print::DisplayBacktrace as core::fmt::Display>::fmt::h71a62eb3b9696b12
[INFO] [stdout]                                at /rustc/6067b36314ab5eb2eb47cecc464545ba58e1ad24/library/std/src/sys/backtrace.rs:39:26
[INFO] [stdout]    4:     0x5d4ffbd37523 - core::fmt::rt::Argument::fmt::hdb6b616786b41dc1
[INFO] [stdout]                                at /rustc/6067b36314ab5eb2eb47cecc464545ba58e1ad24/library/core/src/fmt/rt.rs:177:76
[INFO] [stdout]    5:     0x5d4ffbd37523 - core::fmt::write::h2cc1698af7e2d686
[INFO] [stdout]                                at /rustc/6067b36314ab5eb2eb47cecc464545ba58e1ad24/library/core/src/fmt/mod.rs:1440:21
[INFO] [stdout]    6:     0x5d4ffbd0b3a3 - std::io::Write::write_fmt::hab1b4cd059a79022
[INFO] [stdout]                                at /rustc/6067b36314ab5eb2eb47cecc464545ba58e1ad24/library/std/src/io/mod.rs:1887:15
[INFO] [stdout]    7:     0x5d4ffbd0e882 - std::sys::backtrace::BacktraceLock::print::h147fe35b4ea13b08
[INFO] [stdout]                                at /rustc/6067b36314ab5eb2eb47cecc464545ba58e1ad24/library/std/src/sys/backtrace.rs:42:9
[INFO] [stdout]    8:     0x5d4ffbd0fe5f - std::panicking::default_hook::{{closure}}::hbd44223dbdc0d208
[INFO] [stdout]                                at /rustc/6067b36314ab5eb2eb47cecc464545ba58e1ad24/library/std/src/panicking.rs:298:22
[INFO] [stdout]    9:     0x5d4ffbd0fc78 - std::panicking::default_hook::h20f81eb0576efcec
[INFO] [stdout]                                at /rustc/6067b36314ab5eb2eb47cecc464545ba58e1ad24/library/std/src/panicking.rs:322:9
[INFO] [stdout]   10:     0x5d4ffbb13e93 - <alloc::boxed::Box<F,A> as core::ops::function::Fn<Args>>::call::hdb53814c496a4d34
[INFO] [stdout]                                at /rustc/6067b36314ab5eb2eb47cecc464545ba58e1ad24/library/alloc/src/boxed.rs:2027:9
[INFO] [stdout]   11:     0x5d4ffbb13e93 - test::test_main::{{closure}}::hc0a4963c59427c24
[INFO] [stdout]                                at /rustc/6067b36314ab5eb2eb47cecc464545ba58e1ad24/library/test/src/lib.rs:134:21
[INFO] [stdout]   12:     0x5d4ffbd10953 - <alloc::boxed::Box<F,A> as core::ops::function::Fn<Args>>::call::h591b2225413a77e9
[INFO] [stdout]                                at /rustc/6067b36314ab5eb2eb47cecc464545ba58e1ad24/library/alloc/src/boxed.rs:2027:9
[INFO] [stdout]   13:     0x5d4ffbd10953 - std::panicking::rust_panic_with_hook::h625eea43051b2edc
[INFO] [stdout]                                at /rustc/6067b36314ab5eb2eb47cecc464545ba58e1ad24/library/std/src/panicking.rs:839:13
[INFO] [stdout]   14:     0x5d4ffbd1060a - std::panicking::begin_panic_handler::{{closure}}::h4f9159cfbc3f6bd3
[INFO] [stdout]                                at /rustc/6067b36314ab5eb2eb47cecc464545ba58e1ad24/library/std/src/panicking.rs:704:13
[INFO] [stdout]   15:     0x5d4ffbd0ef39 - std::sys::backtrace::__rust_end_short_backtrace::h0390abce48353151
[INFO] [stdout]                                at /rustc/6067b36314ab5eb2eb47cecc464545ba58e1ad24/library/std/src/sys/backtrace.rs:168:18
[INFO] [stdout]   16:     0x5d4ffbd1029d - rust_begin_unwind
[INFO] [stdout]                                at /rustc/6067b36314ab5eb2eb47cecc464545ba58e1ad24/library/std/src/panicking.rs:695:5
[INFO] [stdout]   17:     0x5d4ffbd359c0 - core::panicking::panic_fmt::h9e7c637e9e5f29c9
[INFO] [stdout]                                at /rustc/6067b36314ab5eb2eb47cecc464545ba58e1ad24/library/core/src/panicking.rs:75:14
[INFO] [stdout]   18:     0x5d4ffbd35e36 - core::result::unwrap_failed::h7979f09313fe1849
[INFO] [stdout]                                at /rustc/6067b36314ab5eb2eb47cecc464545ba58e1ad24/library/core/src/result.rs:1704:5
[INFO] [stdout]   19:     0x5d4ffba8f8ab - core::result::Result<T,E>::unwrap::h5334ec3ce5d569fa
[INFO] [stdout]                                at /rustc/6067b36314ab5eb2eb47cecc464545ba58e1ad24/library/core/src/result.rs:1109:23
[INFO] [stdout]   20:     0x5d4ffba8f8ab - juta::contract::tests::reset::hfb40ce9e53b309ba
[INFO] [stdout]                                at /opt/rustwide/workdir/src/contract.rs:269:20
[INFO] [stdout]   21:     0x5d4ffba8f477 - juta::contract::tests::reset::{{closure}}::h6c268ef98f1a429f
[INFO] [stdout]                                at /opt/rustwide/workdir/src/contract.rs:260:15
[INFO] [stdout]   22:     0x5d4ffbac9056 - core::ops::function::FnOnce::call_once::he96c5b4af5889469
[INFO] [stdout]                                at /rustc/6067b36314ab5eb2eb47cecc464545ba58e1ad24/library/core/src/ops/function.rs:250:5
[INFO] [stdout]   23:     0x5d4ffbb195eb - core::ops::function::FnOnce::call_once::he27718dfdd183f43
[INFO] [stdout]                                at /rustc/6067b36314ab5eb2eb47cecc464545ba58e1ad24/library/core/src/ops/function.rs:250:5
[INFO] [stdout]   24:     0x5d4ffbb195eb - test::__rust_begin_short_backtrace::h4e84902998457a5d
[INFO] [stdout]                                at /rustc/6067b36314ab5eb2eb47cecc464545ba58e1ad24/library/test/src/lib.rs:632:18
[INFO] [stdout]   25:     0x5d4ffbb18523 - test::run_test_in_process::{{closure}}::h7176fd18fc1feca0
[INFO] [stdout]                                at /rustc/6067b36314ab5eb2eb47cecc464545ba58e1ad24/library/test/src/lib.rs:655:60
[INFO] [stdout]   26:     0x5d4ffbb18523 - <core::panic::unwind_safe::AssertUnwindSafe<F> as core::ops::function::FnOnce<()>>::call_once::hf79cff2a624d8cf7
[INFO] [stdout]                                at /rustc/6067b36314ab5eb2eb47cecc464545ba58e1ad24/library/core/src/panic/unwind_safe.rs:272:9
[INFO] [stdout]   27:     0x5d4ffbb18523 - std::panicking::try::do_call::h3da0561d9ab99c25
[INFO] [stdout]                                at /rustc/6067b36314ab5eb2eb47cecc464545ba58e1ad24/library/std/src/panicking.rs:587:40
[INFO] [stdout]   28:     0x5d4ffbb18523 - std::panicking::try::h41c9fa508bc61df6
[INFO] [stdout]                                at /rustc/6067b36314ab5eb2eb47cecc464545ba58e1ad24/library/std/src/panicking.rs:550:19
[INFO] [stdout]   29:     0x5d4ffbb18523 - std::panic::catch_unwind::h6b3ff07bb5afad93
[INFO] [stdout]                                at /rustc/6067b36314ab5eb2eb47cecc464545ba58e1ad24/library/std/src/panic.rs:358:14
[INFO] [stdout]   30:     0x5d4ffbb18523 - test::run_test_in_process::hc7253dd11b39b9f4
[INFO] [stdout]                                at /rustc/6067b36314ab5eb2eb47cecc464545ba58e1ad24/library/test/src/lib.rs:655:27
[INFO] [stdout]   31:     0x5d4ffbb18523 - test::run_test::{{closure}}::hfb2007f8649c30bb
[INFO] [stdout]                                at /rustc/6067b36314ab5eb2eb47cecc464545ba58e1ad24/library/test/src/lib.rs:576:43
[INFO] [stdout]   32:     0x5d4ffbadb605 - test::run_test::{{closure}}::h56a17aa7a282a9f4
[INFO] [stdout]                                at /rustc/6067b36314ab5eb2eb47cecc464545ba58e1ad24/library/test/src/lib.rs:606:41
[INFO] [stdout]   33:     0x5d4ffbadb605 - std::sys::backtrace::__rust_begin_short_backtrace::hd2d2d2fb8e8c6aac
[INFO] [stdout]                                at /rustc/6067b36314ab5eb2eb47cecc464545ba58e1ad24/library/std/src/sys/backtrace.rs:152:18
[INFO] [stdout]   34:     0x5d4ffbadeeea - std::thread::Builder::spawn_unchecked_::{{closure}}::{{closure}}::h4faa3f9db6133423
[INFO] [stdout]                                at /rustc/6067b36314ab5eb2eb47cecc464545ba58e1ad24/library/std/src/thread/mod.rs:559:17
[INFO] [stdout]   35:     0x5d4ffbadeeea - <core::panic::unwind_safe::AssertUnwindSafe<F> as core::ops::function::FnOnce<()>>::call_once::hf2e855a36a4ea846
[INFO] [stdout]                                at /rustc/6067b36314ab5eb2eb47cecc464545ba58e1ad24/library/core/src/panic/unwind_safe.rs:272:9
[INFO] [stdout]   36:     0x5d4ffbadeeea - std::panicking::try::do_call::h2f73af3616c35465
[INFO] [stdout]                                at /rustc/6067b36314ab5eb2eb47cecc464545ba58e1ad24/library/std/src/panicking.rs:587:40
[INFO] [stdout]   37:     0x5d4ffbadeeea - std::panicking::try::hd1660ce9efadef5a
[INFO] [stdout]                                at /rustc/6067b36314ab5eb2eb47cecc464545ba58e1ad24/library/std/src/panicking.rs:550:19
[INFO] [stdout]   38:     0x5d4ffbadeeea - std::panic::catch_unwind::h5ee8d7823b8ca744
[INFO] [stdout]                                at /rustc/6067b36314ab5eb2eb47cecc464545ba58e1ad24/library/std/src/panic.rs:358:14
[INFO] [stdout]   39:     0x5d4ffbadeeea - std::thread::Builder::spawn_unchecked_::{{closure}}::h53c3a1894dce8407
[INFO] [stdout]                                at /rustc/6067b36314ab5eb2eb47cecc464545ba58e1ad24/library/std/src/thread/mod.rs:557:30
[INFO] [stdout]   40:     0x5d4ffbadeeea - core::ops::function::FnOnce::call_once{{vtable.shim}}::h048ce291ad4f62bf
[INFO] [stdout]                                at /rustc/6067b36314ab5eb2eb47cecc464545ba58e1ad24/library/core/src/ops/function.rs:250:5
[INFO] [stdout]   41:     0x5d4ffbd1488b - <alloc::boxed::Box<F,A> as core::ops::function::FnOnce<Args>>::call_once::ha52bedf99a3b4981
[INFO] [stdout]                                at /rustc/6067b36314ab5eb2eb47cecc464545ba58e1ad24/library/alloc/src/boxed.rs:2013:9
[INFO] [stdout]   42:     0x5d4ffbd1488b - <alloc::boxed::Box<F,A> as core::ops::function::FnOnce<Args>>::call_once::h567748934d80ccf8
[INFO] [stdout]                                at /rustc/6067b36314ab5eb2eb47cecc464545ba58e1ad24/library/alloc/src/boxed.rs:2013:9
[INFO] [stdout]   43:     0x5d4ffbd1488b - std::sys::pal::unix::thread::Thread::new::thread_start::h2d970728ae887adc
[INFO] [stdout]                                at /rustc/6067b36314ab5eb2eb47cecc464545ba58e1ad24/library/std/src/sys/pal/unix/thread.rs:106:17
[INFO] [stdout]   44:     0x7c9533f27ac3 - <unknown>
[INFO] [stdout]   45:     0x7c9533fb8a04 - clone
[INFO] [stdout]   46:                0x0 - <unknown>
[INFO] [stdout] 
[INFO] [stdout] 
[INFO] [stdout] failures:
[INFO] [stdout]     contract::tests::increment
[INFO] [stdout]     contract::tests::proper_initialization
[INFO] [stdout]     contract::tests::reset
[INFO] [stdout]     integration_tests::tests::count::count
[INFO] [stdout] 
[INFO] [stdout] test result: FAILED. 0 passed; 4 failed; 0 ignored; 0 measured; 0 filtered out; finished in 0.07s
[INFO] [stdout] 
[INFO] running `Command { std: "docker" "inspect" "f6f4d246241e462b496202bb28096686193e50cc6e71e311f0040e131b6dc687", kill_on_drop: false }`
[INFO] running `Command { std: "docker" "rm" "-f" "f6f4d246241e462b496202bb28096686193e50cc6e71e311f0040e131b6dc687", kill_on_drop: false }`
[INFO] [stdout] f6f4d246241e462b496202bb28096686193e50cc6e71e311f0040e131b6dc687
