[INFO] cloning repository https://github.com/marxin/mdbook-linkcheck2
[INFO] running `Command { std: "git" "-c" "credential.helper=" "-c" "credential.helper=/workspace/cargo-home/bin/git-credential-null" "clone" "--bare" "https://github.com/marxin/mdbook-linkcheck2" "/workspace/cache/git-repos/https%3A%2F%2Fgithub.com%2Fmarxin%2Fmdbook-linkcheck2", kill_on_drop: false }`
[INFO] [stderr] Cloning into bare repository '/workspace/cache/git-repos/https%3A%2F%2Fgithub.com%2Fmarxin%2Fmdbook-linkcheck2'...
[INFO] running `Command { std: "git" "rev-parse" "HEAD", kill_on_drop: false }`
[INFO] [stdout] 40868186e8ebbb75d82b470b0bdd6d0599a62a81
[INFO] testing marxin/mdbook-linkcheck2 against nightly-2025-01-18+rustflags=-Zrandomize-layout for randomize-layout-2
[INFO] running `Command { std: "git" "clone" "/workspace/cache/git-repos/https%3A%2F%2Fgithub.com%2Fmarxin%2Fmdbook-linkcheck2" "/workspace/builds/worker-3-tc2/source", kill_on_drop: false }`
[INFO] [stderr] Cloning into '/workspace/builds/worker-3-tc2/source'...
[INFO] [stderr] done.
[INFO] validating manifest of git repo https://github.com/marxin/mdbook-linkcheck2 on toolchain nightly-2025-01-18
[INFO] running `Command { std: CARGO_HOME="/workspace/cargo-home" RUSTUP_HOME="/workspace/rustup-home" "/workspace/cargo-home/bin/cargo" "+nightly-2025-01-18" "metadata" "--manifest-path" "Cargo.toml" "--no-deps", kill_on_drop: false }`
[INFO] removed /workspace/builds/worker-3-tc2/source/.cargo/config.toml
[INFO] started tweaking git repo https://github.com/marxin/mdbook-linkcheck2
[INFO] finished tweaking git repo https://github.com/marxin/mdbook-linkcheck2
[INFO] tweaked toml for git repo https://github.com/marxin/mdbook-linkcheck2 written to /workspace/builds/worker-3-tc2/source/Cargo.toml
[INFO] crate git repo https://github.com/marxin/mdbook-linkcheck2 already has a lockfile, it will not be regenerated
[INFO] running `Command { std: CARGO_HOME="/workspace/cargo-home" RUSTUP_HOME="/workspace/rustup-home" "/workspace/cargo-home/bin/cargo" "+nightly-2025-01-18" "fetch" "--manifest-path" "Cargo.toml", kill_on_drop: false }`
[INFO] [stderr]     Blocking waiting for file lock on package cache
[INFO] [stderr]     Blocking waiting for file lock on package cache
[INFO] running `Command { std: "docker" "create" "-v" "/var/lib/crater-agent-workspace/builds/worker-3-tc2/target:/opt/rustwide/target:rw,Z" "-v" "/var/lib/crater-agent-workspace/builds/worker-3-tc2/source:/opt/rustwide/workdir:ro,Z" "-v" "/var/lib/crater-agent-workspace/cargo-home:/opt/rustwide/cargo-home:ro,Z" "-v" "/var/lib/crater-agent-workspace/rustup-home:/opt/rustwide/rustup-home:ro,Z" "-e" "SOURCE_DIR=/opt/rustwide/workdir" "-e" "CARGO_TARGET_DIR=/opt/rustwide/target" "-e" "CARGO_HOME=/opt/rustwide/cargo-home" "-e" "RUSTUP_HOME=/opt/rustwide/rustup-home" "-w" "/opt/rustwide/workdir" "-m" "1610612736" "--user" "0:0" "--network" "none" "ghcr.io/rust-lang/crates-build-env/linux@sha256:819108c5571ea2e421544af4d832f968d213c87fbe3707a016657f43d2f853bc" "/opt/rustwide/cargo-home/bin/cargo" "+nightly-2025-01-18" "metadata" "--no-deps" "--format-version=1", kill_on_drop: false }`
[INFO] [stdout] 840fe05778b87b9d04c54bcdd5b04d03b9e43f4c0d896c1a6ea5d34503ab940b
[INFO] running `Command { std: "docker" "start" "-a" "840fe05778b87b9d04c54bcdd5b04d03b9e43f4c0d896c1a6ea5d34503ab940b", kill_on_drop: false }`
[INFO] running `Command { std: "docker" "inspect" "840fe05778b87b9d04c54bcdd5b04d03b9e43f4c0d896c1a6ea5d34503ab940b", kill_on_drop: false }`
[INFO] running `Command { std: "docker" "rm" "-f" "840fe05778b87b9d04c54bcdd5b04d03b9e43f4c0d896c1a6ea5d34503ab940b", kill_on_drop: false }`
[INFO] [stdout] 840fe05778b87b9d04c54bcdd5b04d03b9e43f4c0d896c1a6ea5d34503ab940b
[INFO] running `Command { std: "docker" "create" "-v" "/var/lib/crater-agent-workspace/builds/worker-3-tc2/target:/opt/rustwide/target:rw,Z" "-v" "/var/lib/crater-agent-workspace/builds/worker-3-tc2/source:/opt/rustwide/workdir:ro,Z" "-v" "/var/lib/crater-agent-workspace/cargo-home:/opt/rustwide/cargo-home:ro,Z" "-v" "/var/lib/crater-agent-workspace/rustup-home:/opt/rustwide/rustup-home:ro,Z" "-e" "SOURCE_DIR=/opt/rustwide/workdir" "-e" "CARGO_TARGET_DIR=/opt/rustwide/target" "-e" "CARGO_INCREMENTAL=0" "-e" "RUST_BACKTRACE=full" "-e" "RUSTFLAGS=--cap-lints=forbid -Zrandomize-layout" "-e" "RUSTDOCFLAGS=--cap-lints=forbid" "-e" "CARGO_HOME=/opt/rustwide/cargo-home" "-e" "RUSTUP_HOME=/opt/rustwide/rustup-home" "-w" "/opt/rustwide/workdir" "-m" "1610612736" "--user" "0:0" "--network" "none" "ghcr.io/rust-lang/crates-build-env/linux@sha256:819108c5571ea2e421544af4d832f968d213c87fbe3707a016657f43d2f853bc" "/opt/rustwide/cargo-home/bin/cargo" "+nightly-2025-01-18" "build" "--frozen" "--message-format=json", kill_on_drop: false }`
[INFO] [stdout] 68993a6f1e23f3fa39c2474b6366a894407b7a328040a92687cb654f4c278ed5
[INFO] running `Command { std: "docker" "start" "-a" "68993a6f1e23f3fa39c2474b6366a894407b7a328040a92687cb654f4c278ed5", kill_on_drop: false }`
[INFO] [stderr]    Compiling proc-macro2 v1.0.92
[INFO] [stderr]    Compiling libc v0.2.161
[INFO] [stderr]    Compiling bitflags v2.6.0
[INFO] [stderr]    Compiling pin-project-lite v0.2.14
[INFO] [stderr]    Compiling futures-core v0.3.31
[INFO] [stderr]    Compiling shlex v1.3.0
[INFO] [stderr]    Compiling bytes v1.8.0
[INFO] [stderr]    Compiling futures-sink v0.3.31
[INFO] [stderr]    Compiling serde v1.0.217
[INFO] [stderr]    Compiling futures-io v0.3.31
[INFO] [stderr]    Compiling log v0.4.22
[INFO] [stderr]    Compiling unicode-width v0.1.14
[INFO] [stderr]    Compiling rustix v0.38.34
[INFO] [stderr]    Compiling thiserror v1.0.64
[INFO] [stderr]    Compiling aho-corasick v1.1.3
[INFO] [stderr]    Compiling tracing-core v0.1.32
[INFO] [stderr]    Compiling hashbrown v0.15.0
[INFO] [stderr]    Compiling futures-channel v0.3.31
[INFO] [stderr]    Compiling utf8parse v0.2.2
[INFO] [stderr]    Compiling anstyle-parse v0.2.5
[INFO] [stderr]    Compiling is_terminal_polyfill v1.70.1
[INFO] [stderr]    Compiling ucd-trie v0.1.6
[INFO] [stderr]    Compiling cc v1.1.31
[INFO] [stderr]    Compiling colorchoice v1.0.2
[INFO] [stderr]    Compiling anstyle-query v1.1.1
[INFO] [stderr]    Compiling atomic-waker v1.1.2
[INFO] [stderr]    Compiling anstyle v1.0.8
[INFO] [stderr]    Compiling tinyvec v1.8.0
[INFO] [stderr]    Compiling smallvec v1.13.2
[INFO] [stderr]    Compiling tower-service v0.3.3
[INFO] [stderr]    Compiling unicase v2.8.0
[INFO] [stderr]    Compiling strsim v0.11.1
[INFO] [stderr]    Compiling tracing v0.1.40
[INFO] [stderr]    Compiling http v1.2.0
[INFO] [stderr]    Compiling unicode-bidi v0.3.17
[INFO] [stderr]    Compiling serde_json v1.0.134
[INFO] [stderr]    Compiling clap_lex v0.7.0
[INFO] [stderr]    Compiling anstream v0.6.15
[INFO] [stderr]    Compiling sync_wrapper v1.0.1
[INFO] [stderr]    Compiling num-modular v0.6.1
[INFO] [stderr]    Compiling indexmap v2.6.0
[INFO] [stderr]    Compiling pulldown-cmark v0.12.2
[INFO] [stderr]    Compiling tower-layer v0.3.3
[INFO] [stderr]    Compiling unicode-segmentation v1.11.0
[INFO] [stderr]    Compiling thiserror v2.0.9
[INFO] [stderr]    Compiling quote v1.0.37
[INFO] [stderr]    Compiling rustls-pki-types v1.10.0
[INFO] [stderr]    Compiling pulldown-cmark v0.10.3
[INFO] [stderr]    Compiling anyhow v1.0.95
[INFO] [stderr]    Compiling mio v1.0.2
[INFO] [stderr]    Compiling socket2 v0.5.7
[INFO] [stderr]    Compiling syn v2.0.93
[INFO] [stderr]    Compiling syn v1.0.109
[INFO] [stderr]    Compiling heck v0.3.3
[INFO] [stderr]    Compiling regex-automata v0.4.8
[INFO] [stderr]    Compiling proc-macro-error-attr v1.0.4
[INFO] [stderr]    Compiling rustls-pemfile v2.2.0
[INFO] [stderr]    Compiling unicode-normalization v0.1.24
[INFO] [stderr]    Compiling http-body v1.0.1
[INFO] [stderr]    Compiling num-order v1.2.0
[INFO] [stderr]    Compiling tokio v1.42.0
[INFO] [stderr]    Compiling atty v0.2.14
[INFO] [stderr]    Compiling getopts v0.2.21
[INFO] [stderr]    Compiling textwrap v0.11.0
[INFO] [stderr]    Compiling encoding_rs v0.8.34
[INFO] [stderr]    Compiling base64 v0.22.1
[INFO] [stderr]    Compiling semver v1.0.24
[INFO] [stderr]    Compiling vec_map v0.8.2
[INFO] [stderr]    Compiling openssl-sys v0.9.102
[INFO] [stderr]    Compiling strsim v0.8.0
[INFO] [stderr]    Compiling fastrand v2.1.0
[INFO] [stderr]    Compiling pulldown-cmark-escape v0.10.1
[INFO] [stderr]    Compiling pulldown-cmark-escape v0.11.0
[INFO] [stderr]    Compiling ansi_term v0.12.1
[INFO] [stderr]    Compiling chrono v0.4.38
[INFO] [stderr]    Compiling idna v0.5.0
[INFO] [stderr]    Compiling linkify v0.10.0
[INFO] [stderr]    Compiling clap v2.34.0
[INFO] [stderr]    Compiling openssl v0.10.64
[INFO] [stderr]    Compiling native-tls v0.2.11
[INFO] [stderr]    Compiling lazy_static v1.5.0
[INFO] [stderr]    Compiling dunce v1.0.5
[INFO] [stderr]    Compiling topological-sort v0.2.2
[INFO] [stderr]    Compiling terminal_size v0.3.0
[INFO] [stderr]    Compiling proc-macro-error v1.0.4
[INFO] [stderr]    Compiling clap_builder v4.5.2
[INFO] [stderr]    Compiling tempfile v3.10.1
[INFO] [stderr]    Compiling regex v1.11.1
[INFO] [stderr]    Compiling bstr v1.9.1
[INFO] [stderr]    Compiling structopt-derive v0.4.18
[INFO] [stderr]    Compiling env_filter v0.1.2
[INFO] [stderr]    Compiling env_logger v0.11.6
[INFO] [stderr]    Compiling opener v0.7.2
[INFO] [stderr]    Compiling serde_derive v1.0.217
[INFO] [stderr]    Compiling futures-macro v0.3.31
[INFO] [stderr]    Compiling thiserror-impl v1.0.64
[INFO] [stderr]    Compiling openssl-macros v0.1.1
[INFO] [stderr]    Compiling thiserror-impl v2.0.9
[INFO] [stderr]    Compiling structopt v0.3.26
[INFO] [stderr]    Compiling futures-util v0.3.31
[INFO] [stderr]    Compiling clap v4.5.4
[INFO] [stderr]    Compiling clap_complete v4.5.2
[INFO] [stderr]    Compiling pest v2.7.10
[INFO] [stderr]    Compiling tokio-util v0.7.11
[INFO] [stderr]    Compiling h2 v0.4.6
[INFO] [stderr]    Compiling pest_meta v2.7.10
[INFO] [stderr]    Compiling http-body-util v0.1.2
[INFO] [stderr]    Compiling futures-executor v0.3.31
[INFO] [stderr]    Compiling tower v0.5.2
[INFO] [stderr]    Compiling futures v0.3.31
[INFO] [stderr]    Compiling tokio-native-tls v0.3.1
[INFO] [stderr]    Compiling pest_generator v2.7.10
[INFO] [stderr]    Compiling hyper v1.5.0
[INFO] [stderr]    Compiling pest_derive v2.7.10
[INFO] [stderr]    Compiling url v2.5.2
[INFO] [stderr]    Compiling serde_urlencoded v0.7.1
[INFO] [stderr]    Compiling codespan-reporting v0.11.1
[INFO] [stderr]    Compiling toml v0.5.11
[INFO] [stderr]    Compiling hyper-util v0.1.10
[INFO] [stderr]    Compiling codespan v0.11.1
[INFO] [stderr]    Compiling handlebars v6.2.0
[INFO] [stderr]    Compiling hyper-tls v0.6.0
[INFO] [stderr]    Compiling reqwest v0.12.11
[INFO] [stderr]    Compiling mdbook v0.4.43
[INFO] [stderr]    Compiling linkcheck2 v0.6.0
[INFO] [stderr]    Compiling mdbook-linkcheck2 v0.8.2 (/opt/rustwide/workdir)
[INFO] [stderr]     Finished `dev` profile [unoptimized + debuginfo] target(s) in 40.83s
[INFO] running `Command { std: "docker" "inspect" "68993a6f1e23f3fa39c2474b6366a894407b7a328040a92687cb654f4c278ed5", kill_on_drop: false }`
[INFO] running `Command { std: "docker" "rm" "-f" "68993a6f1e23f3fa39c2474b6366a894407b7a328040a92687cb654f4c278ed5", kill_on_drop: false }`
[INFO] [stdout] 68993a6f1e23f3fa39c2474b6366a894407b7a328040a92687cb654f4c278ed5
[INFO] running `Command { std: "docker" "create" "-v" "/var/lib/crater-agent-workspace/builds/worker-3-tc2/target:/opt/rustwide/target:rw,Z" "-v" "/var/lib/crater-agent-workspace/builds/worker-3-tc2/source:/opt/rustwide/workdir:ro,Z" "-v" "/var/lib/crater-agent-workspace/cargo-home:/opt/rustwide/cargo-home:ro,Z" "-v" "/var/lib/crater-agent-workspace/rustup-home:/opt/rustwide/rustup-home:ro,Z" "-e" "SOURCE_DIR=/opt/rustwide/workdir" "-e" "CARGO_TARGET_DIR=/opt/rustwide/target" "-e" "CARGO_INCREMENTAL=0" "-e" "RUST_BACKTRACE=full" "-e" "RUSTFLAGS=--cap-lints=forbid -Zrandomize-layout" "-e" "RUSTDOCFLAGS=--cap-lints=forbid" "-e" "CARGO_HOME=/opt/rustwide/cargo-home" "-e" "RUSTUP_HOME=/opt/rustwide/rustup-home" "-w" "/opt/rustwide/workdir" "-m" "1610612736" "--user" "0:0" "--network" "none" "ghcr.io/rust-lang/crates-build-env/linux@sha256:819108c5571ea2e421544af4d832f968d213c87fbe3707a016657f43d2f853bc" "/opt/rustwide/cargo-home/bin/cargo" "+nightly-2025-01-18" "test" "--frozen" "--no-run" "--message-format=json", kill_on_drop: false }`
[INFO] [stdout] 8be4474fd6a778cfe183cd829cee5e3a2c9bf4b8127697910a246d132ff0deb3
[INFO] running `Command { std: "docker" "start" "-a" "8be4474fd6a778cfe183cd829cee5e3a2c9bf4b8127697910a246d132ff0deb3", kill_on_drop: false }`
[INFO] [stderr]    Compiling serde_spanned v0.6.8
[INFO] [stderr]    Compiling toml_datetime v0.6.8
[INFO] [stderr]    Compiling winnow v0.6.20
[INFO] [stderr]    Compiling yansi v1.0.1
[INFO] [stderr]    Compiling diff v0.1.13
[INFO] [stderr]    Compiling pretty_assertions v1.4.1
[INFO] [stderr]    Compiling toml_edit v0.22.22
[INFO] [stderr]    Compiling toml v0.8.19
[INFO] [stderr]    Compiling mdbook-linkcheck2 v0.8.2 (/opt/rustwide/workdir)
[INFO] [stderr]     Finished `test` profile [unoptimized + debuginfo] target(s) in 8.45s
[INFO] running `Command { std: "docker" "inspect" "8be4474fd6a778cfe183cd829cee5e3a2c9bf4b8127697910a246d132ff0deb3", kill_on_drop: false }`
[INFO] running `Command { std: "docker" "rm" "-f" "8be4474fd6a778cfe183cd829cee5e3a2c9bf4b8127697910a246d132ff0deb3", kill_on_drop: false }`
[INFO] [stdout] 8be4474fd6a778cfe183cd829cee5e3a2c9bf4b8127697910a246d132ff0deb3
[INFO] running `Command { std: "docker" "create" "-v" "/var/lib/crater-agent-workspace/builds/worker-3-tc2/target:/opt/rustwide/target:rw,Z" "-v" "/var/lib/crater-agent-workspace/builds/worker-3-tc2/source:/opt/rustwide/workdir:ro,Z" "-v" "/var/lib/crater-agent-workspace/cargo-home:/opt/rustwide/cargo-home:ro,Z" "-v" "/var/lib/crater-agent-workspace/rustup-home:/opt/rustwide/rustup-home:ro,Z" "-e" "SOURCE_DIR=/opt/rustwide/workdir" "-e" "CARGO_TARGET_DIR=/opt/rustwide/target" "-e" "CARGO_INCREMENTAL=0" "-e" "RUST_BACKTRACE=full" "-e" "RUSTFLAGS=--cap-lints=forbid -Zrandomize-layout" "-e" "RUSTDOCFLAGS=--cap-lints=forbid" "-e" "CARGO_HOME=/opt/rustwide/cargo-home" "-e" "RUSTUP_HOME=/opt/rustwide/rustup-home" "-w" "/opt/rustwide/workdir" "-m" "1610612736" "--user" "0:0" "--network" "none" "ghcr.io/rust-lang/crates-build-env/linux@sha256:819108c5571ea2e421544af4d832f968d213c87fbe3707a016657f43d2f853bc" "/opt/rustwide/cargo-home/bin/cargo" "+nightly-2025-01-18" "test" "--frozen", kill_on_drop: false }`
[INFO] [stdout] 2a4221209f1ba4d03ae38158ac9c8f2edacbcc68d450f2ccfecdb4b90d2a00ad
[INFO] running `Command { std: "docker" "start" "-a" "2a4221209f1ba4d03ae38158ac9c8f2edacbcc68d450f2ccfecdb4b90d2a00ad", kill_on_drop: false }`
[INFO] [stderr]     Finished `test` profile [unoptimized + debuginfo] target(s) in 0.23s
[INFO] [stderr]      Running unittests src/lib.rs (/opt/rustwide/target/debug/deps/mdbook_linkcheck2-6747903c5e9c26b2)
[INFO] [stdout] 
[INFO] [stdout] running 5 tests
[INFO] [stdout] test config::tests::deserialize_a_config ... ok
[INFO] [stdout] test config::tests::round_trip_config ... ok
[INFO] [stdout] test tests::always_stay_compatible_with_mdbook_dependency ... ok
[INFO] [stdout] test validate::tests::check_some_simple_relative_paths ... ok
[INFO] [stdout] test config::tests::interpolation ... ok
[INFO] [stdout] 
[INFO] [stdout] test result: ok. 5 passed; 0 failed; 0 ignored; 0 measured; 0 filtered out; finished in 0.00s
[INFO] [stdout] 
[INFO] [stderr]      Running unittests src/bin/mdbook-linkcheck.rs (/opt/rustwide/target/debug/deps/mdbook_linkcheck2-23ee03b02dc66fa1)
[INFO] [stdout] 
[INFO] [stdout] running 0 tests
[INFO] [stdout] 
[INFO] [stdout] test result: ok. 0 passed; 0 failed; 0 ignored; 0 measured; 0 filtered out; finished in 0.00s
[INFO] [stdout] 
[INFO] [stderr]      Running tests/smoke_tests.rs (/opt/rustwide/target/debug/deps/smoke_tests-16e47c0031b18f0c)
[INFO] [stdout] 
[INFO] [stdout] running 6 tests
[INFO] [stdout] test correctly_find_links_with_latex ... ok
[INFO] [stdout] test detect_when_a_linked_file_isnt_in_summary_md ... ok
[INFO] [stdout] test emit_valid_suggestions_on_absolute_links ... ok
[INFO] [stdout] test skip_web_links ... ok
[INFO] [stdout] test correctly_find_broken_links ... FAILED
[INFO] [stdout] test check_all_links_in_a_valid_book ... FAILED
[INFO] [stdout] 
[INFO] [stdout] failures:
[INFO] [stdout] 
[INFO] [stdout] ---- correctly_find_broken_links stdout ----
[INFO] [stdout] [2025-01-20T16:22:30Z DEBUG mdbook_linkcheck2::links] Scanning chapter_1.md
[INFO] [stdout] [2025-01-20T16:22:30Z DEBUG mdbook_linkcheck2::links] Found a (possibly) broken link to [incomplete link] at 268..285
[INFO] [stdout] [2025-01-20T16:22:30Z DEBUG mdbook_linkcheck2::links] Found a (possibly) broken link to [math_var] at 356..366
[INFO] [stdout] [2025-01-20T16:22:30Z DEBUG mdbook_linkcheck2::links] Scanning deeply/nested/index.md
[INFO] [stdout] [2025-01-20T16:22:30Z DEBUG mdbook_linkcheck2::links] Scanning second/directory.md
[INFO] [stdout] [2025-01-20T16:22:30Z DEBUG linkcheck2::validation::filesystem] Checking "../../chapter_1.md" in the context of "/opt/rustwide/workdir/tests/broken-links/src/deeply/nested"
[INFO] [stdout] [2025-01-20T16:22:30Z DEBUG linkcheck2::validation::filesystem] "../../chapter_1.md" resolved to "/opt/rustwide/workdir/tests/broken-links/src/chapter_1.md"
[INFO] [stdout] [2025-01-20T16:22:30Z DEBUG linkcheck2::validation::filesystem] Checking "./chapter_1.md" in the context of "/opt/rustwide/workdir/tests/broken-links/src/deeply/nested"
[INFO] [stdout] [2025-01-20T16:22:30Z DEBUG linkcheck2::validation::filesystem] Checking "./second/directory.md" in the context of "/opt/rustwide/workdir/tests/broken-links/src/deeply/nested"
[INFO] [stdout] [2025-01-20T16:22:30Z DEBUG linkcheck2::validation::filesystem] Checking "../../second/directory.md" in the context of "/opt/rustwide/workdir/tests/broken-links/src/deeply/nested"
[INFO] [stdout] [2025-01-20T16:22:30Z DEBUG linkcheck2::validation::filesystem] "../../second/directory.md" resolved to "/opt/rustwide/workdir/tests/broken-links/src/second/directory.md"
[INFO] [stdout] [2025-01-20T16:22:30Z DEBUG linkcheck2::validation::web] Checking "https://github.com/Michael-F-Bryan/mdbook-linkcheck/issues/3#issuecomment-417400242" on the web
[INFO] [stdout] [2025-01-20T16:22:30Z WARN  linkcheck2::validation::web] Fragment checking isn't implemented, not checking if there is a "issuecomment-417400242" header in "https://github.com/Michael-F-Bryan/mdbook-linkcheck/issues/3#issuecomment-417400242"
[INFO] [stdout] [2025-01-20T16:22:30Z DEBUG linkcheck2::validation::filesystem] Checking "./chapter_1.md" in the context of "/opt/rustwide/workdir/tests/broken-links/src"
[INFO] [stdout] [2025-01-20T16:22:30Z DEBUG linkcheck2::validation::filesystem] "./chapter_1.md" resolved to "/opt/rustwide/workdir/tests/broken-links/src/chapter_1.md"
[INFO] [stdout] [2025-01-20T16:22:30Z DEBUG linkcheck2::validation::web] Checking "http://this-doesnt-exist.com.au.nz.us/" on the web
[INFO] [stdout] [2025-01-20T16:22:30Z DEBUG linkcheck2::validation::filesystem] Checking "./foo/bar/baz.html" in the context of "/opt/rustwide/workdir/tests/broken-links/src"
[INFO] [stdout] [2025-01-20T16:22:30Z DEBUG linkcheck2::validation::filesystem] Checking "../../../../../../../../../../../../etc/shadow" in the context of "/opt/rustwide/workdir/tests/broken-links/src"
[INFO] [stdout] [2025-01-20T16:22:30Z DEBUG linkcheck2::validation::filesystem] Checking "latex_with_latex_support_disabled" in the context of "/opt/rustwide/workdir/tests/broken-links/src"
[INFO] [stdout] [2025-01-20T16:22:30Z DEBUG linkcheck2::validation::filesystem] Checking "./asdf.png" in the context of "/opt/rustwide/workdir/tests/broken-links/src"
[INFO] [stdout] [2025-01-20T16:22:30Z DEBUG linkcheck2::validation::filesystem] Checking "sibling.md" in the context of "/opt/rustwide/workdir/tests/broken-links/src/second"
[INFO] [stdout] [2025-01-20T16:22:30Z DEBUG linkcheck2::validation::filesystem] "sibling.md" resolved to "/opt/rustwide/workdir/tests/broken-links/src/second/sibling.md"
[INFO] [stdout] [2025-01-20T16:22:30Z DEBUG linkcheck2::validation::filesystem] Custom validation reported "/opt/rustwide/workdir/tests/broken-links/src/second/sibling.md" as invalid because An OS-level error occurred
[INFO] [stdout] 
[INFO] [stdout] thread 'correctly_find_broken_links' panicked at tests/smoke_tests.rs:78:5:
[INFO] [stdout] assertion failed: `(left == right)`
[INFO] [stdout] 
[INFO] [stdout] [1mDiff[0m [31m< left[0m / [32mright >[0m :
[INFO] [stdout]  [
[INFO] [stdout]      "../../../../../../../../../../../../etc/shadow",
[INFO] [stdout]      "./asdf.png",
[INFO] [stdout]      "./chapter_1.md",
[INFO] [stdout]      "./foo/bar/baz.html",
[INFO] [stdout]      "./second/directory.md",
[INFO] [stdout]      "http://this-doesnt-exist.com.au.nz.us/",
[INFO] [stdout] [31m<    "https://github.com/Michael-F-Bryan/mdbook-linkcheck/issues/3#issuecomment-417400242",[0m
[INFO] [stdout]      "latex_with_latex_support_disabled",
[INFO] [stdout]      "sibling.md",
[INFO] [stdout]  ]
[INFO] [stdout] 
[INFO] [stdout] 
[INFO] [stdout] stack backtrace:
[INFO] [stdout]    0:     0x5a08cb7e5fda - std::backtrace_rs::backtrace::libunwind::trace::hb059275cfc8d6126
[INFO] [stdout]                                at /rustc/6067b36314ab5eb2eb47cecc464545ba58e1ad24/library/std/src/../../backtrace/src/backtrace/libunwind.rs:116:5
[INFO] [stdout]    1:     0x5a08cb7e5fda - std::backtrace_rs::backtrace::trace_unsynchronized::h2da071e4327ce3ee
[INFO] [stdout]                                at /rustc/6067b36314ab5eb2eb47cecc464545ba58e1ad24/library/std/src/../../backtrace/src/backtrace/mod.rs:66:5
[INFO] [stdout]    2:     0x5a08cb7e5fda - std::sys::backtrace::_print_fmt::h842a1474e6f8d23f
[INFO] [stdout]                                at /rustc/6067b36314ab5eb2eb47cecc464545ba58e1ad24/library/std/src/sys/backtrace.rs:66:9
[INFO] [stdout]    3:     0x5a08cb7e5fda - <std::sys::backtrace::BacktraceLock::print::DisplayBacktrace as core::fmt::Display>::fmt::h71a62eb3b9696b12
[INFO] [stdout]                                at /rustc/6067b36314ab5eb2eb47cecc464545ba58e1ad24/library/std/src/sys/backtrace.rs:39:26
[INFO] [stdout]    4:     0x5a08cb815123 - core::fmt::rt::Argument::fmt::hdb6b616786b41dc1
[INFO] [stdout]                                at /rustc/6067b36314ab5eb2eb47cecc464545ba58e1ad24/library/core/src/fmt/rt.rs:177:76
[INFO] [stdout]    5:     0x5a08cb815123 - core::fmt::write::h2cc1698af7e2d686
[INFO] [stdout]                                at /rustc/6067b36314ab5eb2eb47cecc464545ba58e1ad24/library/core/src/fmt/mod.rs:1440:21
[INFO] [stdout]    6:     0x5a08cb7e0ef3 - std::io::Write::write_fmt::hab1b4cd059a79022
[INFO] [stdout]                                at /rustc/6067b36314ab5eb2eb47cecc464545ba58e1ad24/library/std/src/io/mod.rs:1887:15
[INFO] [stdout]    7:     0x5a08cb7e5e22 - std::sys::backtrace::BacktraceLock::print::h147fe35b4ea13b08
[INFO] [stdout]                                at /rustc/6067b36314ab5eb2eb47cecc464545ba58e1ad24/library/std/src/sys/backtrace.rs:42:9
[INFO] [stdout]    8:     0x5a08cb7e73ff - std::panicking::default_hook::{{closure}}::hbd44223dbdc0d208
[INFO] [stdout]                                at /rustc/6067b36314ab5eb2eb47cecc464545ba58e1ad24/library/std/src/panicking.rs:298:22
[INFO] [stdout]    9:     0x5a08cb7e7218 - std::panicking::default_hook::h20f81eb0576efcec
[INFO] [stdout]                                at /rustc/6067b36314ab5eb2eb47cecc464545ba58e1ad24/library/std/src/panicking.rs:322:9
[INFO] [stdout]   10:     0x5a08cae00603 - <alloc::boxed::Box<F,A> as core::ops::function::Fn<Args>>::call::hdb53814c496a4d34
[INFO] [stdout]                                at /rustc/6067b36314ab5eb2eb47cecc464545ba58e1ad24/library/alloc/src/boxed.rs:2027:9
[INFO] [stdout]   11:     0x5a08cae00603 - test::test_main::{{closure}}::hc0a4963c59427c24
[INFO] [stdout]                                at /rustc/6067b36314ab5eb2eb47cecc464545ba58e1ad24/library/test/src/lib.rs:134:21
[INFO] [stdout]   12:     0x5a08cb7e7ef3 - <alloc::boxed::Box<F,A> as core::ops::function::Fn<Args>>::call::h591b2225413a77e9
[INFO] [stdout]                                at /rustc/6067b36314ab5eb2eb47cecc464545ba58e1ad24/library/alloc/src/boxed.rs:2027:9
[INFO] [stdout]   13:     0x5a08cb7e7ef3 - std::panicking::rust_panic_with_hook::h625eea43051b2edc
[INFO] [stdout]                                at /rustc/6067b36314ab5eb2eb47cecc464545ba58e1ad24/library/std/src/panicking.rs:839:13
[INFO] [stdout]   14:     0x5a08cb7e7baa - std::panicking::begin_panic_handler::{{closure}}::h4f9159cfbc3f6bd3
[INFO] [stdout]                                at /rustc/6067b36314ab5eb2eb47cecc464545ba58e1ad24/library/std/src/panicking.rs:704:13
[INFO] [stdout]   15:     0x5a08cb7e64d9 - std::sys::backtrace::__rust_end_short_backtrace::h0390abce48353151
[INFO] [stdout]                                at /rustc/6067b36314ab5eb2eb47cecc464545ba58e1ad24/library/std/src/sys/backtrace.rs:168:18
[INFO] [stdout]   16:     0x5a08cb7e783d - rust_begin_unwind
[INFO] [stdout]                                at /rustc/6067b36314ab5eb2eb47cecc464545ba58e1ad24/library/std/src/panicking.rs:695:5
[INFO] [stdout]   17:     0x5a08cb812f40 - core::panicking::panic_fmt::h9e7c637e9e5f29c9
[INFO] [stdout]                                at /rustc/6067b36314ab5eb2eb47cecc464545ba58e1ad24/library/core/src/panicking.rs:75:14
[INFO] [stdout]   18:     0x5a08cad88e3f - smoke_tests::assert_same_links::hb883d5f8db38c03b
[INFO] [stdout]                                at /opt/rustwide/workdir/tests/smoke_tests.rs:242:5
[INFO] [stdout]   19:     0x5a08cad8c727 - smoke_tests::correctly_find_broken_links::h482d263aeaf2a2ac
[INFO] [stdout]                                at /opt/rustwide/workdir/tests/smoke_tests.rs:78:5
[INFO] [stdout]   20:     0x5a08cad8c437 - smoke_tests::correctly_find_broken_links::{{closure}}::h048f82755136d26b
[INFO] [stdout]                                at /opt/rustwide/workdir/tests/smoke_tests.rs:58:33
[INFO] [stdout]   21:     0x5a08cad94086 - core::ops::function::FnOnce::call_once::h67cc31a037e5bce3
[INFO] [stdout]                                at /rustc/6067b36314ab5eb2eb47cecc464545ba58e1ad24/library/core/src/ops/function.rs:250:5
[INFO] [stdout]   22:     0x5a08cae05d5b - core::ops::function::FnOnce::call_once::he27718dfdd183f43
[INFO] [stdout]                                at /rustc/6067b36314ab5eb2eb47cecc464545ba58e1ad24/library/core/src/ops/function.rs:250:5
[INFO] [stdout]   23:     0x5a08cae05d5b - test::__rust_begin_short_backtrace::h4e84902998457a5d
[INFO] [stdout]                                at /rustc/6067b36314ab5eb2eb47cecc464545ba58e1ad24/library/test/src/lib.rs:632:18
[INFO] [stdout]   24:     0x5a08cae04c93 - test::run_test_in_process::{{closure}}::h7176fd18fc1feca0
[INFO] [stdout]                                at /rustc/6067b36314ab5eb2eb47cecc464545ba58e1ad24/library/test/src/lib.rs:655:60
[INFO] [stdout]   25:     0x5a08cae04c93 - <core::panic::unwind_safe::AssertUnwindSafe<F> as core::ops::function::FnOnce<()>>::call_once::hf79cff2a624d8cf7
[INFO] [stdout]                                at /rustc/6067b36314ab5eb2eb47cecc464545ba58e1ad24/library/core/src/panic/unwind_safe.rs:272:9
[INFO] [stdout]   26:     0x5a08cae04c93 - std::panicking::try::do_call::h3da0561d9ab99c25
[INFO] [stdout]                                at /rustc/6067b36314ab5eb2eb47cecc464545ba58e1ad24/library/std/src/panicking.rs:587:40
[INFO] [stdout]   27:     0x5a08cae04c93 - std::panicking::try::h41c9fa508bc61df6
[INFO] [stdout]                                at /rustc/6067b36314ab5eb2eb47cecc464545ba58e1ad24/library/std/src/panicking.rs:550:19
[INFO] [stdout]   28:     0x5a08cae04c93 - std::panic::catch_unwind::h6b3ff07bb5afad93
[INFO] [stdout]                                at /rustc/6067b36314ab5eb2eb47cecc464545ba58e1ad24/library/std/src/panic.rs:358:14
[INFO] [stdout]   29:     0x5a08cae04c93 - test::run_test_in_process::hc7253dd11b39b9f4
[INFO] [stdout]                                at /rustc/6067b36314ab5eb2eb47cecc464545ba58e1ad24/library/test/src/lib.rs:655:27
[INFO] [stdout]   30:     0x5a08cae04c93 - test::run_test::{{closure}}::hfb2007f8649c30bb
[INFO] [stdout]                                at /rustc/6067b36314ab5eb2eb47cecc464545ba58e1ad24/library/test/src/lib.rs:576:43
[INFO] [stdout]   31:     0x5a08cadc7d75 - test::run_test::{{closure}}::h56a17aa7a282a9f4
[INFO] [stdout]                                at /rustc/6067b36314ab5eb2eb47cecc464545ba58e1ad24/library/test/src/lib.rs:606:41
[INFO] [stdout]   32:     0x5a08cadc7d75 - std::sys::backtrace::__rust_begin_short_backtrace::hd2d2d2fb8e8c6aac
[INFO] [stdout]                                at /rustc/6067b36314ab5eb2eb47cecc464545ba58e1ad24/library/std/src/sys/backtrace.rs:152:18
[INFO] [stdout]   33:     0x5a08cadcb65a - std::thread::Builder::spawn_unchecked_::{{closure}}::{{closure}}::h4faa3f9db6133423
[INFO] [stdout]                                at /rustc/6067b36314ab5eb2eb47cecc464545ba58e1ad24/library/std/src/thread/mod.rs:559:17
[INFO] [stdout]   34:     0x5a08cadcb65a - <core::panic::unwind_safe::AssertUnwindSafe<F> as core::ops::function::FnOnce<()>>::call_once::hf2e855a36a4ea846
[INFO] [stdout]                                at /rustc/6067b36314ab5eb2eb47cecc464545ba58e1ad24/library/core/src/panic/unwind_safe.rs:272:9
[INFO] [stdout]   35:     0x5a08cadcb65a - std::panicking::try::do_call::h2f73af3616c35465
[INFO] [stdout]                                at /rustc/6067b36314ab5eb2eb47cecc464545ba58e1ad24/library/std/src/panicking.rs:587:40
[INFO] [stdout]   36:     0x5a08cadcb65a - std::panicking::try::hd1660ce9efadef5a
[INFO] [stdout]                                at /rustc/6067b36314ab5eb2eb47cecc464545ba58e1ad24/library/std/src/panicking.rs:550:19
[INFO] [stdout]   37:     0x5a08cadcb65a - std::panic::catch_unwind::h5ee8d7823b8ca744
[INFO] [stdout]                                at /rustc/6067b36314ab5eb2eb47cecc464545ba58e1ad24/library/std/src/panic.rs:358:14
[INFO] [stdout]   38:     0x5a08cadcb65a - std::thread::Builder::spawn_unchecked_::{{closure}}::h53c3a1894dce8407
[INFO] [stdout]                                at /rustc/6067b36314ab5eb2eb47cecc464545ba58e1ad24/library/std/src/thread/mod.rs:557:30
[INFO] [stdout]   39:     0x5a08cadcb65a - core::ops::function::FnOnce::call_once{{vtable.shim}}::h048ce291ad4f62bf
[INFO] [stdout]                                at /rustc/6067b36314ab5eb2eb47cecc464545ba58e1ad24/library/core/src/ops/function.rs:250:5
[INFO] [stdout]   40:     0x5a08cb7edddb - <alloc::boxed::Box<F,A> as core::ops::function::FnOnce<Args>>::call_once::ha52bedf99a3b4981
[INFO] [stdout]                                at /rustc/6067b36314ab5eb2eb47cecc464545ba58e1ad24/library/alloc/src/boxed.rs:2013:9
[INFO] [stdout]   41:     0x5a08cb7edddb - <alloc::boxed::Box<F,A> as core::ops::function::FnOnce<Args>>::call_once::h567748934d80ccf8
[INFO] [stdout]                                at /rustc/6067b36314ab5eb2eb47cecc464545ba58e1ad24/library/alloc/src/boxed.rs:2013:9
[INFO] [stdout]   42:     0x5a08cb7edddb - std::sys::pal::unix::thread::Thread::new::thread_start::h2d970728ae887adc
[INFO] [stdout]                                at /rustc/6067b36314ab5eb2eb47cecc464545ba58e1ad24/library/std/src/sys/pal/unix/thread.rs:106:17
[INFO] [stdout]   43:     0x7bd29f885ac3 - <unknown>
[INFO] [stdout]   44:     0x7bd29f916a04 - clone
[INFO] [stdout]   45:                0x0 - <unknown>
[INFO] [stdout] 
[INFO] [stdout] ---- check_all_links_in_a_valid_book stdout ----
[INFO] [stdout] [2025-01-20T16:22:30Z DEBUG mdbook_linkcheck2::links] Scanning chapter_1.md
[INFO] [stdout] [2025-01-20T16:22:30Z DEBUG mdbook_linkcheck2::links] Scanning nested/index.md
[INFO] [stdout] [2025-01-20T16:22:30Z DEBUG mdbook_linkcheck2::links] Scanning nested/sibling.md
[INFO] [stdout] [2025-01-20T16:22:30Z DEBUG linkcheck2::validation::filesystem] Checking "./chapter_1.md" in the context of "/opt/rustwide/workdir/tests/all-green/src"
[INFO] [stdout] [2025-01-20T16:22:30Z DEBUG linkcheck2::validation::filesystem] "./chapter_1.md" resolved to "/opt/rustwide/workdir/tests/all-green/src/chapter_1.md"
[INFO] [stdout] [2025-01-20T16:22:30Z DEBUG linkcheck2::validation::filesystem] Checking "./chapter_1.html" in the context of "/opt/rustwide/workdir/tests/all-green/src"
[INFO] [stdout] [2025-01-20T16:22:30Z DEBUG linkcheck2::validation::filesystem] "./chapter_1.html" resolved to "/opt/rustwide/workdir/tests/all-green/src/chapter_1.md"
[INFO] [stdout] [2025-01-20T16:22:30Z DEBUG linkcheck2::validation::filesystem] Checking "nested/README.md" in the context of "/opt/rustwide/workdir/tests/all-green/src"
[INFO] [stdout] [2025-01-20T16:22:30Z DEBUG linkcheck2::validation::filesystem] "nested/README.md" resolved to "/opt/rustwide/workdir/tests/all-green/src/nested/README.md"
[INFO] [stdout] [2025-01-20T16:22:30Z DEBUG linkcheck2::validation::filesystem] Checking "nested/" in the context of "/opt/rustwide/workdir/tests/all-green/src"
[INFO] [stdout] [2025-01-20T16:22:30Z DEBUG linkcheck2::validation::filesystem] "nested/" resolved to "/opt/rustwide/workdir/tests/all-green/src/nested/README.md"
[INFO] [stdout] [2025-01-20T16:22:30Z DEBUG linkcheck2::validation::web] Checking "https://www.google.com/" on the web
[INFO] [stdout] [2025-01-20T16:22:30Z DEBUG linkcheck2::validation::web] Checking "https://crates.io/crates/mdbook-linkcheck" on the web
[INFO] [stdout] [2025-01-20T16:22:30Z DEBUG linkcheck2::validation] Ignoring "https://nonexistent.forbidden.com/"
[INFO] [stdout] [2025-01-20T16:22:30Z DEBUG linkcheck2::validation::filesystem] Checking "../chapter_1.md" in the context of "/opt/rustwide/workdir/tests/all-green/src/nested"
[INFO] [stdout] [2025-01-20T16:22:30Z DEBUG linkcheck2::validation::filesystem] "../chapter_1.md" resolved to "/opt/rustwide/workdir/tests/all-green/src/chapter_1.md"
[INFO] [stdout] [2025-01-20T16:22:30Z DEBUG linkcheck2::validation::filesystem] Checking "/chapter_1.md" in the context of "/opt/rustwide/workdir/tests/all-green/src/nested"
[INFO] [stdout] [2025-01-20T16:22:30Z DEBUG linkcheck2::validation::filesystem] "/chapter_1.md" resolved to "/opt/rustwide/workdir/tests/all-green/src/chapter_1.md"
[INFO] [stdout] [2025-01-20T16:22:30Z DEBUG linkcheck2::validation::filesystem] Checking "../chapter_1.md" in the context of "/opt/rustwide/workdir/tests/all-green/src/nested"
[INFO] [stdout] [2025-01-20T16:22:30Z DEBUG linkcheck2::validation::filesystem] "../chapter_1.md" resolved to "/opt/rustwide/workdir/tests/all-green/src/chapter_1.md"
[INFO] [stdout] [2025-01-20T16:22:30Z WARN  linkcheck2::validation::filesystem] Not checking that the "Subheading" section exists in "/opt/rustwide/workdir/tests/all-green/src/chapter_1.md" because fragment resolution isn't implemented
[INFO] [stdout] [2025-01-20T16:22:30Z DEBUG linkcheck2::validation::filesystem] Checking "/chapter_1.md" in the context of "/opt/rustwide/workdir/tests/all-green/src/nested"
[INFO] [stdout] [2025-01-20T16:22:30Z DEBUG linkcheck2::validation::filesystem] "/chapter_1.md" resolved to "/opt/rustwide/workdir/tests/all-green/src/chapter_1.md"
[INFO] [stdout] [2025-01-20T16:22:30Z WARN  linkcheck2::validation::filesystem] Not checking that the "Subheading" section exists in "/opt/rustwide/workdir/tests/all-green/src/chapter_1.md" because fragment resolution isn't implemented
[INFO] [stdout] [2025-01-20T16:22:30Z DEBUG linkcheck2::validation::filesystem] Checking "sibling.md" in the context of "/opt/rustwide/workdir/tests/all-green/src/nested"
[INFO] [stdout] [2025-01-20T16:22:30Z DEBUG linkcheck2::validation::filesystem] "sibling.md" resolved to "/opt/rustwide/workdir/tests/all-green/src/nested/sibling.md"
[INFO] [stdout] [2025-01-20T16:22:30Z DEBUG linkcheck2::validation::filesystem] Checking "./sibling.md" in the context of "/opt/rustwide/workdir/tests/all-green/src/nested"
[INFO] [stdout] [2025-01-20T16:22:30Z DEBUG linkcheck2::validation::filesystem] "./sibling.md" resolved to "/opt/rustwide/workdir/tests/all-green/src/nested/sibling.md"
[INFO] [stdout] 
[INFO] [stdout] thread 'check_all_links_in_a_valid_book' panicked at tests/smoke_tests.rs:49:5:
[INFO] [stdout] assertion failed: `(left == right)`
[INFO] [stdout] 
[INFO] [stdout] [1mDiff[0m [31m< left[0m / [32mright >[0m :
[INFO] [stdout]  [
[INFO] [stdout]      "../chapter_1.md",
[INFO] [stdout]      "../chapter_1.md#Subheading",
[INFO] [stdout]      "./chapter_1.html",
[INFO] [stdout]      "./chapter_1.md",
[INFO] [stdout]      "./sibling.md",
[INFO] [stdout]      "/chapter_1.md",
[INFO] [stdout]      "/chapter_1.md#Subheading",
[INFO] [stdout] [31m<    "https://crates.io/crates/mdbook-linkcheck",[0m
[INFO] [stdout] [31m<    "https://www.google.com/",[0m
[INFO] [stdout]      "nested/",
[INFO] [stdout]      "nested/README.md",
[INFO] [stdout]      "sibling.md",
[INFO] [stdout]  ]
[INFO] [stdout] 
[INFO] [stdout] 
[INFO] [stdout] stack backtrace:
[INFO] [stdout]    0:     0x5a08cb7e5fda - std::backtrace_rs::backtrace::libunwind::trace::hb059275cfc8d6126
[INFO] [stdout]                                at /rustc/6067b36314ab5eb2eb47cecc464545ba58e1ad24/library/std/src/../../backtrace/src/backtrace/libunwind.rs:116:5
[INFO] [stdout]    1:     0x5a08cb7e5fda - std::backtrace_rs::backtrace::trace_unsynchronized::h2da071e4327ce3ee
[INFO] [stdout]                                at /rustc/6067b36314ab5eb2eb47cecc464545ba58e1ad24/library/std/src/../../backtrace/src/backtrace/mod.rs:66:5
[INFO] [stdout]    2:     0x5a08cb7e5fda - std::sys::backtrace::_print_fmt::h842a1474e6f8d23f
[INFO] [stdout]                                at /rustc/6067b36314ab5eb2eb47cecc464545ba58e1ad24/library/std/src/sys/backtrace.rs:66:9
[INFO] [stdout]    3:     0x5a08cb7e5fda - <std::sys::backtrace::BacktraceLock::print::DisplayBacktrace as core::fmt::Display>::fmt::h71a62eb3b9696b12
[INFO] [stdout]                                at /rustc/6067b36314ab5eb2eb47cecc464545ba58e1ad24/library/std/src/sys/backtrace.rs:39:26
[INFO] [stdout]    4:     0x5a08cb815123 - core::fmt::rt::Argument::fmt::hdb6b616786b41dc1
[INFO] [stdout]                                at /rustc/6067b36314ab5eb2eb47cecc464545ba58e1ad24/library/core/src/fmt/rt.rs:177:76
[INFO] [stdout]    5:     0x5a08cb815123 - core::fmt::write::h2cc1698af7e2d686
[INFO] [stdout]                                at /rustc/6067b36314ab5eb2eb47cecc464545ba58e1ad24/library/core/src/fmt/mod.rs:1440:21
[INFO] [stdout]    6:     0x5a08cb7e0ef3 - std::io::Write::write_fmt::hab1b4cd059a79022
[INFO] [stdout]                                at /rustc/6067b36314ab5eb2eb47cecc464545ba58e1ad24/library/std/src/io/mod.rs:1887:15
[INFO] [stdout]    7:     0x5a08cb7e5e22 - std::sys::backtrace::BacktraceLock::print::h147fe35b4ea13b08
[INFO] [stdout]                                at /rustc/6067b36314ab5eb2eb47cecc464545ba58e1ad24/library/std/src/sys/backtrace.rs:42:9
[INFO] [stdout]    8:     0x5a08cb7e73ff - std::panicking::default_hook::{{closure}}::hbd44223dbdc0d208
[INFO] [stdout]                                at /rustc/6067b36314ab5eb2eb47cecc464545ba58e1ad24/library/std/src/panicking.rs:298:22
[INFO] [stdout]    9:     0x5a08cb7e7218 - std::panicking::default_hook::h20f81eb0576efcec
[INFO] [stdout]                                at /rustc/6067b36314ab5eb2eb47cecc464545ba58e1ad24/library/std/src/panicking.rs:322:9
[INFO] [stdout]   10:     0x5a08cae00603 - <alloc::boxed::Box<F,A> as core::ops::function::Fn<Args>>::call::hdb53814c496a4d34
[INFO] [stdout]                                at /rustc/6067b36314ab5eb2eb47cecc464545ba58e1ad24/library/alloc/src/boxed.rs:2027:9
[INFO] [stdout]   11:     0x5a08cae00603 - test::test_main::{{closure}}::hc0a4963c59427c24
[INFO] [stdout]                                at /rustc/6067b36314ab5eb2eb47cecc464545ba58e1ad24/library/test/src/lib.rs:134:21
[INFO] [stdout]   12:     0x5a08cb7e7ef3 - <alloc::boxed::Box<F,A> as core::ops::function::Fn<Args>>::call::h591b2225413a77e9
[INFO] [stdout]                                at /rustc/6067b36314ab5eb2eb47cecc464545ba58e1ad24/library/alloc/src/boxed.rs:2027:9
[INFO] [stdout]   13:     0x5a08cb7e7ef3 - std::panicking::rust_panic_with_hook::h625eea43051b2edc
[INFO] [stdout]                                at /rustc/6067b36314ab5eb2eb47cecc464545ba58e1ad24/library/std/src/panicking.rs:839:13
[INFO] [stdout]   14:     0x5a08cb7e7baa - std::panicking::begin_panic_handler::{{closure}}::h4f9159cfbc3f6bd3
[INFO] [stdout]                                at /rustc/6067b36314ab5eb2eb47cecc464545ba58e1ad24/library/std/src/panicking.rs:704:13
[INFO] [stdout]   15:     0x5a08cb7e64d9 - std::sys::backtrace::__rust_end_short_backtrace::h0390abce48353151
[INFO] [stdout]                                at /rustc/6067b36314ab5eb2eb47cecc464545ba58e1ad24/library/std/src/sys/backtrace.rs:168:18
[INFO] [stdout]   16:     0x5a08cb7e783d - rust_begin_unwind
[INFO] [stdout]                                at /rustc/6067b36314ab5eb2eb47cecc464545ba58e1ad24/library/std/src/panicking.rs:695:5
[INFO] [stdout]   17:     0x5a08cb812f40 - core::panicking::panic_fmt::h9e7c637e9e5f29c9
[INFO] [stdout]                                at /rustc/6067b36314ab5eb2eb47cecc464545ba58e1ad24/library/core/src/panicking.rs:75:14
[INFO] [stdout]   18:     0x5a08cad8887b - smoke_tests::assert_same_links::h64cfe65417fe05d2
[INFO] [stdout]                                at /opt/rustwide/workdir/tests/smoke_tests.rs:242:5
[INFO] [stdout]   19:     0x5a08cad8c314 - smoke_tests::check_all_links_in_a_valid_book::h6128815a57dfcc74
[INFO] [stdout]                                at /opt/rustwide/workdir/tests/smoke_tests.rs:49:5
[INFO] [stdout]   20:     0x5a08cad8c067 - smoke_tests::check_all_links_in_a_valid_book::{{closure}}::hbfd18272122ef4e6
[INFO] [stdout]                                at /opt/rustwide/workdir/tests/smoke_tests.rs:25:37
[INFO] [stdout]   21:     0x5a08cad93ff6 - core::ops::function::FnOnce::call_once::h34fa5616ae575a7e
[INFO] [stdout]                                at /rustc/6067b36314ab5eb2eb47cecc464545ba58e1ad24/library/core/src/ops/function.rs:250:5
[INFO] [stdout]   22:     0x5a08cae05d5b - core::ops::function::FnOnce::call_once::he27718dfdd183f43
[INFO] [stdout]                                at /rustc/6067b36314ab5eb2eb47cecc464545ba58e1ad24/library/core/src/ops/function.rs:250:5
[INFO] [stdout]   23:     0x5a08cae05d5b - test::__rust_begin_short_backtrace::h4e84902998457a5d
[INFO] [stdout]                                at /rustc/6067b36314ab5eb2eb47cecc464545ba58e1ad24/library/test/src/lib.rs:632:18
[INFO] [stdout]   24:     0x5a08cae04c93 - test::run_test_in_process::{{closure}}::h7176fd18fc1feca0
[INFO] [stdout]                                at /rustc/6067b36314ab5eb2eb47cecc464545ba58e1ad24/library/test/src/lib.rs:655:60
[INFO] [stdout]   25:     0x5a08cae04c93 - <core::panic::unwind_safe::AssertUnwindSafe<F> as core::ops::function::FnOnce<()>>::call_once::hf79cff2a624d8cf7
[INFO] [stdout]                                at /rustc/6067b36314ab5eb2eb47cecc464545ba58e1ad24/library/core/src/panic/unwind_safe.rs:272:9
[INFO] [stdout]   26:     0x5a08cae04c93 - std::panicking::try::do_call::h3da0561d9ab99c25
[INFO] [stdout]                                at /rustc/6067b36314ab5eb2eb47cecc464545ba58e1ad24/library/std/src/panicking.rs:587:40
[INFO] [stdout]   27:     0x5a08cae04c93 - std::panicking::try::h41c9fa508bc61df6
[INFO] [stdout]                                at /rustc/6067b36314ab5eb2eb47cecc464545ba58e1ad24/library/std/src/panicking.rs:550:19
[INFO] [stdout]   28:     0x5a08cae04c93 - std::panic::catch_unwind::h6b3ff07bb5afad93
[INFO] [stdout]                                at /rustc/6067b36314ab5eb2eb47cecc464545ba58e1ad24/library/std/src/panic.rs:358:14
[INFO] [stdout]   29:     0x5a08cae04c93 - test::run_test_in_process::hc7253dd11b39b9f4
[INFO] [stdout]                                at /rustc/6067b36314ab5eb2eb47cecc464545ba58e1ad24/library/test/src/lib.rs:655:27
[INFO] [stdout]   30:     0x5a08cae04c93 - test::run_test::{{closure}}::hfb2007f8649c30bb
[INFO] [stdout]                                at /rustc/6067b36314ab5eb2eb47cecc464545ba58e1ad24/library/test/src/lib.rs:576:43
[INFO] [stdout]   31:     0x5a08cadc7d75 - test::run_test::{{closure}}::h56a17aa7a282a9f4
[INFO] [stdout]                                at /rustc/6067b36314ab5eb2eb47cecc464545ba58e1ad24/library/test/src/lib.rs:606:41
[INFO] [stdout]   32:     0x5a08cadc7d75 - std::sys::backtrace::__rust_begin_short_backtrace::hd2d2d2fb8e8c6aac
[INFO] [stdout]                                at /rustc/6067b36314ab5eb2eb47cecc464545ba58e1ad24/library/std/src/sys/backtrace.rs:152:18
[INFO] [stdout]   33:     0x5a08cadcb65a - std::thread::Builder::spawn_unchecked_::{{closure}}::{{closure}}::h4faa3f9db6133423
[INFO] [stdout]                                at /rustc/6067b36314ab5eb2eb47cecc464545ba58e1ad24/library/std/src/thread/mod.rs:559:17
[INFO] [stdout]   34:     0x5a08cadcb65a - <core::panic::unwind_safe::AssertUnwindSafe<F> as core::ops::function::FnOnce<()>>::call_once::hf2e855a36a4ea846
[INFO] [stdout]                                at /rustc/6067b36314ab5eb2eb47cecc464545ba58e1ad24/library/core/src/panic/unwind_safe.rs:272:9
[INFO] [stdout]   35:     0x5a08cadcb65a - std::panicking::try::do_call::h2f73af3616c35465
[INFO] [stdout]                                at /rustc/6067b36314ab5eb2eb47cecc464545ba58e1ad24/library/std/src/panicking.rs:587:40
[INFO] [stdout]   36:     0x5a08cadcb65a - std::panicking::try::hd1660ce9efadef5a
[INFO] [stdout]                                at /rustc/6067b36314ab5eb2eb47cecc464545ba58e1ad24/library/std/src/panicking.rs:550:19
[INFO] [stdout]   37:     0x5a08cadcb65a - std::panic::catch_unwind::h5ee8d7823b8ca744
[INFO] [stdout]                                at /rustc/6067b36314ab5eb2eb47cecc464545ba58e1ad24/library/std/src/panic.rs:358:14
[INFO] [stdout]   38:     0x5a08cadcb65a - std::thread::Builder::spawn_unchecked_::{{closure}}::h53c3a1894dce8407
[INFO] [stdout]                                at /rustc/6067b36314ab5eb2eb47cecc464545ba58e1ad24/library/std/src/thread/mod.rs:557:30
[INFO] [stdout]   39:     0x5a08cadcb65a - core::ops::function::FnOnce::call_once{{vtable.shim}}::h048ce291ad4f62bf
[INFO] [stdout]                                at /rustc/6067b36314ab5eb2eb47cecc464545ba58e1ad24/library/core/src/ops/function.rs:250:5
[INFO] [stdout]   40:     0x5a08cb7edddb - <alloc::boxed::Box<F,A> as core::ops::function::FnOnce<Args>>::call_once::ha52bedf99a3b4981
[INFO] [stdout]                                at /rustc/6067b36314ab5eb2eb47cecc464545ba58e1ad24/library/alloc/src/boxed.rs:2013:9
[INFO] [stdout]   41:     0x5a08cb7edddb - <alloc::boxed::Box<F,A> as core::ops::function::FnOnce<Args>>::call_once::h567748934d80ccf8
[INFO] [stdout]                                at /rustc/6067b36314ab5eb2eb47cecc464545ba58e1ad24/library/alloc/src/boxed.rs:2013:9
[INFO] [stdout]   42:     0x5a08cb7edddb - std::sys::pal::unix::thread::Thread::new::thread_start::h2d970728ae887adc
[INFO] [stdout]                                at /rustc/6067b36314ab5eb2eb47cecc464545ba58e1ad24/library/std/src/sys/pal/unix/thread.rs:106:17
[INFO] [stdout]   43:     0x7bd29f885ac3 - <unknown>
[INFO] [stdout]   44:     0x7bd29f916a04 - clone
[INFO] [stdout]   45:                0x0 - <unknown>
[INFO] [stdout] 
[INFO] [stdout] 
[INFO] [stdout] failures:
[INFO] [stdout]     check_all_links_in_a_valid_book
[INFO] [stdout]     correctly_find_broken_links
[INFO] [stdout] 
[INFO] [stdout] test result: FAILED. 4 passed; 2 failed; 0 ignored; 0 measured; 0 filtered out; finished in 0.34s
[INFO] [stdout] 
[INFO] [stderr] error: test failed, to rerun pass `--test smoke_tests`
[INFO] running `Command { std: "docker" "inspect" "2a4221209f1ba4d03ae38158ac9c8f2edacbcc68d450f2ccfecdb4b90d2a00ad", kill_on_drop: false }`
[INFO] running `Command { std: "docker" "rm" "-f" "2a4221209f1ba4d03ae38158ac9c8f2edacbcc68d450f2ccfecdb4b90d2a00ad", kill_on_drop: false }`
[INFO] [stdout] 2a4221209f1ba4d03ae38158ac9c8f2edacbcc68d450f2ccfecdb4b90d2a00ad
