[INFO] cloning repository https://github.com/martindansc/adventofcode2024
[INFO] running `Command { std: "git" "-c" "credential.helper=" "-c" "credential.helper=/workspace/cargo-home/bin/git-credential-null" "clone" "--bare" "https://github.com/martindansc/adventofcode2024" "/workspace/cache/git-repos/https%3A%2F%2Fgithub.com%2Fmartindansc%2Fadventofcode2024", kill_on_drop: false }`
[INFO] [stderr] Cloning into bare repository '/workspace/cache/git-repos/https%3A%2F%2Fgithub.com%2Fmartindansc%2Fadventofcode2024'...
[INFO] running `Command { std: "git" "rev-parse" "HEAD", kill_on_drop: false }`
[INFO] [stdout] 430e40e21a123e26cab50606777821ecac6063c7
[INFO] testing martindansc/adventofcode2024 against nightly-2025-01-18 for randomize-layout-2
[INFO] running `Command { std: "git" "clone" "/workspace/cache/git-repos/https%3A%2F%2Fgithub.com%2Fmartindansc%2Fadventofcode2024" "/workspace/builds/worker-5-tc1/source", kill_on_drop: false }`
[INFO] [stderr] Cloning into '/workspace/builds/worker-5-tc1/source'...
[INFO] [stderr] done.
[INFO] validating manifest of git repo https://github.com/martindansc/adventofcode2024 on toolchain nightly-2025-01-18
[INFO] running `Command { std: CARGO_HOME="/workspace/cargo-home" RUSTUP_HOME="/workspace/rustup-home" "/workspace/cargo-home/bin/cargo" "+nightly-2025-01-18" "metadata" "--manifest-path" "Cargo.toml" "--no-deps", kill_on_drop: false }`
[INFO] started tweaking git repo https://github.com/martindansc/adventofcode2024
[INFO] finished tweaking git repo https://github.com/martindansc/adventofcode2024
[INFO] tweaked toml for git repo https://github.com/martindansc/adventofcode2024 written to /workspace/builds/worker-5-tc1/source/Cargo.toml
[INFO] crate git repo https://github.com/martindansc/adventofcode2024 already has a lockfile, it will not be regenerated
[INFO] running `Command { std: CARGO_HOME="/workspace/cargo-home" RUSTUP_HOME="/workspace/rustup-home" "/workspace/cargo-home/bin/cargo" "+nightly-2025-01-18" "fetch" "--manifest-path" "Cargo.toml", kill_on_drop: false }`
[INFO] [stderr]     Updating crates.io index
[INFO] [stderr]  Downloading crates ...
[INFO] [stderr]   Downloaded eqsolver v0.2.0
[INFO] running `Command { std: "docker" "create" "-v" "/var/lib/crater-agent-workspace/builds/worker-5-tc1/target:/opt/rustwide/target:rw,Z" "-v" "/var/lib/crater-agent-workspace/builds/worker-5-tc1/source:/opt/rustwide/workdir:ro,Z" "-v" "/var/lib/crater-agent-workspace/cargo-home:/opt/rustwide/cargo-home:ro,Z" "-v" "/var/lib/crater-agent-workspace/rustup-home:/opt/rustwide/rustup-home:ro,Z" "-e" "SOURCE_DIR=/opt/rustwide/workdir" "-e" "CARGO_TARGET_DIR=/opt/rustwide/target" "-e" "CARGO_HOME=/opt/rustwide/cargo-home" "-e" "RUSTUP_HOME=/opt/rustwide/rustup-home" "-w" "/opt/rustwide/workdir" "-m" "1610612736" "--user" "0:0" "--network" "none" "ghcr.io/rust-lang/crates-build-env/linux@sha256:819108c5571ea2e421544af4d832f968d213c87fbe3707a016657f43d2f853bc" "/opt/rustwide/cargo-home/bin/cargo" "+nightly-2025-01-18" "metadata" "--no-deps" "--format-version=1", kill_on_drop: false }`
[INFO] [stdout] b1cc4abbeb073020bc4717cb1a4d9d1ceb6cc9a130f6f57e50b7751bdd87cab1
[INFO] running `Command { std: "docker" "start" "-a" "b1cc4abbeb073020bc4717cb1a4d9d1ceb6cc9a130f6f57e50b7751bdd87cab1", kill_on_drop: false }`
[INFO] running `Command { std: "docker" "inspect" "b1cc4abbeb073020bc4717cb1a4d9d1ceb6cc9a130f6f57e50b7751bdd87cab1", kill_on_drop: false }`
[INFO] running `Command { std: "docker" "rm" "-f" "b1cc4abbeb073020bc4717cb1a4d9d1ceb6cc9a130f6f57e50b7751bdd87cab1", kill_on_drop: false }`
[INFO] [stdout] b1cc4abbeb073020bc4717cb1a4d9d1ceb6cc9a130f6f57e50b7751bdd87cab1
[INFO] running `Command { std: "docker" "create" "-v" "/var/lib/crater-agent-workspace/builds/worker-5-tc1/target:/opt/rustwide/target:rw,Z" "-v" "/var/lib/crater-agent-workspace/builds/worker-5-tc1/source:/opt/rustwide/workdir:ro,Z" "-v" "/var/lib/crater-agent-workspace/cargo-home:/opt/rustwide/cargo-home:ro,Z" "-v" "/var/lib/crater-agent-workspace/rustup-home:/opt/rustwide/rustup-home:ro,Z" "-e" "SOURCE_DIR=/opt/rustwide/workdir" "-e" "CARGO_TARGET_DIR=/opt/rustwide/target" "-e" "CARGO_INCREMENTAL=0" "-e" "RUST_BACKTRACE=full" "-e" "RUSTFLAGS=--cap-lints=forbid" "-e" "RUSTDOCFLAGS=--cap-lints=forbid" "-e" "CARGO_HOME=/opt/rustwide/cargo-home" "-e" "RUSTUP_HOME=/opt/rustwide/rustup-home" "-w" "/opt/rustwide/workdir" "-m" "1610612736" "--user" "0:0" "--network" "none" "ghcr.io/rust-lang/crates-build-env/linux@sha256:819108c5571ea2e421544af4d832f968d213c87fbe3707a016657f43d2f853bc" "/opt/rustwide/cargo-home/bin/cargo" "+nightly-2025-01-18" "build" "--frozen" "--message-format=json", kill_on_drop: false }`
[INFO] [stdout] fb859ef33a6c9d84d5356d877e00fd172b686d3844a3a563ec98d5cd507ba8e1
[INFO] running `Command { std: "docker" "start" "-a" "fb859ef33a6c9d84d5356d877e00fd172b686d3844a3a563ec98d5cd507ba8e1", kill_on_drop: false }`
[INFO] [stderr]    Compiling autocfg v1.4.0
[INFO] [stderr]    Compiling proc-macro2 v1.0.92
[INFO] [stderr]    Compiling unicode-ident v1.0.14
[INFO] [stderr]    Compiling libm v0.2.11
[INFO] [stderr]    Compiling libc v0.2.168
[INFO] [stderr]    Compiling byteorder v1.5.0
[INFO] [stderr]    Compiling bytemuck v1.20.0
[INFO] [stderr]    Compiling paste v1.0.15
[INFO] [stderr]    Compiling typenum v1.17.0
[INFO] [stderr]    Compiling memchr v2.7.4
[INFO] [stderr]    Compiling regex-syntax v0.8.5
[INFO] [stderr]    Compiling safe_arch v0.7.2
[INFO] [stderr]    Compiling num-traits v0.2.19
[INFO] [stderr]    Compiling matrixmultiply v0.3.9
[INFO] [stderr]    Compiling wide v0.7.30
[INFO] [stderr]    Compiling quote v1.0.37
[INFO] [stderr]    Compiling aho-corasick v1.1.3
[INFO] [stderr]    Compiling syn v2.0.90
[INFO] [stderr]    Compiling getrandom v0.2.15
[INFO] [stderr]    Compiling rand_core v0.6.4
[INFO] [stderr]    Compiling num-complex v0.4.6
[INFO] [stderr]    Compiling num-integer v0.1.46
[INFO] [stderr]    Compiling approx v0.5.1
[INFO] [stderr]    Compiling regex-automata v0.4.9
[INFO] [stderr]    Compiling num-rational v0.4.2
[INFO] [stderr]    Compiling simba v0.9.0
[INFO] [stderr]    Compiling zerocopy-derive v0.7.35
[INFO] [stderr]    Compiling nalgebra-macros v0.2.2
[INFO] [stderr]    Compiling regex v1.11.1
[INFO] [stderr]    Compiling zerocopy v0.7.35
[INFO] [stderr]    Compiling ppv-lite86 v0.2.20
[INFO] [stderr]    Compiling rand_chacha v0.3.1
[INFO] [stderr]    Compiling rand v0.8.5
[INFO] [stderr]    Compiling rand_distr v0.4.3
[INFO] [stderr]    Compiling nalgebra v0.33.2
[INFO] [stderr]    Compiling eqsolver v0.2.0
[INFO] [stderr]    Compiling project v0.1.0 (/opt/rustwide/workdir)
[INFO] [stderr]     Finished `dev` profile [unoptimized + debuginfo] target(s) in 28.25s
[INFO] running `Command { std: "docker" "inspect" "fb859ef33a6c9d84d5356d877e00fd172b686d3844a3a563ec98d5cd507ba8e1", kill_on_drop: false }`
[INFO] running `Command { std: "docker" "rm" "-f" "fb859ef33a6c9d84d5356d877e00fd172b686d3844a3a563ec98d5cd507ba8e1", kill_on_drop: false }`
[INFO] [stdout] fb859ef33a6c9d84d5356d877e00fd172b686d3844a3a563ec98d5cd507ba8e1
[INFO] running `Command { std: "docker" "create" "-v" "/var/lib/crater-agent-workspace/builds/worker-5-tc1/target:/opt/rustwide/target:rw,Z" "-v" "/var/lib/crater-agent-workspace/builds/worker-5-tc1/source:/opt/rustwide/workdir:ro,Z" "-v" "/var/lib/crater-agent-workspace/cargo-home:/opt/rustwide/cargo-home:ro,Z" "-v" "/var/lib/crater-agent-workspace/rustup-home:/opt/rustwide/rustup-home:ro,Z" "-e" "SOURCE_DIR=/opt/rustwide/workdir" "-e" "CARGO_TARGET_DIR=/opt/rustwide/target" "-e" "CARGO_INCREMENTAL=0" "-e" "RUST_BACKTRACE=full" "-e" "RUSTFLAGS=--cap-lints=forbid" "-e" "RUSTDOCFLAGS=--cap-lints=forbid" "-e" "CARGO_HOME=/opt/rustwide/cargo-home" "-e" "RUSTUP_HOME=/opt/rustwide/rustup-home" "-w" "/opt/rustwide/workdir" "-m" "1610612736" "--user" "0:0" "--network" "none" "ghcr.io/rust-lang/crates-build-env/linux@sha256:819108c5571ea2e421544af4d832f968d213c87fbe3707a016657f43d2f853bc" "/opt/rustwide/cargo-home/bin/cargo" "+nightly-2025-01-18" "test" "--frozen" "--no-run" "--message-format=json", kill_on_drop: false }`
[INFO] [stdout] ffa365e06910b4c2390e5393b9e535462a5f4d96ed0bb585ce47403151d670ba
[INFO] running `Command { std: "docker" "start" "-a" "ffa365e06910b4c2390e5393b9e535462a5f4d96ed0bb585ce47403151d670ba", kill_on_drop: false }`
[INFO] [stderr]    Compiling project v0.1.0 (/opt/rustwide/workdir)
[INFO] [stderr]     Finished `test` profile [unoptimized + debuginfo] target(s) in 2.03s
[INFO] running `Command { std: "docker" "inspect" "ffa365e06910b4c2390e5393b9e535462a5f4d96ed0bb585ce47403151d670ba", kill_on_drop: false }`
[INFO] running `Command { std: "docker" "rm" "-f" "ffa365e06910b4c2390e5393b9e535462a5f4d96ed0bb585ce47403151d670ba", kill_on_drop: false }`
[INFO] [stdout] ffa365e06910b4c2390e5393b9e535462a5f4d96ed0bb585ce47403151d670ba
[INFO] running `Command { std: "docker" "create" "-v" "/var/lib/crater-agent-workspace/builds/worker-5-tc1/target:/opt/rustwide/target:rw,Z" "-v" "/var/lib/crater-agent-workspace/builds/worker-5-tc1/source:/opt/rustwide/workdir:ro,Z" "-v" "/var/lib/crater-agent-workspace/cargo-home:/opt/rustwide/cargo-home:ro,Z" "-v" "/var/lib/crater-agent-workspace/rustup-home:/opt/rustwide/rustup-home:ro,Z" "-e" "SOURCE_DIR=/opt/rustwide/workdir" "-e" "CARGO_TARGET_DIR=/opt/rustwide/target" "-e" "CARGO_INCREMENTAL=0" "-e" "RUST_BACKTRACE=full" "-e" "RUSTFLAGS=--cap-lints=forbid" "-e" "RUSTDOCFLAGS=--cap-lints=forbid" "-e" "CARGO_HOME=/opt/rustwide/cargo-home" "-e" "RUSTUP_HOME=/opt/rustwide/rustup-home" "-w" "/opt/rustwide/workdir" "-m" "1610612736" "--user" "0:0" "--network" "none" "ghcr.io/rust-lang/crates-build-env/linux@sha256:819108c5571ea2e421544af4d832f968d213c87fbe3707a016657f43d2f853bc" "/opt/rustwide/cargo-home/bin/cargo" "+nightly-2025-01-18" "test" "--frozen", kill_on_drop: false }`
[INFO] [stdout] 9961126323a9a05c01b6f394fb85c7ee1fa0df0e480afd455633dfd037060328
[INFO] running `Command { std: "docker" "start" "-a" "9961126323a9a05c01b6f394fb85c7ee1fa0df0e480afd455633dfd037060328", kill_on_drop: false }`
[INFO] [stderr]     Finished `test` profile [unoptimized + debuginfo] target(s) in 0.08s
[INFO] [stderr]      Running unittests src/main.rs (/opt/rustwide/target/debug/deps/project-e3b3da34d2cda981)
[INFO] [stdout] 
[INFO] [stdout] running 36 tests
[INFO] [stdout] test days::day12::day12a ... FAILED
[INFO] [stdout] test days::day12::day12b ... FAILED
[INFO] [stdout] test days::day11::test ... ok
[INFO] [stdout] test days::day1::day1a ... FAILED
[INFO] [stdout] test days::day2::check_row_test ... ok
[INFO] [stdout] test days::day2::day2b ... FAILED
[INFO] [stdout] test days::day2::day2a ... FAILED
[INFO] [stdout] test days::day14::day14a ... FAILED
[INFO] [stdout] test days::day3::test_regex ... ok
[INFO] [stdout] test days::day13::day13a ... FAILED
[INFO] [stdout] test days::day1::day1b ... FAILED
[INFO] [stdout] test days::day13::day13b ... FAILED
[INFO] [stdout] test days::day3::day3b ... FAILED
[INFO] [stdout] test days::day3::day3a ... FAILED
[INFO] [stdout] test days::day5::day5a ... FAILED
[INFO] [stdout] test days::day15::day15a ... FAILED
[INFO] [stdout] test days::day10a::day10a ... FAILED
[INFO] [stdout] test days::day7::day7a ... FAILED
[INFO] [stdout] test days::day8::day8b ... FAILED
[INFO] [stdout] test helpers::direction::test_rotate ... ok
[INFO] [stdout] test days::day10b::day10b ... FAILED
[INFO] [stdout] test days::day8::day8a ... FAILED
[INFO] [stdout] test days::day9::day9a ... FAILED
[INFO] [stdout] test helpers::direction::test_simplify ... ok
[INFO] [stdout] test helpers::region::test_regions ... ok
[INFO] [stdout] test days::day4::day4b ... FAILED
[INFO] [stdout] test days::day9::should_be_equal ... ok
[INFO] [stdout] test days::day4::day4a ... FAILED
[INFO] [stdout] test days::day6::day6a ... FAILED
[INFO] [stdout] test days::day5::day5b ... FAILED
[INFO] [stdout] test days::day15::day15b ... FAILED
[INFO] [stdout] test days::day7::day7b ... FAILED
[INFO] [stdout] test days::day9::day9b ... FAILED
[INFO] [stdout] test days::day11::day11a has been running for over 60 seconds
[INFO] [stdout] test days::day14::day14b has been running for over 60 seconds
[INFO] [stdout] test days::day6::day6b has been running for over 60 seconds
[INFO] [stdout] test days::day14::day14b ... FAILED
[INFO] [stdout] test days::day6::day6b ... FAILED
[INFO] [stderr] error: test failed, to rerun pass `--bin project`
[INFO] [stderr] 
[INFO] [stderr] Caused by:
[INFO] [stderr]   process didn't exit successfully: `/opt/rustwide/target/debug/deps/project-e3b3da34d2cda981` (signal: 9, SIGKILL: kill)
[INFO] running `Command { std: "docker" "inspect" "9961126323a9a05c01b6f394fb85c7ee1fa0df0e480afd455633dfd037060328", kill_on_drop: false }`
[INFO] running `Command { std: "docker" "rm" "-f" "9961126323a9a05c01b6f394fb85c7ee1fa0df0e480afd455633dfd037060328", kill_on_drop: false }`
[INFO] [stdout] 9961126323a9a05c01b6f394fb85c7ee1fa0df0e480afd455633dfd037060328
