[INFO] cloning repository https://github.com/marad2001/gcwm-report-gen
[INFO] running `Command { std: "git" "-c" "credential.helper=" "-c" "credential.helper=/workspace/cargo-home/bin/git-credential-null" "clone" "--bare" "https://github.com/marad2001/gcwm-report-gen" "/workspace/cache/git-repos/https%3A%2F%2Fgithub.com%2Fmarad2001%2Fgcwm-report-gen", kill_on_drop: false }`
[INFO] [stderr] Cloning into bare repository '/workspace/cache/git-repos/https%3A%2F%2Fgithub.com%2Fmarad2001%2Fgcwm-report-gen'...
[INFO] running `Command { std: "git" "rev-parse" "HEAD", kill_on_drop: false }`
[INFO] [stdout] 2ddef49fae14d501a74133bc619eb379c1ab3781
[INFO] testing marad2001/gcwm-report-gen against nightly-2025-01-18+rustflags=-Zrandomize-layout for randomize-layout-2
[INFO] running `Command { std: "git" "clone" "/workspace/cache/git-repos/https%3A%2F%2Fgithub.com%2Fmarad2001%2Fgcwm-report-gen" "/workspace/builds/worker-6-tc2/source", kill_on_drop: false }`
[INFO] [stderr] Cloning into '/workspace/builds/worker-6-tc2/source'...
[INFO] [stderr] done.
[INFO] validating manifest of git repo https://github.com/marad2001/gcwm-report-gen on toolchain nightly-2025-01-18
[INFO] running `Command { std: CARGO_HOME="/workspace/cargo-home" RUSTUP_HOME="/workspace/rustup-home" "/workspace/cargo-home/bin/cargo" "+nightly-2025-01-18" "metadata" "--manifest-path" "Cargo.toml" "--no-deps", kill_on_drop: false }`
[INFO] started tweaking git repo https://github.com/marad2001/gcwm-report-gen
[INFO] finished tweaking git repo https://github.com/marad2001/gcwm-report-gen
[INFO] tweaked toml for git repo https://github.com/marad2001/gcwm-report-gen written to /workspace/builds/worker-6-tc2/source/Cargo.toml
[INFO] crate git repo https://github.com/marad2001/gcwm-report-gen already has a lockfile, it will not be regenerated
[INFO] running `Command { std: CARGO_HOME="/workspace/cargo-home" RUSTUP_HOME="/workspace/rustup-home" "/workspace/cargo-home/bin/cargo" "+nightly-2025-01-18" "fetch" "--manifest-path" "Cargo.toml", kill_on_drop: false }`
[INFO] running `Command { std: "docker" "create" "-v" "/var/lib/crater-agent-workspace/builds/worker-6-tc2/target:/opt/rustwide/target:rw,Z" "-v" "/var/lib/crater-agent-workspace/builds/worker-6-tc2/source:/opt/rustwide/workdir:ro,Z" "-v" "/var/lib/crater-agent-workspace/cargo-home:/opt/rustwide/cargo-home:ro,Z" "-v" "/var/lib/crater-agent-workspace/rustup-home:/opt/rustwide/rustup-home:ro,Z" "-e" "SOURCE_DIR=/opt/rustwide/workdir" "-e" "CARGO_TARGET_DIR=/opt/rustwide/target" "-e" "CARGO_HOME=/opt/rustwide/cargo-home" "-e" "RUSTUP_HOME=/opt/rustwide/rustup-home" "-w" "/opt/rustwide/workdir" "-m" "1610612736" "--user" "0:0" "--network" "none" "ghcr.io/rust-lang/crates-build-env/linux@sha256:819108c5571ea2e421544af4d832f968d213c87fbe3707a016657f43d2f853bc" "/opt/rustwide/cargo-home/bin/cargo" "+nightly-2025-01-18" "metadata" "--no-deps" "--format-version=1", kill_on_drop: false }`
[INFO] [stdout] b30627895711a01b01ddff361822587f558dcbe50f7b2d64be8eb0d5667a9213
[INFO] running `Command { std: "docker" "start" "-a" "b30627895711a01b01ddff361822587f558dcbe50f7b2d64be8eb0d5667a9213", kill_on_drop: false }`
[INFO] running `Command { std: "docker" "inspect" "b30627895711a01b01ddff361822587f558dcbe50f7b2d64be8eb0d5667a9213", kill_on_drop: false }`
[INFO] running `Command { std: "docker" "rm" "-f" "b30627895711a01b01ddff361822587f558dcbe50f7b2d64be8eb0d5667a9213", kill_on_drop: false }`
[INFO] [stdout] b30627895711a01b01ddff361822587f558dcbe50f7b2d64be8eb0d5667a9213
[INFO] running `Command { std: "docker" "create" "-v" "/var/lib/crater-agent-workspace/builds/worker-6-tc2/target:/opt/rustwide/target:rw,Z" "-v" "/var/lib/crater-agent-workspace/builds/worker-6-tc2/source:/opt/rustwide/workdir:ro,Z" "-v" "/var/lib/crater-agent-workspace/cargo-home:/opt/rustwide/cargo-home:ro,Z" "-v" "/var/lib/crater-agent-workspace/rustup-home:/opt/rustwide/rustup-home:ro,Z" "-e" "SOURCE_DIR=/opt/rustwide/workdir" "-e" "CARGO_TARGET_DIR=/opt/rustwide/target" "-e" "CARGO_INCREMENTAL=0" "-e" "RUST_BACKTRACE=full" "-e" "RUSTFLAGS=--cap-lints=forbid -Zrandomize-layout" "-e" "RUSTDOCFLAGS=--cap-lints=forbid" "-e" "CARGO_HOME=/opt/rustwide/cargo-home" "-e" "RUSTUP_HOME=/opt/rustwide/rustup-home" "-w" "/opt/rustwide/workdir" "-m" "1610612736" "--user" "0:0" "--network" "none" "ghcr.io/rust-lang/crates-build-env/linux@sha256:819108c5571ea2e421544af4d832f968d213c87fbe3707a016657f43d2f853bc" "/opt/rustwide/cargo-home/bin/cargo" "+nightly-2025-01-18" "build" "--frozen" "--message-format=json", kill_on_drop: false }`
[INFO] [stdout] 3c779f17e2903f337181f68c80b670a2215e9592916d12152e243c25ff86e24f
[INFO] running `Command { std: "docker" "start" "-a" "3c779f17e2903f337181f68c80b670a2215e9592916d12152e243c25ff86e24f", kill_on_drop: false }`
[INFO] [stderr]    Compiling proc-macro2 v1.0.92
[INFO] [stderr]    Compiling unicode-ident v1.0.14
[INFO] [stderr]    Compiling serde v1.0.216
[INFO] [stderr]    Compiling libc v0.2.168
[INFO] [stderr]    Compiling pin-project-lite v0.2.15
[INFO] [stderr]    Compiling autocfg v1.4.0
[INFO] [stderr]    Compiling itoa v1.0.14
[INFO] [stderr]    Compiling futures-core v0.3.31
[INFO] [stderr]    Compiling once_cell v1.20.2
[INFO] [stderr]    Compiling memchr v2.7.4
[INFO] [stderr]    Compiling fnv v1.0.7
[INFO] [stderr]    Compiling futures-sink v0.3.31
[INFO] [stderr]    Compiling stable_deref_trait v1.2.0
[INFO] [stderr]    Compiling futures-io v0.3.31
[INFO] [stderr]    Compiling futures-task v0.3.31
[INFO] [stderr]    Compiling pin-utils v0.1.0
[INFO] [stderr]    Compiling cfg-if v1.0.0
[INFO] [stderr]    Compiling log v0.4.22
[INFO] [stderr]    Compiling shlex v1.3.0
[INFO] [stderr]    Compiling httparse v1.9.5
[INFO] [stderr]    Compiling litemap v0.7.4
[INFO] [stderr]    Compiling vcpkg v0.2.15
[INFO] [stderr]    Compiling smallvec v1.13.2
[INFO] [stderr]    Compiling futures-channel v0.3.31
[INFO] [stderr]    Compiling tracing-core v0.1.33
[INFO] [stderr]    Compiling writeable v0.5.5
[INFO] [stderr]    Compiling pkg-config v0.3.31
[INFO] [stderr]    Compiling cc v1.2.7
[INFO] [stderr]    Compiling try-lock v0.2.5
[INFO] [stderr]    Compiling icu_locid_transform_data v1.5.0
[INFO] [stderr]    Compiling want v0.3.1
[INFO] [stderr]    Compiling tower-service v0.3.3
[INFO] [stderr]    Compiling ryu v1.0.18
[INFO] [stderr]    Compiling percent-encoding v2.3.1
[INFO] [stderr]    Compiling serde_json v1.0.133
[INFO] [stderr]    Compiling icu_properties_data v1.5.0
[INFO] [stderr]    Compiling utf8_iter v1.0.4
[INFO] [stderr]    Compiling foreign-types-shared v0.1.1
[INFO] [stderr]    Compiling form_urlencoded v1.2.1
[INFO] [stderr]    Compiling regex-syntax v0.6.29
[INFO] [stderr]    Compiling slab v0.4.9
[INFO] [stderr]    Compiling openssl v0.10.68
[INFO] [stderr]    Compiling icu_normalizer_data v1.5.0
[INFO] [stderr]    Compiling regex-syntax v0.8.5
[INFO] [stderr]    Compiling utf16_iter v1.0.5
[INFO] [stderr]    Compiling write16 v1.0.0
[INFO] [stderr]    Compiling foreign-types v0.3.2
[INFO] [stderr]    Compiling hashbrown v0.15.2
[INFO] [stderr]    Compiling lazy_static v1.5.0
[INFO] [stderr]    Compiling bitflags v2.7.0
[INFO] [stderr]    Compiling native-tls v0.2.12
[INFO] [stderr]    Compiling equivalent v1.0.1
[INFO] [stderr]    Compiling sharded-slab v0.1.7
[INFO] [stderr]    Compiling thread_local v1.1.8
[INFO] [stderr]    Compiling openssl-probe v0.1.5
[INFO] [stderr]    Compiling tower-layer v0.3.3
[INFO] [stderr]    Compiling num-traits v0.2.19
[INFO] [stderr]    Compiling httpdate v1.0.3
[INFO] [stderr]    Compiling base64 v0.22.1
[INFO] [stderr]    Compiling encoding_rs v0.8.35
[INFO] [stderr]    Compiling mime v0.3.17
[INFO] [stderr]    Compiling base64 v0.21.7
[INFO] [stderr]    Compiling iana-time-zone v0.1.61
[INFO] [stderr]    Compiling sync_wrapper v0.1.2
[INFO] [stderr]    Compiling ipnet v2.10.1
[INFO] [stderr]    Compiling quote v1.0.37
[INFO] [stderr]    Compiling rustls-pemfile v1.0.4
[INFO] [stderr]    Compiling syn v2.0.90
[INFO] [stderr]    Compiling indexmap v2.7.0
[INFO] [stderr]    Compiling dotenv v0.15.0
[INFO] [stderr]    Compiling socket2 v0.5.8
[INFO] [stderr]    Compiling mio v1.0.3
[INFO] [stderr]    Compiling getrandom v0.2.15
[INFO] [stderr]    Compiling openssl-sys v0.9.104
[INFO] [stderr]    Compiling regex-automata v0.1.10
[INFO] [stderr]    Compiling matchers v0.1.0
[INFO] [stderr]    Compiling regex-automata v0.4.9
[INFO] [stderr]    Compiling regex v1.11.1
[INFO] [stderr]    Compiling synstructure v0.13.1
[INFO] [stderr]    Compiling serde_derive v1.0.216
[INFO] [stderr]    Compiling zerofrom-derive v0.1.5
[INFO] [stderr]    Compiling yoke-derive v0.7.5
[INFO] [stderr]    Compiling futures-macro v0.3.31
[INFO] [stderr]    Compiling tokio-macros v2.4.0
[INFO] [stderr]    Compiling zerovec-derive v0.10.3
[INFO] [stderr]    Compiling displaydoc v0.2.5
[INFO] [stderr]    Compiling tracing-attributes v0.1.28
[INFO] [stderr]    Compiling icu_provider_macros v1.5.0
[INFO] [stderr]    Compiling pin-project-internal v1.1.7
[INFO] [stderr]    Compiling openssl-macros v0.1.1
[INFO] [stderr]    Compiling async-stream-impl v0.3.6
[INFO] [stderr]    Compiling async-trait v0.1.85
[INFO] [stderr]    Compiling async-stream v0.3.6
[INFO] [stderr]    Compiling tracing v0.1.41
[INFO] [stderr]    Compiling futures-util v0.3.31
[INFO] [stderr]    Compiling zerofrom v0.1.5
[INFO] [stderr]    Compiling pin-project v1.1.7
[INFO] [stderr]    Compiling yoke v0.7.5
[INFO] [stderr]    Compiling zerovec v0.10.4
[INFO] [stderr]    Compiling tinystr v0.7.6
[INFO] [stderr]    Compiling icu_collections v1.5.0
[INFO] [stderr]    Compiling icu_locid v1.5.0
[INFO] [stderr]    Compiling icu_provider v1.5.0
[INFO] [stderr]    Compiling icu_locid_transform v1.5.0
[INFO] [stderr]    Compiling futures-executor v0.3.31
[INFO] [stderr]    Compiling tower v0.4.13
[INFO] [stderr]    Compiling futures v0.3.31
[INFO] [stderr]    Compiling icu_properties v1.5.1
[INFO] [stderr]    Compiling bytes v1.9.0
[INFO] [stderr]    Compiling tracing-serde v0.2.0
[INFO] [stderr]    Compiling serde_urlencoded v0.7.1
[INFO] [stderr]    Compiling query_map v0.7.0
[INFO] [stderr]    Compiling serde_path_to_error v0.1.16
[INFO] [stderr]    Compiling chrono v0.4.39
[INFO] [stderr]    Compiling uuid v1.11.0
[INFO] [stderr]    Compiling tokio v1.42.0
[INFO] [stderr]    Compiling http v1.2.0
[INFO] [stderr]    Compiling http v0.2.12
[INFO] [stderr]    Compiling tracing-subscriber v0.3.19
[INFO] [stderr]    Compiling http-body v0.4.6
[INFO] [stderr]    Compiling http-body v1.0.1
[INFO] [stderr]    Compiling http-serde v2.1.1
[INFO] [stderr]    Compiling icu_normalizer v1.5.0
[INFO] [stderr]    Compiling http-body-util v0.1.2
[INFO] [stderr]    Compiling aws_lambda_events v0.15.1
[INFO] [stderr]    Compiling idna_adapter v1.2.0
[INFO] [stderr]    Compiling idna v1.0.3
[INFO] [stderr]    Compiling url v2.5.4
[INFO] [stderr]    Compiling tokio-util v0.7.13
[INFO] [stderr]    Compiling hyper v1.5.2
[INFO] [stderr]    Compiling tokio-native-tls v0.3.1
[INFO] [stderr]    Compiling tokio-stream v0.1.17
[INFO] [stderr]    Compiling h2 v0.3.26
[INFO] [stderr]    Compiling hyper-util v0.1.10
[INFO] [stderr]    Compiling lambda_runtime_api_client v0.11.1
[INFO] [stderr]    Compiling lambda_runtime v0.13.0
[INFO] [stderr]    Compiling lambda_http v0.13.0
[INFO] [stderr]    Compiling hyper v0.14.32
[INFO] [stderr]    Compiling hyper-tls v0.5.0
[INFO] [stderr]    Compiling reqwest v0.11.27
[INFO] [stderr]    Compiling gcwm-report-gen v0.1.0 (/opt/rustwide/workdir)
[INFO] [stdout] warning: unused import: `std::env`
[INFO] [stdout]  --> src/main.rs:5:5
[INFO] [stdout]   |
[INFO] [stdout] 5 | use std::env;
[INFO] [stdout]   |     ^^^^^^^^
[INFO] [stdout]   |
[INFO] [stdout]   = note: `#[warn(unused_imports)]` on by default
[INFO] [stdout] 
[INFO] [stdout] 
[INFO] [stdout] warning: unused imports: `ClientId` and `IoId`
[INFO] [stdout]  --> src/domain/report/create_report.rs:2:51
[INFO] [stdout]   |
[INFO] [stdout] 2 | use crate::domain::constrained_types::client_id::{ClientId, IoId};
[INFO] [stdout]   |                                                   ^^^^^^^^  ^^^^
[INFO] [stdout] 
[INFO] [stdout] 
[INFO] [stdout] warning: unused import: `crate::driven::repository::MainContactAddress`
[INFO] [stdout]  --> src/domain/report/create_report.rs:4:5
[INFO] [stdout]   |
[INFO] [stdout] 4 | use crate::driven::repository::MainContactAddress;
[INFO] [stdout]   |     ^^^^^^^^^^^^^^^^^^^^^^^^^^^^^^^^^^^^^^^^^^^^^
[INFO] [stdout] 
[INFO] [stdout] 
[INFO] [stdout] warning: unused imports: `MainContactAddress`, `QueryExternalRepository`, and `client_id::ClientId`
[INFO] [stdout]  --> src/domain/report/couple_annual_review_report/mod.rs:4:59
[INFO] [stdout]   |
[INFO] [stdout] 4 | ...::Adviser, client_id::ClientId, name_string::NameString}, driven::repository::{MainContactAddress, QueryExternalRepository}, driving::...
[INFO] [stdout]   |               ^^^^^^^^^^^^^^^^^^^                                                 ^^^^^^^^^^^^^^^^^^  ^^^^^^^^^^^^^^^^^^^^^^^
[INFO] [stdout] 
[INFO] [stdout] 
[INFO] [stdout] warning: unused import: `crate::domain::constrained_types::client_id::IoId`
[INFO] [stdout]  --> src/domain/report/couple_annual_review_report/mod.rs:5:5
[INFO] [stdout]   |
[INFO] [stdout] 5 | use crate::domain::constrained_types::client_id::IoId;
[INFO] [stdout]   |     ^^^^^^^^^^^^^^^^^^^^^^^^^^^^^^^^^^^^^^^^^^^^^^^^^
[INFO] [stdout] 
[INFO] [stdout] 
[INFO] [stdout] warning: unused import: `driving::data_transfer_object::report_type_data_transfer_object::couple_annual_review_data_transfer_object::couple_annual_review_report_sections_data_transfer_object::CoupleAnnualReviewReportSectionsDataTransferObject`
[INFO] [stdout]  --> src/domain/report/couple_annual_review_report/couple_annual_review_report_cover_section.rs:3:65
[INFO] [stdout]   |
[INFO] [stdout] 3 | ...g, driving::data_transfer_object::report_type_data_transfer_object::couple_annual_review_data_transfer_object::couple_annual_review_report_sections_data_transfer_object::CoupleAnnualReviewReportSectionsDataTransferObjec...
[INFO] [stdout]   |       ^^^^^^^^^^^^^^^^^^^^^^^^^^^^^^^^^^^^^^^^^^^^^^^^^^^^^^^^^^^^^^^^^^^^^^^^^^^^^^^^^^^^^^^^^^^^^^^^^^^^^^^^^^^^^^^^^^^^^^^^^^^^^^^^^^^^^^^^^^^^^^^^^^^^^^^^^^^^^^^^^^^^^^^^^^^^^^^^^^^^^^^^^^^^^^^^^^^^^^^^^^^^^^^^^^^^^^^^^
[INFO] [stdout] 
[INFO] [stdout] 
[INFO] [stdout] warning: unused import: `ParseError`
[INFO] [stdout]  --> src/domain/constrained_types/meeting_date.rs:2:25
[INFO] [stdout]   |
[INFO] [stdout] 2 | use chrono::{NaiveDate, ParseError, Datelike};
[INFO] [stdout]   |                         ^^^^^^^^^^
[INFO] [stdout] 
[INFO] [stdout] 
[INFO] [stdout] warning: unused import: `main`
[INFO] [stdout]  --> src/driven/repository/mod.rs:5:111
[INFO] [stdout]   |
[INFO] [stdout] 5 | use crate::{domain::{constrained_types::client_id::ClientId, report::Report, traits::{ClientRepoId, Entity}}, main};
[INFO] [stdout]   |                                                                                                               ^^^^
[INFO] [stdout] 
[INFO] [stdout] 
[INFO] [stdout] warning: unused import: `Client`
[INFO] [stdout]  --> src/driven/repository/intelligent_office.rs:2:91
[INFO] [stdout]   |
[INFO] [stdout] 2 | use reqwest::{self, header::{AUTHORIZATION, CONTENT_TYPE, ACCEPT}, Error as ReqwestError, Client, Response};
[INFO] [stdout]   |                                                                                           ^^^^^^
[INFO] [stdout] 
[INFO] [stdout] 
[INFO] [stdout] warning: unused import: `dotenv::dotenv`
[INFO] [stdout]  --> src/driven/repository/intelligent_office.rs:5:5
[INFO] [stdout]   |
[INFO] [stdout] 5 | use dotenv::dotenv;
[INFO] [stdout]   |     ^^^^^^^^^^^^^^
[INFO] [stdout] 
[INFO] [stdout] 
[INFO] [stdout] warning: unused imports: `ClientId` and `IoId`
[INFO] [stdout]  --> src/driven/repository/intelligent_office.rs:8:51
[INFO] [stdout]   |
[INFO] [stdout] 8 | use crate::domain::constrained_types::client_id::{ClientId, IoId};
[INFO] [stdout]   |                                                   ^^^^^^^^  ^^^^
[INFO] [stdout] 
[INFO] [stdout] 
[INFO] [stdout] warning: unused imports: `MainContactAddress` and `QueryExternalRepository`
[INFO] [stdout]   --> src/driven/repository/intelligent_office.rs:10:13
[INFO] [stdout]    |
[INFO] [stdout] 10 | use super::{MainContactAddress, QueryExternalRepository};
[INFO] [stdout]    |             ^^^^^^^^^^^^^^^^^^  ^^^^^^^^^^^^^^^^^^^^^^^
[INFO] [stdout] 
[INFO] [stdout] 
[INFO] [stdout] warning: value assigned to `client_names_paragraph` is never read
[INFO] [stdout]   --> src/domain/report/couple_annual_review_report/couple_annual_review_report_cover_section.rs:29:17
[INFO] [stdout]    |
[INFO] [stdout] 29 |         let mut client_names_paragraph = String::new();
[INFO] [stdout]    |                 ^^^^^^^^^^^^^^^^^^^^^^
[INFO] [stdout]    |
[INFO] [stdout]    = help: maybe it is overwritten before being read?
[INFO] [stdout]    = note: `#[warn(unused_assignments)]` on by default
[INFO] [stdout] 
[INFO] [stdout] 
[INFO] [stdout] warning: trait `Entity` is never used
[INFO] [stdout]  --> src/domain/traits.rs:3:11
[INFO] [stdout]   |
[INFO] [stdout] 3 | pub trait Entity {}
[INFO] [stdout]   |           ^^^^^^
[INFO] [stdout]   |
[INFO] [stdout]   = note: `#[warn(dead_code)]` on by default
[INFO] [stdout] 
[INFO] [stdout] 
[INFO] [stdout] warning: trait `ClientRepoId` is never used
[INFO] [stdout]  --> src/domain/traits.rs:5:11
[INFO] [stdout]   |
[INFO] [stdout] 5 | pub trait ClientRepoId {}
[INFO] [stdout]   |           ^^^^^^^^^^^^
[INFO] [stdout] 
[INFO] [stdout] 
[INFO] [stdout] warning: method `value` is never used
[INFO] [stdout]  --> src/domain/constrained_types/constrained_string_200.rs:8:12
[INFO] [stdout]   |
[INFO] [stdout] 7 | impl ConstrainedString200 {
[INFO] [stdout]   | ------------------------- method in this implementation
[INFO] [stdout] 8 |     pub fn value(&self) -> &String {
[INFO] [stdout]   |            ^^^^^
[INFO] [stdout] 
[INFO] [stdout] 
[INFO] [stdout] warning: method `value` is never used
[INFO] [stdout]   --> src/domain/constrained_types/meeting_date.rs:10:12
[INFO] [stdout]    |
[INFO] [stdout] 8  | impl MeetingDate {
[INFO] [stdout]    | ---------------- method in this implementation
[INFO] [stdout] 9  |     /// Returns a reference to the inner date value.
[INFO] [stdout] 10 |     pub fn value(&self) -> &NaiveDate {
[INFO] [stdout]    |            ^^^^^
[INFO] [stdout] 
[INFO] [stdout] 
[INFO] [stdout] warning: method `value` is never used
[INFO] [stdout]   --> src/domain/constrained_types/client_id.rs:19:12
[INFO] [stdout]    |
[INFO] [stdout] 17 | impl IoId {
[INFO] [stdout]    | --------- method in this implementation
[INFO] [stdout] 18 |     /// Returns the value of the IoId.
[INFO] [stdout] 19 |     pub fn value(&self) -> &i32 {
[INFO] [stdout]    |            ^^^^^
[INFO] [stdout] 
[INFO] [stdout] 
[INFO] [stdout] warning: enum `RepoCreateError` is never used
[INFO] [stdout]    --> src/driven/repository/mod.rs:118:10
[INFO] [stdout]     |
[INFO] [stdout] 118 | pub enum RepoCreateError {
[INFO] [stdout]     |          ^^^^^^^^^^^^^^^
[INFO] [stdout]     |
[INFO] [stdout]     = note: `RepoCreateError` has a derived impl for the trait `Debug`, but this is intentionally ignored during dead code analysis
[INFO] [stdout] 
[INFO] [stdout] 
[INFO] [stdout] warning: enum `RepoSelectError` is never used
[INFO] [stdout]    --> src/driven/repository/mod.rs:124:10
[INFO] [stdout]     |
[INFO] [stdout] 124 | pub enum RepoSelectError {
[INFO] [stdout]     |          ^^^^^^^^^^^^^^^
[INFO] [stdout]     |
[INFO] [stdout]     = note: `RepoSelectError` has a derived impl for the trait `Debug`, but this is intentionally ignored during dead code analysis
[INFO] [stdout] 
[INFO] [stdout] 
[INFO] [stdout] warning: enum `RepoFindAllError` is never used
[INFO] [stdout]    --> src/driven/repository/mod.rs:130:10
[INFO] [stdout]     |
[INFO] [stdout] 130 | pub enum RepoFindAllError {
[INFO] [stdout]     |          ^^^^^^^^^^^^^^^^
[INFO] [stdout]     |
[INFO] [stdout]     = note: `RepoFindAllError` has a derived impl for the trait `Debug`, but this is intentionally ignored during dead code analysis
[INFO] [stdout] 
[INFO] [stdout] 
[INFO] [stdout] warning: enum `RepoUpdateError` is never used
[INFO] [stdout]    --> src/driven/repository/mod.rs:135:10
[INFO] [stdout]     |
[INFO] [stdout] 135 | pub enum RepoUpdateError {
[INFO] [stdout]     |          ^^^^^^^^^^^^^^^
[INFO] [stdout]     |
[INFO] [stdout]     = note: `RepoUpdateError` has a derived impl for the trait `Debug`, but this is intentionally ignored during dead code analysis
[INFO] [stdout] 
[INFO] [stdout] 
[INFO] [stdout] warning: enum `RepoDeleteError` is never used
[INFO] [stdout]    --> src/driven/repository/mod.rs:142:10
[INFO] [stdout]     |
[INFO] [stdout] 142 | pub enum RepoDeleteError {
[INFO] [stdout]     |          ^^^^^^^^^^^^^^^
[INFO] [stdout]     |
[INFO] [stdout]     = note: `RepoDeleteError` has a derived impl for the trait `Debug`, but this is intentionally ignored during dead code analysis
[INFO] [stdout] 
[INFO] [stdout] 
[INFO] [stdout] warning: trait `Repository` is never used
[INFO] [stdout]    --> src/driven/repository/mod.rs:149:11
[INFO] [stdout]     |
[INFO] [stdout] 149 | pub trait Repository<T, U> where T: Entity, U: ClientRepoId   {
[INFO] [stdout]     |           ^^^^^^^^^^
[INFO] [stdout] 
[INFO] [stdout] 
[INFO] [stdout] warning: trait `QueryExternalRepository` is never used
[INFO] [stdout]    --> src/driven/repository/mod.rs:169:11
[INFO] [stdout]     |
[INFO] [stdout] 169 | pub trait QueryExternalRepository<T> where T: ClientRepoId   {
[INFO] [stdout]     |           ^^^^^^^^^^^^^^^^^^^^^^^
[INFO] [stdout] 
[INFO] [stdout] 
[INFO] [stderr]     Finished `dev` profile [unoptimized + debuginfo] target(s) in 1m 08s
[INFO] running `Command { std: "docker" "inspect" "3c779f17e2903f337181f68c80b670a2215e9592916d12152e243c25ff86e24f", kill_on_drop: false }`
[INFO] running `Command { std: "docker" "rm" "-f" "3c779f17e2903f337181f68c80b670a2215e9592916d12152e243c25ff86e24f", kill_on_drop: false }`
[INFO] [stdout] 3c779f17e2903f337181f68c80b670a2215e9592916d12152e243c25ff86e24f
[INFO] running `Command { std: "docker" "create" "-v" "/var/lib/crater-agent-workspace/builds/worker-6-tc2/target:/opt/rustwide/target:rw,Z" "-v" "/var/lib/crater-agent-workspace/builds/worker-6-tc2/source:/opt/rustwide/workdir:ro,Z" "-v" "/var/lib/crater-agent-workspace/cargo-home:/opt/rustwide/cargo-home:ro,Z" "-v" "/var/lib/crater-agent-workspace/rustup-home:/opt/rustwide/rustup-home:ro,Z" "-e" "SOURCE_DIR=/opt/rustwide/workdir" "-e" "CARGO_TARGET_DIR=/opt/rustwide/target" "-e" "CARGO_INCREMENTAL=0" "-e" "RUST_BACKTRACE=full" "-e" "RUSTFLAGS=--cap-lints=forbid -Zrandomize-layout" "-e" "RUSTDOCFLAGS=--cap-lints=forbid" "-e" "CARGO_HOME=/opt/rustwide/cargo-home" "-e" "RUSTUP_HOME=/opt/rustwide/rustup-home" "-w" "/opt/rustwide/workdir" "-m" "1610612736" "--user" "0:0" "--network" "none" "ghcr.io/rust-lang/crates-build-env/linux@sha256:819108c5571ea2e421544af4d832f968d213c87fbe3707a016657f43d2f853bc" "/opt/rustwide/cargo-home/bin/cargo" "+nightly-2025-01-18" "test" "--frozen" "--no-run" "--message-format=json", kill_on_drop: false }`
[INFO] [stdout] e979f3c9f5462e0161f146b1e11c88136dfb2faa02f5e5a061a92672754c949b
[INFO] running `Command { std: "docker" "start" "-a" "e979f3c9f5462e0161f146b1e11c88136dfb2faa02f5e5a061a92672754c949b", kill_on_drop: false }`
[INFO] [stderr]    Compiling gcwm-report-gen v0.1.0 (/opt/rustwide/workdir)
[INFO] [stdout] warning: unused import: `std::env`
[INFO] [stdout]  --> src/main.rs:5:5
[INFO] [stdout]   |
[INFO] [stdout] 5 | use std::env;
[INFO] [stdout]   |     ^^^^^^^^
[INFO] [stdout]   |
[INFO] [stdout]   = note: `#[warn(unused_imports)]` on by default
[INFO] [stdout] 
[INFO] [stdout] 
[INFO] [stdout] warning: unused imports: `ClientId` and `IoId`
[INFO] [stdout]  --> src/domain/report/create_report.rs:2:51
[INFO] [stdout]   |
[INFO] [stdout] 2 | use crate::domain::constrained_types::client_id::{ClientId, IoId};
[INFO] [stdout]   |                                                   ^^^^^^^^  ^^^^
[INFO] [stdout] 
[INFO] [stdout] 
[INFO] [stdout] warning: unused import: `crate::driven::repository::MainContactAddress`
[INFO] [stdout]  --> src/domain/report/create_report.rs:4:5
[INFO] [stdout]   |
[INFO] [stdout] 4 | use crate::driven::repository::MainContactAddress;
[INFO] [stdout]   |     ^^^^^^^^^^^^^^^^^^^^^^^^^^^^^^^^^^^^^^^^^^^^^
[INFO] [stdout] 
[INFO] [stdout] 
[INFO] [stdout] warning: unused imports: `MainContactAddress`, `QueryExternalRepository`, and `client_id::ClientId`
[INFO] [stdout]  --> src/domain/report/couple_annual_review_report/mod.rs:4:59
[INFO] [stdout]   |
[INFO] [stdout] 4 | ...::Adviser, client_id::ClientId, name_string::NameString}, driven::repository::{MainContactAddress, QueryExternalRepository}, driving::...
[INFO] [stdout]   |               ^^^^^^^^^^^^^^^^^^^                                                 ^^^^^^^^^^^^^^^^^^  ^^^^^^^^^^^^^^^^^^^^^^^
[INFO] [stdout] 
[INFO] [stdout] 
[INFO] [stdout] warning: unused import: `crate::domain::constrained_types::client_id::IoId`
[INFO] [stdout]  --> src/domain/report/couple_annual_review_report/mod.rs:5:5
[INFO] [stdout]   |
[INFO] [stdout] 5 | use crate::domain::constrained_types::client_id::IoId;
[INFO] [stdout]   |     ^^^^^^^^^^^^^^^^^^^^^^^^^^^^^^^^^^^^^^^^^^^^^^^^^
[INFO] [stdout] 
[INFO] [stdout] 
[INFO] [stdout] warning: unused import: `driving::data_transfer_object::report_type_data_transfer_object::couple_annual_review_data_transfer_object::couple_annual_review_report_sections_data_transfer_object::CoupleAnnualReviewReportSectionsDataTransferObject`
[INFO] [stdout]  --> src/domain/report/couple_annual_review_report/couple_annual_review_report_cover_section.rs:3:65
[INFO] [stdout]   |
[INFO] [stdout] 3 | ...g, driving::data_transfer_object::report_type_data_transfer_object::couple_annual_review_data_transfer_object::couple_annual_review_report_sections_data_transfer_object::CoupleAnnualReviewReportSectionsDataTransferObjec...
[INFO] [stdout]   |       ^^^^^^^^^^^^^^^^^^^^^^^^^^^^^^^^^^^^^^^^^^^^^^^^^^^^^^^^^^^^^^^^^^^^^^^^^^^^^^^^^^^^^^^^^^^^^^^^^^^^^^^^^^^^^^^^^^^^^^^^^^^^^^^^^^^^^^^^^^^^^^^^^^^^^^^^^^^^^^^^^^^^^^^^^^^^^^^^^^^^^^^^^^^^^^^^^^^^^^^^^^^^^^^^^^^^^^^^^
[INFO] [stdout] 
[INFO] [stdout] 
[INFO] [stdout] warning: unused import: `ParseError`
[INFO] [stdout]  --> src/domain/constrained_types/meeting_date.rs:2:25
[INFO] [stdout]   |
[INFO] [stdout] 2 | use chrono::{NaiveDate, ParseError, Datelike};
[INFO] [stdout]   |                         ^^^^^^^^^^
[INFO] [stdout] 
[INFO] [stdout] 
[INFO] [stdout] warning: unused import: `main`
[INFO] [stdout]  --> src/driven/repository/mod.rs:5:111
[INFO] [stdout]   |
[INFO] [stdout] 5 | use crate::{domain::{constrained_types::client_id::ClientId, report::Report, traits::{ClientRepoId, Entity}}, main};
[INFO] [stdout]   |                                                                                                               ^^^^
[INFO] [stdout] 
[INFO] [stdout] 
[INFO] [stdout] warning: unused import: `Client`
[INFO] [stdout]  --> src/driven/repository/intelligent_office.rs:2:91
[INFO] [stdout]   |
[INFO] [stdout] 2 | use reqwest::{self, header::{AUTHORIZATION, CONTENT_TYPE, ACCEPT}, Error as ReqwestError, Client, Response};
[INFO] [stdout]   |                                                                                           ^^^^^^
[INFO] [stdout] 
[INFO] [stdout] 
[INFO] [stdout] warning: unused import: `dotenv::dotenv`
[INFO] [stdout]  --> src/driven/repository/intelligent_office.rs:5:5
[INFO] [stdout]   |
[INFO] [stdout] 5 | use dotenv::dotenv;
[INFO] [stdout]   |     ^^^^^^^^^^^^^^
[INFO] [stdout] 
[INFO] [stdout] 
[INFO] [stdout] warning: unused imports: `ClientId` and `IoId`
[INFO] [stdout]  --> src/driven/repository/intelligent_office.rs:8:51
[INFO] [stdout]   |
[INFO] [stdout] 8 | use crate::domain::constrained_types::client_id::{ClientId, IoId};
[INFO] [stdout]   |                                                   ^^^^^^^^  ^^^^
[INFO] [stdout] 
[INFO] [stdout] 
[INFO] [stdout] warning: unused imports: `MainContactAddress` and `QueryExternalRepository`
[INFO] [stdout]   --> src/driven/repository/intelligent_office.rs:10:13
[INFO] [stdout]    |
[INFO] [stdout] 10 | use super::{MainContactAddress, QueryExternalRepository};
[INFO] [stdout]    |             ^^^^^^^^^^^^^^^^^^  ^^^^^^^^^^^^^^^^^^^^^^^
[INFO] [stdout] 
[INFO] [stdout] 
[INFO] [stdout] warning: value assigned to `client_names_paragraph` is never read
[INFO] [stdout]   --> src/domain/report/couple_annual_review_report/couple_annual_review_report_cover_section.rs:29:17
[INFO] [stdout]    |
[INFO] [stdout] 29 |         let mut client_names_paragraph = String::new();
[INFO] [stdout]    |                 ^^^^^^^^^^^^^^^^^^^^^^
[INFO] [stdout]    |
[INFO] [stdout]    = help: maybe it is overwritten before being read?
[INFO] [stdout]    = note: `#[warn(unused_assignments)]` on by default
[INFO] [stdout] 
[INFO] [stdout] 
[INFO] [stdout] warning: trait `Entity` is never used
[INFO] [stdout]  --> src/domain/traits.rs:3:11
[INFO] [stdout]   |
[INFO] [stdout] 3 | pub trait Entity {}
[INFO] [stdout]   |           ^^^^^^
[INFO] [stdout]   |
[INFO] [stdout]   = note: `#[warn(dead_code)]` on by default
[INFO] [stdout] 
[INFO] [stdout] 
[INFO] [stdout] warning: trait `ClientRepoId` is never used
[INFO] [stdout]  --> src/domain/traits.rs:5:11
[INFO] [stdout]   |
[INFO] [stdout] 5 | pub trait ClientRepoId {}
[INFO] [stdout]   |           ^^^^^^^^^^^^
[INFO] [stdout] 
[INFO] [stdout] 
[INFO] [stdout] warning: method `value` is never used
[INFO] [stdout]  --> src/domain/constrained_types/constrained_string_200.rs:8:12
[INFO] [stdout]   |
[INFO] [stdout] 7 | impl ConstrainedString200 {
[INFO] [stdout]   | ------------------------- method in this implementation
[INFO] [stdout] 8 |     pub fn value(&self) -> &String {
[INFO] [stdout]   |            ^^^^^
[INFO] [stdout] 
[INFO] [stdout] 
[INFO] [stdout] warning: method `value` is never used
[INFO] [stdout]   --> src/domain/constrained_types/meeting_date.rs:10:12
[INFO] [stdout]    |
[INFO] [stdout] 8  | impl MeetingDate {
[INFO] [stdout]    | ---------------- method in this implementation
[INFO] [stdout] 9  |     /// Returns a reference to the inner date value.
[INFO] [stdout] 10 |     pub fn value(&self) -> &NaiveDate {
[INFO] [stdout]    |            ^^^^^
[INFO] [stdout] 
[INFO] [stdout] 
[INFO] [stdout] warning: enum `RepoCreateError` is never used
[INFO] [stdout]    --> src/driven/repository/mod.rs:118:10
[INFO] [stdout]     |
[INFO] [stdout] 118 | pub enum RepoCreateError {
[INFO] [stdout]     |          ^^^^^^^^^^^^^^^
[INFO] [stdout]     |
[INFO] [stdout]     = note: `RepoCreateError` has a derived impl for the trait `Debug`, but this is intentionally ignored during dead code analysis
[INFO] [stdout] 
[INFO] [stdout] 
[INFO] [stdout] warning: enum `RepoSelectError` is never used
[INFO] [stdout]    --> src/driven/repository/mod.rs:124:10
[INFO] [stdout]     |
[INFO] [stdout] 124 | pub enum RepoSelectError {
[INFO] [stdout]     |          ^^^^^^^^^^^^^^^
[INFO] [stdout]     |
[INFO] [stdout]     = note: `RepoSelectError` has a derived impl for the trait `Debug`, but this is intentionally ignored during dead code analysis
[INFO] [stdout] 
[INFO] [stdout] 
[INFO] [stdout] warning: enum `RepoFindAllError` is never used
[INFO] [stdout]    --> src/driven/repository/mod.rs:130:10
[INFO] [stdout]     |
[INFO] [stdout] 130 | pub enum RepoFindAllError {
[INFO] [stdout]     |          ^^^^^^^^^^^^^^^^
[INFO] [stdout]     |
[INFO] [stdout]     = note: `RepoFindAllError` has a derived impl for the trait `Debug`, but this is intentionally ignored during dead code analysis
[INFO] [stdout] 
[INFO] [stdout] 
[INFO] [stdout] warning: enum `RepoUpdateError` is never used
[INFO] [stdout]    --> src/driven/repository/mod.rs:135:10
[INFO] [stdout]     |
[INFO] [stdout] 135 | pub enum RepoUpdateError {
[INFO] [stdout]     |          ^^^^^^^^^^^^^^^
[INFO] [stdout]     |
[INFO] [stdout]     = note: `RepoUpdateError` has a derived impl for the trait `Debug`, but this is intentionally ignored during dead code analysis
[INFO] [stdout] 
[INFO] [stdout] 
[INFO] [stdout] warning: enum `RepoDeleteError` is never used
[INFO] [stdout]    --> src/driven/repository/mod.rs:142:10
[INFO] [stdout]     |
[INFO] [stdout] 142 | pub enum RepoDeleteError {
[INFO] [stdout]     |          ^^^^^^^^^^^^^^^
[INFO] [stdout]     |
[INFO] [stdout]     = note: `RepoDeleteError` has a derived impl for the trait `Debug`, but this is intentionally ignored during dead code analysis
[INFO] [stdout] 
[INFO] [stdout] 
[INFO] [stdout] warning: trait `Repository` is never used
[INFO] [stdout]    --> src/driven/repository/mod.rs:149:11
[INFO] [stdout]     |
[INFO] [stdout] 149 | pub trait Repository<T, U> where T: Entity, U: ClientRepoId   {
[INFO] [stdout]     |           ^^^^^^^^^^
[INFO] [stdout] 
[INFO] [stdout] 
[INFO] [stdout] warning: trait `QueryExternalRepository` is never used
[INFO] [stdout]    --> src/driven/repository/mod.rs:169:11
[INFO] [stdout]     |
[INFO] [stdout] 169 | pub trait QueryExternalRepository<T> where T: ClientRepoId   {
[INFO] [stdout]     |           ^^^^^^^^^^^^^^^^^^^^^^^
[INFO] [stdout] 
[INFO] [stdout] 
[INFO] [stderr]     Finished `test` profile [unoptimized + debuginfo] target(s) in 1.29s
[INFO] running `Command { std: "docker" "inspect" "e979f3c9f5462e0161f146b1e11c88136dfb2faa02f5e5a061a92672754c949b", kill_on_drop: false }`
[INFO] running `Command { std: "docker" "rm" "-f" "e979f3c9f5462e0161f146b1e11c88136dfb2faa02f5e5a061a92672754c949b", kill_on_drop: false }`
[INFO] [stdout] e979f3c9f5462e0161f146b1e11c88136dfb2faa02f5e5a061a92672754c949b
[INFO] running `Command { std: "docker" "create" "-v" "/var/lib/crater-agent-workspace/builds/worker-6-tc2/target:/opt/rustwide/target:rw,Z" "-v" "/var/lib/crater-agent-workspace/builds/worker-6-tc2/source:/opt/rustwide/workdir:ro,Z" "-v" "/var/lib/crater-agent-workspace/cargo-home:/opt/rustwide/cargo-home:ro,Z" "-v" "/var/lib/crater-agent-workspace/rustup-home:/opt/rustwide/rustup-home:ro,Z" "-e" "SOURCE_DIR=/opt/rustwide/workdir" "-e" "CARGO_TARGET_DIR=/opt/rustwide/target" "-e" "CARGO_INCREMENTAL=0" "-e" "RUST_BACKTRACE=full" "-e" "RUSTFLAGS=--cap-lints=forbid -Zrandomize-layout" "-e" "RUSTDOCFLAGS=--cap-lints=forbid" "-e" "CARGO_HOME=/opt/rustwide/cargo-home" "-e" "RUSTUP_HOME=/opt/rustwide/rustup-home" "-w" "/opt/rustwide/workdir" "-m" "1610612736" "--user" "0:0" "--network" "none" "ghcr.io/rust-lang/crates-build-env/linux@sha256:819108c5571ea2e421544af4d832f968d213c87fbe3707a016657f43d2f853bc" "/opt/rustwide/cargo-home/bin/cargo" "+nightly-2025-01-18" "test" "--frozen", kill_on_drop: false }`
[INFO] [stdout] c6e6bc53455742bae06bd99b410d514a35c8581c3e88d36d76c96799506f51b6
[INFO] running `Command { std: "docker" "start" "-a" "c6e6bc53455742bae06bd99b410d514a35c8581c3e88d36d76c96799506f51b6", kill_on_drop: false }`
[INFO] [stderr] warning: unused import: `std::env`
[INFO] [stderr]  --> src/main.rs:5:5
[INFO] [stderr]   |
[INFO] [stderr] 5 | use std::env;
[INFO] [stderr]   |     ^^^^^^^^
[INFO] [stderr]   |
[INFO] [stderr]   = note: `#[warn(unused_imports)]` on by default
[INFO] [stderr] 
[INFO] [stderr] warning: unused imports: `ClientId` and `IoId`
[INFO] [stderr]  --> src/domain/report/create_report.rs:2:51
[INFO] [stderr]   |
[INFO] [stderr] 2 | use crate::domain::constrained_types::client_id::{ClientId, IoId};
[INFO] [stderr]   |                                                   ^^^^^^^^  ^^^^
[INFO] [stderr] 
[INFO] [stderr] warning: unused import: `crate::driven::repository::MainContactAddress`
[INFO] [stderr]  --> src/domain/report/create_report.rs:4:5
[INFO] [stderr]   |
[INFO] [stderr] 4 | use crate::driven::repository::MainContactAddress;
[INFO] [stderr]   |     ^^^^^^^^^^^^^^^^^^^^^^^^^^^^^^^^^^^^^^^^^^^^^
[INFO] [stderr] 
[INFO] [stderr] warning: unused imports: `MainContactAddress`, `QueryExternalRepository`, and `client_id::ClientId`
[INFO] [stderr]  --> src/domain/report/couple_annual_review_report/mod.rs:4:59
[INFO] [stderr]   |
[INFO] [stderr] 4 | ...::Adviser, client_id::ClientId, name_string::NameString}, driven::repository::{MainContactAddress, QueryExternalRepository}, driving::...
[INFO] [stderr]   |               ^^^^^^^^^^^^^^^^^^^                                                 ^^^^^^^^^^^^^^^^^^  ^^^^^^^^^^^^^^^^^^^^^^^
[INFO] [stderr] 
[INFO] [stderr] warning: unused import: `crate::domain::constrained_types::client_id::IoId`
[INFO] [stderr]  --> src/domain/report/couple_annual_review_report/mod.rs:5:5
[INFO] [stderr]   |
[INFO] [stderr] 5 | use crate::domain::constrained_types::client_id::IoId;
[INFO] [stderr]   |     ^^^^^^^^^^^^^^^^^^^^^^^^^^^^^^^^^^^^^^^^^^^^^^^^^
[INFO] [stderr] 
[INFO] [stderr] warning: unused import: `driving::data_transfer_object::report_type_data_transfer_object::couple_annual_review_data_transfer_object::couple_annual_review_report_sections_data_transfer_object::CoupleAnnualReviewReportSectionsDataTransferObject`
[INFO] [stderr]  --> src/domain/report/couple_annual_review_report/couple_annual_review_report_cover_section.rs:3:65
[INFO] [stderr]   |
[INFO] [stderr] 3 | ...g, driving::data_transfer_object::report_type_data_transfer_object::couple_annual_review_data_transfer_object::couple_annual_review_report_sections_data_transfer_object::CoupleAnnualReviewReportSectionsDataTransferObjec...
[INFO] [stderr]   |       ^^^^^^^^^^^^^^^^^^^^^^^^^^^^^^^^^^^^^^^^^^^^^^^^^^^^^^^^^^^^^^^^^^^^^^^^^^^^^^^^^^^^^^^^^^^^^^^^^^^^^^^^^^^^^^^^^^^^^^^^^^^^^^^^^^^^^^^^^^^^^^^^^^^^^^^^^^^^^^^^^^^^^^^^^^^^^^^^^^^^^^^^^^^^^^^^^^^^^^^^^^^^^^^^^^^^^^^^^
[INFO] [stderr] 
[INFO] [stderr] warning: unused import: `ParseError`
[INFO] [stderr]  --> src/domain/constrained_types/meeting_date.rs:2:25
[INFO] [stderr]   |
[INFO] [stderr] 2 | use chrono::{NaiveDate, ParseError, Datelike};
[INFO] [stderr]   |                         ^^^^^^^^^^
[INFO] [stderr] 
[INFO] [stderr] warning: unused import: `main`
[INFO] [stderr]  --> src/driven/repository/mod.rs:5:111
[INFO] [stderr]   |
[INFO] [stderr] 5 | use crate::{domain::{constrained_types::client_id::ClientId, report::Report, traits::{ClientRepoId, Entity}}, main};
[INFO] [stderr]   |                                                                                                               ^^^^
[INFO] [stderr] 
[INFO] [stderr] warning: unused import: `Client`
[INFO] [stderr]  --> src/driven/repository/intelligent_office.rs:2:91
[INFO] [stderr]   |
[INFO] [stderr] 2 | use reqwest::{self, header::{AUTHORIZATION, CONTENT_TYPE, ACCEPT}, Error as ReqwestError, Client, Response};
[INFO] [stderr]   |                                                                                           ^^^^^^
[INFO] [stderr] 
[INFO] [stderr] warning: unused import: `dotenv::dotenv`
[INFO] [stderr]  --> src/driven/repository/intelligent_office.rs:5:5
[INFO] [stderr]   |
[INFO] [stderr] 5 | use dotenv::dotenv;
[INFO] [stderr]   |     ^^^^^^^^^^^^^^
[INFO] [stderr] 
[INFO] [stderr] warning: unused imports: `ClientId` and `IoId`
[INFO] [stderr]  --> src/driven/repository/intelligent_office.rs:8:51
[INFO] [stderr]   |
[INFO] [stderr] 8 | use crate::domain::constrained_types::client_id::{ClientId, IoId};
[INFO] [stderr]   |                                                   ^^^^^^^^  ^^^^
[INFO] [stderr] 
[INFO] [stderr] warning: unused imports: `MainContactAddress` and `QueryExternalRepository`
[INFO] [stderr]   --> src/driven/repository/intelligent_office.rs:10:13
[INFO] [stderr]    |
[INFO] [stderr] 10 | use super::{MainContactAddress, QueryExternalRepository};
[INFO] [stderr]    |             ^^^^^^^^^^^^^^^^^^  ^^^^^^^^^^^^^^^^^^^^^^^
[INFO] [stderr] 
[INFO] [stderr] warning: value assigned to `client_names_paragraph` is never read
[INFO] [stderr]   --> src/domain/report/couple_annual_review_report/couple_annual_review_report_cover_section.rs:29:17
[INFO] [stderr]    |
[INFO] [stderr] 29 |         let mut client_names_paragraph = String::new();
[INFO] [stderr]    |                 ^^^^^^^^^^^^^^^^^^^^^^
[INFO] [stderr]    |
[INFO] [stderr]    = help: maybe it is overwritten before being read?
[INFO] [stderr]    = note: `#[warn(unused_assignments)]` on by default
[INFO] [stderr] 
[INFO] [stderr] warning: trait `Entity` is never used
[INFO] [stderr]  --> src/domain/traits.rs:3:11
[INFO] [stderr]   |
[INFO] [stderr] 3 | pub trait Entity {}
[INFO] [stderr]   |           ^^^^^^
[INFO] [stderr]   |
[INFO] [stderr]   = note: `#[warn(dead_code)]` on by default
[INFO] [stderr] 
[INFO] [stderr] warning: trait `ClientRepoId` is never used
[INFO] [stderr]  --> src/domain/traits.rs:5:11
[INFO] [stderr]   |
[INFO] [stderr] 5 | pub trait ClientRepoId {}
[INFO] [stderr]   |           ^^^^^^^^^^^^
[INFO] [stderr] 
[INFO] [stderr] warning: method `value` is never used
[INFO] [stderr]  --> src/domain/constrained_types/constrained_string_200.rs:8:12
[INFO] [stderr]   |
[INFO] [stderr] 7 | impl ConstrainedString200 {
[INFO] [stderr]   | ------------------------- method in this implementation
[INFO] [stderr] 8 |     pub fn value(&self) -> &String {
[INFO] [stderr]   |            ^^^^^
[INFO] [stderr] 
[INFO] [stderr] warning: method `value` is never used
[INFO] [stderr]   --> src/domain/constrained_types/meeting_date.rs:10:12
[INFO] [stderr]    |
[INFO] [stderr] 8  | impl MeetingDate {
[INFO] [stderr]    | ---------------- method in this implementation
[INFO] [stderr] 9  |     /// Returns a reference to the inner date value.
[INFO] [stderr] 10 |     pub fn value(&self) -> &NaiveDate {
[INFO] [stderr]    |            ^^^^^
[INFO] [stderr] 
[INFO] [stderr] warning: enum `RepoCreateError` is never used
[INFO] [stderr]    --> src/driven/repository/mod.rs:118:10
[INFO] [stderr]     |
[INFO] [stderr] 118 | pub enum RepoCreateError {
[INFO] [stderr]     |          ^^^^^^^^^^^^^^^
[INFO] [stderr]     |
[INFO] [stderr]     = note: `RepoCreateError` has a derived impl for the trait `Debug`, but this is intentionally ignored during dead code analysis
[INFO] [stderr] 
[INFO] [stderr] warning: enum `RepoSelectError` is never used
[INFO] [stderr]    --> src/driven/repository/mod.rs:124:10
[INFO] [stderr]     |
[INFO] [stderr] 124 | pub enum RepoSelectError {
[INFO] [stderr]     |          ^^^^^^^^^^^^^^^
[INFO] [stderr]     |
[INFO] [stderr]     = note: `RepoSelectError` has a derived impl for the trait `Debug`, but this is intentionally ignored during dead code analysis
[INFO] [stderr] 
[INFO] [stderr] warning: enum `RepoFindAllError` is never used
[INFO] [stderr]    --> src/driven/repository/mod.rs:130:10
[INFO] [stderr]     |
[INFO] [stderr] 130 | pub enum RepoFindAllError {
[INFO] [stderr]     |          ^^^^^^^^^^^^^^^^
[INFO] [stderr]     |
[INFO] [stderr]     = note: `RepoFindAllError` has a derived impl for the trait `Debug`, but this is intentionally ignored during dead code analysis
[INFO] [stderr] 
[INFO] [stderr] warning: enum `RepoUpdateError` is never used
[INFO] [stderr]    --> src/driven/repository/mod.rs:135:10
[INFO] [stderr]     |
[INFO] [stderr] 135 | pub enum RepoUpdateError {
[INFO] [stderr]     |          ^^^^^^^^^^^^^^^
[INFO] [stderr]     |
[INFO] [stderr]     = note: `RepoUpdateError` has a derived impl for the trait `Debug`, but this is intentionally ignored during dead code analysis
[INFO] [stderr] 
[INFO] [stderr] warning: enum `RepoDeleteError` is never used
[INFO] [stderr]    --> src/driven/repository/mod.rs:142:10
[INFO] [stderr]     |
[INFO] [stderr] 142 | pub enum RepoDeleteError {
[INFO] [stderr]     |          ^^^^^^^^^^^^^^^
[INFO] [stderr]     |
[INFO] [stderr]     = note: `RepoDeleteError` has a derived impl for the trait `Debug`, but this is intentionally ignored during dead code analysis
[INFO] [stderr] 
[INFO] [stderr] warning: trait `Repository` is never used
[INFO] [stderr]    --> src/driven/repository/mod.rs:149:11
[INFO] [stderr]     |
[INFO] [stderr] 149 | pub trait Repository<T, U> where T: Entity, U: ClientRepoId   {
[INFO] [stderr]     |           ^^^^^^^^^^
[INFO] [stderr] 
[INFO] [stderr] warning: trait `QueryExternalRepository` is never used
[INFO] [stderr]    --> src/driven/repository/mod.rs:169:11
[INFO] [stderr]     |
[INFO] [stderr] 169 | pub trait QueryExternalRepository<T> where T: ClientRepoId   {
[INFO] [stderr]     |           ^^^^^^^^^^^^^^^^^^^^^^^
[INFO] [stderr] 
[INFO] [stderr] warning: `gcwm-report-gen` (bin "gcwm-report-gen" test) generated 24 warnings (run `cargo fix --bin "gcwm-report-gen" --tests` to apply 12 suggestions)
[INFO] [stderr]     Finished `test` profile [unoptimized + debuginfo] target(s) in 0.11s
[INFO] [stderr]      Running unittests src/main.rs (/opt/rustwide/target/debug/deps/gcwm_report_gen-6f32c68dc4506980)
[INFO] [stdout] 
[INFO] [stdout] running 12 tests
[INFO] [stdout] test domain::constrained_types::client_id::tests::test_empty_string ... ok
[INFO] [stdout] test domain::constrained_types::client_id::tests::test_invalid_length ... ok
[INFO] [stdout] test domain::constrained_types::client_id::tests::test_non_numeric_characters ... ok
[INFO] [stdout] test domain::constrained_types::client_id::tests::test_spaces_handling ... ok
[INFO] [stdout] test domain::constrained_types::client_id::tests::test_valid_io_id ... ok
[INFO] [stdout] test domain::constrained_types::client_id::tests::test_zero_padded_display ... ok
[INFO] [stdout] test domain::constrained_types::meeting_date::tests::test_date_before_2020 ... ok
[INFO] [stdout] test domain::constrained_types::meeting_date::tests::test_empty_date_string ... ok
[INFO] [stdout] test domain::constrained_types::meeting_date::tests::test_invalid_date_format ... ok
[INFO] [stdout] test domain::constrained_types::name_string::tests::test_invalid_names ... ok
[INFO] [stdout] test domain::constrained_types::meeting_date::tests::test_valid_meeting_date ... ok
[INFO] [stdout] test domain::constrained_types::name_string::tests::test_valid_names ... FAILED
[INFO] [stdout] 
[INFO] [stdout] failures:
[INFO] [stdout] 
[INFO] [stdout] ---- domain::constrained_types::name_string::tests::test_valid_names stdout ----
[INFO] [stdout] 
[INFO] [stdout] thread 'domain::constrained_types::name_string::tests::test_valid_names' panicked at src/domain/constrained_types/name_string.rs:47:9:
[INFO] [stdout] assertion failed: NameString::try_from("O'Connor".to_string()).is_ok()
[INFO] [stdout] stack backtrace:
[INFO] [stdout]    0:     0x5728e727511a - std::backtrace_rs::backtrace::libunwind::trace::hb059275cfc8d6126
[INFO] [stdout]                                at /rustc/6067b36314ab5eb2eb47cecc464545ba58e1ad24/library/std/src/../../backtrace/src/backtrace/libunwind.rs:116:5
[INFO] [stdout]    1:     0x5728e727511a - std::backtrace_rs::backtrace::trace_unsynchronized::h2da071e4327ce3ee
[INFO] [stdout]                                at /rustc/6067b36314ab5eb2eb47cecc464545ba58e1ad24/library/std/src/../../backtrace/src/backtrace/mod.rs:66:5
[INFO] [stdout]    2:     0x5728e727511a - std::sys::backtrace::_print_fmt::h842a1474e6f8d23f
[INFO] [stdout]                                at /rustc/6067b36314ab5eb2eb47cecc464545ba58e1ad24/library/std/src/sys/backtrace.rs:66:9
[INFO] [stdout]    3:     0x5728e727511a - <std::sys::backtrace::BacktraceLock::print::DisplayBacktrace as core::fmt::Display>::fmt::h71a62eb3b9696b12
[INFO] [stdout]                                at /rustc/6067b36314ab5eb2eb47cecc464545ba58e1ad24/library/std/src/sys/backtrace.rs:39:26
[INFO] [stdout]    4:     0x5728e729c753 - core::fmt::rt::Argument::fmt::hdb6b616786b41dc1
[INFO] [stdout]                                at /rustc/6067b36314ab5eb2eb47cecc464545ba58e1ad24/library/core/src/fmt/rt.rs:177:76
[INFO] [stdout]    5:     0x5728e729c753 - core::fmt::write::h2cc1698af7e2d686
[INFO] [stdout]                                at /rustc/6067b36314ab5eb2eb47cecc464545ba58e1ad24/library/core/src/fmt/mod.rs:1440:21
[INFO] [stdout]    6:     0x5728e7271c73 - std::io::Write::write_fmt::hab1b4cd059a79022
[INFO] [stdout]                                at /rustc/6067b36314ab5eb2eb47cecc464545ba58e1ad24/library/std/src/io/mod.rs:1887:15
[INFO] [stdout]    7:     0x5728e7274f62 - std::sys::backtrace::BacktraceLock::print::h147fe35b4ea13b08
[INFO] [stdout]                                at /rustc/6067b36314ab5eb2eb47cecc464545ba58e1ad24/library/std/src/sys/backtrace.rs:42:9
[INFO] [stdout]    8:     0x5728e727653f - std::panicking::default_hook::{{closure}}::hbd44223dbdc0d208
[INFO] [stdout]                                at /rustc/6067b36314ab5eb2eb47cecc464545ba58e1ad24/library/std/src/panicking.rs:298:22
[INFO] [stdout]    9:     0x5728e7276358 - std::panicking::default_hook::h20f81eb0576efcec
[INFO] [stdout]                                at /rustc/6067b36314ab5eb2eb47cecc464545ba58e1ad24/library/std/src/panicking.rs:322:9
[INFO] [stdout]   10:     0x5728e721b343 - <alloc::boxed::Box<F,A> as core::ops::function::Fn<Args>>::call::hdb53814c496a4d34
[INFO] [stdout]                                at /rustc/6067b36314ab5eb2eb47cecc464545ba58e1ad24/library/alloc/src/boxed.rs:2027:9
[INFO] [stdout]   11:     0x5728e721b343 - test::test_main::{{closure}}::hc0a4963c59427c24
[INFO] [stdout]                                at /rustc/6067b36314ab5eb2eb47cecc464545ba58e1ad24/library/test/src/lib.rs:134:21
[INFO] [stdout]   12:     0x5728e7277033 - <alloc::boxed::Box<F,A> as core::ops::function::Fn<Args>>::call::h591b2225413a77e9
[INFO] [stdout]                                at /rustc/6067b36314ab5eb2eb47cecc464545ba58e1ad24/library/alloc/src/boxed.rs:2027:9
[INFO] [stdout]   13:     0x5728e7277033 - std::panicking::rust_panic_with_hook::h625eea43051b2edc
[INFO] [stdout]                                at /rustc/6067b36314ab5eb2eb47cecc464545ba58e1ad24/library/std/src/panicking.rs:839:13
[INFO] [stdout]   14:     0x5728e7276cb6 - std::panicking::begin_panic_handler::{{closure}}::h4f9159cfbc3f6bd3
[INFO] [stdout]                                at /rustc/6067b36314ab5eb2eb47cecc464545ba58e1ad24/library/std/src/panicking.rs:697:13
[INFO] [stdout]   15:     0x5728e7275619 - std::sys::backtrace::__rust_end_short_backtrace::h0390abce48353151
[INFO] [stdout]                                at /rustc/6067b36314ab5eb2eb47cecc464545ba58e1ad24/library/std/src/sys/backtrace.rs:168:18
[INFO] [stdout]   16:     0x5728e727697d - rust_begin_unwind
[INFO] [stdout]                                at /rustc/6067b36314ab5eb2eb47cecc464545ba58e1ad24/library/std/src/panicking.rs:695:5
[INFO] [stdout]   17:     0x5728e729b200 - core::panicking::panic_fmt::h9e7c637e9e5f29c9
[INFO] [stdout]                                at /rustc/6067b36314ab5eb2eb47cecc464545ba58e1ad24/library/core/src/panicking.rs:75:14
[INFO] [stdout]   18:     0x5728e729b28c - core::panicking::panic::haa3255ea20181a33
[INFO] [stdout]                                at /rustc/6067b36314ab5eb2eb47cecc464545ba58e1ad24/library/core/src/panicking.rs:145:5
[INFO] [stdout]   19:     0x5728e71df81d - gcwm_report_gen::domain::constrained_types::name_string::tests::test_valid_names::h6b534ad55500878a
[INFO] [stdout]                                at /opt/rustwide/workdir/src/domain/constrained_types/name_string.rs:47:9
[INFO] [stdout]   20:     0x5728e71df617 - gcwm_report_gen::domain::constrained_types::name_string::tests::test_valid_names::{{closure}}::h598a36420c957b29
[INFO] [stdout]                                at /opt/rustwide/workdir/src/domain/constrained_types/name_string.rs:44:26
[INFO] [stdout]   21:     0x5728e71d9206 - core::ops::function::FnOnce::call_once::h1599db369feb2382
[INFO] [stdout]                                at /rustc/6067b36314ab5eb2eb47cecc464545ba58e1ad24/library/core/src/ops/function.rs:250:5
[INFO] [stdout]   22:     0x5728e7220a9b - core::ops::function::FnOnce::call_once::he27718dfdd183f43
[INFO] [stdout]                                at /rustc/6067b36314ab5eb2eb47cecc464545ba58e1ad24/library/core/src/ops/function.rs:250:5
[INFO] [stdout]   23:     0x5728e7220a9b - test::__rust_begin_short_backtrace::h4e84902998457a5d
[INFO] [stdout]                                at /rustc/6067b36314ab5eb2eb47cecc464545ba58e1ad24/library/test/src/lib.rs:632:18
[INFO] [stdout]   24:     0x5728e721f9d3 - test::run_test_in_process::{{closure}}::h7176fd18fc1feca0
[INFO] [stdout]                                at /rustc/6067b36314ab5eb2eb47cecc464545ba58e1ad24/library/test/src/lib.rs:655:60
[INFO] [stdout]   25:     0x5728e721f9d3 - <core::panic::unwind_safe::AssertUnwindSafe<F> as core::ops::function::FnOnce<()>>::call_once::hf79cff2a624d8cf7
[INFO] [stdout]                                at /rustc/6067b36314ab5eb2eb47cecc464545ba58e1ad24/library/core/src/panic/unwind_safe.rs:272:9
[INFO] [stdout]   26:     0x5728e721f9d3 - std::panicking::try::do_call::h3da0561d9ab99c25
[INFO] [stdout]                                at /rustc/6067b36314ab5eb2eb47cecc464545ba58e1ad24/library/std/src/panicking.rs:587:40
[INFO] [stdout]   27:     0x5728e721f9d3 - std::panicking::try::h41c9fa508bc61df6
[INFO] [stdout]                                at /rustc/6067b36314ab5eb2eb47cecc464545ba58e1ad24/library/std/src/panicking.rs:550:19
[INFO] [stdout]   28:     0x5728e721f9d3 - std::panic::catch_unwind::h6b3ff07bb5afad93
[INFO] [stdout]                                at /rustc/6067b36314ab5eb2eb47cecc464545ba58e1ad24/library/std/src/panic.rs:358:14
[INFO] [stdout]   29:     0x5728e721f9d3 - test::run_test_in_process::hc7253dd11b39b9f4
[INFO] [stdout]                                at /rustc/6067b36314ab5eb2eb47cecc464545ba58e1ad24/library/test/src/lib.rs:655:27
[INFO] [stdout]   30:     0x5728e721f9d3 - test::run_test::{{closure}}::hfb2007f8649c30bb
[INFO] [stdout]                                at /rustc/6067b36314ab5eb2eb47cecc464545ba58e1ad24/library/test/src/lib.rs:576:43
[INFO] [stdout]   31:     0x5728e71e2ab5 - test::run_test::{{closure}}::h56a17aa7a282a9f4
[INFO] [stdout]                                at /rustc/6067b36314ab5eb2eb47cecc464545ba58e1ad24/library/test/src/lib.rs:606:41
[INFO] [stdout]   32:     0x5728e71e2ab5 - std::sys::backtrace::__rust_begin_short_backtrace::hd2d2d2fb8e8c6aac
[INFO] [stdout]                                at /rustc/6067b36314ab5eb2eb47cecc464545ba58e1ad24/library/std/src/sys/backtrace.rs:152:18
[INFO] [stdout]   33:     0x5728e71e639a - std::thread::Builder::spawn_unchecked_::{{closure}}::{{closure}}::h4faa3f9db6133423
[INFO] [stdout]                                at /rustc/6067b36314ab5eb2eb47cecc464545ba58e1ad24/library/std/src/thread/mod.rs:559:17
[INFO] [stdout]   34:     0x5728e71e639a - <core::panic::unwind_safe::AssertUnwindSafe<F> as core::ops::function::FnOnce<()>>::call_once::hf2e855a36a4ea846
[INFO] [stdout]                                at /rustc/6067b36314ab5eb2eb47cecc464545ba58e1ad24/library/core/src/panic/unwind_safe.rs:272:9
[INFO] [stdout]   35:     0x5728e71e639a - std::panicking::try::do_call::h2f73af3616c35465
[INFO] [stdout]                                at /rustc/6067b36314ab5eb2eb47cecc464545ba58e1ad24/library/std/src/panicking.rs:587:40
[INFO] [stdout]   36:     0x5728e71e639a - std::panicking::try::hd1660ce9efadef5a
[INFO] [stdout]                                at /rustc/6067b36314ab5eb2eb47cecc464545ba58e1ad24/library/std/src/panicking.rs:550:19
[INFO] [stdout]   37:     0x5728e71e639a - std::panic::catch_unwind::h5ee8d7823b8ca744
[INFO] [stdout]                                at /rustc/6067b36314ab5eb2eb47cecc464545ba58e1ad24/library/std/src/panic.rs:358:14
[INFO] [stdout]   38:     0x5728e71e639a - std::thread::Builder::spawn_unchecked_::{{closure}}::h53c3a1894dce8407
[INFO] [stdout]                                at /rustc/6067b36314ab5eb2eb47cecc464545ba58e1ad24/library/std/src/thread/mod.rs:557:30
[INFO] [stdout]   39:     0x5728e71e639a - core::ops::function::FnOnce::call_once{{vtable.shim}}::h048ce291ad4f62bf
[INFO] [stdout]                                at /rustc/6067b36314ab5eb2eb47cecc464545ba58e1ad24/library/core/src/ops/function.rs:250:5
[INFO] [stdout]   40:     0x5728e727af6b - <alloc::boxed::Box<F,A> as core::ops::function::FnOnce<Args>>::call_once::ha52bedf99a3b4981
[INFO] [stdout]                                at /rustc/6067b36314ab5eb2eb47cecc464545ba58e1ad24/library/alloc/src/boxed.rs:2013:9
[INFO] [stdout]   41:     0x5728e727af6b - <alloc::boxed::Box<F,A> as core::ops::function::FnOnce<Args>>::call_once::h567748934d80ccf8
[INFO] [stdout]                                at /rustc/6067b36314ab5eb2eb47cecc464545ba58e1ad24/library/alloc/src/boxed.rs:2013:9
[INFO] [stdout]   42:     0x5728e727af6b - std::sys::pal::unix::thread::Thread::new::thread_start::h2d970728ae887adc
[INFO] [stdout]                                at /rustc/6067b36314ab5eb2eb47cecc464545ba58e1ad24/library/std/src/sys/pal/unix/thread.rs:106:17
[INFO] [stdout]   43:     0x73beb259dac3 - <unknown>
[INFO] [stdout]   44:     0x73beb262ea04 - clone
[INFO] [stdout]   45:                0x0 - <unknown>
[INFO] [stdout] 
[INFO] [stdout] 
[INFO] [stdout] failures:
[INFO] [stdout]     domain::constrained_types::name_string::tests::test_valid_names
[INFO] [stdout] 
[INFO] [stdout] test result: FAILED. 11 passed; 1 failed; 0 ignored; 0 measured; 0 filtered out; finished in 0.08s
[INFO] [stdout] 
[INFO] [stderr] error: test failed, to rerun pass `--bin gcwm-report-gen`
[INFO] running `Command { std: "docker" "inspect" "c6e6bc53455742bae06bd99b410d514a35c8581c3e88d36d76c96799506f51b6", kill_on_drop: false }`
[INFO] running `Command { std: "docker" "rm" "-f" "c6e6bc53455742bae06bd99b410d514a35c8581c3e88d36d76c96799506f51b6", kill_on_drop: false }`
[INFO] [stdout] c6e6bc53455742bae06bd99b410d514a35c8581c3e88d36d76c96799506f51b6
