[INFO] cloning repository https://github.com/manuel-woelker/advent-of-code-2024
[INFO] running `Command { std: "git" "-c" "credential.helper=" "-c" "credential.helper=/workspace/cargo-home/bin/git-credential-null" "clone" "--bare" "https://github.com/manuel-woelker/advent-of-code-2024" "/workspace/cache/git-repos/https%3A%2F%2Fgithub.com%2Fmanuel-woelker%2Fadvent-of-code-2024", kill_on_drop: false }`
[INFO] [stderr] Cloning into bare repository '/workspace/cache/git-repos/https%3A%2F%2Fgithub.com%2Fmanuel-woelker%2Fadvent-of-code-2024'...
[INFO] running `Command { std: "git" "rev-parse" "HEAD", kill_on_drop: false }`
[INFO] [stdout] e97e07cf8c9925e15855beb94102d7bf704d5603
[INFO] testing manuel-woelker/advent-of-code-2024 against nightly-2025-01-18 for randomize-layout-2
[INFO] running `Command { std: "git" "clone" "/workspace/cache/git-repos/https%3A%2F%2Fgithub.com%2Fmanuel-woelker%2Fadvent-of-code-2024" "/workspace/builds/worker-2-tc1/source", kill_on_drop: false }`
[INFO] [stderr] Cloning into '/workspace/builds/worker-2-tc1/source'...
[INFO] [stderr] done.
[INFO] validating manifest of git repo https://github.com/manuel-woelker/advent-of-code-2024 on toolchain nightly-2025-01-18
[INFO] running `Command { std: CARGO_HOME="/workspace/cargo-home" RUSTUP_HOME="/workspace/rustup-home" "/workspace/cargo-home/bin/cargo" "+nightly-2025-01-18" "metadata" "--manifest-path" "Cargo.toml" "--no-deps", kill_on_drop: false }`
[INFO] removed /workspace/builds/worker-2-tc1/source/.cargo/config.toml
[INFO] started tweaking git repo https://github.com/manuel-woelker/advent-of-code-2024
[INFO] finished tweaking git repo https://github.com/manuel-woelker/advent-of-code-2024
[INFO] tweaked toml for git repo https://github.com/manuel-woelker/advent-of-code-2024 written to /workspace/builds/worker-2-tc1/source/Cargo.toml
[INFO] crate git repo https://github.com/manuel-woelker/advent-of-code-2024 already has a lockfile, it will not be regenerated
[INFO] running `Command { std: CARGO_HOME="/workspace/cargo-home" RUSTUP_HOME="/workspace/rustup-home" "/workspace/cargo-home/bin/cargo" "+nightly-2025-01-18" "fetch" "--manifest-path" "Cargo.toml", kill_on_drop: false }`
[INFO] running `Command { std: "docker" "create" "-v" "/var/lib/crater-agent-workspace/builds/worker-2-tc1/target:/opt/rustwide/target:rw,Z" "-v" "/var/lib/crater-agent-workspace/builds/worker-2-tc1/source:/opt/rustwide/workdir:ro,Z" "-v" "/var/lib/crater-agent-workspace/cargo-home:/opt/rustwide/cargo-home:ro,Z" "-v" "/var/lib/crater-agent-workspace/rustup-home:/opt/rustwide/rustup-home:ro,Z" "-e" "SOURCE_DIR=/opt/rustwide/workdir" "-e" "CARGO_TARGET_DIR=/opt/rustwide/target" "-e" "CARGO_HOME=/opt/rustwide/cargo-home" "-e" "RUSTUP_HOME=/opt/rustwide/rustup-home" "-w" "/opt/rustwide/workdir" "-m" "1610612736" "--user" "0:0" "--network" "none" "ghcr.io/rust-lang/crates-build-env/linux@sha256:819108c5571ea2e421544af4d832f968d213c87fbe3707a016657f43d2f853bc" "/opt/rustwide/cargo-home/bin/cargo" "+nightly-2025-01-18" "metadata" "--no-deps" "--format-version=1", kill_on_drop: false }`
[INFO] [stdout] 25f0e0c0272e60568e7d05a246782182b7e1c5b42f55c5861bf59e5ad9d86bec
[INFO] running `Command { std: "docker" "start" "-a" "25f0e0c0272e60568e7d05a246782182b7e1c5b42f55c5861bf59e5ad9d86bec", kill_on_drop: false }`
[INFO] running `Command { std: "docker" "inspect" "25f0e0c0272e60568e7d05a246782182b7e1c5b42f55c5861bf59e5ad9d86bec", kill_on_drop: false }`
[INFO] running `Command { std: "docker" "rm" "-f" "25f0e0c0272e60568e7d05a246782182b7e1c5b42f55c5861bf59e5ad9d86bec", kill_on_drop: false }`
[INFO] [stdout] 25f0e0c0272e60568e7d05a246782182b7e1c5b42f55c5861bf59e5ad9d86bec
[INFO] running `Command { std: "docker" "create" "-v" "/var/lib/crater-agent-workspace/builds/worker-2-tc1/target:/opt/rustwide/target:rw,Z" "-v" "/var/lib/crater-agent-workspace/builds/worker-2-tc1/source:/opt/rustwide/workdir:ro,Z" "-v" "/var/lib/crater-agent-workspace/cargo-home:/opt/rustwide/cargo-home:ro,Z" "-v" "/var/lib/crater-agent-workspace/rustup-home:/opt/rustwide/rustup-home:ro,Z" "-e" "SOURCE_DIR=/opt/rustwide/workdir" "-e" "CARGO_TARGET_DIR=/opt/rustwide/target" "-e" "CARGO_INCREMENTAL=0" "-e" "RUST_BACKTRACE=full" "-e" "RUSTFLAGS=--cap-lints=forbid" "-e" "RUSTDOCFLAGS=--cap-lints=forbid" "-e" "CARGO_HOME=/opt/rustwide/cargo-home" "-e" "RUSTUP_HOME=/opt/rustwide/rustup-home" "-w" "/opt/rustwide/workdir" "-m" "1610612736" "--user" "0:0" "--network" "none" "ghcr.io/rust-lang/crates-build-env/linux@sha256:819108c5571ea2e421544af4d832f968d213c87fbe3707a016657f43d2f853bc" "/opt/rustwide/cargo-home/bin/cargo" "+nightly-2025-01-18" "build" "--frozen" "--message-format=json", kill_on_drop: false }`
[INFO] [stdout] eb217523f82597a80ed6aa2a8b03f492443c27bbce459bab1cb4cc0438d215ac
[INFO] running `Command { std: "docker" "start" "-a" "eb217523f82597a80ed6aa2a8b03f492443c27bbce459bab1cb4cc0438d215ac", kill_on_drop: false }`
[INFO] [stderr]    Compiling memchr v2.6.4
[INFO] [stderr]    Compiling regex-syntax v0.8.5
[INFO] [stderr]    Compiling unscanny v0.1.0
[INFO] [stderr]    Compiling pico-args v0.5.0
[INFO] [stderr]    Compiling tinyjson v2.5.1
[INFO] [stderr]    Compiling aho-corasick v1.1.3
[INFO] [stderr]    Compiling regex-automata v0.4.9
[INFO] [stderr]    Compiling regex v1.11.1
[INFO] [stderr]    Compiling advent_of_code v0.11.0 (/opt/rustwide/workdir)
[INFO] [stdout] warning: unused import: `Scalar`
[INFO] [stdout]  --> src/bin/21.rs:2:32
[INFO] [stdout]   |
[INFO] [stdout] 2 | use advent_of_code::map::{Map, Scalar};
[INFO] [stdout]   |                                ^^^^^^
[INFO] [stdout]   |
[INFO] [stdout]   = note: `#[warn(unused_imports)]` on by default
[INFO] [stdout] 
[INFO] [stdout] 
[INFO] [stdout] warning: unused variable: `value`
[INFO] [stdout]    --> src/bin/09.rs:108:13
[INFO] [stdout]     |
[INFO] [stdout] 108 |         let value = if entry.value == -1 {
[INFO] [stdout]     |             ^^^^^ help: if this is intentional, prefix it with an underscore: `_value`
[INFO] [stdout]     |
[INFO] [stdout]     = note: `#[warn(unused_variables)]` on by default
[INFO] [stdout] 
[INFO] [stdout] 
[INFO] [stdout] warning: value assigned to `x` is never read
[INFO] [stdout]   --> src/bin/06.rs:32:13
[INFO] [stdout]    |
[INFO] [stdout] 32 |     let mut x = 0;
[INFO] [stdout]    |             ^
[INFO] [stdout]    |
[INFO] [stdout]    = help: maybe it is overwritten before being read?
[INFO] [stdout]    = note: `#[warn(unused_assignments)]` on by default
[INFO] [stdout] 
[INFO] [stdout] 
[INFO] [stdout] warning: value assigned to `x` is never read
[INFO] [stdout]    --> src/bin/06.rs:115:13
[INFO] [stdout]     |
[INFO] [stdout] 115 |     let mut x = 0;
[INFO] [stdout]     |             ^
[INFO] [stdout]     |
[INFO] [stdout]     = help: maybe it is overwritten before being read?
[INFO] [stdout] 
[INFO] [stdout] 
[INFO] [stdout] warning: field `visited_directions` is never read
[INFO] [stdout]  --> src/bin/06.rs:9:9
[INFO] [stdout]   |
[INFO] [stdout] 6 | struct Tile {
[INFO] [stdout]   |        ---- field in this struct
[INFO] [stdout] ...
[INFO] [stdout] 9 |     pub visited_directions: HashSet<Direction>,
[INFO] [stdout]   |         ^^^^^^^^^^^^^^^^^^
[INFO] [stdout]   |
[INFO] [stdout]   = note: `Tile` has a derived impl for the trait `Clone`, but this is intentionally ignored during dead code analysis
[INFO] [stdout]   = note: `#[warn(dead_code)]` on by default
[INFO] [stdout] 
[INFO] [stdout] 
[INFO] [stdout] warning: comparison is useless due to type limits
[INFO] [stdout]   --> src/bin/06.rs:86:13
[INFO] [stdout]    |
[INFO] [stdout] 86 |         if (next_x < 0 || next_x >= map.width) || (next_y < 0 || next_y >= map.height) {
[INFO] [stdout]    |             ^^^^^^^^^^
[INFO] [stdout]    |
[INFO] [stdout]    = note: `#[warn(unused_comparisons)]` on by default
[INFO] [stdout] 
[INFO] [stdout] 
[INFO] [stdout] warning: comparison is useless due to type limits
[INFO] [stdout]   --> src/bin/06.rs:86:52
[INFO] [stdout]    |
[INFO] [stdout] 86 |         if (next_x < 0 || next_x >= map.width) || (next_y < 0 || next_y >= map.height) {
[INFO] [stdout]    |                                                    ^^^^^^^^^^
[INFO] [stdout] 
[INFO] [stdout] 
[INFO] [stdout] warning: struct `Equation` is never constructed
[INFO] [stdout]  --> src/bin/07.rs:6:8
[INFO] [stdout]   |
[INFO] [stdout] 6 | struct Equation {
[INFO] [stdout]   |        ^^^^^^^^
[INFO] [stdout]   |
[INFO] [stdout]   = note: `#[warn(dead_code)]` on by default
[INFO] [stdout] 
[INFO] [stdout] 
[INFO] [stdout] warning: field `frequency` is never read
[INFO] [stdout]   --> src/bin/08.rs:15:5
[INFO] [stdout]    |
[INFO] [stdout] 14 | struct Position {
[INFO] [stdout]    |        -------- field in this struct
[INFO] [stdout] 15 |     frequency: char,
[INFO] [stdout]    |     ^^^^^^^^^
[INFO] [stdout]    |
[INFO] [stdout]    = note: `Position` has derived impls for the traits `Clone` and `Debug`, but these are intentionally ignored during dead code analysis
[INFO] [stdout]    = note: `#[warn(dead_code)]` on by default
[INFO] [stdout] 
[INFO] [stdout] 
[INFO] [stdout] warning: unused variable: `i`
[INFO] [stdout]   --> src/bin/25.rs:19:17
[INFO] [stdout]    |
[INFO] [stdout] 19 |             for i in 0..10 {
[INFO] [stdout]    |                 ^ help: if this is intentional, prefix it with an underscore: `_i`
[INFO] [stdout]    |
[INFO] [stdout]    = note: `#[warn(unused_variables)]` on by default
[INFO] [stdout] 
[INFO] [stdout] 
[INFO] [stdout] warning: unused variable: `i`
[INFO] [stdout]   --> src/bin/25.rs:35:17
[INFO] [stdout]    |
[INFO] [stdout] 35 |             for i in 0..10 {
[INFO] [stdout]    |                 ^ help: if this is intentional, prefix it with an underscore: `_i`
[INFO] [stdout] 
[INFO] [stdout] 
[INFO] [stdout] warning: unused variable: `input`
[INFO] [stdout]   --> src/bin/25.rs:70:17
[INFO] [stdout]    |
[INFO] [stdout] 70 | pub fn part_two(input: &str) -> Option<u32> {
[INFO] [stdout]    |                 ^^^^^ help: if this is intentional, prefix it with an underscore: `_input`
[INFO] [stdout] 
[INFO] [stdout] 
[INFO] [stdout] warning: unused variable: `seconds_to_simulate`
[INFO] [stdout]   --> src/bin/14.rs:91:9
[INFO] [stdout]    |
[INFO] [stdout] 91 |     let seconds_to_simulate = 100;
[INFO] [stdout]    |         ^^^^^^^^^^^^^^^^^^^ help: if this is intentional, prefix it with an underscore: `_seconds_to_simulate`
[INFO] [stdout]    |
[INFO] [stdout]    = note: `#[warn(unused_variables)]` on by default
[INFO] [stdout] 
[INFO] [stdout] 
[INFO] [stdout] warning: unused variable: `w2`
[INFO] [stdout]   --> src/bin/14.rs:95:9
[INFO] [stdout]    |
[INFO] [stdout] 95 |     let w2 = width / 2;
[INFO] [stdout]    |         ^^ help: if this is intentional, prefix it with an underscore: `_w2`
[INFO] [stdout] 
[INFO] [stdout] 
[INFO] [stdout] warning: unused variable: `h2`
[INFO] [stdout]   --> src/bin/14.rs:98:9
[INFO] [stdout]    |
[INFO] [stdout] 98 |     let h2 = height / 2;
[INFO] [stdout]    |         ^^ help: if this is intentional, prefix it with an underscore: `_h2`
[INFO] [stdout] 
[INFO] [stdout] 
[INFO] [stdout] warning: unused variable: `quadrant_counts`
[INFO] [stdout]    --> src/bin/14.rs:100:13
[INFO] [stdout]     |
[INFO] [stdout] 100 |     let mut quadrant_counts = vec![0, 0, 0, 0];
[INFO] [stdout]     |             ^^^^^^^^^^^^^^^ help: if this is intentional, prefix it with an underscore: `_quadrant_counts`
[INFO] [stdout] 
[INFO] [stdout] 
[INFO] [stdout] warning: variable does not need to be mutable
[INFO] [stdout]    --> src/bin/14.rs:100:9
[INFO] [stdout]     |
[INFO] [stdout] 100 |     let mut quadrant_counts = vec![0, 0, 0, 0];
[INFO] [stdout]     |         ----^^^^^^^^^^^^^^^
[INFO] [stdout]     |         |
[INFO] [stdout]     |         help: remove this `mut`
[INFO] [stdout]     |
[INFO] [stdout]     = note: `#[warn(unused_mut)]` on by default
[INFO] [stdout] 
[INFO] [stdout] 
[INFO] [stdout] warning: fields `x`, `y`, `vx`, and `vy` are never read
[INFO] [stdout]   --> src/bin/14.rs:84:5
[INFO] [stdout]    |
[INFO] [stdout] 83 | struct Drone {
[INFO] [stdout]    |        ----- fields in this struct
[INFO] [stdout] 84 |     x: i64,
[INFO] [stdout]    |     ^
[INFO] [stdout] 85 |     y: i64,
[INFO] [stdout]    |     ^
[INFO] [stdout] 86 |     vx: i64,
[INFO] [stdout]    |     ^^
[INFO] [stdout] 87 |     vy: i64,
[INFO] [stdout]    |     ^^
[INFO] [stdout]    |
[INFO] [stdout]    = note: `#[warn(dead_code)]` on by default
[INFO] [stdout] 
[INFO] [stdout] 
[INFO] [stdout] warning: method `state` is never used
[INFO] [stdout]    --> src/bin/17.rs:118:12
[INFO] [stdout]     |
[INFO] [stdout] 22  | impl IntCodeVm {
[INFO] [stdout]     | -------------- method in this implementation
[INFO] [stdout] ...
[INFO] [stdout] 118 |     pub fn state(&self) -> State {
[INFO] [stdout]     |            ^^^^^
[INFO] [stdout]     |
[INFO] [stdout]     = note: `#[warn(dead_code)]` on by default
[INFO] [stdout] 
[INFO] [stdout] 
[INFO] [stdout] warning: unused import: `ToChar`
[INFO] [stdout]  --> src/bin/10.rs:1:40
[INFO] [stdout]   |
[INFO] [stdout] 1 | use advent_of_code::map::{Map, Scalar, ToChar};
[INFO] [stdout]   |                                        ^^^^^^
[INFO] [stdout]   |
[INFO] [stdout]   = note: `#[warn(unused_imports)]` on by default
[INFO] [stdout] 
[INFO] [stdout] 
[INFO] [stdout] warning: unused import: `crate::WideTile::Wall`
[INFO] [stdout]  --> src/bin/15.rs:3:5
[INFO] [stdout]   |
[INFO] [stdout] 3 | use crate::WideTile::Wall;
[INFO] [stdout]   |     ^^^^^^^^^^^^^^^^^^^^^
[INFO] [stdout]   |
[INFO] [stdout]   = note: `#[warn(unused_imports)]` on by default
[INFO] [stdout] 
[INFO] [stdout] 
[INFO] [stdout] warning: type alias `Index` is never used
[INFO] [stdout]   --> src/bin/22.rs:35:6
[INFO] [stdout]    |
[INFO] [stdout] 35 | type Index = [u8;4];
[INFO] [stdout]    |      ^^^^^
[INFO] [stdout]    |
[INFO] [stdout]    = note: `#[warn(dead_code)]` on by default
[INFO] [stdout] 
[INFO] [stdout] 
[INFO] [stdout] warning: struct `Entry` is never constructed
[INFO] [stdout]   --> src/bin/22.rs:37:8
[INFO] [stdout]    |
[INFO] [stdout] 37 | struct Entry {
[INFO] [stdout]    |        ^^^^^
[INFO] [stdout] 
[INFO] [stdout] 
[INFO] [stdout] warning: variable does not need to be mutable
[INFO] [stdout]    --> src/bin/15.rs:163:9
[INFO] [stdout]     |
[INFO] [stdout] 163 |     let mut skinny_map = Map::parse_ascii(map_input);
[INFO] [stdout]     |         ----^^^^^^^^^^
[INFO] [stdout]     |         |
[INFO] [stdout]     |         help: remove this `mut`
[INFO] [stdout]     |
[INFO] [stdout]     = note: `#[warn(unused_mut)]` on by default
[INFO] [stdout] 
[INFO] [stdout] 
[INFO] [stdout] warning: variable does not need to be mutable
[INFO] [stdout]    --> src/bin/15.rs:202:13
[INFO] [stdout]     |
[INFO] [stdout] 202 |         let mut cx = rx + dx;
[INFO] [stdout]     |             ----^^
[INFO] [stdout]     |             |
[INFO] [stdout]     |             help: remove this `mut`
[INFO] [stdout] 
[INFO] [stdout] 
[INFO] [stdout] warning: variable does not need to be mutable
[INFO] [stdout]    --> src/bin/15.rs:203:13
[INFO] [stdout]     |
[INFO] [stdout] 203 |         let mut cy = ry + dy;
[INFO] [stdout]     |             ----^^
[INFO] [stdout]     |             |
[INFO] [stdout]     |             help: remove this `mut`
[INFO] [stdout] 
[INFO] [stdout] 
[INFO] [stdout] warning: unused variable: `logical_map`
[INFO] [stdout]   --> src/bin/24.rs:99:9
[INFO] [stdout]    |
[INFO] [stdout] 99 |     let logical_map: HashMap<String, &Gate> = HashMap::new();
[INFO] [stdout]    |         ^^^^^^^^^^^ help: if this is intentional, prefix it with an underscore: `_logical_map`
[INFO] [stdout]    |
[INFO] [stdout]    = note: `#[warn(unused_variables)]` on by default
[INFO] [stdout] 
[INFO] [stdout] 
[INFO] [stdout] warning: unused variable: `name`
[INFO] [stdout]    --> src/bin/24.rs:101:13
[INFO] [stdout]     |
[INFO] [stdout] 101 |         let name = scanner.eat_while(char::is_alphanumeric).to_string();
[INFO] [stdout]     |             ^^^^ help: if this is intentional, prefix it with an underscore: `_name`
[INFO] [stdout] 
[INFO] [stdout] 
[INFO] [stdout] warning: unused variable: `value`
[INFO] [stdout]    --> src/bin/24.rs:103:13
[INFO] [stdout]     |
[INFO] [stdout] 103 |         let value = scanner.eat();
[INFO] [stdout]     |             ^^^^^ help: if this is intentional, prefix it with an underscore: `_value`
[INFO] [stdout] 
[INFO] [stdout] 
[INFO] [stdout] warning: unused variable: `i`
[INFO] [stdout]    --> src/bin/24.rs:147:13
[INFO] [stdout]     |
[INFO] [stdout] 147 |     let mut i = number_of_input_bits;
[INFO] [stdout]     |             ^ help: if this is intentional, prefix it with an underscore: `_i`
[INFO] [stdout] 
[INFO] [stdout] 
[INFO] [stdout] warning: variable does not need to be mutable
[INFO] [stdout]    --> src/bin/24.rs:147:9
[INFO] [stdout]     |
[INFO] [stdout] 147 |     let mut i = number_of_input_bits;
[INFO] [stdout]     |         ----^
[INFO] [stdout]     |         |
[INFO] [stdout]     |         help: remove this `mut`
[INFO] [stdout]     |
[INFO] [stdout]     = note: `#[warn(unused_mut)]` on by default
[INFO] [stdout] 
[INFO] [stdout] 
[INFO] [stderr]     Finished `dev` profile [unoptimized + debuginfo] target(s) in 10.87s
[INFO] running `Command { std: "docker" "inspect" "eb217523f82597a80ed6aa2a8b03f492443c27bbce459bab1cb4cc0438d215ac", kill_on_drop: false }`
[INFO] running `Command { std: "docker" "rm" "-f" "eb217523f82597a80ed6aa2a8b03f492443c27bbce459bab1cb4cc0438d215ac", kill_on_drop: false }`
[INFO] [stdout] eb217523f82597a80ed6aa2a8b03f492443c27bbce459bab1cb4cc0438d215ac
[INFO] running `Command { std: "docker" "create" "-v" "/var/lib/crater-agent-workspace/builds/worker-2-tc1/target:/opt/rustwide/target:rw,Z" "-v" "/var/lib/crater-agent-workspace/builds/worker-2-tc1/source:/opt/rustwide/workdir:ro,Z" "-v" "/var/lib/crater-agent-workspace/cargo-home:/opt/rustwide/cargo-home:ro,Z" "-v" "/var/lib/crater-agent-workspace/rustup-home:/opt/rustwide/rustup-home:ro,Z" "-e" "SOURCE_DIR=/opt/rustwide/workdir" "-e" "CARGO_TARGET_DIR=/opt/rustwide/target" "-e" "CARGO_INCREMENTAL=0" "-e" "RUST_BACKTRACE=full" "-e" "RUSTFLAGS=--cap-lints=forbid" "-e" "RUSTDOCFLAGS=--cap-lints=forbid" "-e" "CARGO_HOME=/opt/rustwide/cargo-home" "-e" "RUSTUP_HOME=/opt/rustwide/rustup-home" "-w" "/opt/rustwide/workdir" "-m" "1610612736" "--user" "0:0" "--network" "none" "ghcr.io/rust-lang/crates-build-env/linux@sha256:819108c5571ea2e421544af4d832f968d213c87fbe3707a016657f43d2f853bc" "/opt/rustwide/cargo-home/bin/cargo" "+nightly-2025-01-18" "test" "--frozen" "--no-run" "--message-format=json", kill_on_drop: false }`
[INFO] [stdout] 1a4a4e79b11a86df6ed99f3ebcb49203bb957aff45288a5ef41f3dd11f67bc84
[INFO] running `Command { std: "docker" "start" "-a" "1a4a4e79b11a86df6ed99f3ebcb49203bb957aff45288a5ef41f3dd11f67bc84", kill_on_drop: false }`
[INFO] [stderr]    Compiling advent_of_code v0.11.0 (/opt/rustwide/workdir)
[INFO] [stdout] warning: unused import: `crate::WideTile::Wall`
[INFO] [stdout]  --> src/bin/15.rs:3:5
[INFO] [stdout]   |
[INFO] [stdout] 3 | use crate::WideTile::Wall;
[INFO] [stdout]   |     ^^^^^^^^^^^^^^^^^^^^^
[INFO] [stdout]   |
[INFO] [stdout]   = note: `#[warn(unused_imports)]` on by default
[INFO] [stdout] 
[INFO] [stdout] 
[INFO] [stdout] warning: unused import: `Scalar`
[INFO] [stdout]  --> src/bin/21.rs:2:32
[INFO] [stdout]   |
[INFO] [stdout] 2 | use advent_of_code::map::{Map, Scalar};
[INFO] [stdout]   |                                ^^^^^^
[INFO] [stdout]   |
[INFO] [stdout]   = note: `#[warn(unused_imports)]` on by default
[INFO] [stdout] 
[INFO] [stdout] 
[INFO] [stdout] warning: variable does not need to be mutable
[INFO] [stdout]    --> src/bin/15.rs:163:9
[INFO] [stdout]     |
[INFO] [stdout] 163 |     let mut skinny_map = Map::parse_ascii(map_input);
[INFO] [stdout]     |         ----^^^^^^^^^^
[INFO] [stdout]     |         |
[INFO] [stdout]     |         help: remove this `mut`
[INFO] [stdout]     |
[INFO] [stdout]     = note: `#[warn(unused_mut)]` on by default
[INFO] [stdout] 
[INFO] [stdout] 
[INFO] [stdout] warning: variable does not need to be mutable
[INFO] [stdout]    --> src/bin/15.rs:202:13
[INFO] [stdout]     |
[INFO] [stdout] 202 |         let mut cx = rx + dx;
[INFO] [stdout]     |             ----^^
[INFO] [stdout]     |             |
[INFO] [stdout]     |             help: remove this `mut`
[INFO] [stdout] 
[INFO] [stdout] 
[INFO] [stdout] warning: variable does not need to be mutable
[INFO] [stdout]    --> src/bin/15.rs:203:13
[INFO] [stdout]     |
[INFO] [stdout] 203 |         let mut cy = ry + dy;
[INFO] [stdout]     |             ----^^
[INFO] [stdout]     |             |
[INFO] [stdout]     |             help: remove this `mut`
[INFO] [stdout] 
[INFO] [stdout] 
[INFO] [stdout] warning: value assigned to `x` is never read
[INFO] [stdout]   --> src/bin/06.rs:32:13
[INFO] [stdout]    |
[INFO] [stdout] 32 |     let mut x = 0;
[INFO] [stdout]    |             ^
[INFO] [stdout]    |
[INFO] [stdout]    = help: maybe it is overwritten before being read?
[INFO] [stdout]    = note: `#[warn(unused_assignments)]` on by default
[INFO] [stdout] 
[INFO] [stdout] 
[INFO] [stdout] warning: value assigned to `x` is never read
[INFO] [stdout]    --> src/bin/06.rs:115:13
[INFO] [stdout]     |
[INFO] [stdout] 115 |     let mut x = 0;
[INFO] [stdout]     |             ^
[INFO] [stdout]     |
[INFO] [stdout]     = help: maybe it is overwritten before being read?
[INFO] [stdout] 
[INFO] [stdout] 
[INFO] [stdout] warning: field `visited_directions` is never read
[INFO] [stdout]  --> src/bin/06.rs:9:9
[INFO] [stdout]   |
[INFO] [stdout] 6 | struct Tile {
[INFO] [stdout]   |        ---- field in this struct
[INFO] [stdout] ...
[INFO] [stdout] 9 |     pub visited_directions: HashSet<Direction>,
[INFO] [stdout]   |         ^^^^^^^^^^^^^^^^^^
[INFO] [stdout]   |
[INFO] [stdout]   = note: `Tile` has a derived impl for the trait `Clone`, but this is intentionally ignored during dead code analysis
[INFO] [stdout]   = note: `#[warn(dead_code)]` on by default
[INFO] [stdout] 
[INFO] [stdout] 
[INFO] [stdout] warning: comparison is useless due to type limits
[INFO] [stdout]   --> src/bin/06.rs:86:13
[INFO] [stdout]    |
[INFO] [stdout] 86 |         if (next_x < 0 || next_x >= map.width) || (next_y < 0 || next_y >= map.height) {
[INFO] [stdout]    |             ^^^^^^^^^^
[INFO] [stdout]    |
[INFO] [stdout]    = note: `#[warn(unused_comparisons)]` on by default
[INFO] [stdout] 
[INFO] [stdout] 
[INFO] [stdout] warning: comparison is useless due to type limits
[INFO] [stdout]   --> src/bin/06.rs:86:52
[INFO] [stdout]    |
[INFO] [stdout] 86 |         if (next_x < 0 || next_x >= map.width) || (next_y < 0 || next_y >= map.height) {
[INFO] [stdout]    |                                                    ^^^^^^^^^^
[INFO] [stdout] 
[INFO] [stdout] 
[INFO] [stdout] warning: unused variable: `value`
[INFO] [stdout]    --> src/bin/09.rs:108:13
[INFO] [stdout]     |
[INFO] [stdout] 108 |         let value = if entry.value == -1 {
[INFO] [stdout]     |             ^^^^^ help: if this is intentional, prefix it with an underscore: `_value`
[INFO] [stdout]     |
[INFO] [stdout]     = note: `#[warn(unused_variables)]` on by default
[INFO] [stdout] 
[INFO] [stdout] 
[INFO] [stdout] warning: struct `Equation` is never constructed
[INFO] [stdout]  --> src/bin/07.rs:6:8
[INFO] [stdout]   |
[INFO] [stdout] 6 | struct Equation {
[INFO] [stdout]   |        ^^^^^^^^
[INFO] [stdout]   |
[INFO] [stdout]   = note: `#[warn(dead_code)]` on by default
[INFO] [stdout] 
[INFO] [stdout] 
[INFO] [stdout] warning: field `frequency` is never read
[INFO] [stdout]   --> src/bin/08.rs:15:5
[INFO] [stdout]    |
[INFO] [stdout] 14 | struct Position {
[INFO] [stdout]    |        -------- field in this struct
[INFO] [stdout] 15 |     frequency: char,
[INFO] [stdout]    |     ^^^^^^^^^
[INFO] [stdout]    |
[INFO] [stdout]    = note: `Position` has derived impls for the traits `Clone` and `Debug`, but these are intentionally ignored during dead code analysis
[INFO] [stdout]    = note: `#[warn(dead_code)]` on by default
[INFO] [stdout] 
[INFO] [stdout] 
[INFO] [stdout] warning: unused variable: `seconds_to_simulate`
[INFO] [stdout]   --> src/bin/14.rs:91:9
[INFO] [stdout]    |
[INFO] [stdout] 91 |     let seconds_to_simulate = 100;
[INFO] [stdout]    |         ^^^^^^^^^^^^^^^^^^^ help: if this is intentional, prefix it with an underscore: `_seconds_to_simulate`
[INFO] [stdout]    |
[INFO] [stdout]    = note: `#[warn(unused_variables)]` on by default
[INFO] [stdout] 
[INFO] [stdout] 
[INFO] [stdout] warning: unused variable: `w2`
[INFO] [stdout]   --> src/bin/14.rs:95:9
[INFO] [stdout]    |
[INFO] [stdout] 95 |     let w2 = width / 2;
[INFO] [stdout]    |         ^^ help: if this is intentional, prefix it with an underscore: `_w2`
[INFO] [stdout] 
[INFO] [stdout] 
[INFO] [stdout] warning: unused variable: `h2`
[INFO] [stdout]   --> src/bin/14.rs:98:9
[INFO] [stdout]    |
[INFO] [stdout] 98 |     let h2 = height / 2;
[INFO] [stdout]    |         ^^ help: if this is intentional, prefix it with an underscore: `_h2`
[INFO] [stdout] 
[INFO] [stdout] 
[INFO] [stdout] warning: unused variable: `quadrant_counts`
[INFO] [stdout]    --> src/bin/14.rs:100:13
[INFO] [stdout]     |
[INFO] [stdout] 100 |     let mut quadrant_counts = vec![0, 0, 0, 0];
[INFO] [stdout]     |             ^^^^^^^^^^^^^^^ help: if this is intentional, prefix it with an underscore: `_quadrant_counts`
[INFO] [stdout] 
[INFO] [stdout] 
[INFO] [stdout] warning: variable does not need to be mutable
[INFO] [stdout]    --> src/bin/14.rs:100:9
[INFO] [stdout]     |
[INFO] [stdout] 100 |     let mut quadrant_counts = vec![0, 0, 0, 0];
[INFO] [stdout]     |         ----^^^^^^^^^^^^^^^
[INFO] [stdout]     |         |
[INFO] [stdout]     |         help: remove this `mut`
[INFO] [stdout]     |
[INFO] [stdout]     = note: `#[warn(unused_mut)]` on by default
[INFO] [stdout] 
[INFO] [stdout] 
[INFO] [stdout] warning: fields `x`, `y`, `vx`, and `vy` are never read
[INFO] [stdout]   --> src/bin/14.rs:84:5
[INFO] [stdout]    |
[INFO] [stdout] 83 | struct Drone {
[INFO] [stdout]    |        ----- fields in this struct
[INFO] [stdout] 84 |     x: i64,
[INFO] [stdout]    |     ^
[INFO] [stdout] 85 |     y: i64,
[INFO] [stdout]    |     ^
[INFO] [stdout] 86 |     vx: i64,
[INFO] [stdout]    |     ^^
[INFO] [stdout] 87 |     vy: i64,
[INFO] [stdout]    |     ^^
[INFO] [stdout]    |
[INFO] [stdout]    = note: `#[warn(dead_code)]` on by default
[INFO] [stdout] 
[INFO] [stdout] 
[INFO] [stdout] warning: method `state` is never used
[INFO] [stdout]    --> src/bin/17.rs:118:12
[INFO] [stdout]     |
[INFO] [stdout] 22  | impl IntCodeVm {
[INFO] [stdout]     | -------------- method in this implementation
[INFO] [stdout] ...
[INFO] [stdout] 118 |     pub fn state(&self) -> State {
[INFO] [stdout]     |            ^^^^^
[INFO] [stdout]     |
[INFO] [stdout]     = note: `#[warn(dead_code)]` on by default
[INFO] [stdout] 
[INFO] [stdout] 
[INFO] [stdout] warning: unused variable: `i`
[INFO] [stdout]   --> src/bin/25.rs:19:17
[INFO] [stdout]    |
[INFO] [stdout] 19 |             for i in 0..10 {
[INFO] [stdout]    |                 ^ help: if this is intentional, prefix it with an underscore: `_i`
[INFO] [stdout]    |
[INFO] [stdout]    = note: `#[warn(unused_variables)]` on by default
[INFO] [stdout] 
[INFO] [stdout] 
[INFO] [stdout] warning: unused variable: `i`
[INFO] [stdout]   --> src/bin/25.rs:35:17
[INFO] [stdout]    |
[INFO] [stdout] 35 |             for i in 0..10 {
[INFO] [stdout]    |                 ^ help: if this is intentional, prefix it with an underscore: `_i`
[INFO] [stdout] 
[INFO] [stdout] 
[INFO] [stdout] warning: unused variable: `input`
[INFO] [stdout]   --> src/bin/25.rs:70:17
[INFO] [stdout]    |
[INFO] [stdout] 70 | pub fn part_two(input: &str) -> Option<u32> {
[INFO] [stdout]    |                 ^^^^^ help: if this is intentional, prefix it with an underscore: `_input`
[INFO] [stdout] 
[INFO] [stdout] 
[INFO] [stdout] warning: unused import: `ToChar`
[INFO] [stdout]  --> src/bin/10.rs:1:40
[INFO] [stdout]   |
[INFO] [stdout] 1 | use advent_of_code::map::{Map, Scalar, ToChar};
[INFO] [stdout]   |                                        ^^^^^^
[INFO] [stdout]   |
[INFO] [stdout]   = note: `#[warn(unused_imports)]` on by default
[INFO] [stdout] 
[INFO] [stdout] 
[INFO] [stdout] warning: unused variable: `logical_map`
[INFO] [stdout]   --> src/bin/24.rs:99:9
[INFO] [stdout]    |
[INFO] [stdout] 99 |     let logical_map: HashMap<String, &Gate> = HashMap::new();
[INFO] [stdout]    |         ^^^^^^^^^^^ help: if this is intentional, prefix it with an underscore: `_logical_map`
[INFO] [stdout]    |
[INFO] [stdout]    = note: `#[warn(unused_variables)]` on by default
[INFO] [stdout] 
[INFO] [stdout] 
[INFO] [stdout] warning: unused variable: `name`
[INFO] [stdout]    --> src/bin/24.rs:101:13
[INFO] [stdout]     |
[INFO] [stdout] 101 |         let name = scanner.eat_while(char::is_alphanumeric).to_string();
[INFO] [stdout]     |             ^^^^ help: if this is intentional, prefix it with an underscore: `_name`
[INFO] [stdout] 
[INFO] [stdout] 
[INFO] [stdout] warning: unused variable: `value`
[INFO] [stdout]    --> src/bin/24.rs:103:13
[INFO] [stdout]     |
[INFO] [stdout] 103 |         let value = scanner.eat();
[INFO] [stdout]     |             ^^^^^ help: if this is intentional, prefix it with an underscore: `_value`
[INFO] [stdout] 
[INFO] [stdout] 
[INFO] [stdout] warning: unused variable: `i`
[INFO] [stdout]    --> src/bin/24.rs:147:13
[INFO] [stdout]     |
[INFO] [stdout] 147 |     let mut i = number_of_input_bits;
[INFO] [stdout]     |             ^ help: if this is intentional, prefix it with an underscore: `_i`
[INFO] [stdout] 
[INFO] [stdout] 
[INFO] [stdout] warning: variable does not need to be mutable
[INFO] [stdout]    --> src/bin/24.rs:147:9
[INFO] [stdout]     |
[INFO] [stdout] 147 |     let mut i = number_of_input_bits;
[INFO] [stdout]     |         ----^
[INFO] [stdout]     |         |
[INFO] [stdout]     |         help: remove this `mut`
[INFO] [stdout]     |
[INFO] [stdout]     = note: `#[warn(unused_mut)]` on by default
[INFO] [stdout] 
[INFO] [stdout] 
[INFO] [stdout] warning: type alias `Index` is never used
[INFO] [stdout]   --> src/bin/22.rs:35:6
[INFO] [stdout]    |
[INFO] [stdout] 35 | type Index = [u8;4];
[INFO] [stdout]    |      ^^^^^
[INFO] [stdout]    |
[INFO] [stdout]    = note: `#[warn(dead_code)]` on by default
[INFO] [stdout] 
[INFO] [stdout] 
[INFO] [stdout] warning: struct `Entry` is never constructed
[INFO] [stdout]   --> src/bin/22.rs:37:8
[INFO] [stdout]    |
[INFO] [stdout] 37 | struct Entry {
[INFO] [stdout]    |        ^^^^^
[INFO] [stdout] 
[INFO] [stdout] 
[INFO] [stdout] warning: function `test_part_two_x` is never used
[INFO] [stdout]   --> src/bin/22.rs:90:8
[INFO] [stdout]    |
[INFO] [stdout] 90 |     fn test_part_two_x() {
[INFO] [stdout]    |        ^^^^^^^^^^^^^^^
[INFO] [stdout] 
[INFO] [stdout] 
[INFO] [stderr]     Finished `test` profile [unoptimized + debuginfo] target(s) in 2.78s
[INFO] running `Command { std: "docker" "inspect" "1a4a4e79b11a86df6ed99f3ebcb49203bb957aff45288a5ef41f3dd11f67bc84", kill_on_drop: false }`
[INFO] running `Command { std: "docker" "rm" "-f" "1a4a4e79b11a86df6ed99f3ebcb49203bb957aff45288a5ef41f3dd11f67bc84", kill_on_drop: false }`
[INFO] [stdout] 1a4a4e79b11a86df6ed99f3ebcb49203bb957aff45288a5ef41f3dd11f67bc84
[INFO] running `Command { std: "docker" "create" "-v" "/var/lib/crater-agent-workspace/builds/worker-2-tc1/target:/opt/rustwide/target:rw,Z" "-v" "/var/lib/crater-agent-workspace/builds/worker-2-tc1/source:/opt/rustwide/workdir:ro,Z" "-v" "/var/lib/crater-agent-workspace/cargo-home:/opt/rustwide/cargo-home:ro,Z" "-v" "/var/lib/crater-agent-workspace/rustup-home:/opt/rustwide/rustup-home:ro,Z" "-e" "SOURCE_DIR=/opt/rustwide/workdir" "-e" "CARGO_TARGET_DIR=/opt/rustwide/target" "-e" "CARGO_INCREMENTAL=0" "-e" "RUST_BACKTRACE=full" "-e" "RUSTFLAGS=--cap-lints=forbid" "-e" "RUSTDOCFLAGS=--cap-lints=forbid" "-e" "CARGO_HOME=/opt/rustwide/cargo-home" "-e" "RUSTUP_HOME=/opt/rustwide/rustup-home" "-w" "/opt/rustwide/workdir" "-m" "1610612736" "--user" "0:0" "--network" "none" "ghcr.io/rust-lang/crates-build-env/linux@sha256:819108c5571ea2e421544af4d832f968d213c87fbe3707a016657f43d2f853bc" "/opt/rustwide/cargo-home/bin/cargo" "+nightly-2025-01-18" "test" "--frozen", kill_on_drop: false }`
[INFO] [stdout] 242186418c7a30301d33b96f4a817c9f6e60d1fa02eb791807dc184e58766672
[INFO] running `Command { std: "docker" "start" "-a" "242186418c7a30301d33b96f4a817c9f6e60d1fa02eb791807dc184e58766672", kill_on_drop: false }`
[INFO] [stderr] warning: type alias `Index` is never used
[INFO] [stderr]   --> src/bin/22.rs:35:6
[INFO] [stderr]    |
[INFO] [stderr] 35 | type Index = [u8;4];
[INFO] [stderr]    |      ^^^^^
[INFO] [stderr]    |
[INFO] [stderr]    = note: `#[warn(dead_code)]` on by default
[INFO] [stderr] 
[INFO] [stderr] warning: struct `Entry` is never constructed
[INFO] [stderr]   --> src/bin/22.rs:37:8
[INFO] [stderr]    |
[INFO] [stderr] 37 | struct Entry {
[INFO] [stderr]    |        ^^^^^
[INFO] [stderr] 
[INFO] [stderr] warning: function `test_part_two_x` is never used
[INFO] [stderr]   --> src/bin/22.rs:90:8
[INFO] [stderr]    |
[INFO] [stderr] 90 |     fn test_part_two_x() {
[INFO] [stderr]    |        ^^^^^^^^^^^^^^^
[INFO] [stderr] 
[INFO] [stderr] warning: `advent_of_code` (bin "22" test) generated 3 warnings
[INFO] [stderr] warning: unused variable: `seconds_to_simulate`
[INFO] [stderr]   --> src/bin/14.rs:91:9
[INFO] [stderr]    |
[INFO] [stderr] 91 |     let seconds_to_simulate = 100;
[INFO] [stderr]    |         ^^^^^^^^^^^^^^^^^^^ help: if this is intentional, prefix it with an underscore: `_seconds_to_simulate`
[INFO] [stderr]    |
[INFO] [stderr]    = note: `#[warn(unused_variables)]` on by default
[INFO] [stderr] 
[INFO] [stderr] warning: unused variable: `w2`
[INFO] [stderr]   --> src/bin/14.rs:95:9
[INFO] [stderr]    |
[INFO] [stderr] 95 |     let w2 = width / 2;
[INFO] [stderr]    |         ^^ help: if this is intentional, prefix it with an underscore: `_w2`
[INFO] [stderr] 
[INFO] [stderr] warning: unused variable: `h2`
[INFO] [stderr]   --> src/bin/14.rs:98:9
[INFO] [stderr]    |
[INFO] [stderr] 98 |     let h2 = height / 2;
[INFO] [stderr]    |         ^^ help: if this is intentional, prefix it with an underscore: `_h2`
[INFO] [stderr] 
[INFO] [stderr] warning: unused variable: `quadrant_counts`
[INFO] [stderr]    --> src/bin/14.rs:100:13
[INFO] [stderr]     |
[INFO] [stderr] 100 |     let mut quadrant_counts = vec![0, 0, 0, 0];
[INFO] [stderr]     |             ^^^^^^^^^^^^^^^ help: if this is intentional, prefix it with an underscore: `_quadrant_counts`
[INFO] [stderr] 
[INFO] [stderr] warning: variable does not need to be mutable
[INFO] [stderr]    --> src/bin/14.rs:100:9
[INFO] [stderr]     |
[INFO] [stderr] 100 |     let mut quadrant_counts = vec![0, 0, 0, 0];
[INFO] [stderr]     |         ----^^^^^^^^^^^^^^^
[INFO] [stderr]     |         |
[INFO] [stderr]     |         help: remove this `mut`
[INFO] [stderr]     |
[INFO] [stderr]     = note: `#[warn(unused_mut)]` on by default
[INFO] [stderr] 
[INFO] [stderr] warning: fields `x`, `y`, `vx`, and `vy` are never read
[INFO] [stderr]   --> src/bin/14.rs:84:5
[INFO] [stderr]    |
[INFO] [stderr] 83 | struct Drone {
[INFO] [stderr]    |        ----- fields in this struct
[INFO] [stderr] 84 |     x: i64,
[INFO] [stderr]    |     ^
[INFO] [stderr] 85 |     y: i64,
[INFO] [stderr]    |     ^
[INFO] [stderr] 86 |     vx: i64,
[INFO] [stderr]    |     ^^
[INFO] [stderr] 87 |     vy: i64,
[INFO] [stderr]    |     ^^
[INFO] [stderr]    |
[INFO] [stderr]    = note: `#[warn(dead_code)]` on by default
[INFO] [stderr] 
[INFO] [stderr] warning: `advent_of_code` (bin "14" test) generated 6 warnings (run `cargo fix --bin "14" --tests` to apply 1 suggestion)
[INFO] [stderr] warning: method `state` is never used
[INFO] [stderr]    --> src/bin/17.rs:118:12
[INFO] [stderr]     |
[INFO] [stderr] 22  | impl IntCodeVm {
[INFO] [stderr]     | -------------- method in this implementation
[INFO] [stderr] ...
[INFO] [stderr] 118 |     pub fn state(&self) -> State {
[INFO] [stderr]     |            ^^^^^
[INFO] [stderr]     |
[INFO] [stderr]     = note: `#[warn(dead_code)]` on by default
[INFO] [stderr] 
[INFO] [stderr] warning: `advent_of_code` (bin "17" test) generated 1 warning
[INFO] [stderr] warning: unused variable: `i`
[INFO] [stderr]   --> src/bin/25.rs:19:17
[INFO] [stderr]    |
[INFO] [stderr] 19 |             for i in 0..10 {
[INFO] [stderr]    |                 ^ help: if this is intentional, prefix it with an underscore: `_i`
[INFO] [stderr]    |
[INFO] [stderr]    = note: `#[warn(unused_variables)]` on by default
[INFO] [stderr] 
[INFO] [stderr] warning: unused variable: `i`
[INFO] [stderr]   --> src/bin/25.rs:35:17
[INFO] [stderr]    |
[INFO] [stderr] 35 |             for i in 0..10 {
[INFO] [stderr]    |                 ^ help: if this is intentional, prefix it with an underscore: `_i`
[INFO] [stderr] 
[INFO] [stderr] warning: unused variable: `input`
[INFO] [stderr]   --> src/bin/25.rs:70:17
[INFO] [stderr]    |
[INFO] [stderr] 70 | pub fn part_two(input: &str) -> Option<u32> {
[INFO] [stderr]    |                 ^^^^^ help: if this is intentional, prefix it with an underscore: `_input`
[INFO] [stderr] 
[INFO] [stderr] warning: `advent_of_code` (bin "25" test) generated 3 warnings
[INFO] [stderr] warning: unused import: `Scalar`
[INFO] [stderr]  --> src/bin/21.rs:2:32
[INFO] [stderr]   |
[INFO] [stderr] 2 | use advent_of_code::map::{Map, Scalar};
[INFO] [stderr]   |                                ^^^^^^
[INFO] [stderr]   |
[INFO] [stderr]   = note: `#[warn(unused_imports)]` on by default
[INFO] [stderr] 
[INFO] [stderr] warning: `advent_of_code` (bin "21" test) generated 1 warning (run `cargo fix --bin "21" --tests` to apply 1 suggestion)
[INFO] [stderr] warning: struct `Equation` is never constructed
[INFO] [stderr]  --> src/bin/07.rs:6:8
[INFO] [stderr]   |
[INFO] [stderr] 6 | struct Equation {
[INFO] [stderr]   |        ^^^^^^^^
[INFO] [stderr]   |
[INFO] [stderr]   = note: `#[warn(dead_code)]` on by default
[INFO] [stderr] 
[INFO] [stderr] warning: `advent_of_code` (bin "07" test) generated 1 warning
[INFO] [stderr] warning: unused variable: `logical_map`
[INFO] [stderr]   --> src/bin/24.rs:99:9
[INFO] [stderr]    |
[INFO] [stderr] 99 |     let logical_map: HashMap<String, &Gate> = HashMap::new();
[INFO] [stderr]    |         ^^^^^^^^^^^ help: if this is intentional, prefix it with an underscore: `_logical_map`
[INFO] [stderr]    |
[INFO] [stderr]    = note: `#[warn(unused_variables)]` on by default
[INFO] [stderr] 
[INFO] [stderr] warning: unused variable: `name`
[INFO] [stderr]    --> src/bin/24.rs:101:13
[INFO] [stderr]     |
[INFO] [stderr] 101 |         let name = scanner.eat_while(char::is_alphanumeric).to_string();
[INFO] [stderr]     |             ^^^^ help: if this is intentional, prefix it with an underscore: `_name`
[INFO] [stderr] 
[INFO] [stderr] warning: unused variable: `value`
[INFO] [stderr]    --> src/bin/24.rs:103:13
[INFO] [stderr]     |
[INFO] [stderr] 103 |         let value = scanner.eat();
[INFO] [stderr]     |             ^^^^^ help: if this is intentional, prefix it with an underscore: `_value`
[INFO] [stderr] 
[INFO] [stderr] warning: unused variable: `i`
[INFO] [stderr]    --> src/bin/24.rs:147:13
[INFO] [stderr]     |
[INFO] [stderr] 147 |     let mut i = number_of_input_bits;
[INFO] [stderr]     |             ^ help: if this is intentional, prefix it with an underscore: `_i`
[INFO] [stderr] 
[INFO] [stderr] warning: variable does not need to be mutable
[INFO] [stderr]    --> src/bin/24.rs:147:9
[INFO] [stderr]     |
[INFO] [stderr] 147 |     let mut i = number_of_input_bits;
[INFO] [stderr]     |         ----^
[INFO] [stderr]     |         |
[INFO] [stderr]     |         help: remove this `mut`
[INFO] [stderr]     |
[INFO] [stderr]     = note: `#[warn(unused_mut)]` on by default
[INFO] [stderr] 
[INFO] [stderr] warning: `advent_of_code` (bin "24" test) generated 5 warnings (run `cargo fix --bin "24" --tests` to apply 1 suggestion)
[INFO] [stderr] warning: field `frequency` is never read
[INFO] [stderr]   --> src/bin/08.rs:15:5
[INFO] [stderr]    |
[INFO] [stderr] 14 | struct Position {
[INFO] [stderr]    |        -------- field in this struct
[INFO] [stderr] 15 |     frequency: char,
[INFO] [stderr]    |     ^^^^^^^^^
[INFO] [stderr]    |
[INFO] [stderr]    = note: `Position` has derived impls for the traits `Clone` and `Debug`, but these are intentionally ignored during dead code analysis
[INFO] [stderr]    = note: `#[warn(dead_code)]` on by default
[INFO] [stderr] 
[INFO] [stderr] warning: `advent_of_code` (bin "08" test) generated 1 warning
[INFO] [stderr] warning: unused import: `crate::WideTile::Wall`
[INFO] [stderr]  --> src/bin/15.rs:3:5
[INFO] [stderr]   |
[INFO] [stderr] 3 | use crate::WideTile::Wall;
[INFO] [stderr]   |     ^^^^^^^^^^^^^^^^^^^^^
[INFO] [stderr]   |
[INFO] [stderr]   = note: `#[warn(unused_imports)]` on by default
[INFO] [stderr] 
[INFO] [stderr] warning: variable does not need to be mutable
[INFO] [stderr]    --> src/bin/15.rs:163:9
[INFO] [stderr]     |
[INFO] [stderr] 163 |     let mut skinny_map = Map::parse_ascii(map_input);
[INFO] [stderr]     |         ----^^^^^^^^^^
[INFO] [stderr]     |         |
[INFO] [stderr]     |         help: remove this `mut`
[INFO] [stderr]     |
[INFO] [stderr]     = note: `#[warn(unused_mut)]` on by default
[INFO] [stderr] 
[INFO] [stderr] warning: variable does not need to be mutable
[INFO] [stderr]    --> src/bin/15.rs:202:13
[INFO] [stderr]     |
[INFO] [stderr] 202 |         let mut cx = rx + dx;
[INFO] [stderr]     |             ----^^
[INFO] [stderr]     |             |
[INFO] [stderr]     |             help: remove this `mut`
[INFO] [stderr] 
[INFO] [stderr] warning: variable does not need to be mutable
[INFO] [stderr]    --> src/bin/15.rs:203:13
[INFO] [stderr]     |
[INFO] [stderr] 203 |         let mut cy = ry + dy;
[INFO] [stderr]     |             ----^^
[INFO] [stderr]     |             |
[INFO] [stderr]     |             help: remove this `mut`
[INFO] [stderr] 
[INFO] [stderr] warning: `advent_of_code` (bin "15" test) generated 4 warnings (run `cargo fix --bin "15" --tests` to apply 4 suggestions)
[INFO] [stderr] warning: value assigned to `x` is never read
[INFO] [stderr]   --> src/bin/06.rs:32:13
[INFO] [stderr]    |
[INFO] [stderr] 32 |     let mut x = 0;
[INFO] [stderr]    |             ^
[INFO] [stderr]    |
[INFO] [stderr]    = help: maybe it is overwritten before being read?
[INFO] [stderr]    = note: `#[warn(unused_assignments)]` on by default
[INFO] [stderr] 
[INFO] [stderr] warning: value assigned to `x` is never read
[INFO] [stderr]    --> src/bin/06.rs:115:13
[INFO] [stderr]     |
[INFO] [stderr] 115 |     let mut x = 0;
[INFO] [stderr]     |             ^
[INFO] [stderr]     |
[INFO] [stderr]     = help: maybe it is overwritten before being read?
[INFO] [stderr] 
[INFO] [stderr] warning: field `visited_directions` is never read
[INFO] [stderr]  --> src/bin/06.rs:9:9
[INFO] [stderr]   |
[INFO] [stderr] 6 | struct Tile {
[INFO] [stderr]   |        ---- field in this struct
[INFO] [stderr] ...
[INFO] [stderr] 9 |     pub visited_directions: HashSet<Direction>,
[INFO] [stderr]   |         ^^^^^^^^^^^^^^^^^^
[INFO] [stderr]   |
[INFO] [stderr]   = note: `Tile` has a derived impl for the trait `Clone`, but this is intentionally ignored during dead code analysis
[INFO] [stderr]   = note: `#[warn(dead_code)]` on by default
[INFO] [stderr] 
[INFO] [stderr] warning: comparison is useless due to type limits
[INFO] [stderr]   --> src/bin/06.rs:86:13
[INFO] [stderr]    |
[INFO] [stderr] 86 |         if (next_x < 0 || next_x >= map.width) || (next_y < 0 || next_y >= map.height) {
[INFO] [stderr]    |             ^^^^^^^^^^
[INFO] [stderr]    |
[INFO] [stderr]    = note: `#[warn(unused_comparisons)]` on by default
[INFO] [stderr] 
[INFO] [stderr] warning: comparison is useless due to type limits
[INFO] [stderr]   --> src/bin/06.rs:86:52
[INFO] [stderr]    |
[INFO] [stderr] 86 |         if (next_x < 0 || next_x >= map.width) || (next_y < 0 || next_y >= map.height) {
[INFO] [stderr]    |                                                    ^^^^^^^^^^
[INFO] [stderr] 
[INFO] [stderr] warning: `advent_of_code` (bin "06" test) generated 5 warnings
[INFO] [stderr] warning: unused import: `ToChar`
[INFO] [stderr]  --> src/bin/10.rs:1:40
[INFO] [stderr]   |
[INFO] [stderr] 1 | use advent_of_code::map::{Map, Scalar, ToChar};
[INFO] [stderr]   |                                        ^^^^^^
[INFO] [stderr]   |
[INFO] [stderr]   = note: `#[warn(unused_imports)]` on by default
[INFO] [stderr] 
[INFO] [stderr] warning: unused variable: `value`
[INFO] [stderr]    --> src/bin/09.rs:108:13
[INFO] [stderr]     |
[INFO] [stderr] 108 |         let value = if entry.value == -1 {
[INFO] [stderr]     |             ^^^^^ help: if this is intentional, prefix it with an underscore: `_value`
[INFO] [stderr]     |
[INFO] [stderr]     = note: `#[warn(unused_variables)]` on by default
[INFO] [stderr] 
[INFO] [stderr] warning: `advent_of_code` (bin "10" test) generated 1 warning (run `cargo fix --bin "10" --tests` to apply 1 suggestion)
[INFO] [stderr] warning: `advent_of_code` (bin "09" test) generated 1 warning
[INFO] [stderr]     Finished `test` profile [unoptimized + debuginfo] target(s) in 0.05s
[INFO] [stderr]      Running unittests src/lib.rs (/opt/rustwide/target/debug/deps/advent_of_code-9bb368394ed10f9b)
[INFO] [stderr]      Running unittests src/bin/01.rs (/opt/rustwide/target/debug/deps/01-8980574f979eb5c7)
[INFO] [stdout] 
[INFO] [stdout] running 0 tests
[INFO] [stdout] 
[INFO] [stdout] test result: ok. 0 passed; 0 failed; 0 ignored; 0 measured; 0 filtered out; finished in 0.00s
[INFO] [stdout] 
[INFO] [stdout] 
[INFO] [stdout] running 2 tests
[INFO] [stdout] test tests::test_part_one ... ok
[INFO] [stdout] test tests::test_part_two ... ok
[INFO] [stdout] 
[INFO] [stdout] test result: ok. 2 passed; 0 failed; 0 ignored; 0 measured; 0 filtered out; finished in 0.00s
[INFO] [stdout] 
[INFO] [stderr]      Running unittests src/bin/02.rs (/opt/rustwide/target/debug/deps/02-0259a1314bf29ce2)
[INFO] [stdout] 
[INFO] [stdout] running 2 tests
[INFO] [stdout] test tests::test_part_one ... ok
[INFO] [stdout] test tests::test_part_two ... ok
[INFO] [stdout] 
[INFO] [stdout] test result: ok. 2 passed; 0 failed; 0 ignored; 0 measured; 0 filtered out; finished in 0.00s
[INFO] [stderr]      Running unittests src/bin/03.rs (/opt/rustwide/target/debug/deps/03-caf791351b1089c6)
[INFO] [stdout] 
[INFO] [stdout] 
[INFO] [stdout] running 2 tests
[INFO] [stdout] test tests::test_part_one ... ok
[INFO] [stdout] test tests::test_part_two ... ok
[INFO] [stdout] 
[INFO] [stdout] test result: ok. 2 passed; 0 failed; 0 ignored; 0 measured; 0 filtered out; finished in 0.01s
[INFO] [stdout] 
[INFO] [stderr]      Running unittests src/bin/04.rs (/opt/rustwide/target/debug/deps/04-fa8145ce5d902ad3)
[INFO] [stdout] 
[INFO] [stdout] running 2 tests
[INFO] [stdout] test tests::test_part_two ... ok
[INFO] [stdout] test tests::test_part_one ... ok
[INFO] [stdout] 
[INFO] [stdout] test result: ok. 2 passed; 0 failed; 0 ignored; 0 measured; 0 filtered out; finished in 0.00s
[INFO] [stdout] 
[INFO] [stderr]      Running unittests src/bin/05.rs (/opt/rustwide/target/debug/deps/05-f962755ef6277abd)
[INFO] [stdout] 
[INFO] [stdout] running 2 tests
[INFO] [stdout] test tests::test_part_one ... ok
[INFO] [stderr]      Running unittests src/bin/06.rs (/opt/rustwide/target/debug/deps/06-cc64b3063df79074)
[INFO] [stdout] test tests::test_part_two ... ok
[INFO] [stdout] 
[INFO] [stdout] test result: ok. 2 passed; 0 failed; 0 ignored; 0 measured; 0 filtered out; finished in 0.00s
[INFO] [stdout] 
[INFO] [stdout] 
[INFO] [stdout] running 2 tests
[INFO] [stdout] test tests::test_part_two ... ok
[INFO] [stdout] test tests::test_part_one ... ok
[INFO] [stdout] 
[INFO] [stdout] test result: ok. 2 passed; 0 failed; 0 ignored; 0 measured; 0 filtered out; finished in 0.01s
[INFO] [stdout] 
[INFO] [stderr]      Running unittests src/bin/07.rs (/opt/rustwide/target/debug/deps/07-00d7f4a65aa96602)
[INFO] [stdout] 
[INFO] [stdout] running 2 tests
[INFO] [stdout] test tests::test_part_two ... ok
[INFO] [stdout] test tests::test_part_one ... ok
[INFO] [stderr]      Running unittests src/bin/08.rs (/opt/rustwide/target/debug/deps/08-b4cc1013182e1c8b)
[INFO] [stdout] 
[INFO] [stdout] test result: ok. 2 passed; 0 failed; 0 ignored; 0 measured; 0 filtered out; finished in 0.00s
[INFO] [stdout] 
[INFO] [stdout] 
[INFO] [stdout] running 2 tests
[INFO] [stdout] test tests::test_part_two ... ok
[INFO] [stdout] test tests::test_part_one ... ok
[INFO] [stdout] 
[INFO] [stdout] test result: ok. 2 passed; 0 failed; 0 ignored; 0 measured; 0 filtered out; finished in 0.00s
[INFO] [stdout] 
[INFO] [stderr]      Running unittests src/bin/09.rs (/opt/rustwide/target/debug/deps/09-9a90c20dd79b80ae)
[INFO] [stdout] 
[INFO] [stdout] running 2 tests
[INFO] [stdout] test tests::test_part_one ... ok
[INFO] [stdout] test tests::test_part_two ... ok
[INFO] [stdout] 
[INFO] [stdout] test result: ok. 2 passed; 0 failed; 0 ignored; 0 measured; 0 filtered out; finished in 0.00s
[INFO] [stdout] 
[INFO] [stderr]      Running unittests src/bin/10.rs (/opt/rustwide/target/debug/deps/10-5f7ed2a9b6554672)
[INFO] [stdout] 
[INFO] [stdout] running 2 tests
[INFO] [stdout] test tests::test_part_one ... ok
[INFO] [stderr]      Running unittests src/bin/11.rs (/opt/rustwide/target/debug/deps/11-9b3eae851cf357bc)
[INFO] [stdout] test tests::test_part_two ... ok
[INFO] [stdout] 
[INFO] [stdout] test result: ok. 2 passed; 0 failed; 0 ignored; 0 measured; 0 filtered out; finished in 0.00s
[INFO] [stdout] 
[INFO] [stdout] 
[INFO] [stdout] running 2 tests
[INFO] [stdout] test tests::test_part_one ... ok
[INFO] [stdout] test tests::test_part_two ... FAILED
[INFO] [stderr] error: test failed, to rerun pass `--bin 11`
[INFO] [stdout] 
[INFO] [stdout] failures:
[INFO] [stdout] 
[INFO] [stdout] ---- tests::test_part_two stdout ----
[INFO] [stdout] 
[INFO] [stdout] thread 'tests::test_part_two' panicked at src/bin/11.rs:103:9:
[INFO] [stdout] assertion `left == right` failed
[INFO] [stdout]   left: Some(65601038650482)
[INFO] [stdout]  right: Some(55312)
[INFO] [stdout] stack backtrace:
[INFO] [stdout]    0:     0x5852110ed59a - std::backtrace_rs::backtrace::libunwind::trace::hb059275cfc8d6126
[INFO] [stdout]                                at /rustc/6067b36314ab5eb2eb47cecc464545ba58e1ad24/library/std/src/../../backtrace/src/backtrace/libunwind.rs:116:5
[INFO] [stdout]    1:     0x5852110ed59a - std::backtrace_rs::backtrace::trace_unsynchronized::h2da071e4327ce3ee
[INFO] [stdout]                                at /rustc/6067b36314ab5eb2eb47cecc464545ba58e1ad24/library/std/src/../../backtrace/src/backtrace/mod.rs:66:5
[INFO] [stdout]    2:     0x5852110ed59a - std::sys::backtrace::_print_fmt::h842a1474e6f8d23f
[INFO] [stdout]                                at /rustc/6067b36314ab5eb2eb47cecc464545ba58e1ad24/library/std/src/sys/backtrace.rs:66:9
[INFO] [stdout]    3:     0x5852110ed59a - <std::sys::backtrace::BacktraceLock::print::DisplayBacktrace as core::fmt::Display>::fmt::h71a62eb3b9696b12
[INFO] [stdout]                                at /rustc/6067b36314ab5eb2eb47cecc464545ba58e1ad24/library/std/src/sys/backtrace.rs:39:26
[INFO] [stdout]    4:     0x585211114bc3 - core::fmt::rt::Argument::fmt::hdb6b616786b41dc1
[INFO] [stdout]                                at /rustc/6067b36314ab5eb2eb47cecc464545ba58e1ad24/library/core/src/fmt/rt.rs:177:76
[INFO] [stdout]    5:     0x585211114bc3 - core::fmt::write::h2cc1698af7e2d686
[INFO] [stdout]                                at /rustc/6067b36314ab5eb2eb47cecc464545ba58e1ad24/library/core/src/fmt/mod.rs:1440:21
[INFO] [stdout]    6:     0x5852110e9f53 - std::io::Write::write_fmt::hab1b4cd059a79022
[INFO] [stdout]                                at /rustc/6067b36314ab5eb2eb47cecc464545ba58e1ad24/library/std/src/io/mod.rs:1887:15
[INFO] [stdout]    7:     0x5852110ed3e2 - std::sys::backtrace::BacktraceLock::print::h147fe35b4ea13b08
[INFO] [stdout]                                at /rustc/6067b36314ab5eb2eb47cecc464545ba58e1ad24/library/std/src/sys/backtrace.rs:42:9
[INFO] [stdout]    8:     0x5852110ee9bf - std::panicking::default_hook::{{closure}}::hbd44223dbdc0d208
[INFO] [stdout]                                at /rustc/6067b36314ab5eb2eb47cecc464545ba58e1ad24/library/std/src/panicking.rs:298:22
[INFO] [stdout]    9:     0x5852110ee7d8 - std::panicking::default_hook::h20f81eb0576efcec
[INFO] [stdout]                                at /rustc/6067b36314ab5eb2eb47cecc464545ba58e1ad24/library/std/src/panicking.rs:322:9
[INFO] [stdout]   10:     0x5852110afe73 - <alloc::boxed::Box<F,A> as core::ops::function::Fn<Args>>::call::hdb53814c496a4d34
[INFO] [stdout]                                at /rustc/6067b36314ab5eb2eb47cecc464545ba58e1ad24/library/alloc/src/boxed.rs:2027:9
[INFO] [stdout]   11:     0x5852110afe73 - test::test_main::{{closure}}::hc0a4963c59427c24
[INFO] [stdout]                                at /rustc/6067b36314ab5eb2eb47cecc464545ba58e1ad24/library/test/src/lib.rs:134:21
[INFO] [stdout]   12:     0x5852110ef4b3 - <alloc::boxed::Box<F,A> as core::ops::function::Fn<Args>>::call::h591b2225413a77e9
[INFO] [stdout]                                at /rustc/6067b36314ab5eb2eb47cecc464545ba58e1ad24/library/alloc/src/boxed.rs:2027:9
[INFO] [stdout]   13:     0x5852110ef4b3 - std::panicking::rust_panic_with_hook::h625eea43051b2edc
[INFO] [stdout]                                at /rustc/6067b36314ab5eb2eb47cecc464545ba58e1ad24/library/std/src/panicking.rs:839:13
[INFO] [stdout]   14:     0x5852110ef16a - std::panicking::begin_panic_handler::{{closure}}::h4f9159cfbc3f6bd3
[INFO] [stdout]                                at /rustc/6067b36314ab5eb2eb47cecc464545ba58e1ad24/library/std/src/panicking.rs:704:13
[INFO] [stdout]   15:     0x5852110eda99 - std::sys::backtrace::__rust_end_short_backtrace::h0390abce48353151
[INFO] [stdout]                                at /rustc/6067b36314ab5eb2eb47cecc464545ba58e1ad24/library/std/src/sys/backtrace.rs:168:18
[INFO] [stdout]   16:     0x5852110eedfd - rust_begin_unwind
[INFO] [stdout]                                at /rustc/6067b36314ab5eb2eb47cecc464545ba58e1ad24/library/std/src/panicking.rs:695:5
[INFO] [stdout]   17:     0x585211113670 - core::panicking::panic_fmt::h9e7c637e9e5f29c9
[INFO] [stdout]                                at /rustc/6067b36314ab5eb2eb47cecc464545ba58e1ad24/library/core/src/panicking.rs:75:14
[INFO] [stdout]   18:     0x585211113992 - core::panicking::assert_failed_inner::h538bec7c1374cd9c
[INFO] [stdout]   19:     0x585211073c68 - core::panicking::assert_failed::h2555232f52d6093c
[INFO] [stdout]                                at /rustc/6067b36314ab5eb2eb47cecc464545ba58e1ad24/library/core/src/panicking.rs:364:5
[INFO] [stdout]   20:     0x585211075d43 - _11::tests::test_part_two::h37dc591e7c7b184a
[INFO] [stdout]                                at /opt/rustwide/workdir/src/bin/11.rs:103:9
[INFO] [stdout]   21:     0x585211075c27 - _11::tests::test_part_two::{{closure}}::h10106bd37e7d519a
[INFO] [stdout]                                at /opt/rustwide/workdir/src/bin/11.rs:101:23
[INFO] [stdout]   22:     0x5852110731d6 - core::ops::function::FnOnce::call_once::h569691717407456f
[INFO] [stdout]                                at /rustc/6067b36314ab5eb2eb47cecc464545ba58e1ad24/library/core/src/ops/function.rs:250:5
[INFO] [stdout]   23:     0x5852110b55cb - core::ops::function::FnOnce::call_once::he27718dfdd183f43
[INFO] [stdout]                                at /rustc/6067b36314ab5eb2eb47cecc464545ba58e1ad24/library/core/src/ops/function.rs:250:5
[INFO] [stdout]   24:     0x5852110b55cb - test::__rust_begin_short_backtrace::h4e84902998457a5d
[INFO] [stdout]                                at /rustc/6067b36314ab5eb2eb47cecc464545ba58e1ad24/library/test/src/lib.rs:632:18
[INFO] [stdout]   25:     0x5852110b4503 - test::run_test_in_process::{{closure}}::h7176fd18fc1feca0
[INFO] [stdout]                                at /rustc/6067b36314ab5eb2eb47cecc464545ba58e1ad24/library/test/src/lib.rs:655:60
[INFO] [stdout]   26:     0x5852110b4503 - <core::panic::unwind_safe::AssertUnwindSafe<F> as core::ops::function::FnOnce<()>>::call_once::hf79cff2a624d8cf7
[INFO] [stdout]                                at /rustc/6067b36314ab5eb2eb47cecc464545ba58e1ad24/library/core/src/panic/unwind_safe.rs:272:9
[INFO] [stdout]   27:     0x5852110b4503 - std::panicking::try::do_call::h3da0561d9ab99c25
[INFO] [stdout]                                at /rustc/6067b36314ab5eb2eb47cecc464545ba58e1ad24/library/std/src/panicking.rs:587:40
[INFO] [stdout]   28:     0x5852110b4503 - std::panicking::try::h41c9fa508bc61df6
[INFO] [stdout]                                at /rustc/6067b36314ab5eb2eb47cecc464545ba58e1ad24/library/std/src/panicking.rs:550:19
[INFO] [stdout]   29:     0x5852110b4503 - std::panic::catch_unwind::h6b3ff07bb5afad93
[INFO] [stdout]                                at /rustc/6067b36314ab5eb2eb47cecc464545ba58e1ad24/library/std/src/panic.rs:358:14
[INFO] [stdout]   30:     0x5852110b4503 - test::run_test_in_process::hc7253dd11b39b9f4
[INFO] [stdout]                                at /rustc/6067b36314ab5eb2eb47cecc464545ba58e1ad24/library/test/src/lib.rs:655:27
[INFO] [stdout]   31:     0x5852110b4503 - test::run_test::{{closure}}::hfb2007f8649c30bb
[INFO] [stdout]                                at /rustc/6067b36314ab5eb2eb47cecc464545ba58e1ad24/library/test/src/lib.rs:576:43
[INFO] [stdout]   32:     0x5852110775e5 - test::run_test::{{closure}}::h56a17aa7a282a9f4
[INFO] [stdout]                                at /rustc/6067b36314ab5eb2eb47cecc464545ba58e1ad24/library/test/src/lib.rs:606:41
[INFO] [stdout]   33:     0x5852110775e5 - std::sys::backtrace::__rust_begin_short_backtrace::hd2d2d2fb8e8c6aac
[INFO] [stdout]                                at /rustc/6067b36314ab5eb2eb47cecc464545ba58e1ad24/library/std/src/sys/backtrace.rs:152:18
[INFO] [stdout]   34:     0x58521107aeca - std::thread::Builder::spawn_unchecked_::{{closure}}::{{closure}}::h4faa3f9db6133423
[INFO] [stdout]                                at /rustc/6067b36314ab5eb2eb47cecc464545ba58e1ad24/library/std/src/thread/mod.rs:559:17
[INFO] [stdout]   35:     0x58521107aeca - <core::panic::unwind_safe::AssertUnwindSafe<F> as core::ops::function::FnOnce<()>>::call_once::hf2e855a36a4ea846
[INFO] [stdout]                                at /rustc/6067b36314ab5eb2eb47cecc464545ba58e1ad24/library/core/src/panic/unwind_safe.rs:272:9
[INFO] [stdout]   36:     0x58521107aeca - std::panicking::try::do_call::h2f73af3616c35465
[INFO] [stdout]                                at /rustc/6067b36314ab5eb2eb47cecc464545ba58e1ad24/library/std/src/panicking.rs:587:40
[INFO] [stdout]   37:     0x58521107aeca - std::panicking::try::hd1660ce9efadef5a
[INFO] [stdout]                                at /rustc/6067b36314ab5eb2eb47cecc464545ba58e1ad24/library/std/src/panicking.rs:550:19
[INFO] [stdout]   38:     0x58521107aeca - std::panic::catch_unwind::h5ee8d7823b8ca744
[INFO] [stdout]                                at /rustc/6067b36314ab5eb2eb47cecc464545ba58e1ad24/library/std/src/panic.rs:358:14
[INFO] [stdout]   39:     0x58521107aeca - std::thread::Builder::spawn_unchecked_::{{closure}}::h53c3a1894dce8407
[INFO] [stdout]                                at /rustc/6067b36314ab5eb2eb47cecc464545ba58e1ad24/library/std/src/thread/mod.rs:557:30
[INFO] [stdout]   40:     0x58521107aeca - core::ops::function::FnOnce::call_once{{vtable.shim}}::h048ce291ad4f62bf
[INFO] [stdout]                                at /rustc/6067b36314ab5eb2eb47cecc464545ba58e1ad24/library/core/src/ops/function.rs:250:5
[INFO] [stdout]   41:     0x5852110f33eb - <alloc::boxed::Box<F,A> as core::ops::function::FnOnce<Args>>::call_once::ha52bedf99a3b4981
[INFO] [stdout]                                at /rustc/6067b36314ab5eb2eb47cecc464545ba58e1ad24/library/alloc/src/boxed.rs:2013:9
[INFO] [stdout]   42:     0x5852110f33eb - <alloc::boxed::Box<F,A> as core::ops::function::FnOnce<Args>>::call_once::h567748934d80ccf8
[INFO] [stdout]                                at /rustc/6067b36314ab5eb2eb47cecc464545ba58e1ad24/library/alloc/src/boxed.rs:2013:9
[INFO] [stdout]   43:     0x5852110f33eb - std::sys::pal::unix::thread::Thread::new::thread_start::h2d970728ae887adc
[INFO] [stdout]                                at /rustc/6067b36314ab5eb2eb47cecc464545ba58e1ad24/library/std/src/sys/pal/unix/thread.rs:106:17
[INFO] [stdout]   44:     0x7cc1fb3d5ac3 - <unknown>
[INFO] [stdout]   45:     0x7cc1fb466a04 - clone
[INFO] [stdout]   46:                0x0 - <unknown>
[INFO] [stdout] 
[INFO] [stdout] 
[INFO] [stdout] failures:
[INFO] [stdout]     tests::test_part_two
[INFO] [stdout] 
[INFO] [stdout] test result: FAILED. 1 passed; 1 failed; 0 ignored; 0 measured; 0 filtered out; finished in 0.04s
[INFO] [stdout] 
[INFO] running `Command { std: "docker" "inspect" "242186418c7a30301d33b96f4a817c9f6e60d1fa02eb791807dc184e58766672", kill_on_drop: false }`
[INFO] running `Command { std: "docker" "rm" "-f" "242186418c7a30301d33b96f4a817c9f6e60d1fa02eb791807dc184e58766672", kill_on_drop: false }`
[INFO] [stdout] 242186418c7a30301d33b96f4a817c9f6e60d1fa02eb791807dc184e58766672
