[INFO] cloning repository https://github.com/maksim1744/dslab-mr
[INFO] running `Command { std: "git" "-c" "credential.helper=" "-c" "credential.helper=/workspace/cargo-home/bin/git-credential-null" "clone" "--bare" "https://github.com/maksim1744/dslab-mr" "/workspace/cache/git-repos/https%3A%2F%2Fgithub.com%2Fmaksim1744%2Fdslab-mr", kill_on_drop: false }`
[INFO] [stderr] Cloning into bare repository '/workspace/cache/git-repos/https%3A%2F%2Fgithub.com%2Fmaksim1744%2Fdslab-mr'...
[INFO] running `Command { std: "git" "rev-parse" "HEAD", kill_on_drop: false }`
[INFO] [stdout] e29ba8d17d51a38950d5e09e1404c2015f09b575
[INFO] testing maksim1744/dslab-mr against nightly-2025-01-18 for randomize-layout-2
[INFO] running `Command { std: "git" "clone" "/workspace/cache/git-repos/https%3A%2F%2Fgithub.com%2Fmaksim1744%2Fdslab-mr" "/workspace/builds/worker-0-tc1/source", kill_on_drop: false }`
[INFO] [stderr] Cloning into '/workspace/builds/worker-0-tc1/source'...
[INFO] [stderr] done.
[INFO] validating manifest of git repo https://github.com/maksim1744/dslab-mr on toolchain nightly-2025-01-18
[INFO] running `Command { std: CARGO_HOME="/workspace/cargo-home" RUSTUP_HOME="/workspace/rustup-home" "/workspace/cargo-home/bin/cargo" "+nightly-2025-01-18" "metadata" "--manifest-path" "Cargo.toml" "--no-deps", kill_on_drop: false }`
[INFO] started tweaking git repo https://github.com/maksim1744/dslab-mr
[INFO] finished tweaking git repo https://github.com/maksim1744/dslab-mr
[INFO] tweaked toml for git repo https://github.com/maksim1744/dslab-mr written to /workspace/builds/worker-0-tc1/source/Cargo.toml
[INFO] crate git repo https://github.com/maksim1744/dslab-mr already has a lockfile, it will not be regenerated
[INFO] running `Command { std: CARGO_HOME="/workspace/cargo-home" RUSTUP_HOME="/workspace/rustup-home" "/workspace/cargo-home/bin/cargo" "+nightly-2025-01-18" "fetch" "--manifest-path" "Cargo.toml", kill_on_drop: false }`
[INFO] [stderr]     Updating git repository `https://github.com/osukhoroslov/dslab`
[INFO] [stderr]     Updating crates.io index
[INFO] [stderr]  Downloading crates ...
[INFO] [stderr]   Downloaded serde_type_name v0.2.0
[INFO] [stderr]   Downloaded sugars v3.0.1
[INFO] running `Command { std: "docker" "create" "-v" "/var/lib/crater-agent-workspace/builds/worker-0-tc1/target:/opt/rustwide/target:rw,Z" "-v" "/var/lib/crater-agent-workspace/builds/worker-0-tc1/source:/opt/rustwide/workdir:ro,Z" "-v" "/var/lib/crater-agent-workspace/cargo-home:/opt/rustwide/cargo-home:ro,Z" "-v" "/var/lib/crater-agent-workspace/rustup-home:/opt/rustwide/rustup-home:ro,Z" "-e" "SOURCE_DIR=/opt/rustwide/workdir" "-e" "CARGO_TARGET_DIR=/opt/rustwide/target" "-e" "CARGO_HOME=/opt/rustwide/cargo-home" "-e" "RUSTUP_HOME=/opt/rustwide/rustup-home" "-w" "/opt/rustwide/workdir" "-m" "1610612736" "--user" "0:0" "--network" "none" "ghcr.io/rust-lang/crates-build-env/linux@sha256:819108c5571ea2e421544af4d832f968d213c87fbe3707a016657f43d2f853bc" "/opt/rustwide/cargo-home/bin/cargo" "+nightly-2025-01-18" "metadata" "--no-deps" "--format-version=1", kill_on_drop: false }`
[INFO] [stdout] f4f00f5d0f3555056c5e76f44bbd5b26db7e99e629da86123420bb2a2721847b
[INFO] running `Command { std: "docker" "start" "-a" "f4f00f5d0f3555056c5e76f44bbd5b26db7e99e629da86123420bb2a2721847b", kill_on_drop: false }`
[INFO] running `Command { std: "docker" "inspect" "f4f00f5d0f3555056c5e76f44bbd5b26db7e99e629da86123420bb2a2721847b", kill_on_drop: false }`
[INFO] running `Command { std: "docker" "rm" "-f" "f4f00f5d0f3555056c5e76f44bbd5b26db7e99e629da86123420bb2a2721847b", kill_on_drop: false }`
[INFO] [stdout] f4f00f5d0f3555056c5e76f44bbd5b26db7e99e629da86123420bb2a2721847b
[INFO] running `Command { std: "docker" "create" "-v" "/var/lib/crater-agent-workspace/builds/worker-0-tc1/target:/opt/rustwide/target:rw,Z" "-v" "/var/lib/crater-agent-workspace/builds/worker-0-tc1/source:/opt/rustwide/workdir:ro,Z" "-v" "/var/lib/crater-agent-workspace/cargo-home:/opt/rustwide/cargo-home:ro,Z" "-v" "/var/lib/crater-agent-workspace/rustup-home:/opt/rustwide/rustup-home:ro,Z" "-e" "SOURCE_DIR=/opt/rustwide/workdir" "-e" "CARGO_TARGET_DIR=/opt/rustwide/target" "-e" "CARGO_INCREMENTAL=0" "-e" "RUST_BACKTRACE=full" "-e" "RUSTFLAGS=--cap-lints=forbid" "-e" "RUSTDOCFLAGS=--cap-lints=forbid" "-e" "CARGO_HOME=/opt/rustwide/cargo-home" "-e" "RUSTUP_HOME=/opt/rustwide/rustup-home" "-w" "/opt/rustwide/workdir" "-m" "1610612736" "--user" "0:0" "--network" "none" "ghcr.io/rust-lang/crates-build-env/linux@sha256:819108c5571ea2e421544af4d832f968d213c87fbe3707a016657f43d2f853bc" "/opt/rustwide/cargo-home/bin/cargo" "+nightly-2025-01-18" "build" "--frozen" "--message-format=json", kill_on_drop: false }`
[INFO] [stdout] bb01a4be2c7c91c76d3ddf9f1b271e722751083cac73b63f5422d5f3bf798e78
[INFO] running `Command { std: "docker" "start" "-a" "bb01a4be2c7c91c76d3ddf9f1b271e722751083cac73b63f5422d5f3bf798e78", kill_on_drop: false }`
[INFO] [stderr]    Compiling proc-macro2 v1.0.78
[INFO] [stderr]    Compiling cfg-if v1.0.0
[INFO] [stderr]    Compiling libc v0.2.153
[INFO] [stderr]    Compiling unicode-ident v1.0.12
[INFO] [stderr]    Compiling autocfg v1.1.0
[INFO] [stderr]    Compiling memchr v2.7.1
[INFO] [stderr]    Compiling serde v1.0.199
[INFO] [stderr]    Compiling log v0.4.21
[INFO] [stderr]    Compiling futures-sink v0.3.30
[INFO] [stderr]    Compiling futures-core v0.3.30
[INFO] [stderr]    Compiling ryu v1.0.17
[INFO] [stderr]    Compiling futures-channel v0.3.30
[INFO] [stderr]    Compiling pin-utils v0.1.0
[INFO] [stderr]    Compiling hashbrown v0.14.3
[INFO] [stderr]    Compiling equivalent v1.0.1
[INFO] [stderr]    Compiling lazy_static v1.4.0
[INFO] [stderr]    Compiling futures-task v0.3.30
[INFO] [stderr]    Compiling num-traits v0.2.18
[INFO] [stderr]    Compiling slab v0.4.9
[INFO] [stderr]    Compiling itoa v1.0.10
[INFO] [stderr]    Compiling pin-project-lite v0.2.14
[INFO] [stderr]    Compiling futures-io v0.3.30
[INFO] [stderr]    Compiling ppv-lite86 v0.2.17
[INFO] [stderr]    Compiling serde_json v1.0.117
[INFO] [stderr]    Compiling colored v2.1.0
[INFO] [stderr]    Compiling dyn-clone v1.0.17
[INFO] [stderr]    Compiling pkg-config v0.3.30
[INFO] [stderr]    Compiling quote v1.0.35
[INFO] [stderr]    Compiling downcast-rs v1.2.0
[INFO] [stderr]    Compiling semver v1.0.23
[INFO] [stderr]    Compiling indexmap v2.2.5
[INFO] [stderr]    Compiling getrandom v0.2.12
[INFO] [stderr]    Compiling atty v0.2.14
[INFO] [stderr]    Compiling sugars v3.0.1
[INFO] [stderr]    Compiling utf8parse v0.2.1
[INFO] [stderr]    Compiling anstyle-query v1.0.2
[INFO] [stderr]    Compiling syn v2.0.52
[INFO] [stderr]    Compiling anstyle-parse v0.2.3
[INFO] [stderr]    Compiling rand_core v0.6.4
[INFO] [stderr]    Compiling anstyle v1.0.6
[INFO] [stderr]    Compiling colorchoice v1.0.0
[INFO] [stderr]    Compiling crc32fast v1.4.0
[INFO] [stderr]    Compiling simd-adler32 v0.3.7
[INFO] [stderr]    Compiling rand_chacha v0.3.1
[INFO] [stderr]    Compiling rand_pcg v0.3.1
[INFO] [stderr]    Compiling anstream v0.6.13
[INFO] [stderr]    Compiling rustc_version v0.4.0
[INFO] [stderr]    Compiling num_cpus v1.16.0
[INFO] [stderr]    Compiling aho-corasick v1.1.2
[INFO] [stderr]    Compiling rand v0.8.5
[INFO] [stderr]    Compiling approx v0.5.1
[INFO] [stderr]    Compiling either v1.11.0
[INFO] [stderr]    Compiling unsafe-libyaml v0.2.11
[INFO] [stderr]    Compiling cc v1.0.97
[INFO] [stderr]    Compiling regex-syntax v0.8.2
[INFO] [stderr]    Compiling adler v1.0.2
[INFO] [stderr]    Compiling itertools v0.12.1
[INFO] [stderr]    Compiling miniz_oxide v0.7.2
[INFO] [stderr]    Compiling threadpool v1.8.1
[INFO] [stderr]    Compiling pathfinder_simd v0.5.3
[INFO] [stderr]    Compiling yeslogic-fontconfig-sys v3.2.0
[INFO] [stderr]    Compiling bitflags v1.3.2
[INFO] [stderr]    Compiling flate2 v1.0.30
[INFO] [stderr]    Compiling fdeflate v0.3.4
[INFO] [stderr]    Compiling libloading v0.8.3
[INFO] [stderr]    Compiling regex-automata v0.4.5
[INFO] [stderr]    Compiling freetype-sys v0.20.1
[INFO] [stderr]    Compiling color_quant v1.1.0
[INFO] [stderr]    Compiling strsim v0.11.1
[INFO] [stderr]    Compiling clap_lex v0.7.0
[INFO] [stderr]    Compiling heck v0.5.0
[INFO] [stderr]    Compiling byteorder v1.5.0
[INFO] [stderr]    Compiling clap_builder v4.5.2
[INFO] [stderr]    Compiling png v0.17.13
[INFO] [stderr]    Compiling dlib v0.5.2
[INFO] [stderr]    Compiling dirs-sys-next v0.1.2
[INFO] [stderr]    Compiling jpeg-decoder v0.3.1
[INFO] [stderr]    Compiling font-kit v0.11.0
[INFO] [stderr]    Compiling humantime v2.1.0
[INFO] [stderr]    Compiling weezl v0.1.8
[INFO] [stderr]    Compiling const-cstr v0.3.0
[INFO] [stderr]    Compiling plotters-backend v0.3.5
[INFO] [stderr]    Compiling same-file v1.0.6
[INFO] [stderr]    Compiling bytemuck v1.15.0
[INFO] [stderr]    Compiling once_cell v1.19.0
[INFO] [stderr]    Compiling serde_derive v1.0.199
[INFO] [stderr]    Compiling futures-macro v0.3.30
[INFO] [stderr]    Compiling regex v1.10.3
[INFO] [stderr]    Compiling clap_derive v4.5.4
[INFO] [stderr]    Compiling env_filter v0.1.0
[INFO] [stderr]    Compiling futures-util v0.3.30
[INFO] [stderr]    Compiling env_logger v0.11.3
[INFO] [stderr]    Compiling image v0.24.9
[INFO] [stderr]    Compiling walkdir v2.5.0
[INFO] [stderr]    Compiling gif v0.12.0
[INFO] [stderr]    Compiling dirs-next v2.0.0
[INFO] [stderr]    Compiling pathfinder_geometry v0.5.1
[INFO] [stderr]    Compiling iana-time-zone v0.1.60
[INFO] [stderr]    Compiling clap v4.5.4
[INFO] [stderr]    Compiling float-ord v0.2.0
[INFO] [stderr]    Compiling chrono v0.4.38
[INFO] [stderr]    Compiling plotters-svg v0.3.5
[INFO] [stderr]    Compiling csv-core v0.1.11
[INFO] [stderr]    Compiling ttf-parser v0.17.1
[INFO] [stderr]    Compiling plotters-bitmap v0.3.3
[INFO] [stderr]    Compiling futures-executor v0.3.30
[INFO] [stderr]    Compiling futures v0.3.30
[INFO] [stderr]    Compiling serde_type_name v0.2.0
[INFO] [stderr]    Compiling erased-serde v0.3.31
[INFO] [stderr]    Compiling serde_yaml v0.9.34+deprecated
[INFO] [stderr]    Compiling csv v1.3.0
[INFO] [stderr]    Compiling dslab-core v0.1.0 (https://github.com/osukhoroslov/dslab?rev=59637e355dd2b2927a0da29a430b980fc5c3d3b0#59637e35)
[INFO] [stderr]    Compiling dslab-models v0.1.0 (https://github.com/osukhoroslov/dslab?rev=59637e355dd2b2927a0da29a430b980fc5c3d3b0#59637e35)
[INFO] [stderr]    Compiling dslab-network v0.1.0 (https://github.com/osukhoroslov/dslab?rev=59637e355dd2b2927a0da29a430b980fc5c3d3b0#59637e35)
[INFO] [stderr]    Compiling dslab-compute v0.1.0 (https://github.com/osukhoroslov/dslab?rev=59637e355dd2b2927a0da29a430b980fc5c3d3b0#59637e35)
[INFO] [stderr]    Compiling freetype v0.7.2
[INFO] [stderr]    Compiling dslab-dfs v0.1.0 (/opt/rustwide/workdir/crates/distributed_file_system)
[INFO] [stderr]    Compiling dslab-mr v0.1.0 (/opt/rustwide/workdir/crates/runtime)
[INFO] [stderr]    Compiling plotters v0.3.5
[INFO] [stderr]    Compiling run_experiment v0.1.0 (/opt/rustwide/workdir/tools/run_experiment)
[INFO] [stderr]    Compiling alibaba_parser v0.1.0 (/opt/rustwide/workdir/tools/alibaba_parser)
[INFO] [stderr]    Compiling simple v0.1.0 (/opt/rustwide/workdir/examples/simple)
[INFO] [stderr]    Compiling trace_graphs v0.1.0 (/opt/rustwide/workdir/tools/trace_graphs)
[INFO] [stderr]    Compiling benchmark v0.1.0 (/opt/rustwide/workdir/examples/benchmark)
[INFO] [stderr]     Finished `dev` profile [unoptimized + debuginfo] target(s) in 1m 43s
[INFO] running `Command { std: "docker" "inspect" "bb01a4be2c7c91c76d3ddf9f1b271e722751083cac73b63f5422d5f3bf798e78", kill_on_drop: false }`
[INFO] running `Command { std: "docker" "rm" "-f" "bb01a4be2c7c91c76d3ddf9f1b271e722751083cac73b63f5422d5f3bf798e78", kill_on_drop: false }`
[INFO] [stdout] bb01a4be2c7c91c76d3ddf9f1b271e722751083cac73b63f5422d5f3bf798e78
[INFO] running `Command { std: "docker" "create" "-v" "/var/lib/crater-agent-workspace/builds/worker-0-tc1/target:/opt/rustwide/target:rw,Z" "-v" "/var/lib/crater-agent-workspace/builds/worker-0-tc1/source:/opt/rustwide/workdir:ro,Z" "-v" "/var/lib/crater-agent-workspace/cargo-home:/opt/rustwide/cargo-home:ro,Z" "-v" "/var/lib/crater-agent-workspace/rustup-home:/opt/rustwide/rustup-home:ro,Z" "-e" "SOURCE_DIR=/opt/rustwide/workdir" "-e" "CARGO_TARGET_DIR=/opt/rustwide/target" "-e" "CARGO_INCREMENTAL=0" "-e" "RUST_BACKTRACE=full" "-e" "RUSTFLAGS=--cap-lints=forbid" "-e" "RUSTDOCFLAGS=--cap-lints=forbid" "-e" "CARGO_HOME=/opt/rustwide/cargo-home" "-e" "RUSTUP_HOME=/opt/rustwide/rustup-home" "-w" "/opt/rustwide/workdir" "-m" "1610612736" "--user" "0:0" "--network" "none" "ghcr.io/rust-lang/crates-build-env/linux@sha256:819108c5571ea2e421544af4d832f968d213c87fbe3707a016657f43d2f853bc" "/opt/rustwide/cargo-home/bin/cargo" "+nightly-2025-01-18" "test" "--frozen" "--no-run" "--message-format=json", kill_on_drop: false }`
[INFO] [stdout] 8d306a389fe793ccafe0a9890a2f5af653666c5cfcfa971a1bf6b77229964bd4
[INFO] running `Command { std: "docker" "start" "-a" "8d306a389fe793ccafe0a9890a2f5af653666c5cfcfa971a1bf6b77229964bd4", kill_on_drop: false }`
[INFO] [stderr]    Compiling run_experiment v0.1.0 (/opt/rustwide/workdir/tools/run_experiment)
[INFO] [stderr]    Compiling simple v0.1.0 (/opt/rustwide/workdir/examples/simple)
[INFO] [stderr]    Compiling benchmark v0.1.0 (/opt/rustwide/workdir/examples/benchmark)
[INFO] [stderr]    Compiling alibaba_parser v0.1.0 (/opt/rustwide/workdir/tools/alibaba_parser)
[INFO] [stderr]    Compiling dslab-mr v0.1.0 (/opt/rustwide/workdir/crates/runtime)
[INFO] [stderr]    Compiling dslab-dfs v0.1.0 (/opt/rustwide/workdir/crates/distributed_file_system)
[INFO] [stderr]    Compiling trace_graphs v0.1.0 (/opt/rustwide/workdir/tools/trace_graphs)
[INFO] [stderr]     Finished `test` profile [unoptimized + debuginfo] target(s) in 4.46s
[INFO] running `Command { std: "docker" "inspect" "8d306a389fe793ccafe0a9890a2f5af653666c5cfcfa971a1bf6b77229964bd4", kill_on_drop: false }`
[INFO] running `Command { std: "docker" "rm" "-f" "8d306a389fe793ccafe0a9890a2f5af653666c5cfcfa971a1bf6b77229964bd4", kill_on_drop: false }`
[INFO] [stdout] 8d306a389fe793ccafe0a9890a2f5af653666c5cfcfa971a1bf6b77229964bd4
[INFO] running `Command { std: "docker" "create" "-v" "/var/lib/crater-agent-workspace/builds/worker-0-tc1/target:/opt/rustwide/target:rw,Z" "-v" "/var/lib/crater-agent-workspace/builds/worker-0-tc1/source:/opt/rustwide/workdir:ro,Z" "-v" "/var/lib/crater-agent-workspace/cargo-home:/opt/rustwide/cargo-home:ro,Z" "-v" "/var/lib/crater-agent-workspace/rustup-home:/opt/rustwide/rustup-home:ro,Z" "-e" "SOURCE_DIR=/opt/rustwide/workdir" "-e" "CARGO_TARGET_DIR=/opt/rustwide/target" "-e" "CARGO_INCREMENTAL=0" "-e" "RUST_BACKTRACE=full" "-e" "RUSTFLAGS=--cap-lints=forbid" "-e" "RUSTDOCFLAGS=--cap-lints=forbid" "-e" "CARGO_HOME=/opt/rustwide/cargo-home" "-e" "RUSTUP_HOME=/opt/rustwide/rustup-home" "-w" "/opt/rustwide/workdir" "-m" "1610612736" "--user" "0:0" "--network" "none" "ghcr.io/rust-lang/crates-build-env/linux@sha256:819108c5571ea2e421544af4d832f968d213c87fbe3707a016657f43d2f853bc" "/opt/rustwide/cargo-home/bin/cargo" "+nightly-2025-01-18" "test" "--frozen", kill_on_drop: false }`
[INFO] [stdout] b971fff2c612b9055fcbd6a794d26df88af660bace31b4b2cba2bc875e2e9ced
[INFO] running `Command { std: "docker" "start" "-a" "b971fff2c612b9055fcbd6a794d26df88af660bace31b4b2cba2bc875e2e9ced", kill_on_drop: false }`
[INFO] [stderr]     Finished `test` profile [unoptimized + debuginfo] target(s) in 0.27s
[INFO] [stdout] 
[INFO] [stdout] running 0 tests
[INFO] [stdout] 
[INFO] [stdout] test result: ok. 0 passed; 0 failed; 0 ignored; 0 measured; 0 filtered out; finished in 0.00s
[INFO] [stdout] 
[INFO] [stderr]      Running unittests src/main.rs (/opt/rustwide/target/debug/deps/alibaba_parser-954a27edebc5cdf1)
[INFO] [stderr]      Running unittests src/main.rs (/opt/rustwide/target/debug/deps/benchmark-9e3e1f4cd831585b)
[INFO] [stdout] 
[INFO] [stdout] running 0 tests
[INFO] [stdout] 
[INFO] [stdout] test result: ok. 0 passed; 0 failed; 0 ignored; 0 measured; 0 filtered out; finished in 0.00s
[INFO] [stdout] 
[INFO] [stderr]      Running unittests src/lib.rs (/opt/rustwide/target/debug/deps/dslab_dfs-bf85b2543443f17f)
[INFO] [stdout] 
[INFO] [stdout] running 0 tests
[INFO] [stdout] 
[INFO] [stdout] test result: ok. 0 passed; 0 failed; 0 ignored; 0 measured; 0 filtered out; finished in 0.00s
[INFO] [stdout] 
[INFO] [stderr]      Running tests/tests.rs (/opt/rustwide/target/debug/deps/tests-79d0df8a18ff63b2)
[INFO] [stdout] 
[INFO] [stdout] running 2 tests
[INFO] [stdout] test simple ... ok
[INFO] [stdout] test different_racks ... ok
[INFO] [stdout] 
[INFO] [stdout] test result: ok. 2 passed; 0 failed; 0 ignored; 0 measured; 0 filtered out; finished in 0.14s
[INFO] [stdout] 
[INFO] [stderr]      Running unittests src/lib.rs (/opt/rustwide/target/debug/deps/dslab_mr-9e78369e78b9397e)
[INFO] [stderr]      Running tests/tests.rs (/opt/rustwide/target/debug/deps/tests-dc7e44b09a49eeb4)
[INFO] [stdout] 
[INFO] [stdout] running 0 tests
[INFO] [stdout] 
[INFO] [stdout] test result: ok. 0 passed; 0 failed; 0 ignored; 0 measured; 0 filtered out; finished in 0.00s
[INFO] [stdout] 
[INFO] [stdout] 
[INFO] [stdout] running 1 test
[INFO] [stdout] test map_reduce ... ok
[INFO] [stdout] 
[INFO] [stdout] test result: ok. 1 passed; 0 failed; 0 ignored; 0 measured; 0 filtered out; finished in 0.01s
[INFO] [stdout] 
[INFO] [stderr]      Running unittests src/main.rs (/opt/rustwide/target/debug/deps/run_experiment-2a879b8bb5fb32dd)
[INFO] [stdout] 
[INFO] [stdout] running 0 tests
[INFO] [stdout] 
[INFO] [stdout] test result: ok. 0 passed; 0 failed; 0 ignored; 0 measured; 0 filtered out; finished in 0.00s
[INFO] [stdout] 
[INFO] [stderr]      Running unittests src/main.rs (/opt/rustwide/target/debug/deps/simple-7f7d2e2e0571b6ea)
[INFO] [stdout] 
[INFO] [stdout] running 0 tests
[INFO] [stdout] 
[INFO] [stdout] test result: ok. 0 passed; 0 failed; 0 ignored; 0 measured; 0 filtered out; finished in 0.00s
[INFO] [stdout] 
[INFO] [stderr]      Running unittests src/main.rs (/opt/rustwide/target/debug/deps/trace_graphs-112901ca7f9f6db0)
[INFO] [stdout] 
[INFO] [stdout] running 0 tests
[INFO] [stdout] 
[INFO] [stdout] test result: ok. 0 passed; 0 failed; 0 ignored; 0 measured; 0 filtered out; finished in 0.00s
[INFO] [stdout] 
[INFO] [stderr]    Doc-tests dslab_dfs
[INFO] [stdout] 
[INFO] [stdout] running 0 tests
[INFO] [stdout] 
[INFO] [stdout] test result: ok. 0 passed; 0 failed; 0 ignored; 0 measured; 0 filtered out; finished in 0.00s
[INFO] [stdout] 
[INFO] [stderr]    Doc-tests dslab_mr
[INFO] [stdout] 
[INFO] [stdout] running 1 test
[INFO] [stdout] test crates/runtime/src/lib.rs - (line 13) ... FAILED
[INFO] [stdout] 
[INFO] [stdout] failures:
[INFO] [stdout] 
[INFO] [stdout] ---- crates/runtime/src/lib.rs - (line 13) stdout ----
[INFO] [stdout] Test executable failed (exit status: 101).
[INFO] [stdout] 
[INFO] [stdout] stderr:
[INFO] [stdout] 
[INFO] [stdout] thread 'main' panicked at crates/runtime/src/cluster_simulation.rs:456:18:
[INFO] [stdout] Can't create trace file: Os { code: 30, kind: ReadOnlyFilesystem, message: "Read-only file system" }
[INFO] [stdout] stack backtrace:
[INFO] [stdout]    0:     0x635a0bec4a9a - std::backtrace_rs::backtrace::libunwind::trace::hb059275cfc8d6126
[INFO] [stdout]                                at /rustc/6067b36314ab5eb2eb47cecc464545ba58e1ad24/library/std/src/../../backtrace/src/backtrace/libunwind.rs:116:5
[INFO] [stdout]    1:     0x635a0bec4a9a - std::backtrace_rs::backtrace::trace_unsynchronized::h2da071e4327ce3ee
[INFO] [stdout]                                at /rustc/6067b36314ab5eb2eb47cecc464545ba58e1ad24/library/std/src/../../backtrace/src/backtrace/mod.rs:66:5
[INFO] [stdout]    2:     0x635a0bec4a9a - std::sys::backtrace::_print_fmt::h842a1474e6f8d23f
[INFO] [stdout]                                at /rustc/6067b36314ab5eb2eb47cecc464545ba58e1ad24/library/std/src/sys/backtrace.rs:66:9
[INFO] [stdout]    3:     0x635a0bec4a9a - <std::sys::backtrace::BacktraceLock::print::DisplayBacktrace as core::fmt::Display>::fmt::h71a62eb3b9696b12
[INFO] [stdout]                                at /rustc/6067b36314ab5eb2eb47cecc464545ba58e1ad24/library/std/src/sys/backtrace.rs:39:26
[INFO] [stdout]    4:     0x635a0bee8063 - core::fmt::rt::Argument::fmt::hdb6b616786b41dc1
[INFO] [stdout]                                at /rustc/6067b36314ab5eb2eb47cecc464545ba58e1ad24/library/core/src/fmt/rt.rs:177:76
[INFO] [stdout]    5:     0x635a0bee8063 - core::fmt::write::h2cc1698af7e2d686
[INFO] [stdout]                                at /rustc/6067b36314ab5eb2eb47cecc464545ba58e1ad24/library/core/src/fmt/mod.rs:1440:21
[INFO] [stdout]    6:     0x635a0bec1ae3 - std::io::Write::write_fmt::h00c8700df393f328
[INFO] [stdout]                                at /rustc/6067b36314ab5eb2eb47cecc464545ba58e1ad24/library/std/src/io/mod.rs:1887:15
[INFO] [stdout]    7:     0x635a0bec48e2 - std::sys::backtrace::BacktraceLock::print::h147fe35b4ea13b08
[INFO] [stdout]                                at /rustc/6067b36314ab5eb2eb47cecc464545ba58e1ad24/library/std/src/sys/backtrace.rs:42:9
[INFO] [stdout]    8:     0x635a0bec583f - std::panicking::default_hook::{{closure}}::hbd44223dbdc0d208
[INFO] [stdout]                                at /rustc/6067b36314ab5eb2eb47cecc464545ba58e1ad24/library/std/src/panicking.rs:298:22
[INFO] [stdout]    9:     0x635a0bec56aa - std::panicking::default_hook::h20f81eb0576efcec
[INFO] [stdout]                                at /rustc/6067b36314ab5eb2eb47cecc464545ba58e1ad24/library/std/src/panicking.rs:325:9
[INFO] [stdout]   10:     0x635a0bec6222 - std::panicking::rust_panic_with_hook::h625eea43051b2edc
[INFO] [stdout]                                at /rustc/6067b36314ab5eb2eb47cecc464545ba58e1ad24/library/std/src/panicking.rs:831:13
[INFO] [stdout]   11:     0x635a0bec5faa - std::panicking::begin_panic_handler::{{closure}}::h4f9159cfbc3f6bd3
[INFO] [stdout]                                at /rustc/6067b36314ab5eb2eb47cecc464545ba58e1ad24/library/std/src/panicking.rs:704:13
[INFO] [stdout]   12:     0x635a0bec4f99 - std::sys::backtrace::__rust_end_short_backtrace::h0390abce48353151
[INFO] [stdout]                                at /rustc/6067b36314ab5eb2eb47cecc464545ba58e1ad24/library/std/src/sys/backtrace.rs:168:18
[INFO] [stdout]   13:     0x635a0bec5c3d - rust_begin_unwind
[INFO] [stdout]                                at /rustc/6067b36314ab5eb2eb47cecc464545ba58e1ad24/library/std/src/panicking.rs:695:5
[INFO] [stdout]   14:     0x635a0bee61f0 - core::panicking::panic_fmt::h9e7c637e9e5f29c9
[INFO] [stdout]                                at /rustc/6067b36314ab5eb2eb47cecc464545ba58e1ad24/library/core/src/panicking.rs:75:14
[INFO] [stdout]   15:     0x635a0bee66c6 - core::result::unwrap_failed::h7979f09313fe1849
[INFO] [stdout]                                at /rustc/6067b36314ab5eb2eb47cecc464545ba58e1ad24/library/core/src/result.rs:1704:5
[INFO] [stdout]   16:     0x635a0bcaca8d - core::result::Result<T,E>::expect::hc58ac670d1789f54
[INFO] [stdout]                                at /rustc/6067b36314ab5eb2eb47cecc464545ba58e1ad24/library/core/src/result.rs:1061:23
[INFO] [stdout]   17:     0x635a0bc9d3d3 - dslab_mr::cluster_simulation::ClusterSimulation::run::h4e65d1aec4506157
[INFO] [stdout]                                at /opt/rustwide/workdir/crates/runtime/src/cluster_simulation.rs:455:13
[INFO] [stdout]   18:     0x635a0bc05cc8 - rust_out::main::he88f0b9b281d54e0
[INFO] [stdout]   19:     0x635a0bbef903 - core::ops::function::FnOnce::call_once::hcf3829d8b58d0254
[INFO] [stdout]   20:     0x635a0bbecd36 - std::sys::backtrace::__rust_begin_short_backtrace::h5e1527399e8d5bd4
[INFO] [stdout]   21:     0x635a0bbecd09 - std::rt::lang_start::{{closure}}::h2c234101ed7b1b74
[INFO] [stdout]   22:     0x635a0bebe500 - core::ops::function::impls::<impl core::ops::function::FnOnce<A> for &F>::call_once::h1b085b6c1d2518b2
[INFO] [stdout]                                at /rustc/6067b36314ab5eb2eb47cecc464545ba58e1ad24/library/core/src/ops/function.rs:284:13
[INFO] [stdout]   23:     0x635a0bebe500 - std::panicking::try::do_call::h382f964a5a23b565
[INFO] [stdout]                                at /rustc/6067b36314ab5eb2eb47cecc464545ba58e1ad24/library/std/src/panicking.rs:587:40
[INFO] [stdout]   24:     0x635a0bebe500 - std::panicking::try::h57f991055eb622f9
[INFO] [stdout]                                at /rustc/6067b36314ab5eb2eb47cecc464545ba58e1ad24/library/std/src/panicking.rs:550:19
[INFO] [stdout]   25:     0x635a0bebe500 - std::panic::catch_unwind::h4d9a74ef04456343
[INFO] [stdout]                                at /rustc/6067b36314ab5eb2eb47cecc464545ba58e1ad24/library/std/src/panic.rs:358:14
[INFO] [stdout]   26:     0x635a0bebe500 - std::rt::lang_start_internal::{{closure}}::h2faa8ae84a93f314
[INFO] [stdout]                                at /rustc/6067b36314ab5eb2eb47cecc464545ba58e1ad24/library/std/src/rt.rs:163:24
[INFO] [stdout]   27:     0x635a0bebe500 - std::panicking::try::do_call::h0f8932bf638a9bf5
[INFO] [stdout]                                at /rustc/6067b36314ab5eb2eb47cecc464545ba58e1ad24/library/std/src/panicking.rs:587:40
[INFO] [stdout]   28:     0x635a0bebe500 - std::panicking::try::h683416ea756b175d
[INFO] [stdout]                                at /rustc/6067b36314ab5eb2eb47cecc464545ba58e1ad24/library/std/src/panicking.rs:550:19
[INFO] [stdout]   29:     0x635a0bebe500 - std::panic::catch_unwind::h56189fac8994979f
[INFO] [stdout]                                at /rustc/6067b36314ab5eb2eb47cecc464545ba58e1ad24/library/std/src/panic.rs:358:14
[INFO] [stdout]   30:     0x635a0bebe500 - std::rt::lang_start_internal::h8bbc1061691274fe
[INFO] [stdout]                                at /rustc/6067b36314ab5eb2eb47cecc464545ba58e1ad24/library/std/src/rt.rs:159:5
[INFO] [stdout]   31:     0x635a0bbeccf1 - std::rt::lang_start::h601b10a269c70ef7
[INFO] [stdout]   32:     0x635a0bc05ed5 - main
[INFO] [stdout]   33:     0x7ed40df28d90 - <unknown>
[INFO] [stdout]   34:     0x7ed40df28e40 - __libc_start_main
[INFO] [stdout]   35:     0x635a0bbdadb5 - _start
[INFO] [stdout]   36:                0x0 - <unknown>
[INFO] [stdout] 
[INFO] [stdout] 
[INFO] [stdout] 
[INFO] [stdout] failures:
[INFO] [stdout]     crates/runtime/src/lib.rs - (line 13)
[INFO] [stdout] 
[INFO] [stdout] test result: FAILED. 0 passed; 1 failed; 0 ignored; 0 measured; 0 filtered out; finished in 1.29s
[INFO] [stdout] 
[INFO] [stderr] error: doctest failed, to rerun pass `-p dslab-mr --doc`
[INFO] running `Command { std: "docker" "inspect" "b971fff2c612b9055fcbd6a794d26df88af660bace31b4b2cba2bc875e2e9ced", kill_on_drop: false }`
[INFO] running `Command { std: "docker" "rm" "-f" "b971fff2c612b9055fcbd6a794d26df88af660bace31b4b2cba2bc875e2e9ced", kill_on_drop: false }`
[INFO] [stdout] b971fff2c612b9055fcbd6a794d26df88af660bace31b4b2cba2bc875e2e9ced
