[INFO] cloning repository https://github.com/magwoo/cookie-rs
[INFO] running `Command { std: "git" "-c" "credential.helper=" "-c" "credential.helper=/workspace/cargo-home/bin/git-credential-null" "clone" "--bare" "https://github.com/magwoo/cookie-rs" "/workspace/cache/git-repos/https%3A%2F%2Fgithub.com%2Fmagwoo%2Fcookie-rs", kill_on_drop: false }`
[INFO] [stderr] Cloning into bare repository '/workspace/cache/git-repos/https%3A%2F%2Fgithub.com%2Fmagwoo%2Fcookie-rs'...
[INFO] running `Command { std: "git" "rev-parse" "HEAD", kill_on_drop: false }`
[INFO] [stdout] a99d5d8047ccb232d6a889eedae16156ef730a59
[INFO] testing magwoo/cookie-rs against nightly-2025-01-18 for randomize-layout-2
[INFO] running `Command { std: "git" "clone" "/workspace/cache/git-repos/https%3A%2F%2Fgithub.com%2Fmagwoo%2Fcookie-rs" "/workspace/builds/worker-3-tc1/source", kill_on_drop: false }`
[INFO] [stderr] Cloning into '/workspace/builds/worker-3-tc1/source'...
[INFO] [stderr] done.
[INFO] validating manifest of git repo https://github.com/magwoo/cookie-rs on toolchain nightly-2025-01-18
[INFO] running `Command { std: CARGO_HOME="/workspace/cargo-home" RUSTUP_HOME="/workspace/rustup-home" "/workspace/cargo-home/bin/cargo" "+nightly-2025-01-18" "metadata" "--manifest-path" "Cargo.toml" "--no-deps", kill_on_drop: false }`
[INFO] started tweaking git repo https://github.com/magwoo/cookie-rs
[INFO] finished tweaking git repo https://github.com/magwoo/cookie-rs
[INFO] tweaked toml for git repo https://github.com/magwoo/cookie-rs written to /workspace/builds/worker-3-tc1/source/Cargo.toml
[INFO] crate git repo https://github.com/magwoo/cookie-rs already has a lockfile, it will not be regenerated
[INFO] running `Command { std: CARGO_HOME="/workspace/cargo-home" RUSTUP_HOME="/workspace/rustup-home" "/workspace/cargo-home/bin/cargo" "+nightly-2025-01-18" "fetch" "--manifest-path" "Cargo.toml", kill_on_drop: false }`
[INFO] running `Command { std: "docker" "create" "-v" "/var/lib/crater-agent-workspace/builds/worker-3-tc1/target:/opt/rustwide/target:rw,Z" "-v" "/var/lib/crater-agent-workspace/builds/worker-3-tc1/source:/opt/rustwide/workdir:ro,Z" "-v" "/var/lib/crater-agent-workspace/cargo-home:/opt/rustwide/cargo-home:ro,Z" "-v" "/var/lib/crater-agent-workspace/rustup-home:/opt/rustwide/rustup-home:ro,Z" "-e" "SOURCE_DIR=/opt/rustwide/workdir" "-e" "CARGO_TARGET_DIR=/opt/rustwide/target" "-e" "CARGO_HOME=/opt/rustwide/cargo-home" "-e" "RUSTUP_HOME=/opt/rustwide/rustup-home" "-w" "/opt/rustwide/workdir" "-m" "1610612736" "--user" "0:0" "--network" "none" "ghcr.io/rust-lang/crates-build-env/linux@sha256:819108c5571ea2e421544af4d832f968d213c87fbe3707a016657f43d2f853bc" "/opt/rustwide/cargo-home/bin/cargo" "+nightly-2025-01-18" "metadata" "--no-deps" "--format-version=1", kill_on_drop: false }`
[INFO] [stdout] 78688f893f7dcecdf1a03fd942973d4383e2cb01489f7766b988c0ac16a7fa30
[INFO] running `Command { std: "docker" "start" "-a" "78688f893f7dcecdf1a03fd942973d4383e2cb01489f7766b988c0ac16a7fa30", kill_on_drop: false }`
[INFO] running `Command { std: "docker" "inspect" "78688f893f7dcecdf1a03fd942973d4383e2cb01489f7766b988c0ac16a7fa30", kill_on_drop: false }`
[INFO] running `Command { std: "docker" "rm" "-f" "78688f893f7dcecdf1a03fd942973d4383e2cb01489f7766b988c0ac16a7fa30", kill_on_drop: false }`
[INFO] [stdout] 78688f893f7dcecdf1a03fd942973d4383e2cb01489f7766b988c0ac16a7fa30
[INFO] running `Command { std: "docker" "create" "-v" "/var/lib/crater-agent-workspace/builds/worker-3-tc1/target:/opt/rustwide/target:rw,Z" "-v" "/var/lib/crater-agent-workspace/builds/worker-3-tc1/source:/opt/rustwide/workdir:ro,Z" "-v" "/var/lib/crater-agent-workspace/cargo-home:/opt/rustwide/cargo-home:ro,Z" "-v" "/var/lib/crater-agent-workspace/rustup-home:/opt/rustwide/rustup-home:ro,Z" "-e" "SOURCE_DIR=/opt/rustwide/workdir" "-e" "CARGO_TARGET_DIR=/opt/rustwide/target" "-e" "CARGO_INCREMENTAL=0" "-e" "RUST_BACKTRACE=full" "-e" "RUSTFLAGS=--cap-lints=forbid" "-e" "RUSTDOCFLAGS=--cap-lints=forbid" "-e" "CARGO_HOME=/opt/rustwide/cargo-home" "-e" "RUSTUP_HOME=/opt/rustwide/rustup-home" "-w" "/opt/rustwide/workdir" "-m" "1610612736" "--user" "0:0" "--network" "none" "ghcr.io/rust-lang/crates-build-env/linux@sha256:819108c5571ea2e421544af4d832f968d213c87fbe3707a016657f43d2f853bc" "/opt/rustwide/cargo-home/bin/cargo" "+nightly-2025-01-18" "build" "--frozen" "--message-format=json", kill_on_drop: false }`
[INFO] [stdout] 6a686ff75eee84f27a2069e293ecf812fb3798727ba16ff3b32d4716726193ae
[INFO] running `Command { std: "docker" "start" "-a" "6a686ff75eee84f27a2069e293ecf812fb3798727ba16ff3b32d4716726193ae", kill_on_drop: false }`
[INFO] [stderr]    Compiling cookie-rs v0.2.1 (/opt/rustwide/workdir)
[INFO] [stderr]     Finished `dev` profile [unoptimized + debuginfo] target(s) in 0.51s
[INFO] running `Command { std: "docker" "inspect" "6a686ff75eee84f27a2069e293ecf812fb3798727ba16ff3b32d4716726193ae", kill_on_drop: false }`
[INFO] running `Command { std: "docker" "rm" "-f" "6a686ff75eee84f27a2069e293ecf812fb3798727ba16ff3b32d4716726193ae", kill_on_drop: false }`
[INFO] [stdout] 6a686ff75eee84f27a2069e293ecf812fb3798727ba16ff3b32d4716726193ae
[INFO] running `Command { std: "docker" "create" "-v" "/var/lib/crater-agent-workspace/builds/worker-3-tc1/target:/opt/rustwide/target:rw,Z" "-v" "/var/lib/crater-agent-workspace/builds/worker-3-tc1/source:/opt/rustwide/workdir:ro,Z" "-v" "/var/lib/crater-agent-workspace/cargo-home:/opt/rustwide/cargo-home:ro,Z" "-v" "/var/lib/crater-agent-workspace/rustup-home:/opt/rustwide/rustup-home:ro,Z" "-e" "SOURCE_DIR=/opt/rustwide/workdir" "-e" "CARGO_TARGET_DIR=/opt/rustwide/target" "-e" "CARGO_INCREMENTAL=0" "-e" "RUST_BACKTRACE=full" "-e" "RUSTFLAGS=--cap-lints=forbid" "-e" "RUSTDOCFLAGS=--cap-lints=forbid" "-e" "CARGO_HOME=/opt/rustwide/cargo-home" "-e" "RUSTUP_HOME=/opt/rustwide/rustup-home" "-w" "/opt/rustwide/workdir" "-m" "1610612736" "--user" "0:0" "--network" "none" "ghcr.io/rust-lang/crates-build-env/linux@sha256:819108c5571ea2e421544af4d832f968d213c87fbe3707a016657f43d2f853bc" "/opt/rustwide/cargo-home/bin/cargo" "+nightly-2025-01-18" "test" "--frozen" "--no-run" "--message-format=json", kill_on_drop: false }`
[INFO] [stdout] 265ed26af70aba4b8d9d9a0941dc5642574956bcd3d36041d0d2fdc0e7cc5eea
[INFO] running `Command { std: "docker" "start" "-a" "265ed26af70aba4b8d9d9a0941dc5642574956bcd3d36041d0d2fdc0e7cc5eea", kill_on_drop: false }`
[INFO] [stderr]    Compiling cookie-rs v0.2.1 (/opt/rustwide/workdir)
[INFO] [stderr]     Finished `test` profile [unoptimized + debuginfo] target(s) in 0.70s
[INFO] running `Command { std: "docker" "inspect" "265ed26af70aba4b8d9d9a0941dc5642574956bcd3d36041d0d2fdc0e7cc5eea", kill_on_drop: false }`
[INFO] running `Command { std: "docker" "rm" "-f" "265ed26af70aba4b8d9d9a0941dc5642574956bcd3d36041d0d2fdc0e7cc5eea", kill_on_drop: false }`
[INFO] [stdout] 265ed26af70aba4b8d9d9a0941dc5642574956bcd3d36041d0d2fdc0e7cc5eea
[INFO] running `Command { std: "docker" "create" "-v" "/var/lib/crater-agent-workspace/builds/worker-3-tc1/target:/opt/rustwide/target:rw,Z" "-v" "/var/lib/crater-agent-workspace/builds/worker-3-tc1/source:/opt/rustwide/workdir:ro,Z" "-v" "/var/lib/crater-agent-workspace/cargo-home:/opt/rustwide/cargo-home:ro,Z" "-v" "/var/lib/crater-agent-workspace/rustup-home:/opt/rustwide/rustup-home:ro,Z" "-e" "SOURCE_DIR=/opt/rustwide/workdir" "-e" "CARGO_TARGET_DIR=/opt/rustwide/target" "-e" "CARGO_INCREMENTAL=0" "-e" "RUST_BACKTRACE=full" "-e" "RUSTFLAGS=--cap-lints=forbid" "-e" "RUSTDOCFLAGS=--cap-lints=forbid" "-e" "CARGO_HOME=/opt/rustwide/cargo-home" "-e" "RUSTUP_HOME=/opt/rustwide/rustup-home" "-w" "/opt/rustwide/workdir" "-m" "1610612736" "--user" "0:0" "--network" "none" "ghcr.io/rust-lang/crates-build-env/linux@sha256:819108c5571ea2e421544af4d832f968d213c87fbe3707a016657f43d2f853bc" "/opt/rustwide/cargo-home/bin/cargo" "+nightly-2025-01-18" "test" "--frozen", kill_on_drop: false }`
[INFO] [stdout] 7d8babc8bb9bfcb7848283257dc09b5ad2e354b958fdabd0495cd73372656f3f
[INFO] running `Command { std: "docker" "start" "-a" "7d8babc8bb9bfcb7848283257dc09b5ad2e354b958fdabd0495cd73372656f3f", kill_on_drop: false }`
[INFO] [stderr]     Finished `test` profile [unoptimized + debuginfo] target(s) in 0.01s
[INFO] [stderr]      Running unittests src/lib.rs (/opt/rustwide/target/debug/deps/cookie_rs-1e6dcb03f3cf3125)
[INFO] [stdout] 
[INFO] [stdout] running 0 tests
[INFO] [stdout] 
[INFO] [stdout] test result: ok. 0 passed; 0 failed; 0 ignored; 0 measured; 0 filtered out; finished in 0.00s
[INFO] [stdout] 
[INFO] [stderr]      Running tests/jar.rs (/opt/rustwide/target/debug/deps/jar-4eea7c49ffbba186)
[INFO] [stdout] 
[INFO] [stdout] running 10 tests
[INFO] [stderr]      Running tests/parse.rs (/opt/rustwide/target/debug/deps/parse-4ab47f909f0457a5)
[INFO] [stdout] test cookie_jar_add_cookie ... ok
[INFO] [stdout] test cookie_jar_empty ... ok
[INFO] [stdout] test cookie_jar_empty_string ... ok
[INFO] [stdout] test cookie_jar_empty_string3 ... ok
[INFO] [stdout] test cookie_jar_overwrite_cookie ... ok
[INFO] [stdout] test cookie_jar_empty_string2 ... ok
[INFO] [stdout] test cookie_jar_parse_cookie_header ... ok
[INFO] [stdout] test cookie_jar_to_header_values ... ok
[INFO] [stdout] test cookie_jar_remove_cookie ... ok
[INFO] [stdout] test cookie_jar_add_multiple_cookies ... ok
[INFO] [stdout] 
[INFO] [stdout] test result: ok. 10 passed; 0 failed; 0 ignored; 0 measured; 0 filtered out; finished in 0.01s
[INFO] [stdout] 
[INFO] [stdout] 
[INFO] [stdout] running 27 tests
[INFO] [stdout] test cookie_with_case_insensitive_attributes ... ok
[INFO] [stdout] test cookie_with_empty_pair ... ok
[INFO] [stdout] test cookie_with_empty_attribute_value ... ok
[INFO] [stdout] test cookie_with_duplicate_attributes ... ok
[INFO] [stdout] test cookie_with_multiple_attributes ... ok
[INFO] [stdout] test cookie_with_path ... ok
[INFO] [stdout] test cookie_with_httponly ... ok
[INFO] [stdout] test cookie_with_samesite_lax ... ok
[INFO] [stdout] test cookie_with_samesite_strict ... ok
[INFO] [stdout] test cookie_with_secure ... ok
[INFO] [stdout] test cookie_with_partitioned ... ok
[INFO] [stdout] test cookie_with_invalid_max_age ... ok
[INFO] [stdout] test cookie_with_non_ascii_name ... ok
[INFO] [stdout] test cookie_with_unexpected_whitespace ... ok
[INFO] [stdout] test cookie_with_unknown_attribute_non_strict ... ok
[INFO] [stdout] test cookie_with_unknown_attribute_strict ... ok
[INFO] [stdout] test cookie_with_domain ... ok
[INFO] [stdout] test cookie_with_max_age ... ok
[INFO] [stdout] test empty_name ... ok
[INFO] [stdout] test empty_value ... ok
[INFO] [stdout] test empty_input ... ok
[INFO] [stdout] test cookie_with_expires ... ok
[INFO] [stdout] test cookie_with_invalid_format ... ok
[INFO] [stdout] test cookie_with_invalid_samesite_value ... ok
[INFO] [stdout] test cookie_with_trailing_semicolon ... ok
[INFO] [stdout] test malformed_cookie_missing_equals ... ok
[INFO] [stdout] test simple_cookie ... ok
[INFO] [stdout] 
[INFO] [stdout] test result: ok. 27 passed; 0 failed; 0 ignored; 0 measured; 0 filtered out; finished in 0.01s
[INFO] [stdout] 
[INFO] [stderr]      Running tests/string.rs (/opt/rustwide/target/debug/deps/string-6d78fced08263392)
[INFO] [stdout] 
[INFO] [stdout] running 14 tests
[INFO] [stdout] test cookie_with_all_attributes ... ok
[INFO] [stdout] test cookie_with_empty_attributes ... ok
[INFO] [stdout] test cookie_with_expires ... ok
[INFO] [stdout] test cookie_with_max_age ... ok
[INFO] [stdout] test cookie_with_domain ... ok
[INFO] [stdout] test cookie_with_samesite_strict ... ok
[INFO] [stdout] test cookie_with_secure ... ok
[INFO] [stdout] test empty_value ... ok
[INFO] [stdout] test cookie_with_partitioned ... ok
[INFO] [stdout] test simple_string ... ok
[INFO] [stdout] test cookie_with_empty_name ... ok
[INFO] [stdout] test cookie_with_empty_name_and_value ... ok
[INFO] [stdout] test cookie_with_path ... ok
[INFO] [stdout] test cookie_with_httponly ... ok
[INFO] [stdout] 
[INFO] [stdout] test result: ok. 14 passed; 0 failed; 0 ignored; 0 measured; 0 filtered out; finished in 0.01s
[INFO] [stdout] 
[INFO] [stderr]    Doc-tests cookie_rs
[INFO] [stdout] 
[INFO] [stdout] running 48 tests
[INFO] [stdout] test src/cookie.rs - cookie::Cookie<'a>::name (line 224) ... ok
[INFO] [stdout] test src/cookie.rs - cookie::Cookie<'a>::builder (line 68) ... ok
[INFO] [stdout] test src/cookie.rs - cookie::Cookie<'a>::new (line 42) ... ok
[INFO] [stdout] test src/cookie.rs - cookie::Cookie<'a>::path (line 321) ... ok
[INFO] [stdout] test src/cookie.rs - cookie::Cookie<'a>::domain (line 250) ... ok
[INFO] [stdout] test src/cookie.rs - cookie::Cookie<'a>::max_age (line 292) ... ok
[INFO] [stdout] test src/cookie.rs - cookie::Cookie<'a>::set_max_age (line 141) ... ok
[INFO] [stdout] test src/cookie.rs - cookie::Cookie<'a>::set_domain (line 90) ... ok
[INFO] [stdout] test src/cookie.rs - cookie::Cookie<'a>::set_partitioned (line 159) ... ok
[INFO] [stdout] test src/cookie.rs - cookie::Cookie<'a>::set_http_only (line 124) ... ok
[INFO] [stdout] test src/cookie.rs - cookie::Cookie<'a>::partitioned (line 307) ... ok
[INFO] [stdout] test src/cookie.rs - cookie::Cookie<'a>::secure (line 349) ... ok
[INFO] [stdout] test src/cookie.rs - cookie::Cookie<'a>::same_site (line 335) ... ok
[INFO] [stdout] test src/cookie.rs - cookie::Cookie<'a>::set_expires (line 107) ... ok
[INFO] [stdout] test src/cookie.rs - cookie::Cookie<'a>::http_only (line 278) ... ok
[INFO] [stdout] test src/cookie.rs - cookie::Cookie<'a>::expires (line 264) ... ok
[INFO] [stdout] test src/cookie.rs - cookie::Cookie<'a>::set_secure (line 210) ... ok
[INFO] [stdout] test src/cookie.rs - cookie::Cookie<'a>::set_path (line 176) ... ok
[INFO] [stdout] test src/cookie/builder.rs - cookie::builder::CookieBuilder<'a>::domain (line 39) ... ok
[INFO] [stdout] test src/cookie.rs - cookie::Cookie<'a>::value (line 237) ... ok
[INFO] [stdout] test src/cookie.rs - cookie::Cookie<'a>::set_same_site (line 193) ... ok
[INFO] [stdout] test src/cookie/builder.rs - cookie::builder::CookieBuilder<'a>::max_age (line 99) ... ok
[INFO] [stdout] test src/cookie/builder.rs - cookie::builder::CookieBuilder<'a>::partitioned (line 120) ... ok
[INFO] [stdout] test src/cookie/builder.rs - cookie::builder::CookieBuilder<'a>::new (line 20) ... ok
[INFO] [stdout] test src/cookie/builder.rs - cookie::builder::CookieBuilder<'a>::expires (line 59) ... ok
[INFO] [stdout] test src/cookie/builder.rs - cookie::builder::CookieBuilder<'a>::path (line 140) ... ok
[INFO] [stdout] test src/cookie/builder.rs - cookie::builder::CookieBuilder<'a>::http_only (line 79) ... ok
[INFO] [stdout] test src/cookie/builder.rs - cookie::builder::CookieBuilder<'a>::secure (line 180) ... ok
[INFO] [stdout] test src/cookie/builder.rs - cookie::builder::CookieBuilder<'a>::build (line 197) ... ok
[INFO] [stdout] test src/cookie/builder.rs - cookie::builder::CookieBuilder<'a>::same_site (line 160) ... ok
[INFO] [stdout] test src/cookie/parse.rs - cookie::parse (line 13) ... ok
[INFO] [stdout] test src/cookie/parse.rs - cookie::parse::SameSite::parse (line 153) ... ok
[INFO] [stdout] test src/cookie/parse.rs - cookie::parse::Cookie<'a>::parse_strict (line 68) ... ok
[INFO] [stdout] test src/cookie/parse.rs - cookie::parse::Cookie<'a>::parse (line 45) ... ok
[INFO] [stdout] test src/lib.rs - (line 41) ... FAILED
[INFO] [stdout] test src/lib.rs - (line 27) ... FAILED
[INFO] [stdout] test src/lib.rs - (line 99) ... FAILED
[INFO] [stdout] test src/jar.rs - jar::CookieJar<'a>::remove (line 93) ... ok
[INFO] [stdout] test src/lib.rs - (line 47) ... ok
[INFO] [stdout] test src/jar.rs - jar::CookieJar<'a>::changes (line 136) ... ok
[INFO] [stdout] test src/jar.rs - jar::CookieJar<'a>::get (line 54) ... ok
[INFO] [stdout] test src/jar.rs - jar::CookieJar<'a>::new (line 31) ... ok
[INFO] [stdout] test src/lib.rs - (line 76) ... ok
[INFO] [stdout] test src/jar.rs - jar::CookieJar<'a>::add (line 77) ... ok
[INFO] [stdout] test src/jar.rs - jar::CookieJar<'a>::cookie (line 107) ... ok
[INFO] [stdout] test src/jar.rs - jar::CookieJar<'a>::as_header_values (line 156) ... ok
[INFO] [stdout] test src/lib.rs - (line 59) ... ok
[INFO] [stdout] test src/lib.rs - (line 86) ... ok
[INFO] [stdout] 
[INFO] [stdout] failures:
[INFO] [stdout] 
[INFO] [stdout] ---- src/lib.rs - (line 41) stdout ----
[INFO] [stdout] error: expected expression, found `/`
[INFO] [stdout]  --> src/lib.rs:42:42
[INFO] [stdout]   |
[INFO] [stdout] 3 | session=abc123; Domain=example.com; Path=/; Secure; HttpOnly; SameSite=Lax
[INFO] [stdout]   |                                          ^ expected expression
[INFO] [stdout] 
[INFO] [stdout] error[E0425]: cannot find value `session` in this scope
[INFO] [stdout]  --> src/lib.rs:42:1
[INFO] [stdout]   |
[INFO] [stdout] 3 | session=abc123; Domain=example.com; Path=/; Secure; HttpOnly; SameSite=Lax
[INFO] [stdout]   | ^^^^^^^
[INFO] [stdout]   |
[INFO] [stdout] help: you might have meant to introduce a new binding
[INFO] [stdout]   |
[INFO] [stdout] 3 | let session=abc123; Domain=example.com; Path=/; Secure; HttpOnly; SameSite=Lax
[INFO] [stdout]   | +++
[INFO] [stdout] 
[INFO] [stdout] error[E0425]: cannot find value `abc123` in this scope
[INFO] [stdout]  --> src/lib.rs:42:9
[INFO] [stdout]   |
[INFO] [stdout] 3 | session=abc123; Domain=example.com; Path=/; Secure; HttpOnly; SameSite=Lax
[INFO] [stdout]   |         ^^^^^^ not found in this scope
[INFO] [stdout] 
[INFO] [stdout] error[E0425]: cannot find value `Domain` in this scope
[INFO] [stdout]  --> src/lib.rs:42:17
[INFO] [stdout]   |
[INFO] [stdout] 3 | session=abc123; Domain=example.com; Path=/; Secure; HttpOnly; SameSite=Lax
[INFO] [stdout]   |                 ^^^^^^
[INFO] [stdout]   |
[INFO] [stdout] help: you might have meant to introduce a new binding
[INFO] [stdout]   |
[INFO] [stdout] 3 | session=abc123; let Domain=example.com; Path=/; Secure; HttpOnly; SameSite=Lax
[INFO] [stdout]   |                 +++
[INFO] [stdout] help: consider importing this unit variant
[INFO] [stdout]   |
[INFO] [stdout] 2 + use cookie_rs::error::MissingPair::Domain;
[INFO] [stdout]   |
[INFO] [stdout] 
[INFO] [stdout] error[E0425]: cannot find value `example` in this scope
[INFO] [stdout]  --> src/lib.rs:42:24
[INFO] [stdout]   |
[INFO] [stdout] 3 | session=abc123; Domain=example.com; Path=/; Secure; HttpOnly; SameSite=Lax
[INFO] [stdout]   |                        ^^^^^^^ not found in this scope
[INFO] [stdout] 
[INFO] [stdout] error: aborting due to 5 previous errors
[INFO] [stdout] 
[INFO] [stdout] For more information about this error, try `rustc --explain E0425`.
[INFO] [stdout] Couldn't compile the test.
[INFO] [stdout] ---- src/lib.rs - (line 27) stdout ----
[INFO] [stdout] error[E0433]: failed to resolve: could not find `SameSite` in `cookie_rs`
[INFO] [stdout]   --> src/lib.rs:35:27
[INFO] [stdout]    |
[INFO] [stdout] 11 |     .same_site(cookie_rs::SameSite::Lax)
[INFO] [stdout]    |                           ^^^^^^^^ could not find `SameSite` in `cookie_rs`
[INFO] [stdout]    |
[INFO] [stdout] help: consider importing this enum
[INFO] [stdout]    |
[INFO] [stdout] 2  + use cookie_rs::prelude::SameSite;
[INFO] [stdout]    |
[INFO] [stdout] help: if you import `SameSite`, refer to it directly
[INFO] [stdout]    |
[INFO] [stdout] 11 -     .same_site(cookie_rs::SameSite::Lax)
[INFO] [stdout] 11 +     .same_site(SameSite::Lax)
[INFO] [stdout]    |
[INFO] [stdout] 
[INFO] [stdout] error: aborting due to 1 previous error
[INFO] [stdout] 
[INFO] [stdout] For more information about this error, try `rustc --explain E0433`.
[INFO] [stdout] Couldn't compile the test.
[INFO] [stdout] ---- src/lib.rs - (line 99) stdout ----
[INFO] [stdout] error: expected identifier, found `:`
[INFO] [stdout]  --> src/lib.rs:100:11
[INFO] [stdout]   |
[INFO] [stdout] 3 | Set-Cookie: name1=value1
[INFO] [stdout]   |           ^ expected identifier
[INFO] [stdout]   |
[INFO] [stdout]   = note: type ascription syntax has been removed, see issue #101728 <https://github.com/rust-lang/rust/issues/101728>
[INFO] [stdout] help: you might have meant to introduce a new binding
[INFO] [stdout]   |
[INFO] [stdout] 3 | Set-let Cookie: name1=value1
[INFO] [stdout]   |     +++
[INFO] [stdout] 
[INFO] [stdout] error: aborting due to 1 previous error
[INFO] [stdout] 
[INFO] [stdout] Couldn't compile the test.
[INFO] [stdout] 
[INFO] [stdout] failures:
[INFO] [stdout]     src/lib.rs - (line 27)
[INFO] [stdout]     src/lib.rs - (line 41)
[INFO] [stdout]     src/lib.rs - (line 99)
[INFO] [stdout] 
[INFO] [stdout] test result: FAILED. 45 passed; 3 failed; 0 ignored; 0 measured; 0 filtered out; finished in 2.12s
[INFO] [stdout] 
[INFO] [stderr] error: doctest failed, to rerun pass `--doc`
[INFO] running `Command { std: "docker" "inspect" "7d8babc8bb9bfcb7848283257dc09b5ad2e354b958fdabd0495cd73372656f3f", kill_on_drop: false }`
[INFO] running `Command { std: "docker" "rm" "-f" "7d8babc8bb9bfcb7848283257dc09b5ad2e354b958fdabd0495cd73372656f3f", kill_on_drop: false }`
[INFO] [stdout] 7d8babc8bb9bfcb7848283257dc09b5ad2e354b958fdabd0495cd73372656f3f
