[INFO] cloning repository https://github.com/magicLaLa/juejin-actions
[INFO] running `Command { std: "git" "-c" "credential.helper=" "-c" "credential.helper=/workspace/cargo-home/bin/git-credential-null" "clone" "--bare" "https://github.com/magicLaLa/juejin-actions" "/workspace/cache/git-repos/https%3A%2F%2Fgithub.com%2FmagicLaLa%2Fjuejin-actions", kill_on_drop: false }`
[INFO] [stderr] Cloning into bare repository '/workspace/cache/git-repos/https%3A%2F%2Fgithub.com%2FmagicLaLa%2Fjuejin-actions'...
[INFO] running `Command { std: "git" "rev-parse" "HEAD", kill_on_drop: false }`
[INFO] [stdout] 1c2a3d7eb6fcbe86b9ab61c0dba6d31f0769ca8d
[INFO] testing magicLaLa/juejin-actions against nightly-2025-01-18 for randomize-layout-2
[INFO] running `Command { std: "git" "clone" "/workspace/cache/git-repos/https%3A%2F%2Fgithub.com%2FmagicLaLa%2Fjuejin-actions" "/workspace/builds/worker-0-tc1/source", kill_on_drop: false }`
[INFO] [stderr] Cloning into '/workspace/builds/worker-0-tc1/source'...
[INFO] [stderr] done.
[INFO] validating manifest of git repo https://github.com/magicLaLa/juejin-actions on toolchain nightly-2025-01-18
[INFO] running `Command { std: CARGO_HOME="/workspace/cargo-home" RUSTUP_HOME="/workspace/rustup-home" "/workspace/cargo-home/bin/cargo" "+nightly-2025-01-18" "metadata" "--manifest-path" "Cargo.toml" "--no-deps", kill_on_drop: false }`
[INFO] started tweaking git repo https://github.com/magicLaLa/juejin-actions
[INFO] finished tweaking git repo https://github.com/magicLaLa/juejin-actions
[INFO] tweaked toml for git repo https://github.com/magicLaLa/juejin-actions written to /workspace/builds/worker-0-tc1/source/Cargo.toml
[INFO] crate git repo https://github.com/magicLaLa/juejin-actions already has a lockfile, it will not be regenerated
[INFO] running `Command { std: CARGO_HOME="/workspace/cargo-home" RUSTUP_HOME="/workspace/rustup-home" "/workspace/cargo-home/bin/cargo" "+nightly-2025-01-18" "fetch" "--manifest-path" "Cargo.toml", kill_on_drop: false }`
[INFO] [stderr]     Blocking waiting for file lock on package cache
[INFO] [stderr]     Blocking waiting for file lock on package cache
[INFO] [stderr]  Downloading crates ...
[INFO] [stderr]   Downloaded futures-task v0.3.19
[INFO] [stderr]   Downloaded futures-core v0.3.19
[INFO] [stderr]   Downloaded futures-sink v0.3.19
[INFO] [stderr]   Downloaded pkg-config v0.3.24
[INFO] [stderr]   Downloaded futures-channel v0.3.19
[INFO] [stderr]   Downloaded core-foundation v0.9.2
[INFO] [stderr]   Downloaded httparse v1.5.1
[INFO] [stderr]   Downloaded tracing v0.1.29
[INFO] [stderr]   Downloaded serde v1.0.133
[INFO] [stderr]   Downloaded security-framework v2.4.2
[INFO] [stderr]   Downloaded serde_json v1.0.74
[INFO] [stderr]   Downloaded futures-util v0.3.19
[INFO] [stderr]   Downloaded h2 v0.3.10
[INFO] [stderr]   Downloaded cc v1.0.72
[INFO] [stderr]   Downloaded hyper v0.14.16
[INFO] [stderr]   Downloaded socket2 v0.4.2
[INFO] [stderr]   Downloaded syn v1.0.85
[INFO] [stderr]   Downloaded tracing-core v0.1.21
[INFO] [stderr]   Downloaded security-framework-sys v2.4.2
[INFO] [stderr]   Downloaded fastrand v1.6.0
[INFO] [stderr]   Downloaded serde_derive v1.0.133
[INFO] [stderr]   Downloaded lock_api v0.4.5
[INFO] [stderr]   Downloaded quote v1.0.14
[INFO] [stderr]   Downloaded native-tls v0.2.8
[INFO] [stderr]   Downloaded tokio v1.15.0
[INFO] [stderr]   Downloaded libc v0.2.112
[INFO] [stderr]   Downloaded openssl-src v111.17.0+1.1.1m
[INFO] running `Command { std: "docker" "create" "-v" "/var/lib/crater-agent-workspace/builds/worker-0-tc1/target:/opt/rustwide/target:rw,Z" "-v" "/var/lib/crater-agent-workspace/builds/worker-0-tc1/source:/opt/rustwide/workdir:ro,Z" "-v" "/var/lib/crater-agent-workspace/cargo-home:/opt/rustwide/cargo-home:ro,Z" "-v" "/var/lib/crater-agent-workspace/rustup-home:/opt/rustwide/rustup-home:ro,Z" "-e" "SOURCE_DIR=/opt/rustwide/workdir" "-e" "CARGO_TARGET_DIR=/opt/rustwide/target" "-e" "CARGO_HOME=/opt/rustwide/cargo-home" "-e" "RUSTUP_HOME=/opt/rustwide/rustup-home" "-w" "/opt/rustwide/workdir" "-m" "1610612736" "--user" "0:0" "--network" "none" "ghcr.io/rust-lang/crates-build-env/linux@sha256:819108c5571ea2e421544af4d832f968d213c87fbe3707a016657f43d2f853bc" "/opt/rustwide/cargo-home/bin/cargo" "+nightly-2025-01-18" "metadata" "--no-deps" "--format-version=1", kill_on_drop: false }`
[INFO] [stdout] e7563f04275047c19aee88dd9ec616f63b54be181a2a5245aec1145c89a9331e
[INFO] running `Command { std: "docker" "start" "-a" "e7563f04275047c19aee88dd9ec616f63b54be181a2a5245aec1145c89a9331e", kill_on_drop: false }`
[INFO] running `Command { std: "docker" "inspect" "e7563f04275047c19aee88dd9ec616f63b54be181a2a5245aec1145c89a9331e", kill_on_drop: false }`
[INFO] running `Command { std: "docker" "rm" "-f" "e7563f04275047c19aee88dd9ec616f63b54be181a2a5245aec1145c89a9331e", kill_on_drop: false }`
[INFO] [stdout] e7563f04275047c19aee88dd9ec616f63b54be181a2a5245aec1145c89a9331e
[INFO] running `Command { std: "docker" "create" "-v" "/var/lib/crater-agent-workspace/builds/worker-0-tc1/target:/opt/rustwide/target:rw,Z" "-v" "/var/lib/crater-agent-workspace/builds/worker-0-tc1/source:/opt/rustwide/workdir:ro,Z" "-v" "/var/lib/crater-agent-workspace/cargo-home:/opt/rustwide/cargo-home:ro,Z" "-v" "/var/lib/crater-agent-workspace/rustup-home:/opt/rustwide/rustup-home:ro,Z" "-e" "SOURCE_DIR=/opt/rustwide/workdir" "-e" "CARGO_TARGET_DIR=/opt/rustwide/target" "-e" "CARGO_INCREMENTAL=0" "-e" "RUST_BACKTRACE=full" "-e" "RUSTFLAGS=--cap-lints=forbid" "-e" "RUSTDOCFLAGS=--cap-lints=forbid" "-e" "CARGO_HOME=/opt/rustwide/cargo-home" "-e" "RUSTUP_HOME=/opt/rustwide/rustup-home" "-w" "/opt/rustwide/workdir" "-m" "1610612736" "--user" "0:0" "--network" "none" "ghcr.io/rust-lang/crates-build-env/linux@sha256:819108c5571ea2e421544af4d832f968d213c87fbe3707a016657f43d2f853bc" "/opt/rustwide/cargo-home/bin/cargo" "+nightly-2025-01-18" "build" "--frozen" "--message-format=json", kill_on_drop: false }`
[INFO] [stdout] c7cecb3c4654879aa648bddd74cc97c9c76be863017716055f11ad84fc1eca2d
[INFO] running `Command { std: "docker" "start" "-a" "c7cecb3c4654879aa648bddd74cc97c9c76be863017716055f11ad84fc1eca2d", kill_on_drop: false }`
[INFO] [stderr]    Compiling libc v0.2.112
[INFO] [stderr]    Compiling proc-macro2 v1.0.36
[INFO] [stderr]    Compiling syn v1.0.85
[INFO] [stderr]    Compiling log v0.4.14
[INFO] [stderr]    Compiling cc v1.0.72
[INFO] [stderr]    Compiling pkg-config v0.3.24
[INFO] [stderr]    Compiling parking_lot_core v0.8.5
[INFO] [stderr]    Compiling pin-project-lite v0.2.8
[INFO] [stderr]    Compiling once_cell v1.9.0
[INFO] [stderr]    Compiling memchr v2.4.1
[INFO] [stderr]    Compiling bytes v1.1.0
[INFO] [stderr]    Compiling smallvec v1.7.0
[INFO] [stderr]    Compiling futures-core v0.3.19
[INFO] [stderr]    Compiling lock_api v0.4.5
[INFO] [stderr]    Compiling itoa v1.0.1
[INFO] [stderr]    Compiling futures-task v0.3.19
[INFO] [stderr]    Compiling indexmap v1.8.0
[INFO] [stderr]    Compiling futures-util v0.3.19
[INFO] [stderr]    Compiling openssl v0.10.38
[INFO] [stderr]    Compiling foreign-types-shared v0.1.1
[INFO] [stderr]    Compiling tracing-core v0.1.21
[INFO] [stderr]    Compiling foreign-types v0.3.2
[INFO] [stderr]    Compiling futures-sink v0.3.19
[INFO] [stderr]    Compiling native-tls v0.2.8
[INFO] [stderr]    Compiling futures-channel v0.3.19
[INFO] [stderr]    Compiling httparse v1.5.1
[INFO] [stderr]    Compiling hashbrown v0.11.2
[INFO] [stderr]    Compiling serde_derive v1.0.133
[INFO] [stderr]    Compiling try-lock v0.2.3
[INFO] [stderr]    Compiling serde v1.0.133
[INFO] [stderr]    Compiling http v0.2.6
[INFO] [stderr]    Compiling openssl-probe v0.1.5
[INFO] [stderr]    Compiling slab v0.4.5
[INFO] [stderr]    Compiling tracing v0.1.29
[INFO] [stderr]    Compiling want v0.3.0
[INFO] [stderr]    Compiling tower-service v0.3.1
[INFO] [stderr]    Compiling httpdate v1.0.2
[INFO] [stderr]    Compiling serde_json v1.0.74
[INFO] [stderr]    Compiling itoa v0.4.8
[INFO] [stderr]    Compiling ryu v1.0.9
[INFO] [stderr]    Compiling mio v0.7.14
[INFO] [stderr]    Compiling signal-hook-registry v1.4.0
[INFO] [stderr]    Compiling num_cpus v1.13.1
[INFO] [stderr]    Compiling socket2 v0.4.2
[INFO] [stderr]    Compiling quote v1.0.14
[INFO] [stderr]    Compiling openssl-sys v0.9.72
[INFO] [stderr]    Compiling parking_lot v0.11.2
[INFO] [stderr]    Compiling http-body v0.4.4
[INFO] [stderr]    Compiling tokio-macros v1.7.0
[INFO] [stderr]    Compiling tokio v1.15.0
[INFO] [stderr]    Compiling tokio-util v0.6.9
[INFO] [stderr]    Compiling tokio-native-tls v0.3.0
[INFO] [stderr]    Compiling h2 v0.3.10
[INFO] [stderr]    Compiling hyper v0.14.16
[INFO] [stderr]    Compiling hyper-tls v0.5.0
[INFO] [stderr]    Compiling juejing_actions v0.1.0 (/opt/rustwide/workdir)
[INFO] [stdout] warning: field `msgid` is never read
[INFO] [stdout]   --> src/lib/qyweixin_notify.rs:33:3
[INFO] [stdout]    |
[INFO] [stdout] 30 | struct Notify {
[INFO] [stdout]    |        ------ field in this struct
[INFO] [stdout] ...
[INFO] [stdout] 33 |   msgid: Option<String>,
[INFO] [stdout]    |   ^^^^^
[INFO] [stdout]    |
[INFO] [stdout]    = note: `Notify` has a derived impl for the trait `Debug`, but this is intentionally ignored during dead code analysis
[INFO] [stdout]    = note: `#[warn(dead_code)]` on by default
[INFO] [stdout] 
[INFO] [stdout] 
[INFO] [stderr]     Finished `dev` profile [unoptimized + debuginfo] target(s) in 23.81s
[INFO] running `Command { std: "docker" "inspect" "c7cecb3c4654879aa648bddd74cc97c9c76be863017716055f11ad84fc1eca2d", kill_on_drop: false }`
[INFO] running `Command { std: "docker" "rm" "-f" "c7cecb3c4654879aa648bddd74cc97c9c76be863017716055f11ad84fc1eca2d", kill_on_drop: false }`
[INFO] [stdout] c7cecb3c4654879aa648bddd74cc97c9c76be863017716055f11ad84fc1eca2d
[INFO] running `Command { std: "docker" "create" "-v" "/var/lib/crater-agent-workspace/builds/worker-0-tc1/target:/opt/rustwide/target:rw,Z" "-v" "/var/lib/crater-agent-workspace/builds/worker-0-tc1/source:/opt/rustwide/workdir:ro,Z" "-v" "/var/lib/crater-agent-workspace/cargo-home:/opt/rustwide/cargo-home:ro,Z" "-v" "/var/lib/crater-agent-workspace/rustup-home:/opt/rustwide/rustup-home:ro,Z" "-e" "SOURCE_DIR=/opt/rustwide/workdir" "-e" "CARGO_TARGET_DIR=/opt/rustwide/target" "-e" "CARGO_INCREMENTAL=0" "-e" "RUST_BACKTRACE=full" "-e" "RUSTFLAGS=--cap-lints=forbid" "-e" "RUSTDOCFLAGS=--cap-lints=forbid" "-e" "CARGO_HOME=/opt/rustwide/cargo-home" "-e" "RUSTUP_HOME=/opt/rustwide/rustup-home" "-w" "/opt/rustwide/workdir" "-m" "1610612736" "--user" "0:0" "--network" "none" "ghcr.io/rust-lang/crates-build-env/linux@sha256:819108c5571ea2e421544af4d832f968d213c87fbe3707a016657f43d2f853bc" "/opt/rustwide/cargo-home/bin/cargo" "+nightly-2025-01-18" "test" "--frozen" "--no-run" "--message-format=json", kill_on_drop: false }`
[INFO] [stdout] 59c842257aca6bf84a87296b2095044ee77f3d5304c3c3c1905e9e4144222605
[INFO] running `Command { std: "docker" "start" "-a" "59c842257aca6bf84a87296b2095044ee77f3d5304c3c3c1905e9e4144222605", kill_on_drop: false }`
[INFO] [stderr]    Compiling juejing_actions v0.1.0 (/opt/rustwide/workdir)
[INFO] [stdout] warning: field `msgid` is never read
[INFO] [stdout]   --> src/lib/qyweixin_notify.rs:33:3
[INFO] [stdout]    |
[INFO] [stdout] 30 | struct Notify {
[INFO] [stdout]    |        ------ field in this struct
[INFO] [stdout] ...
[INFO] [stdout] 33 |   msgid: Option<String>,
[INFO] [stdout]    |   ^^^^^
[INFO] [stdout]    |
[INFO] [stdout]    = note: `Notify` has a derived impl for the trait `Debug`, but this is intentionally ignored during dead code analysis
[INFO] [stdout]    = note: `#[warn(dead_code)]` on by default
[INFO] [stdout] 
[INFO] [stdout] 
[INFO] [stdout] warning: field `msgid` is never read
[INFO] [stdout]   --> src/lib/qyweixin_notify.rs:33:3
[INFO] [stdout]    |
[INFO] [stdout] 30 | struct Notify {
[INFO] [stdout]    |        ------ field in this struct
[INFO] [stdout] ...
[INFO] [stdout] 33 |   msgid: Option<String>,
[INFO] [stdout]    |   ^^^^^
[INFO] [stdout]    |
[INFO] [stdout]    = note: `Notify` has a derived impl for the trait `Debug`, but this is intentionally ignored during dead code analysis
[INFO] [stdout]    = note: `#[warn(dead_code)]` on by default
[INFO] [stdout] 
[INFO] [stdout] 
[INFO] [stdout] warning: unused `Result` that must be used
[INFO] [stdout]    --> src/lib/service.rs:155:5
[INFO] [stdout]     |
[INFO] [stdout] 155 |     get_status().await;
[INFO] [stdout]     |     ^^^^^^^^^^^^^^^^^^
[INFO] [stdout]     |
[INFO] [stdout]     = note: this `Result` may be an `Err` variant, which should be handled
[INFO] [stdout]     = note: `#[warn(unused_must_use)]` on by default
[INFO] [stdout] help: use `let _ = ...` to ignore the resulting value
[INFO] [stdout]     |
[INFO] [stdout] 155 |     let _ = get_status().await;
[INFO] [stdout]     |     +++++++
[INFO] [stdout] 
[INFO] [stdout] 
[INFO] [stdout] warning: unused `Result` that must be used
[INFO] [stdout]    --> src/lib/service.rs:156:5
[INFO] [stdout]     |
[INFO] [stdout] 156 |     check_in().await;
[INFO] [stdout]     |     ^^^^^^^^^^^^^^^^
[INFO] [stdout]     |
[INFO] [stdout]     = note: this `Result` may be an `Err` variant, which should be handled
[INFO] [stdout] help: use `let _ = ...` to ignore the resulting value
[INFO] [stdout]     |
[INFO] [stdout] 156 |     let _ = check_in().await;
[INFO] [stdout]     |     +++++++
[INFO] [stdout] 
[INFO] [stdout] 
[INFO] [stdout] warning: unused `Result` that must be used
[INFO] [stdout]    --> src/lib/service.rs:157:5
[INFO] [stdout]     |
[INFO] [stdout] 157 |     lottery().await;
[INFO] [stdout]     |     ^^^^^^^^^^^^^^^
[INFO] [stdout]     |
[INFO] [stdout]     = note: this `Result` may be an `Err` variant, which should be handled
[INFO] [stdout] help: use `let _ = ...` to ignore the resulting value
[INFO] [stdout]     |
[INFO] [stdout] 157 |     let _ = lottery().await;
[INFO] [stdout]     |     +++++++
[INFO] [stdout] 
[INFO] [stdout] 
[INFO] [stdout] warning: unused `Result` that must be used
[INFO] [stdout]    --> src/lib/service.rs:158:5
[INFO] [stdout]     |
[INFO] [stdout] 158 |     get_cur_point().await;
[INFO] [stdout]     |     ^^^^^^^^^^^^^^^^^^^^^
[INFO] [stdout]     |
[INFO] [stdout]     = note: this `Result` may be an `Err` variant, which should be handled
[INFO] [stdout] help: use `let _ = ...` to ignore the resulting value
[INFO] [stdout]     |
[INFO] [stdout] 158 |     let _ = get_cur_point().await;
[INFO] [stdout]     |     +++++++
[INFO] [stdout] 
[INFO] [stdout] 
[INFO] [stdout] warning: unused `Result` that must be used
[INFO] [stdout]    --> src/lib/service.rs:159:5
[INFO] [stdout]     |
[INFO] [stdout] 159 |     get_counts().await;
[INFO] [stdout]     |     ^^^^^^^^^^^^^^^^^^
[INFO] [stdout]     |
[INFO] [stdout]     = note: this `Result` may be an `Err` variant, which should be handled
[INFO] [stdout] help: use `let _ = ...` to ignore the resulting value
[INFO] [stdout]     |
[INFO] [stdout] 159 |     let _ = get_counts().await;
[INFO] [stdout]     |     +++++++
[INFO] [stdout] 
[INFO] [stdout] 
[INFO] [stderr]     Finished `test` profile [unoptimized + debuginfo] target(s) in 3.62s
[INFO] running `Command { std: "docker" "inspect" "59c842257aca6bf84a87296b2095044ee77f3d5304c3c3c1905e9e4144222605", kill_on_drop: false }`
[INFO] running `Command { std: "docker" "rm" "-f" "59c842257aca6bf84a87296b2095044ee77f3d5304c3c3c1905e9e4144222605", kill_on_drop: false }`
[INFO] [stdout] 59c842257aca6bf84a87296b2095044ee77f3d5304c3c3c1905e9e4144222605
[INFO] running `Command { std: "docker" "create" "-v" "/var/lib/crater-agent-workspace/builds/worker-0-tc1/target:/opt/rustwide/target:rw,Z" "-v" "/var/lib/crater-agent-workspace/builds/worker-0-tc1/source:/opt/rustwide/workdir:ro,Z" "-v" "/var/lib/crater-agent-workspace/cargo-home:/opt/rustwide/cargo-home:ro,Z" "-v" "/var/lib/crater-agent-workspace/rustup-home:/opt/rustwide/rustup-home:ro,Z" "-e" "SOURCE_DIR=/opt/rustwide/workdir" "-e" "CARGO_TARGET_DIR=/opt/rustwide/target" "-e" "CARGO_INCREMENTAL=0" "-e" "RUST_BACKTRACE=full" "-e" "RUSTFLAGS=--cap-lints=forbid" "-e" "RUSTDOCFLAGS=--cap-lints=forbid" "-e" "CARGO_HOME=/opt/rustwide/cargo-home" "-e" "RUSTUP_HOME=/opt/rustwide/rustup-home" "-w" "/opt/rustwide/workdir" "-m" "1610612736" "--user" "0:0" "--network" "none" "ghcr.io/rust-lang/crates-build-env/linux@sha256:819108c5571ea2e421544af4d832f968d213c87fbe3707a016657f43d2f853bc" "/opt/rustwide/cargo-home/bin/cargo" "+nightly-2025-01-18" "test" "--frozen", kill_on_drop: false }`
[INFO] [stdout] 0c0abd8c9ede4346980c0e2c6c82a97324c3bfe990fa5a79c063c37fe300e1d2
[INFO] running `Command { std: "docker" "start" "-a" "0c0abd8c9ede4346980c0e2c6c82a97324c3bfe990fa5a79c063c37fe300e1d2", kill_on_drop: false }`
[INFO] [stderr] warning: field `msgid` is never read
[INFO] [stderr]   --> src/lib/qyweixin_notify.rs:33:3
[INFO] [stderr]    |
[INFO] [stderr] 30 | struct Notify {
[INFO] [stderr]    |        ------ field in this struct
[INFO] [stderr] ...
[INFO] [stderr] 33 |   msgid: Option<String>,
[INFO] [stderr]    |   ^^^^^
[INFO] [stderr]    |
[INFO] [stderr]    = note: `Notify` has a derived impl for the trait `Debug`, but this is intentionally ignored during dead code analysis
[INFO] [stderr]    = note: `#[warn(dead_code)]` on by default
[INFO] [stderr] 
[INFO] [stderr] warning: unused `Result` that must be used
[INFO] [stderr]    --> src/lib/service.rs:155:5
[INFO] [stderr]     |
[INFO] [stderr] 155 |     get_status().await;
[INFO] [stderr]     |     ^^^^^^^^^^^^^^^^^^
[INFO] [stderr]     |
[INFO] [stderr]     = note: this `Result` may be an `Err` variant, which should be handled
[INFO] [stderr]     = note: `#[warn(unused_must_use)]` on by default
[INFO] [stderr] help: use `let _ = ...` to ignore the resulting value
[INFO] [stderr]     |
[INFO] [stderr] 155 |     let _ = get_status().await;
[INFO] [stderr]     |     +++++++
[INFO] [stderr] 
[INFO] [stderr] warning: unused `Result` that must be used
[INFO] [stderr]    --> src/lib/service.rs:156:5
[INFO] [stderr]     |
[INFO] [stderr] 156 |     check_in().await;
[INFO] [stderr]     |     ^^^^^^^^^^^^^^^^
[INFO] [stderr]     |
[INFO] [stderr]     = note: this `Result` may be an `Err` variant, which should be handled
[INFO] [stderr] help: use `let _ = ...` to ignore the resulting value
[INFO] [stderr]     |
[INFO] [stderr] 156 |     let _ = check_in().await;
[INFO] [stderr]     |     +++++++
[INFO] [stderr] 
[INFO] [stderr] warning: unused `Result` that must be used
[INFO] [stderr]    --> src/lib/service.rs:157:5
[INFO] [stderr]     |
[INFO] [stderr] 157 |     lottery().await;
[INFO] [stderr]     |     ^^^^^^^^^^^^^^^
[INFO] [stderr]     |
[INFO] [stderr]     = note: this `Result` may be an `Err` variant, which should be handled
[INFO] [stderr] help: use `let _ = ...` to ignore the resulting value
[INFO] [stderr]     |
[INFO] [stderr] 157 |     let _ = lottery().await;
[INFO] [stderr]     |     +++++++
[INFO] [stderr] 
[INFO] [stderr] warning: unused `Result` that must be used
[INFO] [stderr]    --> src/lib/service.rs:158:5
[INFO] [stderr]     |
[INFO] [stderr] 158 |     get_cur_point().await;
[INFO] [stderr]     |     ^^^^^^^^^^^^^^^^^^^^^
[INFO] [stderr]     |
[INFO] [stderr]     = note: this `Result` may be an `Err` variant, which should be handled
[INFO] [stderr] help: use `let _ = ...` to ignore the resulting value
[INFO] [stderr]     |
[INFO] [stderr] 158 |     let _ = get_cur_point().await;
[INFO] [stderr]     |     +++++++
[INFO] [stderr] 
[INFO] [stderr] warning: unused `Result` that must be used
[INFO] [stderr]    --> src/lib/service.rs:159:5
[INFO] [stderr]     |
[INFO] [stderr] 159 |     get_counts().await;
[INFO] [stderr]     |     ^^^^^^^^^^^^^^^^^^
[INFO] [stderr]     |
[INFO] [stderr]     = note: this `Result` may be an `Err` variant, which should be handled
[INFO] [stderr] help: use `let _ = ...` to ignore the resulting value
[INFO] [stderr]     |
[INFO] [stderr] 159 |     let _ = get_counts().await;
[INFO] [stderr]     |     +++++++
[INFO] [stderr] 
[INFO] [stderr] warning: `juejing_actions` (lib) generated 1 warning
[INFO] [stderr] warning: `juejing_actions` (lib test) generated 6 warnings (1 duplicate)
[INFO] [stderr]     Finished `test` profile [unoptimized + debuginfo] target(s) in 0.10s
[INFO] [stderr]      Running unittests src/lib.rs (/opt/rustwide/target/debug/deps/juejing_actions-5184747de4a72b81)
[INFO] [stdout] 
[INFO] [stdout] running 2 tests
[INFO] [stdout] test lib::qyweixin_notify::test::send_notify_is_work ... ok
[INFO] [stdout] test lib::service::test::it_should_work ... FAILED
[INFO] [stdout] 
[INFO] [stdout] failures:
[INFO] [stdout] 
[INFO] [stdout] ---- lib::service::test::it_should_work stdout ----
[INFO] [stdout] 
[INFO] [stdout] thread 'lib::service::test::it_should_work' panicked at src/lib/config.rs:9:7:
[INFO] [stdout] JUEJIN_COOKIE is not found
[INFO] [stdout] stack backtrace:
[INFO] [stdout]    0:     0x57718df5070a - std::backtrace_rs::backtrace::libunwind::trace::hb059275cfc8d6126
[INFO] [stdout]                                at /rustc/6067b36314ab5eb2eb47cecc464545ba58e1ad24/library/std/src/../../backtrace/src/backtrace/libunwind.rs:116:5
[INFO] [stdout]    1:     0x57718df5070a - std::backtrace_rs::backtrace::trace_unsynchronized::h2da071e4327ce3ee
[INFO] [stdout]                                at /rustc/6067b36314ab5eb2eb47cecc464545ba58e1ad24/library/std/src/../../backtrace/src/backtrace/mod.rs:66:5
[INFO] [stdout]    2:     0x57718df5070a - std::sys::backtrace::_print_fmt::h842a1474e6f8d23f
[INFO] [stdout]                                at /rustc/6067b36314ab5eb2eb47cecc464545ba58e1ad24/library/std/src/sys/backtrace.rs:66:9
[INFO] [stdout]    3:     0x57718df5070a - <std::sys::backtrace::BacktraceLock::print::DisplayBacktrace as core::fmt::Display>::fmt::h71a62eb3b9696b12
[INFO] [stdout]                                at /rustc/6067b36314ab5eb2eb47cecc464545ba58e1ad24/library/std/src/sys/backtrace.rs:39:26
[INFO] [stdout]    4:     0x57718df7afb3 - core::fmt::rt::Argument::fmt::hdb6b616786b41dc1
[INFO] [stdout]                                at /rustc/6067b36314ab5eb2eb47cecc464545ba58e1ad24/library/core/src/fmt/rt.rs:177:76
[INFO] [stdout]    5:     0x57718df7afb3 - core::fmt::write::h2cc1698af7e2d686
[INFO] [stdout]                                at /rustc/6067b36314ab5eb2eb47cecc464545ba58e1ad24/library/core/src/fmt/mod.rs:1440:21
[INFO] [stdout]    6:     0x57718df4c613 - std::io::Write::write_fmt::hab1b4cd059a79022
[INFO] [stdout]                                at /rustc/6067b36314ab5eb2eb47cecc464545ba58e1ad24/library/std/src/io/mod.rs:1887:15
[INFO] [stdout]    7:     0x57718df50552 - std::sys::backtrace::BacktraceLock::print::h147fe35b4ea13b08
[INFO] [stdout]                                at /rustc/6067b36314ab5eb2eb47cecc464545ba58e1ad24/library/std/src/sys/backtrace.rs:42:9
[INFO] [stdout]    8:     0x57718df51b2f - std::panicking::default_hook::{{closure}}::hbd44223dbdc0d208
[INFO] [stdout]                                at /rustc/6067b36314ab5eb2eb47cecc464545ba58e1ad24/library/std/src/panicking.rs:298:22
[INFO] [stdout]    9:     0x57718df51948 - std::panicking::default_hook::h20f81eb0576efcec
[INFO] [stdout]                                at /rustc/6067b36314ab5eb2eb47cecc464545ba58e1ad24/library/std/src/panicking.rs:322:9
[INFO] [stdout]   10:     0x57718dcbdf73 - <alloc::boxed::Box<F,A> as core::ops::function::Fn<Args>>::call::hdb53814c496a4d34
[INFO] [stdout]                                at /rustc/6067b36314ab5eb2eb47cecc464545ba58e1ad24/library/alloc/src/boxed.rs:2027:9
[INFO] [stdout]   11:     0x57718dcbdf73 - test::test_main::{{closure}}::hc0a4963c59427c24
[INFO] [stdout]                                at /rustc/6067b36314ab5eb2eb47cecc464545ba58e1ad24/library/test/src/lib.rs:134:21
[INFO] [stdout]   12:     0x57718df52623 - <alloc::boxed::Box<F,A> as core::ops::function::Fn<Args>>::call::h591b2225413a77e9
[INFO] [stdout]                                at /rustc/6067b36314ab5eb2eb47cecc464545ba58e1ad24/library/alloc/src/boxed.rs:2027:9
[INFO] [stdout]   13:     0x57718df52623 - std::panicking::rust_panic_with_hook::h625eea43051b2edc
[INFO] [stdout]                                at /rustc/6067b36314ab5eb2eb47cecc464545ba58e1ad24/library/std/src/panicking.rs:839:13
[INFO] [stdout]   14:     0x57718df522a6 - std::panicking::begin_panic_handler::{{closure}}::h4f9159cfbc3f6bd3
[INFO] [stdout]                                at /rustc/6067b36314ab5eb2eb47cecc464545ba58e1ad24/library/std/src/panicking.rs:697:13
[INFO] [stdout]   15:     0x57718df50c09 - std::sys::backtrace::__rust_end_short_backtrace::h0390abce48353151
[INFO] [stdout]                                at /rustc/6067b36314ab5eb2eb47cecc464545ba58e1ad24/library/std/src/sys/backtrace.rs:168:18
[INFO] [stdout]   16:     0x57718df51f6d - rust_begin_unwind
[INFO] [stdout]                                at /rustc/6067b36314ab5eb2eb47cecc464545ba58e1ad24/library/std/src/panicking.rs:695:5
[INFO] [stdout]   17:     0x57718df79530 - core::panicking::panic_fmt::h9e7c637e9e5f29c9
[INFO] [stdout]                                at /rustc/6067b36314ab5eb2eb47cecc464545ba58e1ad24/library/core/src/panicking.rs:75:14
[INFO] [stdout]   18:     0x57718dbeb164 - juejing_actions::lib::config::COOKIE::{{closure}}::h2924d7140a038ca8
[INFO] [stdout]                                at /opt/rustwide/workdir/src/lib/config.rs:9:7
[INFO] [stdout]   19:     0x57718dc09da6 - core::ops::function::FnOnce::call_once::h0f9ce57b18c50554
[INFO] [stdout]                                at /rustc/6067b36314ab5eb2eb47cecc464545ba58e1ad24/library/core/src/ops/function.rs:250:5
[INFO] [stdout]   20:     0x57718dc0a392 - core::ops::function::FnOnce::call_once::h3a8899555fdb8f0f
[INFO] [stdout]                                at /rustc/6067b36314ab5eb2eb47cecc464545ba58e1ad24/library/core/src/ops/function.rs:250:5
[INFO] [stdout]   21:     0x57718dc54ee1 - once_cell::sync::Lazy<T,F>::force::{{closure}}::h23eebcf04868f0f2
[INFO] [stdout]                                at /opt/rustwide/cargo-home/registry/src/index.crates.io-1949cf8c6b5b557f/once_cell-1.9.0/src/lib.rs:1163:28
[INFO] [stdout]   22:     0x57718dc5518d - once_cell::sync::OnceCell<T>::get_or_init::{{closure}}::h7db40521164ac615
[INFO] [stdout]                                at /opt/rustwide/cargo-home/registry/src/index.crates.io-1949cf8c6b5b557f/once_cell-1.9.0/src/lib.rs:974:57
[INFO] [stdout]   23:     0x57718dbaa2b1 - once_cell::imp::OnceCell<T>::initialize::{{closure}}::hc56611ca1292f182
[INFO] [stdout]                                at /opt/rustwide/cargo-home/registry/src/index.crates.io-1949cf8c6b5b557f/once_cell-1.9.0/src/imp_std.rs:95:19
[INFO] [stdout]   24:     0x57718df23820 - once_cell::imp::initialize_inner::h2162645cd398cad4
[INFO] [stdout]                                at /opt/rustwide/cargo-home/registry/src/index.crates.io-1949cf8c6b5b557f/once_cell-1.9.0/src/imp_std.rs:171:31
[INFO] [stdout]   25:     0x57718dba9e82 - once_cell::imp::OnceCell<T>::initialize::h58c445612f28f7fc
[INFO] [stdout]                                at /opt/rustwide/cargo-home/registry/src/index.crates.io-1949cf8c6b5b557f/once_cell-1.9.0/src/imp_std.rs:93:9
[INFO] [stdout]   26:     0x57718dc55427 - once_cell::sync::OnceCell<T>::get_or_try_init::h47efbbfc96041df2
[INFO] [stdout]                                at /opt/rustwide/cargo-home/registry/src/index.crates.io-1949cf8c6b5b557f/once_cell-1.9.0/src/lib.rs:1014:13
[INFO] [stdout]   27:     0x57718dc550f3 - once_cell::sync::OnceCell<T>::get_or_init::h13f087d26addcd08
[INFO] [stdout]                                at /opt/rustwide/cargo-home/registry/src/index.crates.io-1949cf8c6b5b557f/once_cell-1.9.0/src/lib.rs:974:19
[INFO] [stdout]   28:     0x57718dc54e41 - once_cell::sync::Lazy<T,F>::force::h5136cbc55affac61
[INFO] [stdout]                                at /opt/rustwide/cargo-home/registry/src/index.crates.io-1949cf8c6b5b557f/once_cell-1.9.0/src/lib.rs:1162:13
[INFO] [stdout]   29:     0x57718dc53b8a - <once_cell::sync::Lazy<T,F> as core::ops::deref::Deref>::deref::ha1ae2d00966ad58c
[INFO] [stdout]                                at /opt/rustwide/cargo-home/registry/src/index.crates.io-1949cf8c6b5b557f/once_cell-1.9.0/src/lib.rs:1172:13
[INFO] [stdout]   30:     0x57718dbd1819 - juejing_actions::lib::request::request::he03c86d2d38385af
[INFO] [stdout]                                at /opt/rustwide/workdir/src/lib/request.rs:24:23
[INFO] [stdout]   31:     0x57718dc55976 - juejing_actions::lib::service::get_status::{{closure}}::h5106fa0ef9f570d8
[INFO] [stdout]                                at /opt/rustwide/workdir/src/lib/service.rs:16:9
[INFO] [stdout]   32:     0x57718dc08733 - juejing_actions::lib::service::test::it_should_work::{{closure}}::hbb85a8a6aa15e8eb
[INFO] [stdout]                                at /opt/rustwide/workdir/src/lib/service.rs:155:18
[INFO] [stdout]   33:     0x57718db91fcd - <core::pin::Pin<P> as core::future::future::Future>::poll::h27033ab0537d7b52
[INFO] [stdout]                                at /rustc/6067b36314ab5eb2eb47cecc464545ba58e1ad24/library/core/src/future/future.rs:124:9
[INFO] [stdout]   34:     0x57718dc7ddff - tokio::runtime::basic_scheduler::Inner<P>::block_on::{{closure}}::{{closure}}::he6a3a43c284b03b8
[INFO] [stdout]                                at /opt/rustwide/cargo-home/registry/src/index.crates.io-1949cf8c6b5b557f/tokio-1.15.0/src/runtime/basic_scheduler.rs:240:62
[INFO] [stdout]   35:     0x57718dbe1b53 - tokio::coop::with_budget::{{closure}}::hc59a2d001e842a40
[INFO] [stdout]                                at /opt/rustwide/cargo-home/registry/src/index.crates.io-1949cf8c6b5b557f/tokio-1.15.0/src/coop.rs:102:9
[INFO] [stdout]   36:     0x57718dbb5805 - std::thread::local::LocalKey<T>::try_with::h2b006b10cc60d6ea
[INFO] [stdout]                                at /rustc/6067b36314ab5eb2eb47cecc464545ba58e1ad24/library/std/src/thread/local.rs:308:12
[INFO] [stdout]   37:     0x57718dbb52ba - std::thread::local::LocalKey<T>::with::h2c50ae657130fc48
[INFO] [stdout]                                at /rustc/6067b36314ab5eb2eb47cecc464545ba58e1ad24/library/std/src/thread/local.rs:272:9
[INFO] [stdout]   38:     0x57718dc7d3f3 - tokio::coop::with_budget::hc88a3a09ff8cd00c
[INFO] [stdout]                                at /opt/rustwide/cargo-home/registry/src/index.crates.io-1949cf8c6b5b557f/tokio-1.15.0/src/coop.rs:95:5
[INFO] [stdout]   39:     0x57718dc7d3f3 - tokio::coop::budget::h03fa60f4786aa131
[INFO] [stdout]                                at /opt/rustwide/cargo-home/registry/src/index.crates.io-1949cf8c6b5b557f/tokio-1.15.0/src/coop.rs:72:5
[INFO] [stdout]   40:     0x57718dc7d3f3 - tokio::runtime::basic_scheduler::Inner<P>::block_on::{{closure}}::hb1128c9381e6d494
[INFO] [stdout]                                at /opt/rustwide/cargo-home/registry/src/index.crates.io-1949cf8c6b5b557f/tokio-1.15.0/src/runtime/basic_scheduler.rs:240:39
[INFO] [stdout]   41:     0x57718dc7f0ba - tokio::runtime::basic_scheduler::enter::{{closure}}::h1e748ef20a46b493
[INFO] [stdout]                                at /opt/rustwide/cargo-home/registry/src/index.crates.io-1949cf8c6b5b557f/tokio-1.15.0/src/runtime/basic_scheduler.rs:349:29
[INFO] [stdout]   42:     0x57718dc71a65 - tokio::macros::scoped_tls::ScopedKey<T>::set::h2824275584112cad
[INFO] [stdout]                                at /opt/rustwide/cargo-home/registry/src/index.crates.io-1949cf8c6b5b557f/tokio-1.15.0/src/macros/scoped_tls.rs:61:9
[INFO] [stdout]   43:     0x57718dc7f04c - tokio::runtime::basic_scheduler::enter::he150ebe281d7c787
[INFO] [stdout]                                at /opt/rustwide/cargo-home/registry/src/index.crates.io-1949cf8c6b5b557f/tokio-1.15.0/src/runtime/basic_scheduler.rs:349:5
[INFO] [stdout]   44:     0x57718dc7c603 - tokio::runtime::basic_scheduler::Inner<P>::block_on::h7edd230a684d222c
[INFO] [stdout]                                at /opt/rustwide/cargo-home/registry/src/index.crates.io-1949cf8c6b5b557f/tokio-1.15.0/src/runtime/basic_scheduler.rs:230:9
[INFO] [stdout]   45:     0x57718dc7df95 - tokio::runtime::basic_scheduler::InnerGuard<P>::block_on::hb9c68a1a076a3882
[INFO] [stdout]                                at /opt/rustwide/cargo-home/registry/src/index.crates.io-1949cf8c6b5b557f/tokio-1.15.0/src/runtime/basic_scheduler.rs:501:9
[INFO] [stdout]   46:     0x57718dc7e5e0 - tokio::runtime::basic_scheduler::BasicScheduler<P>::block_on::h609e5a1ee9d3b1ea
[INFO] [stdout]                                at /opt/rustwide/cargo-home/registry/src/index.crates.io-1949cf8c6b5b557f/tokio-1.15.0/src/runtime/basic_scheduler.rs:186:24
[INFO] [stdout]   47:     0x57718dbcd650 - tokio::runtime::Runtime::block_on::he49c5f1b5d9411db
[INFO] [stdout]                                at /opt/rustwide/cargo-home/registry/src/index.crates.io-1949cf8c6b5b557f/tokio-1.15.0/src/runtime/mod.rs:461:46
[INFO] [stdout]   48:     0x57718dc084fa - juejing_actions::lib::service::test::it_should_work::hd3485b729659da41
[INFO] [stdout]                                at /opt/rustwide/workdir/src/lib/service.rs:159:5
[INFO] [stdout]   49:     0x57718dc083c7 - juejing_actions::lib::service::test::it_should_work::{{closure}}::h6979d1750a2e9cae
[INFO] [stdout]                                at /opt/rustwide/workdir/src/lib/service.rs:154:28
[INFO] [stdout]   50:     0x57718dc0bdb6 - core::ops::function::FnOnce::call_once::hf9ae337c0ed31552
[INFO] [stdout]                                at /rustc/6067b36314ab5eb2eb47cecc464545ba58e1ad24/library/core/src/ops/function.rs:250:5
[INFO] [stdout]   51:     0x57718dcc36cb - core::ops::function::FnOnce::call_once::he27718dfdd183f43
[INFO] [stdout]                                at /rustc/6067b36314ab5eb2eb47cecc464545ba58e1ad24/library/core/src/ops/function.rs:250:5
[INFO] [stdout]   52:     0x57718dcc36cb - test::__rust_begin_short_backtrace::h4e84902998457a5d
[INFO] [stdout]                                at /rustc/6067b36314ab5eb2eb47cecc464545ba58e1ad24/library/test/src/lib.rs:632:18
[INFO] [stdout]   53:     0x57718dcc2603 - test::run_test_in_process::{{closure}}::h7176fd18fc1feca0
[INFO] [stdout]                                at /rustc/6067b36314ab5eb2eb47cecc464545ba58e1ad24/library/test/src/lib.rs:655:60
[INFO] [stdout]   54:     0x57718dcc2603 - <core::panic::unwind_safe::AssertUnwindSafe<F> as core::ops::function::FnOnce<()>>::call_once::hf79cff2a624d8cf7
[INFO] [stdout]                                at /rustc/6067b36314ab5eb2eb47cecc464545ba58e1ad24/library/core/src/panic/unwind_safe.rs:272:9
[INFO] [stdout]   55:     0x57718dcc2603 - std::panicking::try::do_call::h3da0561d9ab99c25
[INFO] [stdout]                                at /rustc/6067b36314ab5eb2eb47cecc464545ba58e1ad24/library/std/src/panicking.rs:587:40
[INFO] [stdout]   56:     0x57718dcc2603 - std::panicking::try::h41c9fa508bc61df6
[INFO] [stdout]                                at /rustc/6067b36314ab5eb2eb47cecc464545ba58e1ad24/library/std/src/panicking.rs:550:19
[INFO] [stdout]   57:     0x57718dcc2603 - std::panic::catch_unwind::h6b3ff07bb5afad93
[INFO] [stdout]                                at /rustc/6067b36314ab5eb2eb47cecc464545ba58e1ad24/library/std/src/panic.rs:358:14
[INFO] [stdout]   58:     0x57718dcc2603 - test::run_test_in_process::hc7253dd11b39b9f4
[INFO] [stdout]                                at /rustc/6067b36314ab5eb2eb47cecc464545ba58e1ad24/library/test/src/lib.rs:655:27
[INFO] [stdout]   59:     0x57718dcc2603 - test::run_test::{{closure}}::hfb2007f8649c30bb
[INFO] [stdout]                                at /rustc/6067b36314ab5eb2eb47cecc464545ba58e1ad24/library/test/src/lib.rs:576:43
[INFO] [stdout]   60:     0x57718dc856e5 - test::run_test::{{closure}}::h56a17aa7a282a9f4
[INFO] [stdout]                                at /rustc/6067b36314ab5eb2eb47cecc464545ba58e1ad24/library/test/src/lib.rs:606:41
[INFO] [stdout]   61:     0x57718dc856e5 - std::sys::backtrace::__rust_begin_short_backtrace::hd2d2d2fb8e8c6aac
[INFO] [stdout]                                at /rustc/6067b36314ab5eb2eb47cecc464545ba58e1ad24/library/std/src/sys/backtrace.rs:152:18
[INFO] [stdout]   62:     0x57718dc88fca - std::thread::Builder::spawn_unchecked_::{{closure}}::{{closure}}::h4faa3f9db6133423
[INFO] [stdout]                                at /rustc/6067b36314ab5eb2eb47cecc464545ba58e1ad24/library/std/src/thread/mod.rs:559:17
[INFO] [stdout]   63:     0x57718dc88fca - <core::panic::unwind_safe::AssertUnwindSafe<F> as core::ops::function::FnOnce<()>>::call_once::hf2e855a36a4ea846
[INFO] [stdout]                                at /rustc/6067b36314ab5eb2eb47cecc464545ba58e1ad24/library/core/src/panic/unwind_safe.rs:272:9
[INFO] [stdout]   64:     0x57718dc88fca - std::panicking::try::do_call::h2f73af3616c35465
[INFO] [stdout]                                at /rustc/6067b36314ab5eb2eb47cecc464545ba58e1ad24/library/std/src/panicking.rs:587:40
[INFO] [stdout]   65:     0x57718dc88fca - std::panicking::try::hd1660ce9efadef5a
[INFO] [stdout]                                at /rustc/6067b36314ab5eb2eb47cecc464545ba58e1ad24/library/std/src/panicking.rs:550:19
[INFO] [stdout]   66:     0x57718dc88fca - std::panic::catch_unwind::h5ee8d7823b8ca744
[INFO] [stdout]                                at /rustc/6067b36314ab5eb2eb47cecc464545ba58e1ad24/library/std/src/panic.rs:358:14
[INFO] [stdout]   67:     0x57718dc88fca - std::thread::Builder::spawn_unchecked_::{{closure}}::h53c3a1894dce8407
[INFO] [stdout]                                at /rustc/6067b36314ab5eb2eb47cecc464545ba58e1ad24/library/std/src/thread/mod.rs:557:30
[INFO] [stdout]   68:     0x57718dc88fca - core::ops::function::FnOnce::call_once{{vtable.shim}}::h048ce291ad4f62bf
[INFO] [stdout]                                at /rustc/6067b36314ab5eb2eb47cecc464545ba58e1ad24/library/core/src/ops/function.rs:250:5
[INFO] [stdout]   69:     0x57718df56acb - <alloc::boxed::Box<F,A> as core::ops::function::FnOnce<Args>>::call_once::ha52bedf99a3b4981
[INFO] [stdout]                                at /rustc/6067b36314ab5eb2eb47cecc464545ba58e1ad24/library/alloc/src/boxed.rs:2013:9
[INFO] [stdout]   70:     0x57718df56acb - <alloc::boxed::Box<F,A> as core::ops::function::FnOnce<Args>>::call_once::h567748934d80ccf8
[INFO] [stdout]                                at /rustc/6067b36314ab5eb2eb47cecc464545ba58e1ad24/library/alloc/src/boxed.rs:2013:9
[INFO] [stdout]   71:     0x57718df56acb - std::sys::pal::unix::thread::Thread::new::thread_start::h2d970728ae887adc
[INFO] [stdout]                                at /rustc/6067b36314ab5eb2eb47cecc464545ba58e1ad24/library/std/src/sys/pal/unix/thread.rs:106:17
[INFO] [stdout]   72:     0x7a1470468ac3 - <unknown>
[INFO] [stdout]   73:     0x7a14704f9a04 - clone
[INFO] [stdout]   74:                0x0 - <unknown>
[INFO] [stdout] 
[INFO] [stdout] 
[INFO] [stdout] failures:
[INFO] [stdout]     lib::service::test::it_should_work
[INFO] [stdout] 
[INFO] [stdout] test result: FAILED. 1 passed; 1 failed; 0 ignored; 0 measured; 0 filtered out; finished in 0.20s
[INFO] [stdout] 
[INFO] [stderr] error: test failed, to rerun pass `--lib`
[INFO] running `Command { std: "docker" "inspect" "0c0abd8c9ede4346980c0e2c6c82a97324c3bfe990fa5a79c063c37fe300e1d2", kill_on_drop: false }`
[INFO] running `Command { std: "docker" "rm" "-f" "0c0abd8c9ede4346980c0e2c6c82a97324c3bfe990fa5a79c063c37fe300e1d2", kill_on_drop: false }`
[INFO] [stdout] 0c0abd8c9ede4346980c0e2c6c82a97324c3bfe990fa5a79c063c37fe300e1d2
