[INFO] cloning repository https://github.com/machterMassi06/various-exercises-in-rust
[INFO] running `Command { std: "git" "-c" "credential.helper=" "-c" "credential.helper=/workspace/cargo-home/bin/git-credential-null" "clone" "--bare" "https://github.com/machterMassi06/various-exercises-in-rust" "/workspace/cache/git-repos/https%3A%2F%2Fgithub.com%2FmachterMassi06%2Fvarious-exercises-in-rust", kill_on_drop: false }`
[INFO] [stderr] Cloning into bare repository '/workspace/cache/git-repos/https%3A%2F%2Fgithub.com%2FmachterMassi06%2Fvarious-exercises-in-rust'...
[INFO] running `Command { std: "git" "rev-parse" "HEAD", kill_on_drop: false }`
[INFO] [stdout] 805889b90c66ab1517fde9442f8c5089afb98185
[INFO] testing machterMassi06/various-exercises-in-rust against nightly-2025-01-18+rustflags=-Zrandomize-layout for randomize-layout-2
[INFO] running `Command { std: "git" "clone" "/workspace/cache/git-repos/https%3A%2F%2Fgithub.com%2FmachterMassi06%2Fvarious-exercises-in-rust" "/workspace/builds/worker-3-tc2/source", kill_on_drop: false }`
[INFO] [stderr] Cloning into '/workspace/builds/worker-3-tc2/source'...
[INFO] [stderr] done.
[INFO] validating manifest of git repo https://github.com/machterMassi06/various-exercises-in-rust on toolchain nightly-2025-01-18
[INFO] running `Command { std: CARGO_HOME="/workspace/cargo-home" RUSTUP_HOME="/workspace/rustup-home" "/workspace/cargo-home/bin/cargo" "+nightly-2025-01-18" "metadata" "--manifest-path" "Cargo.toml" "--no-deps", kill_on_drop: false }`
[INFO] started tweaking git repo https://github.com/machterMassi06/various-exercises-in-rust
[INFO] finished tweaking git repo https://github.com/machterMassi06/various-exercises-in-rust
[INFO] tweaked toml for git repo https://github.com/machterMassi06/various-exercises-in-rust written to /workspace/builds/worker-3-tc2/source/Cargo.toml
[INFO] crate git repo https://github.com/machterMassi06/various-exercises-in-rust already has a lockfile, it will not be regenerated
[INFO] running `Command { std: CARGO_HOME="/workspace/cargo-home" RUSTUP_HOME="/workspace/rustup-home" "/workspace/cargo-home/bin/cargo" "+nightly-2025-01-18" "fetch" "--manifest-path" "Cargo.toml", kill_on_drop: false }`
[INFO] [stderr]     Blocking waiting for file lock on package cache
[INFO] [stderr]     Updating crates.io index
[INFO] [stderr]      Locking 15 packages to latest compatible versions
[INFO] [stderr]       Adding byteorder v1.5.0
[INFO] [stderr]       Adding cfg-if v1.0.0
[INFO] [stderr]       Adding getrandom v0.2.15
[INFO] [stderr]       Adding libc v0.2.169
[INFO] [stderr]       Adding ppv-lite86 v0.2.20
[INFO] [stderr]       Adding proc-macro2 v1.0.93
[INFO] [stderr]       Adding quote v1.0.38
[INFO] [stderr]       Adding rand v0.8.5
[INFO] [stderr]       Adding rand_chacha v0.3.1
[INFO] [stderr]       Adding rand_core v0.6.4
[INFO] [stderr]       Adding syn v2.0.96
[INFO] [stderr]       Adding unicode-ident v1.0.14
[INFO] [stderr]       Adding wasi v0.11.0+wasi-snapshot-preview1
[INFO] [stderr]       Adding zerocopy v0.7.35
[INFO] [stderr]       Adding zerocopy-derive v0.7.35
[INFO] running `Command { std: "docker" "create" "-v" "/var/lib/crater-agent-workspace/builds/worker-3-tc2/target:/opt/rustwide/target:rw,Z" "-v" "/var/lib/crater-agent-workspace/builds/worker-3-tc2/source:/opt/rustwide/workdir:ro,Z" "-v" "/var/lib/crater-agent-workspace/cargo-home:/opt/rustwide/cargo-home:ro,Z" "-v" "/var/lib/crater-agent-workspace/rustup-home:/opt/rustwide/rustup-home:ro,Z" "-e" "SOURCE_DIR=/opt/rustwide/workdir" "-e" "CARGO_TARGET_DIR=/opt/rustwide/target" "-e" "CARGO_HOME=/opt/rustwide/cargo-home" "-e" "RUSTUP_HOME=/opt/rustwide/rustup-home" "-w" "/opt/rustwide/workdir" "-m" "1610612736" "--user" "0:0" "--network" "none" "ghcr.io/rust-lang/crates-build-env/linux@sha256:819108c5571ea2e421544af4d832f968d213c87fbe3707a016657f43d2f853bc" "/opt/rustwide/cargo-home/bin/cargo" "+nightly-2025-01-18" "metadata" "--no-deps" "--format-version=1", kill_on_drop: false }`
[INFO] [stdout] 4f34388587f04e7ce1dfb146d7f18182c714c2f66c9b08b700e6cf72c520d6aa
[INFO] running `Command { std: "docker" "start" "-a" "4f34388587f04e7ce1dfb146d7f18182c714c2f66c9b08b700e6cf72c520d6aa", kill_on_drop: false }`
[INFO] running `Command { std: "docker" "inspect" "4f34388587f04e7ce1dfb146d7f18182c714c2f66c9b08b700e6cf72c520d6aa", kill_on_drop: false }`
[INFO] running `Command { std: "docker" "rm" "-f" "4f34388587f04e7ce1dfb146d7f18182c714c2f66c9b08b700e6cf72c520d6aa", kill_on_drop: false }`
[INFO] [stdout] 4f34388587f04e7ce1dfb146d7f18182c714c2f66c9b08b700e6cf72c520d6aa
[INFO] running `Command { std: "docker" "create" "-v" "/var/lib/crater-agent-workspace/builds/worker-3-tc2/target:/opt/rustwide/target:rw,Z" "-v" "/var/lib/crater-agent-workspace/builds/worker-3-tc2/source:/opt/rustwide/workdir:ro,Z" "-v" "/var/lib/crater-agent-workspace/cargo-home:/opt/rustwide/cargo-home:ro,Z" "-v" "/var/lib/crater-agent-workspace/rustup-home:/opt/rustwide/rustup-home:ro,Z" "-e" "SOURCE_DIR=/opt/rustwide/workdir" "-e" "CARGO_TARGET_DIR=/opt/rustwide/target" "-e" "CARGO_INCREMENTAL=0" "-e" "RUST_BACKTRACE=full" "-e" "RUSTFLAGS=--cap-lints=forbid -Zrandomize-layout" "-e" "RUSTDOCFLAGS=--cap-lints=forbid" "-e" "CARGO_HOME=/opt/rustwide/cargo-home" "-e" "RUSTUP_HOME=/opt/rustwide/rustup-home" "-w" "/opt/rustwide/workdir" "-m" "1610612736" "--user" "0:0" "--network" "none" "ghcr.io/rust-lang/crates-build-env/linux@sha256:819108c5571ea2e421544af4d832f968d213c87fbe3707a016657f43d2f853bc" "/opt/rustwide/cargo-home/bin/cargo" "+nightly-2025-01-18" "build" "--frozen" "--message-format=json", kill_on_drop: false }`
[INFO] [stdout] 18420c611e51019208df7a5033d70894caefec13d5daab6fd4780a1888a1e04b
[INFO] running `Command { std: "docker" "start" "-a" "18420c611e51019208df7a5033d70894caefec13d5daab6fd4780a1888a1e04b", kill_on_drop: false }`
[INFO] [stderr]    Compiling proc-macro2 v1.0.93
[INFO] [stderr]    Compiling unicode-ident v1.0.14
[INFO] [stderr]    Compiling libc v0.2.169
[INFO] [stderr]    Compiling byteorder v1.5.0
[INFO] [stderr]    Compiling quote v1.0.38
[INFO] [stderr]    Compiling syn v2.0.96
[INFO] [stderr]    Compiling getrandom v0.2.15
[INFO] [stderr]    Compiling rand_core v0.6.4
[INFO] [stderr]    Compiling zerocopy-derive v0.7.35
[INFO] [stderr]    Compiling zerocopy v0.7.35
[INFO] [stderr]    Compiling ppv-lite86 v0.2.20
[INFO] [stderr]    Compiling rand_chacha v0.3.1
[INFO] [stderr]    Compiling rand v0.8.5
[INFO] [stderr]    Compiling test_rust v0.1.0 (/opt/rustwide/workdir)
[INFO] [stdout] warning: function `longest_common_sequence` is never used
[INFO] [stdout]    --> src/divers_exo.rs:130:4
[INFO] [stdout]     |
[INFO] [stdout] 130 | fn longest_common_sequence(a:&String,b:&String)->i32{
[INFO] [stdout]     |    ^^^^^^^^^^^^^^^^^^^^^^^
[INFO] [stdout]     |
[INFO] [stdout]     = note: `#[warn(dead_code)]` on by default
[INFO] [stdout] 
[INFO] [stdout] 
[INFO] [stdout] warning: function `position` is never used
[INFO] [stdout]  --> src/matrix.rs:1:4
[INFO] [stdout]   |
[INFO] [stdout] 1 | fn position(i: usize, j: usize,n: usize) -> usize{
[INFO] [stdout]   |    ^^^^^^^^
[INFO] [stdout] 
[INFO] [stdout] 
[INFO] [stdout] warning: function `check_sym` is never used
[INFO] [stdout]  --> src/matrix.rs:7:4
[INFO] [stdout]   |
[INFO] [stdout] 7 | fn check_sym(a: &Vec<f64>,n: usize) -> bool{
[INFO] [stdout]   |    ^^^^^^^^^
[INFO] [stdout] 
[INFO] [stdout] 
[INFO] [stdout] warning: struct `Sym` is never constructed
[INFO] [stdout]   --> src/matrix.rs:19:8
[INFO] [stdout]    |
[INFO] [stdout] 19 | struct Sym {
[INFO] [stdout]    |        ^^^
[INFO] [stdout] 
[INFO] [stdout] 
[INFO] [stdout] warning: associated items `id`, `get`, and `prod` are never used
[INFO] [stdout]   --> src/matrix.rs:25:12
[INFO] [stdout]    |
[INFO] [stdout] 24 | impl Sym {
[INFO] [stdout]    | -------- associated items in this implementation
[INFO] [stdout] 25 |     pub fn id(n: usize) -> Self{
[INFO] [stdout]    |            ^^
[INFO] [stdout] ...
[INFO] [stdout] 38 |     fn get(&self,i: usize, j: usize)-> f64{
[INFO] [stdout]    |        ^^^
[INFO] [stdout] ...
[INFO] [stdout] 48 |     fn prod(&self,b:&Vec<f64>)->Vec<f64>{
[INFO] [stdout]    |        ^^^^
[INFO] [stdout] 
[INFO] [stdout] 
[INFO] [stdout] warning: function `execute_logo` is never used
[INFO] [stdout]  --> src/tortue_logo.rs:5:4
[INFO] [stdout]   |
[INFO] [stdout] 5 | fn execute_logo(programme:&Vec<Instruction>)-> (i32,i32){
[INFO] [stdout]   |    ^^^^^^^^^^^^
[INFO] [stdout] 
[INFO] [stdout] 
[INFO] [stdout] warning: unused import: `core::panic`
[INFO] [stdout]  --> src/bin/main.rs:1:5
[INFO] [stdout]   |
[INFO] [stdout] 1 | use core::panic;
[INFO] [stdout]   |     ^^^^^^^^^^^
[INFO] [stdout]   |
[INFO] [stdout]   = note: `#[warn(unused_imports)]` on by default
[INFO] [stdout] 
[INFO] [stdout] 
[INFO] [stdout] warning: unused import: `std::array`
[INFO] [stdout]  --> src/bin/main.rs:2:5
[INFO] [stdout]   |
[INFO] [stdout] 2 | use std::array;
[INFO] [stdout]   |     ^^^^^^^^^^
[INFO] [stdout] 
[INFO] [stdout] 
[INFO] [stdout] warning: variable does not need to be mutable
[INFO] [stdout]  --> src/bin/main.rs:6:9
[INFO] [stdout]   |
[INFO] [stdout] 6 |     let mut d:Vec<(u32, u32, u32)>=vec![
[INFO] [stdout]   |         ----^
[INFO] [stdout]   |         |
[INFO] [stdout]   |         help: remove this `mut`
[INFO] [stdout]   |
[INFO] [stdout]   = note: `#[warn(unused_mut)]` on by default
[INFO] [stdout] 
[INFO] [stdout] 
[INFO] [stderr]     Finished `dev` profile [unoptimized + debuginfo] target(s) in 6.84s
[INFO] running `Command { std: "docker" "inspect" "18420c611e51019208df7a5033d70894caefec13d5daab6fd4780a1888a1e04b", kill_on_drop: false }`
[INFO] running `Command { std: "docker" "rm" "-f" "18420c611e51019208df7a5033d70894caefec13d5daab6fd4780a1888a1e04b", kill_on_drop: false }`
[INFO] [stdout] 18420c611e51019208df7a5033d70894caefec13d5daab6fd4780a1888a1e04b
[INFO] running `Command { std: "docker" "create" "-v" "/var/lib/crater-agent-workspace/builds/worker-3-tc2/target:/opt/rustwide/target:rw,Z" "-v" "/var/lib/crater-agent-workspace/builds/worker-3-tc2/source:/opt/rustwide/workdir:ro,Z" "-v" "/var/lib/crater-agent-workspace/cargo-home:/opt/rustwide/cargo-home:ro,Z" "-v" "/var/lib/crater-agent-workspace/rustup-home:/opt/rustwide/rustup-home:ro,Z" "-e" "SOURCE_DIR=/opt/rustwide/workdir" "-e" "CARGO_TARGET_DIR=/opt/rustwide/target" "-e" "CARGO_INCREMENTAL=0" "-e" "RUST_BACKTRACE=full" "-e" "RUSTFLAGS=--cap-lints=forbid -Zrandomize-layout" "-e" "RUSTDOCFLAGS=--cap-lints=forbid" "-e" "CARGO_HOME=/opt/rustwide/cargo-home" "-e" "RUSTUP_HOME=/opt/rustwide/rustup-home" "-w" "/opt/rustwide/workdir" "-m" "1610612736" "--user" "0:0" "--network" "none" "ghcr.io/rust-lang/crates-build-env/linux@sha256:819108c5571ea2e421544af4d832f968d213c87fbe3707a016657f43d2f853bc" "/opt/rustwide/cargo-home/bin/cargo" "+nightly-2025-01-18" "test" "--frozen" "--no-run" "--message-format=json", kill_on_drop: false }`
[INFO] [stdout] c8790e3abbdb64e44409e2d97a6d606deb8dec6a346347ab09b8752c4e66997d
[INFO] running `Command { std: "docker" "start" "-a" "c8790e3abbdb64e44409e2d97a6d606deb8dec6a346347ab09b8752c4e66997d", kill_on_drop: false }`
[INFO] [stderr]    Compiling test_rust v0.1.0 (/opt/rustwide/workdir)
[INFO] [stdout] warning: function `longest_common_sequence` is never used
[INFO] [stdout]    --> src/divers_exo.rs:130:4
[INFO] [stdout]     |
[INFO] [stdout] 130 | fn longest_common_sequence(a:&String,b:&String)->i32{
[INFO] [stdout]     |    ^^^^^^^^^^^^^^^^^^^^^^^
[INFO] [stdout]     |
[INFO] [stdout]     = note: `#[warn(dead_code)]` on by default
[INFO] [stdout] 
[INFO] [stdout] 
[INFO] [stdout] warning: function `position` is never used
[INFO] [stdout]  --> src/matrix.rs:1:4
[INFO] [stdout]   |
[INFO] [stdout] 1 | fn position(i: usize, j: usize,n: usize) -> usize{
[INFO] [stdout]   |    ^^^^^^^^
[INFO] [stdout] 
[INFO] [stdout] 
[INFO] [stdout] warning: function `check_sym` is never used
[INFO] [stdout]  --> src/matrix.rs:7:4
[INFO] [stdout]   |
[INFO] [stdout] 7 | fn check_sym(a: &Vec<f64>,n: usize) -> bool{
[INFO] [stdout]   |    ^^^^^^^^^
[INFO] [stdout] 
[INFO] [stdout] 
[INFO] [stdout] warning: struct `Sym` is never constructed
[INFO] [stdout]   --> src/matrix.rs:19:8
[INFO] [stdout]    |
[INFO] [stdout] 19 | struct Sym {
[INFO] [stdout]    |        ^^^
[INFO] [stdout] 
[INFO] [stdout] 
[INFO] [stdout] warning: associated items `id`, `get`, and `prod` are never used
[INFO] [stdout]   --> src/matrix.rs:25:12
[INFO] [stdout]    |
[INFO] [stdout] 24 | impl Sym {
[INFO] [stdout]    | -------- associated items in this implementation
[INFO] [stdout] 25 |     pub fn id(n: usize) -> Self{
[INFO] [stdout]    |            ^^
[INFO] [stdout] ...
[INFO] [stdout] 38 |     fn get(&self,i: usize, j: usize)-> f64{
[INFO] [stdout]    |        ^^^
[INFO] [stdout] ...
[INFO] [stdout] 48 |     fn prod(&self,b:&Vec<f64>)->Vec<f64>{
[INFO] [stdout]    |        ^^^^
[INFO] [stdout] 
[INFO] [stdout] 
[INFO] [stdout] warning: function `execute_logo` is never used
[INFO] [stdout]  --> src/tortue_logo.rs:5:4
[INFO] [stdout]   |
[INFO] [stdout] 5 | fn execute_logo(programme:&Vec<Instruction>)-> (i32,i32){
[INFO] [stdout]   |    ^^^^^^^^^^^^
[INFO] [stdout] 
[INFO] [stdout] 
[INFO] [stdout] warning: unused import: `core::panic`
[INFO] [stdout]  --> src/bin/main.rs:1:5
[INFO] [stdout]   |
[INFO] [stdout] 1 | use core::panic;
[INFO] [stdout]   |     ^^^^^^^^^^^
[INFO] [stdout]   |
[INFO] [stdout]   = note: `#[warn(unused_imports)]` on by default
[INFO] [stdout] 
[INFO] [stdout] 
[INFO] [stdout] warning: unused import: `std::array`
[INFO] [stdout]  --> src/bin/main.rs:2:5
[INFO] [stdout]   |
[INFO] [stdout] 2 | use std::array;
[INFO] [stdout]   |     ^^^^^^^^^^
[INFO] [stdout] 
[INFO] [stdout] 
[INFO] [stdout] warning: variable does not need to be mutable
[INFO] [stdout]  --> src/bin/main.rs:6:9
[INFO] [stdout]   |
[INFO] [stdout] 6 |     let mut d:Vec<(u32, u32, u32)>=vec![
[INFO] [stdout]   |         ----^
[INFO] [stdout]   |         |
[INFO] [stdout]   |         help: remove this `mut`
[INFO] [stdout]   |
[INFO] [stdout]   = note: `#[warn(unused_mut)]` on by default
[INFO] [stdout] 
[INFO] [stdout] 
[INFO] [stderr]     Finished `test` profile [unoptimized + debuginfo] target(s) in 0.94s
[INFO] running `Command { std: "docker" "inspect" "c8790e3abbdb64e44409e2d97a6d606deb8dec6a346347ab09b8752c4e66997d", kill_on_drop: false }`
[INFO] running `Command { std: "docker" "rm" "-f" "c8790e3abbdb64e44409e2d97a6d606deb8dec6a346347ab09b8752c4e66997d", kill_on_drop: false }`
[INFO] [stdout] c8790e3abbdb64e44409e2d97a6d606deb8dec6a346347ab09b8752c4e66997d
[INFO] running `Command { std: "docker" "create" "-v" "/var/lib/crater-agent-workspace/builds/worker-3-tc2/target:/opt/rustwide/target:rw,Z" "-v" "/var/lib/crater-agent-workspace/builds/worker-3-tc2/source:/opt/rustwide/workdir:ro,Z" "-v" "/var/lib/crater-agent-workspace/cargo-home:/opt/rustwide/cargo-home:ro,Z" "-v" "/var/lib/crater-agent-workspace/rustup-home:/opt/rustwide/rustup-home:ro,Z" "-e" "SOURCE_DIR=/opt/rustwide/workdir" "-e" "CARGO_TARGET_DIR=/opt/rustwide/target" "-e" "CARGO_INCREMENTAL=0" "-e" "RUST_BACKTRACE=full" "-e" "RUSTFLAGS=--cap-lints=forbid -Zrandomize-layout" "-e" "RUSTDOCFLAGS=--cap-lints=forbid" "-e" "CARGO_HOME=/opt/rustwide/cargo-home" "-e" "RUSTUP_HOME=/opt/rustwide/rustup-home" "-w" "/opt/rustwide/workdir" "-m" "1610612736" "--user" "0:0" "--network" "none" "ghcr.io/rust-lang/crates-build-env/linux@sha256:819108c5571ea2e421544af4d832f968d213c87fbe3707a016657f43d2f853bc" "/opt/rustwide/cargo-home/bin/cargo" "+nightly-2025-01-18" "test" "--frozen", kill_on_drop: false }`
[INFO] [stdout] e5ed5e2eb26c0a6143c2cbd953ef476bc3bbd573873f2ea02a151eda61f91600
[INFO] running `Command { std: "docker" "start" "-a" "e5ed5e2eb26c0a6143c2cbd953ef476bc3bbd573873f2ea02a151eda61f91600", kill_on_drop: false }`
[INFO] [stderr] warning: function `longest_common_sequence` is never used
[INFO] [stderr]    --> src/divers_exo.rs:130:4
[INFO] [stderr]     |
[INFO] [stderr] 130 | fn longest_common_sequence(a:&String,b:&String)->i32{
[INFO] [stderr]     |    ^^^^^^^^^^^^^^^^^^^^^^^
[INFO] [stderr]     |
[INFO] [stderr]     = note: `#[warn(dead_code)]` on by default
[INFO] [stderr] 
[INFO] [stderr] warning: function `position` is never used
[INFO] [stderr]  --> src/matrix.rs:1:4
[INFO] [stderr]   |
[INFO] [stderr] 1 | fn position(i: usize, j: usize,n: usize) -> usize{
[INFO] [stderr]   |    ^^^^^^^^
[INFO] [stderr] 
[INFO] [stderr] warning: function `check_sym` is never used
[INFO] [stderr]  --> src/matrix.rs:7:4
[INFO] [stderr]   |
[INFO] [stderr] 7 | fn check_sym(a: &Vec<f64>,n: usize) -> bool{
[INFO] [stderr]   |    ^^^^^^^^^
[INFO] [stderr] 
[INFO] [stderr] warning: struct `Sym` is never constructed
[INFO] [stderr]   --> src/matrix.rs:19:8
[INFO] [stderr]    |
[INFO] [stderr] 19 | struct Sym {
[INFO] [stderr]    |        ^^^
[INFO] [stderr] 
[INFO] [stderr] warning: associated items `id`, `get`, and `prod` are never used
[INFO] [stderr]   --> src/matrix.rs:25:12
[INFO] [stderr]    |
[INFO] [stderr] 24 | impl Sym {
[INFO] [stderr]    | -------- associated items in this implementation
[INFO] [stderr] 25 |     pub fn id(n: usize) -> Self{
[INFO] [stderr]    |            ^^
[INFO] [stderr] ...
[INFO] [stderr] 38 |     fn get(&self,i: usize, j: usize)-> f64{
[INFO] [stderr]    |        ^^^
[INFO] [stderr] ...
[INFO] [stderr] 48 |     fn prod(&self,b:&Vec<f64>)->Vec<f64>{
[INFO] [stderr]    |        ^^^^
[INFO] [stderr] 
[INFO] [stderr] warning: function `execute_logo` is never used
[INFO] [stderr]  --> src/tortue_logo.rs:5:4
[INFO] [stderr]   |
[INFO] [stderr] 5 | fn execute_logo(programme:&Vec<Instruction>)-> (i32,i32){
[INFO] [stderr]   |    ^^^^^^^^^^^^
[INFO] [stderr] 
[INFO] [stderr] warning: `test_rust` (lib) generated 6 warnings
[INFO] [stderr] warning: unused import: `core::panic`
[INFO] [stderr]  --> src/bin/main.rs:1:5
[INFO] [stderr]   |
[INFO] [stderr] 1 | use core::panic;
[INFO] [stderr]   |     ^^^^^^^^^^^
[INFO] [stderr]   |
[INFO] [stderr]   = note: `#[warn(unused_imports)]` on by default
[INFO] [stderr] 
[INFO] [stderr] warning: unused import: `std::array`
[INFO] [stderr]  --> src/bin/main.rs:2:5
[INFO] [stderr]   |
[INFO] [stderr] 2 | use std::array;
[INFO] [stderr]   |     ^^^^^^^^^^
[INFO] [stderr] 
[INFO] [stderr] warning: variable does not need to be mutable
[INFO] [stderr]  --> src/bin/main.rs:6:9
[INFO] [stderr]   |
[INFO] [stderr] 6 |     let mut d:Vec<(u32, u32, u32)>=vec![
[INFO] [stderr]   |         ----^
[INFO] [stderr]   |         |
[INFO] [stderr]   |         help: remove this `mut`
[INFO] [stderr]   |
[INFO] [stderr]   = note: `#[warn(unused_mut)]` on by default
[INFO] [stderr] 
[INFO] [stderr] warning: `test_rust` (bin "main" test) generated 3 warnings (run `cargo fix --bin "main" --tests` to apply 3 suggestions)
[INFO] [stderr]     Finished `test` profile [unoptimized + debuginfo] target(s) in 0.02s
[INFO] [stderr]      Running unittests src/lib.rs (/opt/rustwide/target/debug/deps/test_rust-d88f3cb4dc916213)
[INFO] [stdout] 
[INFO] [stdout] running 66 tests
[INFO] [stdout] test bst::tests::test_delete ... ok
[INFO] [stdout] test bst::tests::test_delete_value_from_empty_tree ... ok
[INFO] [stdout] test bst::tests::test_tree_insert_and_contains_values ... ok
[INFO] [stdout] test bst::tests::test_tree_with_a_single_value ... ok
[INFO] [stdout] test bst::tests::test_empty_tree ... ok
[INFO] [stdout] test divers_exo::tests::test_interv_min_covering ... ok
[INFO] [stdout] test divers_exo::tests::test_knapsack_mult1 ... ok
[INFO] [stdout] test divers_exo::tests::test_knapsack_mult2 ... ok
[INFO] [stdout] test divers_exo::tests::test_levenshtein1 ... ok
[INFO] [stdout] test divers_exo::tests::test_levenshtein2 ... ok
[INFO] [stdout] test divers_exo::tests::test_levenshtein3 ... ok
[INFO] [stdout] test divers_exo::tests::test_longest_common_sequence_1 ... ok
[INFO] [stdout] test divers_exo::tests::test_longest_common_sequence_2 ... ok
[INFO] [stdout] test divers_exo::tests::test_maxi_sum_tab ... ok
[INFO] [stdout] test divers_exo::tests::test_minimum_number_mult ... ok
[INFO] [stdout] test divers_exo::tests::test_power ... ok
[INFO] [stdout] test divers_exo::tests::test_without_duplicates ... ok
[INFO] [stdout] test divers_exo::tests::test_word_count ... ok
[INFO] [stdout] test ex1::tests::test_armstrong_number ... ok
[INFO] [stdout] test ex1::tests::test_armstrong_number1 ... ok
[INFO] [stdout] test ex1::tests::test_not_armstrong_number ... ok
[INFO] [stdout] test ex1::tests::test_not_armstrong_number1 ... ok
[INFO] [stdout] test ex2::tests::test_sum_vector_complex ... ok
[INFO] [stdout] test file::tests::test_directory ... ok
[INFO] [stdout] test fractions::tests::test_create_a_valid_fraction ... ok
[INFO] [stdout] test file::tests::test_file_methodes ... ok
[INFO] [stdout] test fractions::tests::test_prod ... ok
[INFO] [stdout] test fractions::tests::test_to ... ok
[INFO] [stdout] test linked_list::tests::create_empty_linked_list ... ok
[INFO] [stdout] test matrix::tests::test_check_sym ... ok
[INFO] [stdout] test matrix::tests::test_id_sym ... ok
[INFO] [stdout] test linked_list::tests::test_push ... ok
[INFO] [stdout] test matrix::tests::test_position ... ok
[INFO] [stdout] test matrix::tests::test_sym_get ... ok
[INFO] [stdout] test matrix::tests::test_sym_prod ... ok
[INFO] [stdout] test polynom2::tests::test_push ... ok
[INFO] [stdout] test password_gen::tests::test_from ... ok
[INFO] [stdout] test polynom2::tests::test_index ... ok
[INFO] [stdout] test password_gen::tests::test_strong_password ... ok
[INFO] [stdout] test password_gen::tests::test_weak_password1 ... ok
[INFO] [stdout] test polynom2::tests::test_eval ... ok
[INFO] [stdout] test fractions::tests::test_mult ... ok
[INFO] [stdout] test polynom::tests::bench_eval ... ok
[INFO] [stdout] test polynom::tests::bench_eval_opt ... ok
[INFO] [stdout] test rpn::tests::divide_ok ... ok
[INFO] [stdout] test queue::tests::test_create_empty_queue ... ok
[INFO] [stdout] test rpn::tests::just_a_number ... ok
[INFO] [stdout] test rpn::tests::minus ... ok
[INFO] [stdout] test rpn::tests::plus ... ok
[INFO] [stdout] test rpn::tests::stack_underflow ... ok
[INFO] [stdout] test rpn::tests::times ... ok
[INFO] [stdout] test password_gen::tests::test_weak_password2 ... ok
[INFO] [stdout] test stack::tests::should_pop_the_empty_stack ... ok
[INFO] [stdout] test stack::tests::should_push_an_element_on_the_stack ... ok
[INFO] [stdout] test stack::tests::should_pop_an_element_from_the_stack ... ok
[INFO] [stdout] test rpn::tests::empty ... ok
[INFO] [stdout] test stack::tests::should_return_the_top_of_the_stack ... ok
[INFO] [stdout] test rpn::tests::complex_expression ... ok
[INFO] [stdout] test rpn::tests::divide_err ... ok
[INFO] [stdout] test tortue_logo::tests::test_logo ... ok
[INFO] [stdout] test tri_fusion::tests::test_sort_vec ... ok
[INFO] [stdout] test stack::tests::should_return_the_top_of_an_empty_stack ... ok
[INFO] [stdout] test stack::tests::sould_create_empty_stack ... ok
[INFO] [stdout] test fractions::tests::test_panic_from - should panic ... ok
[INFO] [stdout] test queue::tests::test_enqueue ... FAILED
[INFO] [stdout] test queue::tests::test_dequeue ... FAILED
[INFO] [stdout] 
[INFO] [stdout] failures:
[INFO] [stdout] 
[INFO] [stdout] ---- queue::tests::test_enqueue stdout ----
[INFO] [stdout] 
[INFO] [stdout] thread 'queue::tests::test_enqueue' panicked at src/queue.rs:73:13:
[INFO] [stdout] assertion `left == right` failed
[INFO] [stdout]   left: 944471354
[INFO] [stdout]  right: 4
[INFO] [stdout] stack backtrace:
[INFO] [stdout]    0:     0x568015662d0a - std::backtrace_rs::backtrace::libunwind::trace::hb059275cfc8d6126
[INFO] [stdout]                                at /rustc/6067b36314ab5eb2eb47cecc464545ba58e1ad24/library/std/src/../../backtrace/src/backtrace/libunwind.rs:116:5
[INFO] [stdout]    1:     0x568015662d0a - std::backtrace_rs::backtrace::trace_unsynchronized::h2da071e4327ce3ee
[INFO] [stdout]                                at /rustc/6067b36314ab5eb2eb47cecc464545ba58e1ad24/library/std/src/../../backtrace/src/backtrace/mod.rs:66:5
[INFO] [stdout]    2:     0x568015662d0a - std::sys::backtrace::_print_fmt::h842a1474e6f8d23f
[INFO] [stdout]                                at /rustc/6067b36314ab5eb2eb47cecc464545ba58e1ad24/library/std/src/sys/backtrace.rs:66:9
[INFO] [stdout]    3:     0x568015662d0a - <std::sys::backtrace::BacktraceLock::print::DisplayBacktrace as core::fmt::Display>::fmt::h71a62eb3b9696b12
[INFO] [stdout]                                at /rustc/6067b36314ab5eb2eb47cecc464545ba58e1ad24/library/std/src/sys/backtrace.rs:39:26
[INFO] [stdout]    4:     0x56801568bf13 - core::fmt::rt::Argument::fmt::hdb6b616786b41dc1
[INFO] [stdout]                                at /rustc/6067b36314ab5eb2eb47cecc464545ba58e1ad24/library/core/src/fmt/rt.rs:177:76
[INFO] [stdout]    5:     0x56801568bf13 - core::fmt::write::h2cc1698af7e2d686
[INFO] [stdout]                                at /rustc/6067b36314ab5eb2eb47cecc464545ba58e1ad24/library/core/src/fmt/mod.rs:1440:21
[INFO] [stdout]    6:     0x56801565f863 - std::io::Write::write_fmt::hab1b4cd059a79022
[INFO] [stdout]                                at /rustc/6067b36314ab5eb2eb47cecc464545ba58e1ad24/library/std/src/io/mod.rs:1887:15
[INFO] [stdout]    7:     0x568015662b52 - std::sys::backtrace::BacktraceLock::print::h147fe35b4ea13b08
[INFO] [stdout]                                at /rustc/6067b36314ab5eb2eb47cecc464545ba58e1ad24/library/std/src/sys/backtrace.rs:42:9
[INFO] [stdout]    8:     0x56801566412f - std::panicking::default_hook::{{closure}}::hbd44223dbdc0d208
[INFO] [stdout]                                at /rustc/6067b36314ab5eb2eb47cecc464545ba58e1ad24/library/std/src/panicking.rs:298:22
[INFO] [stdout]    9:     0x568015663f48 - std::panicking::default_hook::h20f81eb0576efcec
[INFO] [stdout]                                at /rustc/6067b36314ab5eb2eb47cecc464545ba58e1ad24/library/std/src/panicking.rs:322:9
[INFO] [stdout]   10:     0x56801562cd63 - <alloc::boxed::Box<F,A> as core::ops::function::Fn<Args>>::call::hdb53814c496a4d34
[INFO] [stdout]                                at /rustc/6067b36314ab5eb2eb47cecc464545ba58e1ad24/library/alloc/src/boxed.rs:2027:9
[INFO] [stdout]   11:     0x56801562cd63 - test::test_main::{{closure}}::hc0a4963c59427c24
[INFO] [stdout]                                at /rustc/6067b36314ab5eb2eb47cecc464545ba58e1ad24/library/test/src/lib.rs:134:21
[INFO] [stdout]   12:     0x568015664c23 - <alloc::boxed::Box<F,A> as core::ops::function::Fn<Args>>::call::h591b2225413a77e9
[INFO] [stdout]                                at /rustc/6067b36314ab5eb2eb47cecc464545ba58e1ad24/library/alloc/src/boxed.rs:2027:9
[INFO] [stdout]   13:     0x568015664c23 - std::panicking::rust_panic_with_hook::h625eea43051b2edc
[INFO] [stdout]                                at /rustc/6067b36314ab5eb2eb47cecc464545ba58e1ad24/library/std/src/panicking.rs:839:13
[INFO] [stdout]   14:     0x5680156648da - std::panicking::begin_panic_handler::{{closure}}::h4f9159cfbc3f6bd3
[INFO] [stdout]                                at /rustc/6067b36314ab5eb2eb47cecc464545ba58e1ad24/library/std/src/panicking.rs:704:13
[INFO] [stdout]   15:     0x568015663209 - std::sys::backtrace::__rust_end_short_backtrace::h0390abce48353151
[INFO] [stdout]                                at /rustc/6067b36314ab5eb2eb47cecc464545ba58e1ad24/library/std/src/sys/backtrace.rs:168:18
[INFO] [stdout]   16:     0x56801566456d - rust_begin_unwind
[INFO] [stdout]                                at /rustc/6067b36314ab5eb2eb47cecc464545ba58e1ad24/library/std/src/panicking.rs:695:5
[INFO] [stdout]   17:     0x568015689ae0 - core::panicking::panic_fmt::h9e7c637e9e5f29c9
[INFO] [stdout]                                at /rustc/6067b36314ab5eb2eb47cecc464545ba58e1ad24/library/core/src/panicking.rs:75:14
[INFO] [stdout]   18:     0x568015689ed2 - core::panicking::assert_failed_inner::h538bec7c1374cd9c
[INFO] [stdout]   19:     0x568015642acc - core::panicking::assert_failed::hd02c0d569d89af5b
[INFO] [stdout]                                at /rustc/6067b36314ab5eb2eb47cecc464545ba58e1ad24/library/core/src/panicking.rs:364:5
[INFO] [stdout]   20:     0x5680155dad61 - test_rust::queue::tests::test_enqueue::h5576ad3169015cc0
[INFO] [stdout]                                at /opt/rustwide/workdir/src/queue.rs:73:13
[INFO] [stdout]   21:     0x5680155dab57 - test_rust::queue::tests::test_enqueue::{{closure}}::hcfa39b142693a27c
[INFO] [stdout]                                at /opt/rustwide/workdir/src/queue.rs:66:22
[INFO] [stdout]   22:     0x5680155d0cc6 - core::ops::function::FnOnce::call_once::h77d36d9d71c2a07d
[INFO] [stdout]                                at /rustc/6067b36314ab5eb2eb47cecc464545ba58e1ad24/library/core/src/ops/function.rs:250:5
[INFO] [stdout]   23:     0x5680156324bb - core::ops::function::FnOnce::call_once::he27718dfdd183f43
[INFO] [stdout]                                at /rustc/6067b36314ab5eb2eb47cecc464545ba58e1ad24/library/core/src/ops/function.rs:250:5
[INFO] [stdout]   24:     0x5680156324bb - test::__rust_begin_short_backtrace::h4e84902998457a5d
[INFO] [stdout]                                at /rustc/6067b36314ab5eb2eb47cecc464545ba58e1ad24/library/test/src/lib.rs:632:18
[INFO] [stdout]   25:     0x5680156313f3 - test::run_test_in_process::{{closure}}::h7176fd18fc1feca0
[INFO] [stdout]                                at /rustc/6067b36314ab5eb2eb47cecc464545ba58e1ad24/library/test/src/lib.rs:655:60
[INFO] [stdout]   26:     0x5680156313f3 - <core::panic::unwind_safe::AssertUnwindSafe<F> as core::ops::function::FnOnce<()>>::call_once::hf79cff2a624d8cf7
[INFO] [stdout]                                at /rustc/6067b36314ab5eb2eb47cecc464545ba58e1ad24/library/core/src/panic/unwind_safe.rs:272:9
[INFO] [stdout]   27:     0x5680156313f3 - std::panicking::try::do_call::h3da0561d9ab99c25
[INFO] [stdout]                                at /rustc/6067b36314ab5eb2eb47cecc464545ba58e1ad24/library/std/src/panicking.rs:587:40
[INFO] [stdout]   28:     0x5680156313f3 - std::panicking::try::h41c9fa508bc61df6
[INFO] [stdout]                                at /rustc/6067b36314ab5eb2eb47cecc464545ba58e1ad24/library/std/src/panicking.rs:550:19
[INFO] [stdout]   29:     0x5680156313f3 - std::panic::catch_unwind::h6b3ff07bb5afad93
[INFO] [stdout]                                at /rustc/6067b36314ab5eb2eb47cecc464545ba58e1ad24/library/std/src/panic.rs:358:14
[INFO] [stdout]   30:     0x5680156313f3 - test::run_test_in_process::hc7253dd11b39b9f4
[INFO] [stdout]                                at /rustc/6067b36314ab5eb2eb47cecc464545ba58e1ad24/library/test/src/lib.rs:655:27
[INFO] [stdout]   31:     0x5680156313f3 - test::run_test::{{closure}}::hfb2007f8649c30bb
[INFO] [stdout]                                at /rustc/6067b36314ab5eb2eb47cecc464545ba58e1ad24/library/test/src/lib.rs:576:43
[INFO] [stdout]   32:     0x5680155f42c5 - test::run_test::{{closure}}::h56a17aa7a282a9f4
[INFO] [stdout]                                at /rustc/6067b36314ab5eb2eb47cecc464545ba58e1ad24/library/test/src/lib.rs:606:41
[INFO] [stdout]   33:     0x5680155f42c5 - std::sys::backtrace::__rust_begin_short_backtrace::hd2d2d2fb8e8c6aac
[INFO] [stdout]                                at /rustc/6067b36314ab5eb2eb47cecc464545ba58e1ad24/library/std/src/sys/backtrace.rs:152:18
[INFO] [stdout]   34:     0x5680155f7baa - std::thread::Builder::spawn_unchecked_::{{closure}}::{{closure}}::h4faa3f9db6133423
[INFO] [stdout]                                at /rustc/6067b36314ab5eb2eb47cecc464545ba58e1ad24/library/std/src/thread/mod.rs:559:17
[INFO] [stdout]   35:     0x5680155f7baa - <core::panic::unwind_safe::AssertUnwindSafe<F> as core::ops::function::FnOnce<()>>::call_once::hf2e855a36a4ea846
[INFO] [stdout]                                at /rustc/6067b36314ab5eb2eb47cecc464545ba58e1ad24/library/core/src/panic/unwind_safe.rs:272:9
[INFO] [stdout]   36:     0x5680155f7baa - std::panicking::try::do_call::h2f73af3616c35465
[INFO] [stdout]                                at /rustc/6067b36314ab5eb2eb47cecc464545ba58e1ad24/library/std/src/panicking.rs:587:40
[INFO] [stdout]   37:     0x5680155f7baa - std::panicking::try::hd1660ce9efadef5a
[INFO] [stdout]                                at /rustc/6067b36314ab5eb2eb47cecc464545ba58e1ad24/library/std/src/panicking.rs:550:19
[INFO] [stdout]   38:     0x5680155f7baa - std::panic::catch_unwind::h5ee8d7823b8ca744
[INFO] [stdout]                                at /rustc/6067b36314ab5eb2eb47cecc464545ba58e1ad24/library/std/src/panic.rs:358:14
[INFO] [stdout]   39:     0x5680155f7baa - std::thread::Builder::spawn_unchecked_::{{closure}}::h53c3a1894dce8407
[INFO] [stdout]                                at /rustc/6067b36314ab5eb2eb47cecc464545ba58e1ad24/library/std/src/thread/mod.rs:557:30
[INFO] [stdout]   40:     0x5680155f7baa - core::ops::function::FnOnce::call_once{{vtable.shim}}::h048ce291ad4f62bf
[INFO] [stdout]                                at /rustc/6067b36314ab5eb2eb47cecc464545ba58e1ad24/library/core/src/ops/function.rs:250:5
[INFO] [stdout]   41:     0x568015668b5b - <alloc::boxed::Box<F,A> as core::ops::function::FnOnce<Args>>::call_once::ha52bedf99a3b4981
[INFO] [stdout]                                at /rustc/6067b36314ab5eb2eb47cecc464545ba58e1ad24/library/alloc/src/boxed.rs:2013:9
[INFO] [stdout]   42:     0x568015668b5b - <alloc::boxed::Box<F,A> as core::ops::function::FnOnce<Args>>::call_once::h567748934d80ccf8
[INFO] [stdout]                                at /rustc/6067b36314ab5eb2eb47cecc464545ba58e1ad24/library/alloc/src/boxed.rs:2013:9
[INFO] [stdout]   43:     0x568015668b5b - std::sys::pal::unix::thread::Thread::new::thread_start::h2d970728ae887adc
[INFO] [stdout]                                at /rustc/6067b36314ab5eb2eb47cecc464545ba58e1ad24/library/std/src/sys/pal/unix/thread.rs:106:17
[INFO] [stdout]   44:     0x70ed99a50ac3 - <unknown>
[INFO] [stdout]   45:     0x70ed99ae1a04 - clone
[INFO] [stdout]   46:                0x0 - <unknown>
[INFO] [stdout] 
[INFO] [stdout] ---- queue::tests::test_dequeue stdout ----
[INFO] [stdout] 
[INFO] [stdout] thread 'queue::tests::test_dequeue' panicked at src/queue.rs:88:13:
[INFO] [stdout] assertion `left == right` failed
[INFO] [stdout]   left: 944471354
[INFO] [stdout]  right: 4
[INFO] [stdout] stack backtrace:
[INFO] [stdout]    0:     0x568015662d0a - std::backtrace_rs::backtrace::libunwind::trace::hb059275cfc8d6126
[INFO] [stdout]                                at /rustc/6067b36314ab5eb2eb47cecc464545ba58e1ad24/library/std/src/../../backtrace/src/backtrace/libunwind.rs:116:5
[INFO] [stdout]    1:     0x568015662d0a - std::backtrace_rs::backtrace::trace_unsynchronized::h2da071e4327ce3ee
[INFO] [stdout]                                at /rustc/6067b36314ab5eb2eb47cecc464545ba58e1ad24/library/std/src/../../backtrace/src/backtrace/mod.rs:66:5
[INFO] [stdout]    2:     0x568015662d0a - std::sys::backtrace::_print_fmt::h842a1474e6f8d23f
[INFO] [stdout]                                at /rustc/6067b36314ab5eb2eb47cecc464545ba58e1ad24/library/std/src/sys/backtrace.rs:66:9
[INFO] [stdout]    3:     0x568015662d0a - <std::sys::backtrace::BacktraceLock::print::DisplayBacktrace as core::fmt::Display>::fmt::h71a62eb3b9696b12
[INFO] [stdout]                                at /rustc/6067b36314ab5eb2eb47cecc464545ba58e1ad24/library/std/src/sys/backtrace.rs:39:26
[INFO] [stdout]    4:     0x56801568bf13 - core::fmt::rt::Argument::fmt::hdb6b616786b41dc1
[INFO] [stdout]                                at /rustc/6067b36314ab5eb2eb47cecc464545ba58e1ad24/library/core/src/fmt/rt.rs:177:76
[INFO] [stdout]    5:     0x56801568bf13 - core::fmt::write::h2cc1698af7e2d686
[INFO] [stdout]                                at /rustc/6067b36314ab5eb2eb47cecc464545ba58e1ad24/library/core/src/fmt/mod.rs:1440:21
[INFO] [stdout]    6:     0x56801565f863 - std::io::Write::write_fmt::hab1b4cd059a79022
[INFO] [stdout]                                at /rustc/6067b36314ab5eb2eb47cecc464545ba58e1ad24/library/std/src/io/mod.rs:1887:15
[INFO] [stdout]    7:     0x568015662b52 - std::sys::backtrace::BacktraceLock::print::h147fe35b4ea13b08
[INFO] [stdout]                                at /rustc/6067b36314ab5eb2eb47cecc464545ba58e1ad24/library/std/src/sys/backtrace.rs:42:9
[INFO] [stdout]    8:     0x56801566412f - std::panicking::default_hook::{{closure}}::hbd44223dbdc0d208
[INFO] [stdout]                                at /rustc/6067b36314ab5eb2eb47cecc464545ba58e1ad24/library/std/src/panicking.rs:298:22
[INFO] [stdout]    9:     0x568015663f48 - std::panicking::default_hook::h20f81eb0576efcec
[INFO] [stdout]                                at /rustc/6067b36314ab5eb2eb47cecc464545ba58e1ad24/library/std/src/panicking.rs:322:9
[INFO] [stdout]   10:     0x56801562cd63 - <alloc::boxed::Box<F,A> as core::ops::function::Fn<Args>>::call::hdb53814c496a4d34
[INFO] [stdout]                                at /rustc/6067b36314ab5eb2eb47cecc464545ba58e1ad24/library/alloc/src/boxed.rs:2027:9
[INFO] [stdout]   11:     0x56801562cd63 - test::test_main::{{closure}}::hc0a4963c59427c24
[INFO] [stdout]                                at /rustc/6067b36314ab5eb2eb47cecc464545ba58e1ad24/library/test/src/lib.rs:134:21
[INFO] [stdout]   12:     0x568015664c23 - <alloc::boxed::Box<F,A> as core::ops::function::Fn<Args>>::call::h591b2225413a77e9
[INFO] [stdout]                                at /rustc/6067b36314ab5eb2eb47cecc464545ba58e1ad24/library/alloc/src/boxed.rs:2027:9
[INFO] [stdout]   13:     0x568015664c23 - std::panicking::rust_panic_with_hook::h625eea43051b2edc
[INFO] [stdout]                                at /rustc/6067b36314ab5eb2eb47cecc464545ba58e1ad24/library/std/src/panicking.rs:839:13
[INFO] [stdout]   14:     0x5680156648da - std::panicking::begin_panic_handler::{{closure}}::h4f9159cfbc3f6bd3
[INFO] [stdout]                                at /rustc/6067b36314ab5eb2eb47cecc464545ba58e1ad24/library/std/src/panicking.rs:704:13
[INFO] [stdout]   15:     0x568015663209 - std::sys::backtrace::__rust_end_short_backtrace::h0390abce48353151
[INFO] [stdout]                                at /rustc/6067b36314ab5eb2eb47cecc464545ba58e1ad24/library/std/src/sys/backtrace.rs:168:18
[INFO] [stdout]   16:     0x56801566456d - rust_begin_unwind
[INFO] [stdout]                                at /rustc/6067b36314ab5eb2eb47cecc464545ba58e1ad24/library/std/src/panicking.rs:695:5
[INFO] [stdout]   17:     0x568015689ae0 - core::panicking::panic_fmt::h9e7c637e9e5f29c9
[INFO] [stdout]                                at /rustc/6067b36314ab5eb2eb47cecc464545ba58e1ad24/library/core/src/panicking.rs:75:14
[INFO] [stdout]   18:     0x568015689ed2 - core::panicking::assert_failed_inner::h538bec7c1374cd9c
[INFO] [stdout]   19:     0x568015642acc - core::panicking::assert_failed::hd02c0d569d89af5b
[INFO] [stdout]                                at /rustc/6067b36314ab5eb2eb47cecc464545ba58e1ad24/library/core/src/panicking.rs:364:5
[INFO] [stdout]   20:     0x5680155db091 - test_rust::queue::tests::test_dequeue::h445fccdf40401e5d
[INFO] [stdout]                                at /opt/rustwide/workdir/src/queue.rs:88:13
[INFO] [stdout]   21:     0x5680155dade7 - test_rust::queue::tests::test_dequeue::{{closure}}::h2d0d9f22464c2e9b
[INFO] [stdout]                                at /opt/rustwide/workdir/src/queue.rs:79:22
[INFO] [stdout]   22:     0x5680155d16d6 - core::ops::function::FnOnce::call_once::hf34fc090a7044441
[INFO] [stdout]                                at /rustc/6067b36314ab5eb2eb47cecc464545ba58e1ad24/library/core/src/ops/function.rs:250:5
[INFO] [stdout]   23:     0x5680156324bb - core::ops::function::FnOnce::call_once::he27718dfdd183f43
[INFO] [stdout]                                at /rustc/6067b36314ab5eb2eb47cecc464545ba58e1ad24/library/core/src/ops/function.rs:250:5
[INFO] [stdout]   24:     0x5680156324bb - test::__rust_begin_short_backtrace::h4e84902998457a5d
[INFO] [stdout]                                at /rustc/6067b36314ab5eb2eb47cecc464545ba58e1ad24/library/test/src/lib.rs:632:18
[INFO] [stdout]   25:     0x5680156313f3 - test::run_test_in_process::{{closure}}::h7176fd18fc1feca0
[INFO] [stdout]                                at /rustc/6067b36314ab5eb2eb47cecc464545ba58e1ad24/library/test/src/lib.rs:655:60
[INFO] [stdout]   26:     0x5680156313f3 - <core::panic::unwind_safe::AssertUnwindSafe<F> as core::ops::function::FnOnce<()>>::call_once::hf79cff2a624d8cf7
[INFO] [stdout]                                at /rustc/6067b36314ab5eb2eb47cecc464545ba58e1ad24/library/core/src/panic/unwind_safe.rs:272:9
[INFO] [stdout]   27:     0x5680156313f3 - std::panicking::try::do_call::h3da0561d9ab99c25
[INFO] [stdout]                                at /rustc/6067b36314ab5eb2eb47cecc464545ba58e1ad24/library/std/src/panicking.rs:587:40
[INFO] [stdout]   28:     0x5680156313f3 - std::panicking::try::h41c9fa508bc61df6
[INFO] [stdout]                                at /rustc/6067b36314ab5eb2eb47cecc464545ba58e1ad24/library/std/src/panicking.rs:550:19
[INFO] [stdout]   29:     0x5680156313f3 - std::panic::catch_unwind::h6b3ff07bb5afad93
[INFO] [stdout]                                at /rustc/6067b36314ab5eb2eb47cecc464545ba58e1ad24/library/std/src/panic.rs:358:14
[INFO] [stdout]   30:     0x5680156313f3 - test::run_test_in_process::hc7253dd11b39b9f4
[INFO] [stdout]                                at /rustc/6067b36314ab5eb2eb47cecc464545ba58e1ad24/library/test/src/lib.rs:655:27
[INFO] [stdout]   31:     0x5680156313f3 - test::run_test::{{closure}}::hfb2007f8649c30bb
[INFO] [stdout]                                at /rustc/6067b36314ab5eb2eb47cecc464545ba58e1ad24/library/test/src/lib.rs:576:43
[INFO] [stdout]   32:     0x5680155f42c5 - test::run_test::{{closure}}::h56a17aa7a282a9f4
[INFO] [stdout]                                at /rustc/6067b36314ab5eb2eb47cecc464545ba58e1ad24/library/test/src/lib.rs:606:41
[INFO] [stdout]   33:     0x5680155f42c5 - std::sys::backtrace::__rust_begin_short_backtrace::hd2d2d2fb8e8c6aac
[INFO] [stdout]                                at /rustc/6067b36314ab5eb2eb47cecc464545ba58e1ad24/library/std/src/sys/backtrace.rs:152:18
[INFO] [stdout]   34:     0x5680155f7baa - std::thread::Builder::spawn_unchecked_::{{closure}}::{{closure}}::h4faa3f9db6133423
[INFO] [stdout]                                at /rustc/6067b36314ab5eb2eb47cecc464545ba58e1ad24/library/std/src/thread/mod.rs:559:17
[INFO] [stdout]   35:     0x5680155f7baa - <core::panic::unwind_safe::AssertUnwindSafe<F> as core::ops::function::FnOnce<()>>::call_once::hf2e855a36a4ea846
[INFO] [stdout]                                at /rustc/6067b36314ab5eb2eb47cecc464545ba58e1ad24/library/core/src/panic/unwind_safe.rs:272:9
[INFO] [stdout]   36:     0x5680155f7baa - std::panicking::try::do_call::h2f73af3616c35465
[INFO] [stdout]                                at /rustc/6067b36314ab5eb2eb47cecc464545ba58e1ad24/library/std/src/panicking.rs:587:40
[INFO] [stdout]   37:     0x5680155f7baa - std::panicking::try::hd1660ce9efadef5a
[INFO] [stdout]                                at /rustc/6067b36314ab5eb2eb47cecc464545ba58e1ad24/library/std/src/panicking.rs:550:19
[INFO] [stdout]   38:     0x5680155f7baa - std::panic::catch_unwind::h5ee8d7823b8ca744
[INFO] [stdout]                                at /rustc/6067b36314ab5eb2eb47cecc464545ba58e1ad24/library/std/src/panic.rs:358:14
[INFO] [stdout]   39:     0x5680155f7baa - std::thread::Builder::spawn_unchecked_::{{closure}}::h53c3a1894dce8407
[INFO] [stdout]                                at /rustc/6067b36314ab5eb2eb47cecc464545ba58e1ad24/library/std/src/thread/mod.rs:557:30
[INFO] [stdout]   40:     0x5680155f7baa - core::ops::function::FnOnce::call_once{{vtable.shim}}::h048ce291ad4f62bf
[INFO] [stdout]                                at /rustc/6067b36314ab5eb2eb47cecc464545ba58e1ad24/library/core/src/ops/function.rs:250:5
[INFO] [stdout]   41:     0x568015668b5b - <alloc::boxed::Box<F,A> as core::ops::function::FnOnce<Args>>::call_once::ha52bedf99a3b4981
[INFO] [stdout]                                at /rustc/6067b36314ab5eb2eb47cecc464545ba58e1ad24/library/alloc/src/boxed.rs:2013:9
[INFO] [stdout]   42:     0x568015668b5b - <alloc::boxed::Box<F,A> as core::ops::function::FnOnce<Args>>::call_once::h567748934d80ccf8
[INFO] [stdout]                                at /rustc/6067b36314ab5eb2eb47cecc464545ba58e1ad24/library/alloc/src/boxed.rs:2013:9
[INFO] [stdout]   43:     0x568015668b5b - std::sys::pal::unix::thread::Thread::new::thread_start::h2d970728ae887adc
[INFO] [stdout]                                at /rustc/6067b36314ab5eb2eb47cecc464545ba58e1ad24/library/std/src/sys/pal/unix/thread.rs:106:17
[INFO] [stdout]   44:     0x70ed99a50ac3 - <unknown>
[INFO] [stdout]   45:     0x70ed99ae1a04 - clone
[INFO] [stdout]   46:                0x0 - <unknown>
[INFO] [stdout] 
[INFO] [stdout] 
[INFO] [stdout] failures:
[INFO] [stdout]     queue::tests::test_dequeue
[INFO] [stdout]     queue::tests::test_enqueue
[INFO] [stdout] 
[INFO] [stderr] error: test failed, to rerun pass `--lib`
[INFO] [stdout] test result: FAILED. 64 passed; 2 failed; 0 ignored; 0 measured; 0 filtered out; finished in 0.03s
[INFO] [stdout] 
[INFO] running `Command { std: "docker" "inspect" "e5ed5e2eb26c0a6143c2cbd953ef476bc3bbd573873f2ea02a151eda61f91600", kill_on_drop: false }`
[INFO] running `Command { std: "docker" "rm" "-f" "e5ed5e2eb26c0a6143c2cbd953ef476bc3bbd573873f2ea02a151eda61f91600", kill_on_drop: false }`
[INFO] [stdout] e5ed5e2eb26c0a6143c2cbd953ef476bc3bbd573873f2ea02a151eda61f91600
