[INFO] cloning repository https://github.com/m4drat/spark-jit
[INFO] running `Command { std: "git" "-c" "credential.helper=" "-c" "credential.helper=/workspace/cargo-home/bin/git-credential-null" "clone" "--bare" "https://github.com/m4drat/spark-jit" "/workspace/cache/git-repos/https%3A%2F%2Fgithub.com%2Fm4drat%2Fspark-jit", kill_on_drop: false }`
[INFO] [stderr] Cloning into bare repository '/workspace/cache/git-repos/https%3A%2F%2Fgithub.com%2Fm4drat%2Fspark-jit'...
[INFO] running `Command { std: "git" "rev-parse" "HEAD", kill_on_drop: false }`
[INFO] [stdout] c4c93980ac3c9d949cca9c035c01669f905a6c5f
[INFO] testing m4drat/spark-jit against nightly-2025-01-18 for randomize-layout-2
[INFO] running `Command { std: "git" "clone" "/workspace/cache/git-repos/https%3A%2F%2Fgithub.com%2Fm4drat%2Fspark-jit" "/workspace/builds/worker-0-tc1/source", kill_on_drop: false }`
[INFO] [stderr] Cloning into '/workspace/builds/worker-0-tc1/source'...
[INFO] [stderr] done.
[INFO] validating manifest of git repo https://github.com/m4drat/spark-jit on toolchain nightly-2025-01-18
[INFO] running `Command { std: CARGO_HOME="/workspace/cargo-home" RUSTUP_HOME="/workspace/rustup-home" "/workspace/cargo-home/bin/cargo" "+nightly-2025-01-18" "metadata" "--manifest-path" "Cargo.toml" "--no-deps", kill_on_drop: false }`
[INFO] started tweaking git repo https://github.com/m4drat/spark-jit
[INFO] finished tweaking git repo https://github.com/m4drat/spark-jit
[INFO] tweaked toml for git repo https://github.com/m4drat/spark-jit written to /workspace/builds/worker-0-tc1/source/Cargo.toml
[INFO] crate git repo https://github.com/m4drat/spark-jit already has a lockfile, it will not be regenerated
[INFO] running `Command { std: CARGO_HOME="/workspace/cargo-home" RUSTUP_HOME="/workspace/rustup-home" "/workspace/cargo-home/bin/cargo" "+nightly-2025-01-18" "fetch" "--manifest-path" "Cargo.toml", kill_on_drop: false }`
[INFO] [stderr]     Updating crates.io index
[INFO] [stderr]  Downloading crates ...
[INFO] [stderr]   Downloaded zydis v4.1.1
[INFO] running `Command { std: "docker" "create" "-v" "/var/lib/crater-agent-workspace/builds/worker-0-tc1/target:/opt/rustwide/target:rw,Z" "-v" "/var/lib/crater-agent-workspace/builds/worker-0-tc1/source:/opt/rustwide/workdir:ro,Z" "-v" "/var/lib/crater-agent-workspace/cargo-home:/opt/rustwide/cargo-home:ro,Z" "-v" "/var/lib/crater-agent-workspace/rustup-home:/opt/rustwide/rustup-home:ro,Z" "-e" "SOURCE_DIR=/opt/rustwide/workdir" "-e" "CARGO_TARGET_DIR=/opt/rustwide/target" "-e" "CARGO_HOME=/opt/rustwide/cargo-home" "-e" "RUSTUP_HOME=/opt/rustwide/rustup-home" "-w" "/opt/rustwide/workdir" "-m" "1610612736" "--user" "0:0" "--network" "none" "ghcr.io/rust-lang/crates-build-env/linux@sha256:819108c5571ea2e421544af4d832f968d213c87fbe3707a016657f43d2f853bc" "/opt/rustwide/cargo-home/bin/cargo" "+nightly-2025-01-18" "metadata" "--no-deps" "--format-version=1", kill_on_drop: false }`
[INFO] [stdout] 51214b4ff40b7843182a444beff88163b1bf6623e85dc604e38695e064d5a838
[INFO] running `Command { std: "docker" "start" "-a" "51214b4ff40b7843182a444beff88163b1bf6623e85dc604e38695e064d5a838", kill_on_drop: false }`
[INFO] running `Command { std: "docker" "inspect" "51214b4ff40b7843182a444beff88163b1bf6623e85dc604e38695e064d5a838", kill_on_drop: false }`
[INFO] running `Command { std: "docker" "rm" "-f" "51214b4ff40b7843182a444beff88163b1bf6623e85dc604e38695e064d5a838", kill_on_drop: false }`
[INFO] [stdout] 51214b4ff40b7843182a444beff88163b1bf6623e85dc604e38695e064d5a838
[INFO] running `Command { std: "docker" "create" "-v" "/var/lib/crater-agent-workspace/builds/worker-0-tc1/target:/opt/rustwide/target:rw,Z" "-v" "/var/lib/crater-agent-workspace/builds/worker-0-tc1/source:/opt/rustwide/workdir:ro,Z" "-v" "/var/lib/crater-agent-workspace/cargo-home:/opt/rustwide/cargo-home:ro,Z" "-v" "/var/lib/crater-agent-workspace/rustup-home:/opt/rustwide/rustup-home:ro,Z" "-e" "SOURCE_DIR=/opt/rustwide/workdir" "-e" "CARGO_TARGET_DIR=/opt/rustwide/target" "-e" "CARGO_INCREMENTAL=0" "-e" "RUST_BACKTRACE=full" "-e" "RUSTFLAGS=--cap-lints=forbid" "-e" "RUSTDOCFLAGS=--cap-lints=forbid" "-e" "CARGO_HOME=/opt/rustwide/cargo-home" "-e" "RUSTUP_HOME=/opt/rustwide/rustup-home" "-w" "/opt/rustwide/workdir" "-m" "1610612736" "--user" "0:0" "--network" "none" "ghcr.io/rust-lang/crates-build-env/linux@sha256:819108c5571ea2e421544af4d832f968d213c87fbe3707a016657f43d2f853bc" "/opt/rustwide/cargo-home/bin/cargo" "+nightly-2025-01-18" "build" "--frozen" "--message-format=json", kill_on_drop: false }`
[INFO] [stdout] d5aa06c87c48426a2625ac3d6cadc3d92ef3b22d013b8dc44d849b1e59201902
[INFO] running `Command { std: "docker" "start" "-a" "d5aa06c87c48426a2625ac3d6cadc3d92ef3b22d013b8dc44d849b1e59201902", kill_on_drop: false }`
[INFO] [stderr]    Compiling typenum v1.17.0
[INFO] [stderr]    Compiling version_check v0.9.5
[INFO] [stderr]    Compiling shlex v1.3.0
[INFO] [stderr]    Compiling proc-macro2 v1.0.87
[INFO] [stderr]    Compiling unicode-ident v1.0.13
[INFO] [stderr]    Compiling libc v0.2.159
[INFO] [stderr]    Compiling bitflags v2.6.0
[INFO] [stderr]    Compiling hex v0.4.3
[INFO] [stderr]    Compiling cfg-if v1.0.0
[INFO] [stderr]    Compiling cpufeatures v0.2.14
[INFO] [stderr]    Compiling cc v1.1.30
[INFO] [stderr]    Compiling generic-array v0.14.7
[INFO] [stderr]    Compiling quote v1.0.37
[INFO] [stderr]    Compiling syn v2.0.79
[INFO] [stderr]    Compiling cmake v0.1.51
[INFO] [stderr]    Compiling zydis v4.1.1
[INFO] [stderr]    Compiling crypto-common v0.1.6
[INFO] [stderr]    Compiling block-buffer v0.10.4
[INFO] [stderr]    Compiling digest v0.10.7
[INFO] [stderr]    Compiling sha2 v0.10.8
[INFO] [stderr]    Compiling ctor v0.2.8
[INFO] [stderr]    Compiling spark-jit v0.1.0 (/opt/rustwide/workdir/spark-jit)
[INFO] [stdout] warning: unused import: `super::mmap::GuardedMmap`
[INFO] [stdout]  --> spark-jit/src/executable.rs:5:5
[INFO] [stdout]   |
[INFO] [stdout] 5 | use super::mmap::GuardedMmap;
[INFO] [stdout]   |     ^^^^^^^^^^^^^^^^^^^^^^^^
[INFO] [stdout]   |
[INFO] [stdout]   = note: `#[warn(unused_imports)]` on by default
[INFO] [stdout] 
[INFO] [stdout] 
[INFO] [stderr]    Compiling math-evaluator v0.1.0 (/opt/rustwide/workdir/math-evaluator)
[INFO] [stdout] warning: unexpected `cfg` condition value: `used_linker`
[INFO] [stdout]   --> math-evaluator/src/sig_handlers.rs:30:1
[INFO] [stdout]    |
[INFO] [stdout] 30 | #[ctor::ctor]
[INFO] [stdout]    | ^^^^^^^^^^^^^
[INFO] [stdout]    |
[INFO] [stdout]    = note: no expected values for `feature`
[INFO] [stdout]    = note: using a cfg inside a attribute macro will use the cfgs from the destination crate and not the ones from the defining crate
[INFO] [stdout]    = help: try referring to `ctor::ctor` crate for guidance on how handle this unexpected cfg
[INFO] [stdout]    = help: the attribute macro `ctor::ctor` may come from an old version of the `ctor` crate, try updating your dependency with `cargo update -p ctor`
[INFO] [stdout]    = note: see <https://doc.rust-lang.org/nightly/rustc/check-cfg/cargo-specifics.html> for more information about checking conditional configuration
[INFO] [stdout]    = note: `#[warn(unexpected_cfgs)]` on by default
[INFO] [stdout]    = note: this warning originates in the attribute macro `ctor::ctor` (in Nightly builds, run with -Z macro-backtrace for more info)
[INFO] [stdout] 
[INFO] [stdout] 
[INFO] [stdout] warning: constant `KNOWN_VARIABLES` is never used
[INFO] [stdout]   --> math-evaluator/src/ffi.rs:10:7
[INFO] [stdout]    |
[INFO] [stdout] 10 | const KNOWN_VARIABLES: [&str; 4] = ["BALANCE", "STOCK_PRICE", "HOLDINGS", "HOLDINGS_VALUE"];
[INFO] [stdout]    |       ^^^^^^^^^^^^^^^
[INFO] [stdout]    |
[INFO] [stdout]    = note: `#[warn(dead_code)]` on by default
[INFO] [stdout] 
[INFO] [stdout] 
[INFO] [stdout] warning: function pointer comparisons do not produce meaningful results since their addresses are not guaranteed to be unique
[INFO] [stdout]    --> math-evaluator/src/tokenizer.rs:112:28
[INFO] [stdout]     |
[INFO] [stdout] 112 |                         if pred == char::is_ascii_digit { 10 } else { 16 },
[INFO] [stdout]     |                            ^^^^^^^^^^^^^^^^^^^^^^^^^^^^
[INFO] [stdout]     |
[INFO] [stdout]     = note: the address of the same function can vary between different codegen units
[INFO] [stdout]     = note: furthermore, different functions could have the same address after being merged together
[INFO] [stdout]     = note: for more information visit <https://doc.rust-lang.org/nightly/core/ptr/fn.fn_addr_eq.html>
[INFO] [stdout]     = note: `#[warn(unpredictable_function_pointer_comparisons)]` on by default
[INFO] [stdout] help: refactor your code, or use `std::ptr::fn_addr_eq` to suppress the lint
[INFO] [stdout]     |
[INFO] [stdout] 112 |                         if std::ptr::fn_addr_eq(pred, char::is_ascii_digit as for<'a> fn(&'a char) -> bool) { 10 } else { 16 },
[INFO] [stdout]     |                            +++++++++++++++++++++    ~                      ++++++++++++++++++++++++++++++++
[INFO] [stdout] 
[INFO] [stdout] 
[INFO] [stderr]     Finished `dev` profile [unoptimized + debuginfo] target(s) in 20.35s
[INFO] running `Command { std: "docker" "inspect" "d5aa06c87c48426a2625ac3d6cadc3d92ef3b22d013b8dc44d849b1e59201902", kill_on_drop: false }`
[INFO] running `Command { std: "docker" "rm" "-f" "d5aa06c87c48426a2625ac3d6cadc3d92ef3b22d013b8dc44d849b1e59201902", kill_on_drop: false }`
[INFO] [stdout] d5aa06c87c48426a2625ac3d6cadc3d92ef3b22d013b8dc44d849b1e59201902
[INFO] running `Command { std: "docker" "create" "-v" "/var/lib/crater-agent-workspace/builds/worker-0-tc1/target:/opt/rustwide/target:rw,Z" "-v" "/var/lib/crater-agent-workspace/builds/worker-0-tc1/source:/opt/rustwide/workdir:ro,Z" "-v" "/var/lib/crater-agent-workspace/cargo-home:/opt/rustwide/cargo-home:ro,Z" "-v" "/var/lib/crater-agent-workspace/rustup-home:/opt/rustwide/rustup-home:ro,Z" "-e" "SOURCE_DIR=/opt/rustwide/workdir" "-e" "CARGO_TARGET_DIR=/opt/rustwide/target" "-e" "CARGO_INCREMENTAL=0" "-e" "RUST_BACKTRACE=full" "-e" "RUSTFLAGS=--cap-lints=forbid" "-e" "RUSTDOCFLAGS=--cap-lints=forbid" "-e" "CARGO_HOME=/opt/rustwide/cargo-home" "-e" "RUSTUP_HOME=/opt/rustwide/rustup-home" "-w" "/opt/rustwide/workdir" "-m" "1610612736" "--user" "0:0" "--network" "none" "ghcr.io/rust-lang/crates-build-env/linux@sha256:819108c5571ea2e421544af4d832f968d213c87fbe3707a016657f43d2f853bc" "/opt/rustwide/cargo-home/bin/cargo" "+nightly-2025-01-18" "test" "--frozen" "--no-run" "--message-format=json", kill_on_drop: false }`
[INFO] [stdout] dd2ecbb90bf48f912dc414eea698749796d96fb469b29a57bf49a8392cf3c2ad
[INFO] running `Command { std: "docker" "start" "-a" "dd2ecbb90bf48f912dc414eea698749796d96fb469b29a57bf49a8392cf3c2ad", kill_on_drop: false }`
[INFO] [stderr]    Compiling spark-jit v0.1.0 (/opt/rustwide/workdir/spark-jit)
[INFO] [stdout] warning: unused import: `super::mmap::GuardedMmap`
[INFO] [stdout]  --> spark-jit/src/executable.rs:5:5
[INFO] [stdout]   |
[INFO] [stdout] 5 | use super::mmap::GuardedMmap;
[INFO] [stdout]   |     ^^^^^^^^^^^^^^^^^^^^^^^^
[INFO] [stdout]   |
[INFO] [stdout]   = note: `#[warn(unused_imports)]` on by default
[INFO] [stdout] 
[INFO] [stdout] 
[INFO] [stderr]    Compiling math-evaluator v0.1.0 (/opt/rustwide/workdir/math-evaluator)
[INFO] [stdout] warning: unexpected `cfg` condition value: `used_linker`
[INFO] [stdout]   --> math-evaluator/src/sig_handlers.rs:30:1
[INFO] [stdout]    |
[INFO] [stdout] 30 | #[ctor::ctor]
[INFO] [stdout]    | ^^^^^^^^^^^^^
[INFO] [stdout]    |
[INFO] [stdout]    = note: no expected values for `feature`
[INFO] [stdout]    = note: using a cfg inside a attribute macro will use the cfgs from the destination crate and not the ones from the defining crate
[INFO] [stdout]    = help: try referring to `ctor::ctor` crate for guidance on how handle this unexpected cfg
[INFO] [stdout]    = help: the attribute macro `ctor::ctor` may come from an old version of the `ctor` crate, try updating your dependency with `cargo update -p ctor`
[INFO] [stdout]    = note: see <https://doc.rust-lang.org/nightly/rustc/check-cfg/cargo-specifics.html> for more information about checking conditional configuration
[INFO] [stdout]    = note: `#[warn(unexpected_cfgs)]` on by default
[INFO] [stdout]    = note: this warning originates in the attribute macro `ctor::ctor` (in Nightly builds, run with -Z macro-backtrace for more info)
[INFO] [stdout] 
[INFO] [stdout] 
[INFO] [stdout] warning: constant `KNOWN_VARIABLES` is never used
[INFO] [stdout]   --> math-evaluator/src/ffi.rs:10:7
[INFO] [stdout]    |
[INFO] [stdout] 10 | const KNOWN_VARIABLES: [&str; 4] = ["BALANCE", "STOCK_PRICE", "HOLDINGS", "HOLDINGS_VALUE"];
[INFO] [stdout]    |       ^^^^^^^^^^^^^^^
[INFO] [stdout]    |
[INFO] [stdout]    = note: `#[warn(dead_code)]` on by default
[INFO] [stdout] 
[INFO] [stdout] 
[INFO] [stdout] warning: function pointer comparisons do not produce meaningful results since their addresses are not guaranteed to be unique
[INFO] [stdout]    --> math-evaluator/src/tokenizer.rs:112:28
[INFO] [stdout]     |
[INFO] [stdout] 112 |                         if pred == char::is_ascii_digit { 10 } else { 16 },
[INFO] [stdout]     |                            ^^^^^^^^^^^^^^^^^^^^^^^^^^^^
[INFO] [stdout]     |
[INFO] [stdout]     = note: the address of the same function can vary between different codegen units
[INFO] [stdout]     = note: furthermore, different functions could have the same address after being merged together
[INFO] [stdout]     = note: for more information visit <https://doc.rust-lang.org/nightly/core/ptr/fn.fn_addr_eq.html>
[INFO] [stdout]     = note: `#[warn(unpredictable_function_pointer_comparisons)]` on by default
[INFO] [stdout] help: refactor your code, or use `std::ptr::fn_addr_eq` to suppress the lint
[INFO] [stdout]     |
[INFO] [stdout] 112 |                         if std::ptr::fn_addr_eq(pred, char::is_ascii_digit as for<'a> fn(&'a char) -> bool) { 10 } else { 16 },
[INFO] [stdout]     |                            +++++++++++++++++++++    ~                      ++++++++++++++++++++++++++++++++
[INFO] [stdout] 
[INFO] [stdout] 
[INFO] [stdout] warning: unused import: `super::mmap::GuardedMmap`
[INFO] [stdout]  --> spark-jit/src/executable.rs:5:5
[INFO] [stdout]   |
[INFO] [stdout] 5 | use super::mmap::GuardedMmap;
[INFO] [stdout]   |     ^^^^^^^^^^^^^^^^^^^^^^^^
[INFO] [stdout]   |
[INFO] [stdout]   = note: `#[warn(unused_imports)]` on by default
[INFO] [stdout] 
[INFO] [stdout] 
[INFO] [stdout] warning: unexpected `cfg` condition value: `used_linker`
[INFO] [stdout]   --> math-evaluator/src/sig_handlers.rs:30:1
[INFO] [stdout]    |
[INFO] [stdout] 30 | #[ctor::ctor]
[INFO] [stdout]    | ^^^^^^^^^^^^^
[INFO] [stdout]    |
[INFO] [stdout]    = note: no expected values for `feature`
[INFO] [stdout]    = note: using a cfg inside a attribute macro will use the cfgs from the destination crate and not the ones from the defining crate
[INFO] [stdout]    = help: try referring to `ctor::ctor` crate for guidance on how handle this unexpected cfg
[INFO] [stdout]    = help: the attribute macro `ctor::ctor` may come from an old version of the `ctor` crate, try updating your dependency with `cargo update -p ctor`
[INFO] [stdout]    = note: see <https://doc.rust-lang.org/nightly/rustc/check-cfg/cargo-specifics.html> for more information about checking conditional configuration
[INFO] [stdout]    = note: `#[warn(unexpected_cfgs)]` on by default
[INFO] [stdout]    = note: this warning originates in the attribute macro `ctor::ctor` (in Nightly builds, run with -Z macro-backtrace for more info)
[INFO] [stdout] 
[INFO] [stdout] 
[INFO] [stdout] warning: constant `KNOWN_VARIABLES` is never used
[INFO] [stdout]   --> math-evaluator/src/ffi.rs:10:7
[INFO] [stdout]    |
[INFO] [stdout] 10 | const KNOWN_VARIABLES: [&str; 4] = ["BALANCE", "STOCK_PRICE", "HOLDINGS", "HOLDINGS_VALUE"];
[INFO] [stdout]    |       ^^^^^^^^^^^^^^^
[INFO] [stdout]    |
[INFO] [stdout]    = note: `#[warn(dead_code)]` on by default
[INFO] [stdout] 
[INFO] [stdout] 
[INFO] [stdout] warning: function pointer comparisons do not produce meaningful results since their addresses are not guaranteed to be unique
[INFO] [stdout]    --> math-evaluator/src/tokenizer.rs:112:28
[INFO] [stdout]     |
[INFO] [stdout] 112 |                         if pred == char::is_ascii_digit { 10 } else { 16 },
[INFO] [stdout]     |                            ^^^^^^^^^^^^^^^^^^^^^^^^^^^^
[INFO] [stdout]     |
[INFO] [stdout]     = note: the address of the same function can vary between different codegen units
[INFO] [stdout]     = note: furthermore, different functions could have the same address after being merged together
[INFO] [stdout]     = note: for more information visit <https://doc.rust-lang.org/nightly/core/ptr/fn.fn_addr_eq.html>
[INFO] [stdout]     = note: `#[warn(unpredictable_function_pointer_comparisons)]` on by default
[INFO] [stdout] help: refactor your code, or use `std::ptr::fn_addr_eq` to suppress the lint
[INFO] [stdout]     |
[INFO] [stdout] 112 |                         if std::ptr::fn_addr_eq(pred, char::is_ascii_digit as for<'a> fn(&'a char) -> bool) { 10 } else { 16 },
[INFO] [stdout]     |                            +++++++++++++++++++++    ~                      ++++++++++++++++++++++++++++++++
[INFO] [stdout] 
[INFO] [stdout] 
[INFO] [stderr]     Finished `test` profile [unoptimized + debuginfo] target(s) in 1.99s
[INFO] running `Command { std: "docker" "inspect" "dd2ecbb90bf48f912dc414eea698749796d96fb469b29a57bf49a8392cf3c2ad", kill_on_drop: false }`
[INFO] running `Command { std: "docker" "rm" "-f" "dd2ecbb90bf48f912dc414eea698749796d96fb469b29a57bf49a8392cf3c2ad", kill_on_drop: false }`
[INFO] [stdout] dd2ecbb90bf48f912dc414eea698749796d96fb469b29a57bf49a8392cf3c2ad
[INFO] running `Command { std: "docker" "create" "-v" "/var/lib/crater-agent-workspace/builds/worker-0-tc1/target:/opt/rustwide/target:rw,Z" "-v" "/var/lib/crater-agent-workspace/builds/worker-0-tc1/source:/opt/rustwide/workdir:ro,Z" "-v" "/var/lib/crater-agent-workspace/cargo-home:/opt/rustwide/cargo-home:ro,Z" "-v" "/var/lib/crater-agent-workspace/rustup-home:/opt/rustwide/rustup-home:ro,Z" "-e" "SOURCE_DIR=/opt/rustwide/workdir" "-e" "CARGO_TARGET_DIR=/opt/rustwide/target" "-e" "CARGO_INCREMENTAL=0" "-e" "RUST_BACKTRACE=full" "-e" "RUSTFLAGS=--cap-lints=forbid" "-e" "RUSTDOCFLAGS=--cap-lints=forbid" "-e" "CARGO_HOME=/opt/rustwide/cargo-home" "-e" "RUSTUP_HOME=/opt/rustwide/rustup-home" "-w" "/opt/rustwide/workdir" "-m" "1610612736" "--user" "0:0" "--network" "none" "ghcr.io/rust-lang/crates-build-env/linux@sha256:819108c5571ea2e421544af4d832f968d213c87fbe3707a016657f43d2f853bc" "/opt/rustwide/cargo-home/bin/cargo" "+nightly-2025-01-18" "test" "--frozen", kill_on_drop: false }`
[INFO] [stdout] d84956ab27eb31aaa3b832f6a667ed008955446a5f0e2c4d357c03307b873e8b
[INFO] running `Command { std: "docker" "start" "-a" "d84956ab27eb31aaa3b832f6a667ed008955446a5f0e2c4d357c03307b873e8b", kill_on_drop: false }`
[INFO] [stderr] warning: unused import: `super::mmap::GuardedMmap`
[INFO] [stderr]  --> spark-jit/src/executable.rs:5:5
[INFO] [stderr]   |
[INFO] [stderr] 5 | use super::mmap::GuardedMmap;
[INFO] [stderr]   |     ^^^^^^^^^^^^^^^^^^^^^^^^
[INFO] [stderr]   |
[INFO] [stderr]   = note: `#[warn(unused_imports)]` on by default
[INFO] [stderr] 
[INFO] [stderr] warning: `spark-jit` (lib) generated 1 warning (run `cargo fix --lib -p spark-jit` to apply 1 suggestion)
[INFO] [stderr] warning: `spark-jit` (lib test) generated 1 warning (1 duplicate)
[INFO] [stderr] warning: unexpected `cfg` condition value: `used_linker`
[INFO] [stderr]   --> math-evaluator/src/sig_handlers.rs:30:1
[INFO] [stderr]    |
[INFO] [stderr] 30 | #[ctor::ctor]
[INFO] [stderr]    | ^^^^^^^^^^^^^
[INFO] [stderr]    |
[INFO] [stderr]    = note: no expected values for `feature`
[INFO] [stderr]    = note: using a cfg inside a attribute macro will use the cfgs from the destination crate and not the ones from the defining crate
[INFO] [stderr]    = help: try referring to `ctor::ctor` crate for guidance on how handle this unexpected cfg
[INFO] [stderr]    = help: the attribute macro `ctor::ctor` may come from an old version of the `ctor` crate, try updating your dependency with `cargo update -p ctor`
[INFO] [stderr]    = note: see <https://doc.rust-lang.org/nightly/rustc/check-cfg/cargo-specifics.html> for more information about checking conditional configuration
[INFO] [stderr]    = note: `#[warn(unexpected_cfgs)]` on by default
[INFO] [stderr]    = note: this warning originates in the attribute macro `ctor::ctor` (in Nightly builds, run with -Z macro-backtrace for more info)
[INFO] [stderr] 
[INFO] [stderr] warning: constant `KNOWN_VARIABLES` is never used
[INFO] [stderr]   --> math-evaluator/src/ffi.rs:10:7
[INFO] [stderr]    |
[INFO] [stderr] 10 | const KNOWN_VARIABLES: [&str; 4] = ["BALANCE", "STOCK_PRICE", "HOLDINGS", "HOLDINGS_VALUE"];
[INFO] [stderr]    |       ^^^^^^^^^^^^^^^
[INFO] [stderr]    |
[INFO] [stderr]    = note: `#[warn(dead_code)]` on by default
[INFO] [stderr] 
[INFO] [stderr] warning: function pointer comparisons do not produce meaningful results since their addresses are not guaranteed to be unique
[INFO] [stderr]    --> math-evaluator/src/tokenizer.rs:112:28
[INFO] [stderr]     |
[INFO] [stderr] 112 |                         if pred == char::is_ascii_digit { 10 } else { 16 },
[INFO] [stderr]     |                            ^^^^^^^^^^^^^^^^^^^^^^^^^^^^
[INFO] [stderr]     |
[INFO] [stderr]     = note: the address of the same function can vary between different codegen units
[INFO] [stderr]     = note: furthermore, different functions could have the same address after being merged together
[INFO] [stderr]     = note: for more information visit <https://doc.rust-lang.org/nightly/core/ptr/fn.fn_addr_eq.html>
[INFO] [stderr]     = note: `#[warn(unpredictable_function_pointer_comparisons)]` on by default
[INFO] [stderr] help: refactor your code, or use `std::ptr::fn_addr_eq` to suppress the lint
[INFO] [stderr]     |
[INFO] [stderr] 112 |                         if std::ptr::fn_addr_eq(pred, char::is_ascii_digit as for<'a> fn(&'a char) -> bool) { 10 } else { 16 },
[INFO] [stderr]     |                            +++++++++++++++++++++    ~                      ++++++++++++++++++++++++++++++++
[INFO] [stderr] 
[INFO] [stderr] warning: `math-evaluator` (lib) generated 3 warnings
[INFO] [stderr] warning: `math-evaluator` (lib test) generated 3 warnings (3 duplicates)
[INFO] [stderr]     Finished `test` profile [unoptimized + debuginfo] target(s) in 0.03s
[INFO] [stderr]      Running unittests src/lib.rs (/opt/rustwide/target/debug/deps/math_evaluator-c2555417d03e6245)
[INFO] [stdout] 
[INFO] [stdout] running 12 tests
[INFO] [stdout] test rpn_converter::tests::test_rpn_converter ... ok
[INFO] [stdout] test rpn_converter::tests::test_rpn_converter_associativity ... ok
[INFO] [stdout] test rpn_converter::tests::test_rpn_converter_associativity_2 ... ok
[INFO] [stdout] test rpn_converter::tests::test_rpn_converter_associativity_3_exp ... ok
[INFO] [stdout] test tokenizer::tests::test_tokenizer_integer_parse_error ... ok
[INFO] [stdout] test rpn_converter::tests::test_rpn_converter_parentheses_1 ... ok
[INFO] [stdout] test rpn_converter::tests::test_rpn_converter_parentheses_2 ... ok
[INFO] [stdout] test rpn_converter::tests::test_rpn_converter_unary ... ok
[INFO] [stdout] test rpn_evaluator::tests::test_convert_to_rpn_and_eval ... ok
[INFO] [stdout] test rpn_evaluator::tests::test_rpn_evaluator ... ok
[INFO] [stdout] test tokenizer::tests::test_tokenizer ... ok
[INFO] [stdout] test tokenizer::tests::test_tokenizer_unexpected_char ... FAILED
[INFO] [stdout] 
[INFO] [stdout] failures:
[INFO] [stdout] 
[INFO] [stdout] ---- tokenizer::tests::test_tokenizer_unexpected_char stdout ----
[INFO] [stdout] 
[INFO] [stdout] thread 'tokenizer::tests::test_tokenizer_unexpected_char' panicked at math-evaluator/src/tokenizer.rs:182:55:
[INFO] [stdout] called `Result::unwrap_err()` on an `Ok` value: TokenizedInput([Number(1), BinaryOp(Plus), Number(2), BinaryOp(Mult), Number(3), BinaryOp(Minus), Number(4), BinaryOp(Div), Number(5), Variable("b")])
[INFO] [stdout] stack backtrace:
[INFO] [stdout]    0:     0x578e3bb63eca - std::backtrace_rs::backtrace::libunwind::trace::hb059275cfc8d6126
[INFO] [stdout]                                at /rustc/6067b36314ab5eb2eb47cecc464545ba58e1ad24/library/std/src/../../backtrace/src/backtrace/libunwind.rs:116:5
[INFO] [stdout]    1:     0x578e3bb63eca - std::backtrace_rs::backtrace::trace_unsynchronized::h2da071e4327ce3ee
[INFO] [stdout]                                at /rustc/6067b36314ab5eb2eb47cecc464545ba58e1ad24/library/std/src/../../backtrace/src/backtrace/mod.rs:66:5
[INFO] [stdout]    2:     0x578e3bb63eca - std::sys::backtrace::_print_fmt::h842a1474e6f8d23f
[INFO] [stdout]                                at /rustc/6067b36314ab5eb2eb47cecc464545ba58e1ad24/library/std/src/sys/backtrace.rs:66:9
[INFO] [stdout]    3:     0x578e3bb63eca - <std::sys::backtrace::BacktraceLock::print::DisplayBacktrace as core::fmt::Display>::fmt::h71a62eb3b9696b12
[INFO] [stdout]                                at /rustc/6067b36314ab5eb2eb47cecc464545ba58e1ad24/library/std/src/sys/backtrace.rs:39:26
[INFO] [stdout]    4:     0x578e3bb8b533 - core::fmt::rt::Argument::fmt::hdb6b616786b41dc1
[INFO] [stdout]                                at /rustc/6067b36314ab5eb2eb47cecc464545ba58e1ad24/library/core/src/fmt/rt.rs:177:76
[INFO] [stdout]    5:     0x578e3bb8b533 - core::fmt::write::h2cc1698af7e2d686
[INFO] [stdout]                                at /rustc/6067b36314ab5eb2eb47cecc464545ba58e1ad24/library/core/src/fmt/mod.rs:1440:21
[INFO] [stdout]    6:     0x578e3bb60a23 - std::io::Write::write_fmt::hab1b4cd059a79022
[INFO] [stdout]                                at /rustc/6067b36314ab5eb2eb47cecc464545ba58e1ad24/library/std/src/io/mod.rs:1887:15
[INFO] [stdout]    7:     0x578e3bb63d12 - std::sys::backtrace::BacktraceLock::print::h147fe35b4ea13b08
[INFO] [stdout]                                at /rustc/6067b36314ab5eb2eb47cecc464545ba58e1ad24/library/std/src/sys/backtrace.rs:42:9
[INFO] [stdout]    8:     0x578e3bb652ef - std::panicking::default_hook::{{closure}}::hbd44223dbdc0d208
[INFO] [stdout]                                at /rustc/6067b36314ab5eb2eb47cecc464545ba58e1ad24/library/std/src/panicking.rs:298:22
[INFO] [stdout]    9:     0x578e3bb65108 - std::panicking::default_hook::h20f81eb0576efcec
[INFO] [stdout]                                at /rustc/6067b36314ab5eb2eb47cecc464545ba58e1ad24/library/std/src/panicking.rs:322:9
[INFO] [stdout]   10:     0x578e3bb26373 - <alloc::boxed::Box<F,A> as core::ops::function::Fn<Args>>::call::hdb53814c496a4d34
[INFO] [stdout]                                at /rustc/6067b36314ab5eb2eb47cecc464545ba58e1ad24/library/alloc/src/boxed.rs:2027:9
[INFO] [stdout]   11:     0x578e3bb26373 - test::test_main::{{closure}}::hc0a4963c59427c24
[INFO] [stdout]                                at /rustc/6067b36314ab5eb2eb47cecc464545ba58e1ad24/library/test/src/lib.rs:134:21
[INFO] [stdout]   12:     0x578e3bb65de3 - <alloc::boxed::Box<F,A> as core::ops::function::Fn<Args>>::call::h591b2225413a77e9
[INFO] [stdout]                                at /rustc/6067b36314ab5eb2eb47cecc464545ba58e1ad24/library/alloc/src/boxed.rs:2027:9
[INFO] [stdout]   13:     0x578e3bb65de3 - std::panicking::rust_panic_with_hook::h625eea43051b2edc
[INFO] [stdout]                                at /rustc/6067b36314ab5eb2eb47cecc464545ba58e1ad24/library/std/src/panicking.rs:839:13
[INFO] [stdout]   14:     0x578e3bb65a9a - std::panicking::begin_panic_handler::{{closure}}::h4f9159cfbc3f6bd3
[INFO] [stdout]                                at /rustc/6067b36314ab5eb2eb47cecc464545ba58e1ad24/library/std/src/panicking.rs:704:13
[INFO] [stdout]   15:     0x578e3bb643c9 - std::sys::backtrace::__rust_end_short_backtrace::h0390abce48353151
[INFO] [stdout]                                at /rustc/6067b36314ab5eb2eb47cecc464545ba58e1ad24/library/std/src/sys/backtrace.rs:168:18
[INFO] [stdout]   16:     0x578e3bb6572d - rust_begin_unwind
[INFO] [stdout]                                at /rustc/6067b36314ab5eb2eb47cecc464545ba58e1ad24/library/std/src/panicking.rs:695:5
[INFO] [stdout]   17:     0x578e3bb89f40 - core::panicking::panic_fmt::h9e7c637e9e5f29c9
[INFO] [stdout]                                at /rustc/6067b36314ab5eb2eb47cecc464545ba58e1ad24/library/core/src/panicking.rs:75:14
[INFO] [stdout]   18:     0x578e3bb8a386 - core::result::unwrap_failed::h7979f09313fe1849
[INFO] [stdout]                                at /rustc/6067b36314ab5eb2eb47cecc464545ba58e1ad24/library/core/src/result.rs:1704:5
[INFO] [stdout]   19:     0x578e3baea4b6 - core::result::Result<T,E>::unwrap_err::h6994bf2249e226bb
[INFO] [stdout]                                at /rustc/6067b36314ab5eb2eb47cecc464545ba58e1ad24/library/core/src/result.rs:1203:22
[INFO] [stdout]   20:     0x578e3baea119 - math_evaluator::tokenizer::tests::test_tokenizer_unexpected_char::h3d6fdbba63a2e811
[INFO] [stdout]                                at /opt/rustwide/workdir/math-evaluator/src/tokenizer.rs:182:13
[INFO] [stdout]   21:     0x578e3baea097 - math_evaluator::tokenizer::tests::test_tokenizer_unexpected_char::{{closure}}::h2ec74ada2fe88fca
[INFO] [stdout]                                at /opt/rustwide/workdir/math-evaluator/src/tokenizer.rs:179:40
[INFO] [stdout]   22:     0x578e3badd676 - core::ops::function::FnOnce::call_once::hce8c211d420e22f8
[INFO] [stdout]                                at /rustc/6067b36314ab5eb2eb47cecc464545ba58e1ad24/library/core/src/ops/function.rs:250:5
[INFO] [stdout]   23:     0x578e3bb2bacb - core::ops::function::FnOnce::call_once::he27718dfdd183f43
[INFO] [stdout]                                at /rustc/6067b36314ab5eb2eb47cecc464545ba58e1ad24/library/core/src/ops/function.rs:250:5
[INFO] [stdout]   24:     0x578e3bb2bacb - test::__rust_begin_short_backtrace::h4e84902998457a5d
[INFO] [stdout]                                at /rustc/6067b36314ab5eb2eb47cecc464545ba58e1ad24/library/test/src/lib.rs:632:18
[INFO] [stdout]   25:     0x578e3bb2aa03 - test::run_test_in_process::{{closure}}::h7176fd18fc1feca0
[INFO] [stdout]                                at /rustc/6067b36314ab5eb2eb47cecc464545ba58e1ad24/library/test/src/lib.rs:655:60
[INFO] [stdout]   26:     0x578e3bb2aa03 - <core::panic::unwind_safe::AssertUnwindSafe<F> as core::ops::function::FnOnce<()>>::call_once::hf79cff2a624d8cf7
[INFO] [stdout]                                at /rustc/6067b36314ab5eb2eb47cecc464545ba58e1ad24/library/core/src/panic/unwind_safe.rs:272:9
[INFO] [stdout]   27:     0x578e3bb2aa03 - std::panicking::try::do_call::h3da0561d9ab99c25
[INFO] [stdout]                                at /rustc/6067b36314ab5eb2eb47cecc464545ba58e1ad24/library/std/src/panicking.rs:587:40
[INFO] [stdout]   28:     0x578e3bb2aa03 - std::panicking::try::h41c9fa508bc61df6
[INFO] [stdout]                                at /rustc/6067b36314ab5eb2eb47cecc464545ba58e1ad24/library/std/src/panicking.rs:550:19
[INFO] [stdout]   29:     0x578e3bb2aa03 - std::panic::catch_unwind::h6b3ff07bb5afad93
[INFO] [stdout]                                at /rustc/6067b36314ab5eb2eb47cecc464545ba58e1ad24/library/std/src/panic.rs:358:14
[INFO] [stdout]   30:     0x578e3bb2aa03 - test::run_test_in_process::hc7253dd11b39b9f4
[INFO] [stdout]                                at /rustc/6067b36314ab5eb2eb47cecc464545ba58e1ad24/library/test/src/lib.rs:655:27
[INFO] [stdout]   31:     0x578e3bb2aa03 - test::run_test::{{closure}}::hfb2007f8649c30bb
[INFO] [stdout]                                at /rustc/6067b36314ab5eb2eb47cecc464545ba58e1ad24/library/test/src/lib.rs:576:43
[INFO] [stdout]   32:     0x578e3baedae5 - test::run_test::{{closure}}::h56a17aa7a282a9f4
[INFO] [stdout]                                at /rustc/6067b36314ab5eb2eb47cecc464545ba58e1ad24/library/test/src/lib.rs:606:41
[INFO] [stdout]   33:     0x578e3baedae5 - std::sys::backtrace::__rust_begin_short_backtrace::hd2d2d2fb8e8c6aac
[INFO] [stdout]                                at /rustc/6067b36314ab5eb2eb47cecc464545ba58e1ad24/library/std/src/sys/backtrace.rs:152:18
[INFO] [stdout]   34:     0x578e3baf13ca - std::thread::Builder::spawn_unchecked_::{{closure}}::{{closure}}::h4faa3f9db6133423
[INFO] [stdout]                                at /rustc/6067b36314ab5eb2eb47cecc464545ba58e1ad24/library/std/src/thread/mod.rs:559:17
[INFO] [stdout]   35:     0x578e3baf13ca - <core::panic::unwind_safe::AssertUnwindSafe<F> as core::ops::function::FnOnce<()>>::call_once::hf2e855a36a4ea846
[INFO] [stdout]                                at /rustc/6067b36314ab5eb2eb47cecc464545ba58e1ad24/library/core/src/panic/unwind_safe.rs:272:9
[INFO] [stdout]   36:     0x578e3baf13ca - std::panicking::try::do_call::h2f73af3616c35465
[INFO] [stdout]                                at /rustc/6067b36314ab5eb2eb47cecc464545ba58e1ad24/library/std/src/panicking.rs:587:40
[INFO] [stdout]   37:     0x578e3baf13ca - std::panicking::try::hd1660ce9efadef5a
[INFO] [stdout]                                at /rustc/6067b36314ab5eb2eb47cecc464545ba58e1ad24/library/std/src/panicking.rs:550:19
[INFO] [stdout]   38:     0x578e3baf13ca - std::panic::catch_unwind::h5ee8d7823b8ca744
[INFO] [stdout]                                at /rustc/6067b36314ab5eb2eb47cecc464545ba58e1ad24/library/std/src/panic.rs:358:14
[INFO] [stdout]   39:     0x578e3baf13ca - std::thread::Builder::spawn_unchecked_::{{closure}}::h53c3a1894dce8407
[INFO] [stdout]                                at /rustc/6067b36314ab5eb2eb47cecc464545ba58e1ad24/library/std/src/thread/mod.rs:557:30
[INFO] [stdout]   40:     0x578e3baf13ca - core::ops::function::FnOnce::call_once{{vtable.shim}}::h048ce291ad4f62bf
[INFO] [stdout]                                at /rustc/6067b36314ab5eb2eb47cecc464545ba58e1ad24/library/core/src/ops/function.rs:250:5
[INFO] [stdout]   41:     0x578e3bb69d1b - <alloc::boxed::Box<F,A> as core::ops::function::FnOnce<Args>>::call_once::ha52bedf99a3b4981
[INFO] [stdout]                                at /rustc/6067b36314ab5eb2eb47cecc464545ba58e1ad24/library/alloc/src/boxed.rs:2013:9
[INFO] [stdout]   42:     0x578e3bb69d1b - <alloc::boxed::Box<F,A> as core::ops::function::FnOnce<Args>>::call_once::h567748934d80ccf8
[INFO] [stdout]                                at /rustc/6067b36314ab5eb2eb47cecc464545ba58e1ad24/library/alloc/src/boxed.rs:2013:9
[INFO] [stdout]   43:     0x578e3bb69d1b - std::sys::pal::unix::thread::Thread::new::thread_start::h2d970728ae887adc
[INFO] [stdout]                                at /rustc/6067b36314ab5eb2eb47cecc464545ba58e1ad24/library/std/src/sys/pal/unix/thread.rs:106:17
[INFO] [stdout]   44:     0x7538e5a81ac3 - <unknown>
[INFO] [stdout]   45:     0x7538e5b12a04 - clone
[INFO] [stdout]   46:                0x0 - <unknown>
[INFO] [stdout] 
[INFO] [stdout] 
[INFO] [stdout] failures:
[INFO] [stderr] error: test failed, to rerun pass `-p math-evaluator --lib`
[INFO] [stdout]     tokenizer::tests::test_tokenizer_unexpected_char
[INFO] [stdout] 
[INFO] [stdout] test result: FAILED. 11 passed; 1 failed; 0 ignored; 0 measured; 0 filtered out; finished in 0.05s
[INFO] [stdout] 
[INFO] running `Command { std: "docker" "inspect" "d84956ab27eb31aaa3b832f6a667ed008955446a5f0e2c4d357c03307b873e8b", kill_on_drop: false }`
[INFO] running `Command { std: "docker" "rm" "-f" "d84956ab27eb31aaa3b832f6a667ed008955446a5f0e2c4d357c03307b873e8b", kill_on_drop: false }`
[INFO] [stdout] d84956ab27eb31aaa3b832f6a667ed008955446a5f0e2c4d357c03307b873e8b
