[INFO] cloning repository https://github.com/m3hransh/aoc
[INFO] running `Command { std: "git" "-c" "credential.helper=" "-c" "credential.helper=/workspace/cargo-home/bin/git-credential-null" "clone" "--bare" "https://github.com/m3hransh/aoc" "/workspace/cache/git-repos/https%3A%2F%2Fgithub.com%2Fm3hransh%2Faoc", kill_on_drop: false }`
[INFO] [stderr] Cloning into bare repository '/workspace/cache/git-repos/https%3A%2F%2Fgithub.com%2Fm3hransh%2Faoc'...
[INFO] running `Command { std: "git" "rev-parse" "HEAD", kill_on_drop: false }`
[INFO] [stdout] e1dc2982d53d72f45c6d0c21f8bd2d4effe08faa
[INFO] testing m3hransh/aoc against nightly-2025-01-18+rustflags=-Zrandomize-layout for randomize-layout-2
[INFO] running `Command { std: "git" "clone" "/workspace/cache/git-repos/https%3A%2F%2Fgithub.com%2Fm3hransh%2Faoc" "/workspace/builds/worker-4-tc2/source", kill_on_drop: false }`
[INFO] [stderr] Cloning into '/workspace/builds/worker-4-tc2/source'...
[INFO] [stderr] done.
[INFO] validating manifest of git repo https://github.com/m3hransh/aoc on toolchain nightly-2025-01-18
[INFO] running `Command { std: CARGO_HOME="/workspace/cargo-home" RUSTUP_HOME="/workspace/rustup-home" "/workspace/cargo-home/bin/cargo" "+nightly-2025-01-18" "metadata" "--manifest-path" "Cargo.toml" "--no-deps", kill_on_drop: false }`
[INFO] started tweaking git repo https://github.com/m3hransh/aoc
[INFO] finished tweaking git repo https://github.com/m3hransh/aoc
[INFO] tweaked toml for git repo https://github.com/m3hransh/aoc written to /workspace/builds/worker-4-tc2/source/Cargo.toml
[INFO] crate git repo https://github.com/m3hransh/aoc already has a lockfile, it will not be regenerated
[INFO] running `Command { std: CARGO_HOME="/workspace/cargo-home" RUSTUP_HOME="/workspace/rustup-home" "/workspace/cargo-home/bin/cargo" "+nightly-2025-01-18" "fetch" "--manifest-path" "Cargo.toml", kill_on_drop: false }`
[INFO] running `Command { std: "docker" "create" "-v" "/var/lib/crater-agent-workspace/builds/worker-4-tc2/target:/opt/rustwide/target:rw,Z" "-v" "/var/lib/crater-agent-workspace/builds/worker-4-tc2/source:/opt/rustwide/workdir:ro,Z" "-v" "/var/lib/crater-agent-workspace/cargo-home:/opt/rustwide/cargo-home:ro,Z" "-v" "/var/lib/crater-agent-workspace/rustup-home:/opt/rustwide/rustup-home:ro,Z" "-e" "SOURCE_DIR=/opt/rustwide/workdir" "-e" "CARGO_TARGET_DIR=/opt/rustwide/target" "-e" "CARGO_HOME=/opt/rustwide/cargo-home" "-e" "RUSTUP_HOME=/opt/rustwide/rustup-home" "-w" "/opt/rustwide/workdir" "-m" "1610612736" "--user" "0:0" "--network" "none" "ghcr.io/rust-lang/crates-build-env/linux@sha256:819108c5571ea2e421544af4d832f968d213c87fbe3707a016657f43d2f853bc" "/opt/rustwide/cargo-home/bin/cargo" "+nightly-2025-01-18" "metadata" "--no-deps" "--format-version=1", kill_on_drop: false }`
[INFO] [stdout] 3299e88d9031ba25e4d0a8613b8df50615aec0d458ca31cf3e89dd9a3db74bf1
[INFO] running `Command { std: "docker" "start" "-a" "3299e88d9031ba25e4d0a8613b8df50615aec0d458ca31cf3e89dd9a3db74bf1", kill_on_drop: false }`
[INFO] running `Command { std: "docker" "inspect" "3299e88d9031ba25e4d0a8613b8df50615aec0d458ca31cf3e89dd9a3db74bf1", kill_on_drop: false }`
[INFO] running `Command { std: "docker" "rm" "-f" "3299e88d9031ba25e4d0a8613b8df50615aec0d458ca31cf3e89dd9a3db74bf1", kill_on_drop: false }`
[INFO] [stdout] 3299e88d9031ba25e4d0a8613b8df50615aec0d458ca31cf3e89dd9a3db74bf1
[INFO] running `Command { std: "docker" "create" "-v" "/var/lib/crater-agent-workspace/builds/worker-4-tc2/target:/opt/rustwide/target:rw,Z" "-v" "/var/lib/crater-agent-workspace/builds/worker-4-tc2/source:/opt/rustwide/workdir:ro,Z" "-v" "/var/lib/crater-agent-workspace/cargo-home:/opt/rustwide/cargo-home:ro,Z" "-v" "/var/lib/crater-agent-workspace/rustup-home:/opt/rustwide/rustup-home:ro,Z" "-e" "SOURCE_DIR=/opt/rustwide/workdir" "-e" "CARGO_TARGET_DIR=/opt/rustwide/target" "-e" "CARGO_INCREMENTAL=0" "-e" "RUST_BACKTRACE=full" "-e" "RUSTFLAGS=--cap-lints=forbid -Zrandomize-layout" "-e" "RUSTDOCFLAGS=--cap-lints=forbid" "-e" "CARGO_HOME=/opt/rustwide/cargo-home" "-e" "RUSTUP_HOME=/opt/rustwide/rustup-home" "-w" "/opt/rustwide/workdir" "-m" "1610612736" "--user" "0:0" "--network" "none" "ghcr.io/rust-lang/crates-build-env/linux@sha256:819108c5571ea2e421544af4d832f968d213c87fbe3707a016657f43d2f853bc" "/opt/rustwide/cargo-home/bin/cargo" "+nightly-2025-01-18" "build" "--frozen" "--message-format=json", kill_on_drop: false }`
[INFO] [stdout] 311b6c20a00afb7eec68a197d4c15c9d5202ae441e7d487f0f29d9ff285f267b
[INFO] running `Command { std: "docker" "start" "-a" "311b6c20a00afb7eec68a197d4c15c9d5202ae441e7d487f0f29d9ff285f267b", kill_on_drop: false }`
[INFO] [stderr]    Compiling memchr v2.7.4
[INFO] [stderr]    Compiling regex-syntax v0.8.5
[INFO] [stderr]    Compiling aho-corasick v1.1.3
[INFO] [stderr]    Compiling regex-automata v0.4.9
[INFO] [stderr]    Compiling regex v1.11.1
[INFO] [stderr]    Compiling aoc2024 v0.1.0 (/opt/rustwide/workdir)
[INFO] [stdout] warning: unused import: `num::ParseIntError`
[INFO] [stdout]  --> src/day9.rs:2:15
[INFO] [stdout]   |
[INFO] [stdout] 2 | use std::{fs, num::ParseIntError};
[INFO] [stdout]   |               ^^^^^^^^^^^^^^^^^^
[INFO] [stdout]   |
[INFO] [stdout]   = note: `#[warn(unused_imports)]` on by default
[INFO] [stdout] 
[INFO] [stdout] 
[INFO] [stdout] warning: unnecessary parentheses around `return` value
[INFO] [stdout]   --> src/day6.rs:76:12
[INFO] [stdout]    |
[INFO] [stdout] 76 |     return (position.0 >= 0
[INFO] [stdout]    |            ^
[INFO] [stdout] ...
[INFO] [stdout] 79 |         && position.1 < cols as isize);
[INFO] [stdout]    |                                      ^
[INFO] [stdout]    |
[INFO] [stdout]    = note: `#[warn(unused_parens)]` on by default
[INFO] [stdout] help: remove these parentheses
[INFO] [stdout]    |
[INFO] [stdout] 76 ~     return position.0 >= 0
[INFO] [stdout] 77 |         && position.0 < rows as isize
[INFO] [stdout] 78 |         && position.1 >= 0
[INFO] [stdout] 79 ~         && position.1 < cols as isize;
[INFO] [stdout]    |
[INFO] [stdout] 
[INFO] [stdout] 
[INFO] [stdout] warning: function `testable` is never used
[INFO] [stdout]   --> src/day8.rs:74:4
[INFO] [stdout]    |
[INFO] [stdout] 74 | fn testable(target: usize, current_value: usize, values: &[usize]) -> bool {
[INFO] [stdout]    |    ^^^^^^^^
[INFO] [stdout]    |
[INFO] [stdout]    = note: `#[warn(dead_code)]` on by default
[INFO] [stdout] 
[INFO] [stdout] 
[INFO] [stderr]     Finished `dev` profile [unoptimized + debuginfo] target(s) in 9.32s
[INFO] running `Command { std: "docker" "inspect" "311b6c20a00afb7eec68a197d4c15c9d5202ae441e7d487f0f29d9ff285f267b", kill_on_drop: false }`
[INFO] running `Command { std: "docker" "rm" "-f" "311b6c20a00afb7eec68a197d4c15c9d5202ae441e7d487f0f29d9ff285f267b", kill_on_drop: false }`
[INFO] [stdout] 311b6c20a00afb7eec68a197d4c15c9d5202ae441e7d487f0f29d9ff285f267b
[INFO] running `Command { std: "docker" "create" "-v" "/var/lib/crater-agent-workspace/builds/worker-4-tc2/target:/opt/rustwide/target:rw,Z" "-v" "/var/lib/crater-agent-workspace/builds/worker-4-tc2/source:/opt/rustwide/workdir:ro,Z" "-v" "/var/lib/crater-agent-workspace/cargo-home:/opt/rustwide/cargo-home:ro,Z" "-v" "/var/lib/crater-agent-workspace/rustup-home:/opt/rustwide/rustup-home:ro,Z" "-e" "SOURCE_DIR=/opt/rustwide/workdir" "-e" "CARGO_TARGET_DIR=/opt/rustwide/target" "-e" "CARGO_INCREMENTAL=0" "-e" "RUST_BACKTRACE=full" "-e" "RUSTFLAGS=--cap-lints=forbid -Zrandomize-layout" "-e" "RUSTDOCFLAGS=--cap-lints=forbid" "-e" "CARGO_HOME=/opt/rustwide/cargo-home" "-e" "RUSTUP_HOME=/opt/rustwide/rustup-home" "-w" "/opt/rustwide/workdir" "-m" "1610612736" "--user" "0:0" "--network" "none" "ghcr.io/rust-lang/crates-build-env/linux@sha256:819108c5571ea2e421544af4d832f968d213c87fbe3707a016657f43d2f853bc" "/opt/rustwide/cargo-home/bin/cargo" "+nightly-2025-01-18" "test" "--frozen" "--no-run" "--message-format=json", kill_on_drop: false }`
[INFO] [stdout] 168ff71992f90e42b0591047cb2829b630678e390c90bd8916d17464cbc04e8a
[INFO] running `Command { std: "docker" "start" "-a" "168ff71992f90e42b0591047cb2829b630678e390c90bd8916d17464cbc04e8a", kill_on_drop: false }`
[INFO] [stderr]    Compiling aoc2024 v0.1.0 (/opt/rustwide/workdir)
[INFO] [stdout] warning: unnecessary parentheses around `return` value
[INFO] [stdout]   --> src/day6.rs:76:12
[INFO] [stdout]    |
[INFO] [stdout] 76 |     return (position.0 >= 0
[INFO] [stdout]    |            ^
[INFO] [stdout] ...
[INFO] [stdout] 79 |         && position.1 < cols as isize);
[INFO] [stdout]    |                                      ^
[INFO] [stdout]    |
[INFO] [stdout]    = note: `#[warn(unused_parens)]` on by default
[INFO] [stdout] help: remove these parentheses
[INFO] [stdout]    |
[INFO] [stdout] 76 ~     return position.0 >= 0
[INFO] [stdout] 77 |         && position.0 < rows as isize
[INFO] [stdout] 78 |         && position.1 >= 0
[INFO] [stdout] 79 ~         && position.1 < cols as isize;
[INFO] [stdout]    |
[INFO] [stdout] 
[INFO] [stdout] 
[INFO] [stdout] warning: function `testable` is never used
[INFO] [stdout]   --> src/day8.rs:74:4
[INFO] [stdout]    |
[INFO] [stdout] 74 | fn testable(target: usize, current_value: usize, values: &[usize]) -> bool {
[INFO] [stdout]    |    ^^^^^^^^
[INFO] [stdout]    |
[INFO] [stdout]    = note: `#[warn(dead_code)]` on by default
[INFO] [stdout] 
[INFO] [stdout] 
[INFO] [stdout] warning: unused import: `num::ParseIntError`
[INFO] [stdout]  --> src/day9.rs:2:15
[INFO] [stdout]   |
[INFO] [stdout] 2 | use std::{fs, num::ParseIntError};
[INFO] [stdout]   |               ^^^^^^^^^^^^^^^^^^
[INFO] [stdout]   |
[INFO] [stdout]   = note: `#[warn(unused_imports)]` on by default
[INFO] [stdout] 
[INFO] [stdout] 
[INFO] [stdout] warning: unused import: `num::ParseIntError`
[INFO] [stdout]  --> src/day9.rs:2:15
[INFO] [stdout]   |
[INFO] [stdout] 2 | use std::{fs, num::ParseIntError};
[INFO] [stdout]   |               ^^^^^^^^^^^^^^^^^^
[INFO] [stdout]   |
[INFO] [stdout]   = note: `#[warn(unused_imports)]` on by default
[INFO] [stdout] 
[INFO] [stdout] 
[INFO] [stdout] warning: unnecessary parentheses around `return` value
[INFO] [stdout]   --> src/day6.rs:76:12
[INFO] [stdout]    |
[INFO] [stdout] 76 |     return (position.0 >= 0
[INFO] [stdout]    |            ^
[INFO] [stdout] ...
[INFO] [stdout] 79 |         && position.1 < cols as isize);
[INFO] [stdout]    |                                      ^
[INFO] [stdout]    |
[INFO] [stdout]    = note: `#[warn(unused_parens)]` on by default
[INFO] [stdout] help: remove these parentheses
[INFO] [stdout]    |
[INFO] [stdout] 76 ~     return position.0 >= 0
[INFO] [stdout] 77 |         && position.0 < rows as isize
[INFO] [stdout] 78 |         && position.1 >= 0
[INFO] [stdout] 79 ~         && position.1 < cols as isize;
[INFO] [stdout]    |
[INFO] [stdout] 
[INFO] [stdout] 
[INFO] [stdout] warning: function `test_find_guard` is never used
[INFO] [stdout]    --> src/day6.rs:138:8
[INFO] [stdout]     |
[INFO] [stdout] 138 |     fn test_find_guard() {
[INFO] [stdout]     |        ^^^^^^^^^^^^^^^
[INFO] [stdout]     |
[INFO] [stdout]     = note: `#[warn(dead_code)]` on by default
[INFO] [stdout] 
[INFO] [stdout] 
[INFO] [stdout] warning: function `testable` is never used
[INFO] [stdout]   --> src/day8.rs:74:4
[INFO] [stdout]    |
[INFO] [stdout] 74 | fn testable(target: usize, current_value: usize, values: &[usize]) -> bool {
[INFO] [stdout]    |    ^^^^^^^^
[INFO] [stdout]    |
[INFO] [stdout]    = note: `#[warn(dead_code)]` on by default
[INFO] [stdout] 
[INFO] [stdout] 
[INFO] [stderr]     Finished `test` profile [unoptimized + debuginfo] target(s) in 1.88s
[INFO] running `Command { std: "docker" "inspect" "168ff71992f90e42b0591047cb2829b630678e390c90bd8916d17464cbc04e8a", kill_on_drop: false }`
[INFO] running `Command { std: "docker" "rm" "-f" "168ff71992f90e42b0591047cb2829b630678e390c90bd8916d17464cbc04e8a", kill_on_drop: false }`
[INFO] [stdout] 168ff71992f90e42b0591047cb2829b630678e390c90bd8916d17464cbc04e8a
[INFO] running `Command { std: "docker" "create" "-v" "/var/lib/crater-agent-workspace/builds/worker-4-tc2/target:/opt/rustwide/target:rw,Z" "-v" "/var/lib/crater-agent-workspace/builds/worker-4-tc2/source:/opt/rustwide/workdir:ro,Z" "-v" "/var/lib/crater-agent-workspace/cargo-home:/opt/rustwide/cargo-home:ro,Z" "-v" "/var/lib/crater-agent-workspace/rustup-home:/opt/rustwide/rustup-home:ro,Z" "-e" "SOURCE_DIR=/opt/rustwide/workdir" "-e" "CARGO_TARGET_DIR=/opt/rustwide/target" "-e" "CARGO_INCREMENTAL=0" "-e" "RUST_BACKTRACE=full" "-e" "RUSTFLAGS=--cap-lints=forbid -Zrandomize-layout" "-e" "RUSTDOCFLAGS=--cap-lints=forbid" "-e" "CARGO_HOME=/opt/rustwide/cargo-home" "-e" "RUSTUP_HOME=/opt/rustwide/rustup-home" "-w" "/opt/rustwide/workdir" "-m" "1610612736" "--user" "0:0" "--network" "none" "ghcr.io/rust-lang/crates-build-env/linux@sha256:819108c5571ea2e421544af4d832f968d213c87fbe3707a016657f43d2f853bc" "/opt/rustwide/cargo-home/bin/cargo" "+nightly-2025-01-18" "test" "--frozen", kill_on_drop: false }`
[INFO] [stdout] b0a11c5a1bb89a6b18ab197a01156cb6e60c32805ac1b3ad128c45c946ce3f66
[INFO] running `Command { std: "docker" "start" "-a" "b0a11c5a1bb89a6b18ab197a01156cb6e60c32805ac1b3ad128c45c946ce3f66", kill_on_drop: false }`
[INFO] [stderr] warning: unnecessary parentheses around `return` value
[INFO] [stderr]   --> src/day6.rs:76:12
[INFO] [stderr]    |
[INFO] [stderr] 76 |     return (position.0 >= 0
[INFO] [stderr]    |            ^
[INFO] [stderr] ...
[INFO] [stderr] 79 |         && position.1 < cols as isize);
[INFO] [stderr]    |                                      ^
[INFO] [stderr]    |
[INFO] [stderr]    = note: `#[warn(unused_parens)]` on by default
[INFO] [stderr] help: remove these parentheses
[INFO] [stderr]    |
[INFO] [stderr] 76 ~     return position.0 >= 0
[INFO] [stderr] 77 |         && position.0 < rows as isize
[INFO] [stderr] 78 |         && position.1 >= 0
[INFO] [stderr] 79 ~         && position.1 < cols as isize;
[INFO] [stderr]    |
[INFO] [stderr] 
[INFO] [stderr] warning: function `testable` is never used
[INFO] [stderr]   --> src/day8.rs:74:4
[INFO] [stderr]    |
[INFO] [stderr] 74 | fn testable(target: usize, current_value: usize, values: &[usize]) -> bool {
[INFO] [stderr]    |    ^^^^^^^^
[INFO] [stderr]    |
[INFO] [stderr]    = note: `#[warn(dead_code)]` on by default
[INFO] [stderr] 
[INFO] [stderr] warning: `aoc2024` (bin "day6") generated 1 warning (run `cargo fix --bin "day6"` to apply 1 suggestion)
[INFO] [stderr] warning: `aoc2024` (bin "day8" test) generated 1 warning
[INFO] [stderr] warning: `aoc2024` (bin "day8") generated 1 warning (1 duplicate)
[INFO] [stderr] warning: unused import: `num::ParseIntError`
[INFO] [stderr]  --> src/day9.rs:2:15
[INFO] [stderr]   |
[INFO] [stderr] 2 | use std::{fs, num::ParseIntError};
[INFO] [stderr]   |               ^^^^^^^^^^^^^^^^^^
[INFO] [stderr]   |
[INFO] [stderr]   = note: `#[warn(unused_imports)]` on by default
[INFO] [stderr] 
[INFO] [stderr] warning: function `test_find_guard` is never used
[INFO] [stderr]    --> src/day6.rs:138:8
[INFO] [stderr]     |
[INFO] [stderr] 138 |     fn test_find_guard() {
[INFO] [stderr]     |        ^^^^^^^^^^^^^^^
[INFO] [stderr]     |
[INFO] [stderr]     = note: `#[warn(dead_code)]` on by default
[INFO] [stderr] 
[INFO] [stderr] warning: `aoc2024` (bin "day9") generated 1 warning (run `cargo fix --bin "day9"` to apply 1 suggestion)
[INFO] [stderr] warning: `aoc2024` (bin "day6" test) generated 2 warnings (1 duplicate)
[INFO] [stderr] warning: `aoc2024` (bin "day9" test) generated 1 warning (1 duplicate)
[INFO] [stderr]     Finished `test` profile [unoptimized + debuginfo] target(s) in 0.05s
[INFO] [stderr]      Running unittests src/lib.rs (/opt/rustwide/target/debug/deps/aoc2024-85f4a78ccced02c5)
[INFO] [stdout] 
[INFO] [stdout] running 0 tests
[INFO] [stdout] 
[INFO] [stdout] test result: ok. 0 passed; 0 failed; 0 ignored; 0 measured; 0 filtered out; finished in 0.00s
[INFO] [stdout] 
[INFO] [stderr]      Running unittests src/day1.rs (/opt/rustwide/target/debug/deps/day1-0698711542546d6c)
[INFO] [stdout] 
[INFO] [stdout] running 1 test
[INFO] [stdout] test tests::list_distance_calculates_works ... ok
[INFO] [stdout] 
[INFO] [stdout] test result: ok. 1 passed; 0 failed; 0 ignored; 0 measured; 0 filtered out; finished in 0.00s
[INFO] [stdout] 
[INFO] [stderr]      Running unittests src/day2.rs (/opt/rustwide/target/debug/deps/day2-6f4a332374993e5d)
[INFO] [stdout] 
[INFO] [stdout] running 1 test
[INFO] [stdout] test tests::safe_test ... ok
[INFO] [stdout] 
[INFO] [stdout] test result: ok. 1 passed; 0 failed; 0 ignored; 0 measured; 0 filtered out; finished in 0.00s
[INFO] [stdout] 
[INFO] [stderr]      Running unittests src/day3.rs (/opt/rustwide/target/debug/deps/day3-3ec058541cd03e45)
[INFO] [stdout] 
[INFO] [stdout] running 1 test
[INFO] [stdout] test tests::safe_test ... ok
[INFO] [stdout] 
[INFO] [stdout] test result: ok. 1 passed; 0 failed; 0 ignored; 0 measured; 0 filtered out; finished in 0.01s
[INFO] [stdout] 
[INFO] [stderr]      Running unittests src/day4.rs (/opt/rustwide/target/debug/deps/day4-97ba9bc294936f60)
[INFO] [stdout] 
[INFO] [stdout] running 3 tests
[INFO] [stdout] test tests::test_find_all_word ... ok
[INFO] [stdout] test tests::test_search_word ... ok
[INFO] [stdout] test tests::test_parsing ... ok
[INFO] [stdout] 
[INFO] [stdout] test result: ok. 3 passed; 0 failed; 0 ignored; 0 measured; 0 filtered out; finished in 0.00s
[INFO] [stdout] 
[INFO] [stderr]      Running unittests src/day5.rs (/opt/rustwide/target/debug/deps/day5-94affee501349234)
[INFO] [stdout] 
[INFO] [stdout] running 3 tests
[INFO] [stdout] test tests::test_parse_input ... ok
[INFO] [stdout] test tests::test_input ... ok
[INFO] [stdout] test tests::test_violate ... ok
[INFO] [stdout] 
[INFO] [stdout] test result: ok. 3 passed; 0 failed; 0 ignored; 0 measured; 0 filtered out; finished in 0.00s
[INFO] [stdout] 
[INFO] [stderr]      Running unittests src/day6.rs (/opt/rustwide/target/debug/deps/day6-c31e78583b2d06ce)
[INFO] [stdout] 
[INFO] [stdout] running 1 test
[INFO] [stdout] test tests::test_parse_input ... FAILED
[INFO] [stderr] error: test failed, to rerun pass `--bin day6`
[INFO] [stdout] 
[INFO] [stdout] failures:
[INFO] [stdout] 
[INFO] [stdout] ---- tests::test_parse_input stdout ----
[INFO] [stdout] 
[INFO] [stdout] thread 'tests::test_parse_input' panicked at src/day6.rs:129:9:
[INFO] [stdout] assertion `left == right` failed
[INFO] [stdout]   left: [['⬛', '📦', '⬛'], ['⬛', '🦀', '⬛'], ['📦', '⬛', '⬛']]
[INFO] [stdout]  right: [['.', '#', '.'], ['.', '^', '.'], ['#', '.', '.']]
[INFO] [stdout] stack backtrace:
[INFO] [stdout]    0:     0x5b32c13fee5a - std::backtrace_rs::backtrace::libunwind::trace::hb059275cfc8d6126
[INFO] [stdout]                                at /rustc/6067b36314ab5eb2eb47cecc464545ba58e1ad24/library/std/src/../../backtrace/src/backtrace/libunwind.rs:116:5
[INFO] [stdout]    1:     0x5b32c13fee5a - std::backtrace_rs::backtrace::trace_unsynchronized::h2da071e4327ce3ee
[INFO] [stdout]                                at /rustc/6067b36314ab5eb2eb47cecc464545ba58e1ad24/library/std/src/../../backtrace/src/backtrace/mod.rs:66:5
[INFO] [stdout]    2:     0x5b32c13fee5a - std::sys::backtrace::_print_fmt::h842a1474e6f8d23f
[INFO] [stdout]                                at /rustc/6067b36314ab5eb2eb47cecc464545ba58e1ad24/library/std/src/sys/backtrace.rs:66:9
[INFO] [stdout]    3:     0x5b32c13fee5a - <std::sys::backtrace::BacktraceLock::print::DisplayBacktrace as core::fmt::Display>::fmt::h71a62eb3b9696b12
[INFO] [stdout]                                at /rustc/6067b36314ab5eb2eb47cecc464545ba58e1ad24/library/std/src/sys/backtrace.rs:39:26
[INFO] [stdout]    4:     0x5b32c1426483 - core::fmt::rt::Argument::fmt::hdb6b616786b41dc1
[INFO] [stdout]                                at /rustc/6067b36314ab5eb2eb47cecc464545ba58e1ad24/library/core/src/fmt/rt.rs:177:76
[INFO] [stdout]    5:     0x5b32c1426483 - core::fmt::write::h2cc1698af7e2d686
[INFO] [stdout]                                at /rustc/6067b36314ab5eb2eb47cecc464545ba58e1ad24/library/core/src/fmt/mod.rs:1440:21
[INFO] [stdout]    6:     0x5b32c13fb9b3 - std::io::Write::write_fmt::hab1b4cd059a79022
[INFO] [stdout]                                at /rustc/6067b36314ab5eb2eb47cecc464545ba58e1ad24/library/std/src/io/mod.rs:1887:15
[INFO] [stdout]    7:     0x5b32c13feca2 - std::sys::backtrace::BacktraceLock::print::h147fe35b4ea13b08
[INFO] [stdout]                                at /rustc/6067b36314ab5eb2eb47cecc464545ba58e1ad24/library/std/src/sys/backtrace.rs:42:9
[INFO] [stdout]    8:     0x5b32c140027f - std::panicking::default_hook::{{closure}}::hbd44223dbdc0d208
[INFO] [stdout]                                at /rustc/6067b36314ab5eb2eb47cecc464545ba58e1ad24/library/std/src/panicking.rs:298:22
[INFO] [stdout]    9:     0x5b32c1400098 - std::panicking::default_hook::h20f81eb0576efcec
[INFO] [stdout]                                at /rustc/6067b36314ab5eb2eb47cecc464545ba58e1ad24/library/std/src/panicking.rs:322:9
[INFO] [stdout]   10:     0x5b32c13c8eb3 - <alloc::boxed::Box<F,A> as core::ops::function::Fn<Args>>::call::hdb53814c496a4d34
[INFO] [stdout]                                at /rustc/6067b36314ab5eb2eb47cecc464545ba58e1ad24/library/alloc/src/boxed.rs:2027:9
[INFO] [stdout]   11:     0x5b32c13c8eb3 - test::test_main::{{closure}}::hc0a4963c59427c24
[INFO] [stdout]                                at /rustc/6067b36314ab5eb2eb47cecc464545ba58e1ad24/library/test/src/lib.rs:134:21
[INFO] [stdout]   12:     0x5b32c1400d73 - <alloc::boxed::Box<F,A> as core::ops::function::Fn<Args>>::call::h591b2225413a77e9
[INFO] [stdout]                                at /rustc/6067b36314ab5eb2eb47cecc464545ba58e1ad24/library/alloc/src/boxed.rs:2027:9
[INFO] [stdout]   13:     0x5b32c1400d73 - std::panicking::rust_panic_with_hook::h625eea43051b2edc
[INFO] [stdout]                                at /rustc/6067b36314ab5eb2eb47cecc464545ba58e1ad24/library/std/src/panicking.rs:839:13
[INFO] [stdout]   14:     0x5b32c1400a2a - std::panicking::begin_panic_handler::{{closure}}::h4f9159cfbc3f6bd3
[INFO] [stdout]                                at /rustc/6067b36314ab5eb2eb47cecc464545ba58e1ad24/library/std/src/panicking.rs:704:13
[INFO] [stdout]   15:     0x5b32c13ff359 - std::sys::backtrace::__rust_end_short_backtrace::h0390abce48353151
[INFO] [stdout]                                at /rustc/6067b36314ab5eb2eb47cecc464545ba58e1ad24/library/std/src/sys/backtrace.rs:168:18
[INFO] [stdout]   16:     0x5b32c14006bd - rust_begin_unwind
[INFO] [stdout]                                at /rustc/6067b36314ab5eb2eb47cecc464545ba58e1ad24/library/std/src/panicking.rs:695:5
[INFO] [stdout]   17:     0x5b32c1424e90 - core::panicking::panic_fmt::h9e7c637e9e5f29c9
[INFO] [stdout]                                at /rustc/6067b36314ab5eb2eb47cecc464545ba58e1ad24/library/core/src/panicking.rs:75:14
[INFO] [stdout]   18:     0x5b32c1425252 - core::panicking::assert_failed_inner::h538bec7c1374cd9c
[INFO] [stdout]   19:     0x5b32c138c43a - core::panicking::assert_failed::hb620e40ad04a414c
[INFO] [stdout]                                at /rustc/6067b36314ab5eb2eb47cecc464545ba58e1ad24/library/core/src/panicking.rs:364:5
[INFO] [stdout]   20:     0x5b32c138ed71 - day6::tests::test_parse_input::ha5bd5d0e2a782f8b
[INFO] [stdout]                                at /opt/rustwide/workdir/src/day6.rs:129:9
[INFO] [stdout]   21:     0x5b32c138ea17 - day6::tests::test_parse_input::{{closure}}::hdf374d9b92b9fe50
[INFO] [stdout]                                at /opt/rustwide/workdir/src/day6.rs:125:26
[INFO] [stdout]   22:     0x5b32c138afe6 - core::ops::function::FnOnce::call_once::h93f446a3b8975da4
[INFO] [stdout]                                at /rustc/6067b36314ab5eb2eb47cecc464545ba58e1ad24/library/core/src/ops/function.rs:250:5
[INFO] [stdout]   23:     0x5b32c13ce60b - core::ops::function::FnOnce::call_once::he27718dfdd183f43
[INFO] [stdout]                                at /rustc/6067b36314ab5eb2eb47cecc464545ba58e1ad24/library/core/src/ops/function.rs:250:5
[INFO] [stdout]   24:     0x5b32c13ce60b - test::__rust_begin_short_backtrace::h4e84902998457a5d
[INFO] [stdout]                                at /rustc/6067b36314ab5eb2eb47cecc464545ba58e1ad24/library/test/src/lib.rs:632:18
[INFO] [stdout]   25:     0x5b32c13cd543 - test::run_test_in_process::{{closure}}::h7176fd18fc1feca0
[INFO] [stdout]                                at /rustc/6067b36314ab5eb2eb47cecc464545ba58e1ad24/library/test/src/lib.rs:655:60
[INFO] [stdout]   26:     0x5b32c13cd543 - <core::panic::unwind_safe::AssertUnwindSafe<F> as core::ops::function::FnOnce<()>>::call_once::hf79cff2a624d8cf7
[INFO] [stdout]                                at /rustc/6067b36314ab5eb2eb47cecc464545ba58e1ad24/library/core/src/panic/unwind_safe.rs:272:9
[INFO] [stdout]   27:     0x5b32c13cd543 - std::panicking::try::do_call::h3da0561d9ab99c25
[INFO] [stdout]                                at /rustc/6067b36314ab5eb2eb47cecc464545ba58e1ad24/library/std/src/panicking.rs:587:40
[INFO] [stdout]   28:     0x5b32c13cd543 - std::panicking::try::h41c9fa508bc61df6
[INFO] [stdout]                                at /rustc/6067b36314ab5eb2eb47cecc464545ba58e1ad24/library/std/src/panicking.rs:550:19
[INFO] [stdout]   29:     0x5b32c13cd543 - std::panic::catch_unwind::h6b3ff07bb5afad93
[INFO] [stdout]                                at /rustc/6067b36314ab5eb2eb47cecc464545ba58e1ad24/library/std/src/panic.rs:358:14
[INFO] [stdout]   30:     0x5b32c13cd543 - test::run_test_in_process::hc7253dd11b39b9f4
[INFO] [stdout]                                at /rustc/6067b36314ab5eb2eb47cecc464545ba58e1ad24/library/test/src/lib.rs:655:27
[INFO] [stdout]   31:     0x5b32c13cd543 - test::run_test::{{closure}}::hfb2007f8649c30bb
[INFO] [stdout]                                at /rustc/6067b36314ab5eb2eb47cecc464545ba58e1ad24/library/test/src/lib.rs:576:43
[INFO] [stdout]   32:     0x5b32c1390625 - test::run_test::{{closure}}::h56a17aa7a282a9f4
[INFO] [stdout]                                at /rustc/6067b36314ab5eb2eb47cecc464545ba58e1ad24/library/test/src/lib.rs:606:41
[INFO] [stdout]   33:     0x5b32c1390625 - std::sys::backtrace::__rust_begin_short_backtrace::hd2d2d2fb8e8c6aac
[INFO] [stdout]                                at /rustc/6067b36314ab5eb2eb47cecc464545ba58e1ad24/library/std/src/sys/backtrace.rs:152:18
[INFO] [stdout]   34:     0x5b32c1393f0a - std::thread::Builder::spawn_unchecked_::{{closure}}::{{closure}}::h4faa3f9db6133423
[INFO] [stdout]                                at /rustc/6067b36314ab5eb2eb47cecc464545ba58e1ad24/library/std/src/thread/mod.rs:559:17
[INFO] [stdout]   35:     0x5b32c1393f0a - <core::panic::unwind_safe::AssertUnwindSafe<F> as core::ops::function::FnOnce<()>>::call_once::hf2e855a36a4ea846
[INFO] [stdout]                                at /rustc/6067b36314ab5eb2eb47cecc464545ba58e1ad24/library/core/src/panic/unwind_safe.rs:272:9
[INFO] [stdout]   36:     0x5b32c1393f0a - std::panicking::try::do_call::h2f73af3616c35465
[INFO] [stdout]                                at /rustc/6067b36314ab5eb2eb47cecc464545ba58e1ad24/library/std/src/panicking.rs:587:40
[INFO] [stdout]   37:     0x5b32c1393f0a - std::panicking::try::hd1660ce9efadef5a
[INFO] [stdout]                                at /rustc/6067b36314ab5eb2eb47cecc464545ba58e1ad24/library/std/src/panicking.rs:550:19
[INFO] [stdout]   38:     0x5b32c1393f0a - std::panic::catch_unwind::h5ee8d7823b8ca744
[INFO] [stdout]                                at /rustc/6067b36314ab5eb2eb47cecc464545ba58e1ad24/library/std/src/panic.rs:358:14
[INFO] [stdout]   39:     0x5b32c1393f0a - std::thread::Builder::spawn_unchecked_::{{closure}}::h53c3a1894dce8407
[INFO] [stdout]                                at /rustc/6067b36314ab5eb2eb47cecc464545ba58e1ad24/library/std/src/thread/mod.rs:557:30
[INFO] [stdout]   40:     0x5b32c1393f0a - core::ops::function::FnOnce::call_once{{vtable.shim}}::h048ce291ad4f62bf
[INFO] [stdout]                                at /rustc/6067b36314ab5eb2eb47cecc464545ba58e1ad24/library/core/src/ops/function.rs:250:5
[INFO] [stdout]   41:     0x5b32c1404cab - <alloc::boxed::Box<F,A> as core::ops::function::FnOnce<Args>>::call_once::ha52bedf99a3b4981
[INFO] [stdout]                                at /rustc/6067b36314ab5eb2eb47cecc464545ba58e1ad24/library/alloc/src/boxed.rs:2013:9
[INFO] [stdout]   42:     0x5b32c1404cab - <alloc::boxed::Box<F,A> as core::ops::function::FnOnce<Args>>::call_once::h567748934d80ccf8
[INFO] [stdout]                                at /rustc/6067b36314ab5eb2eb47cecc464545ba58e1ad24/library/alloc/src/boxed.rs:2013:9
[INFO] [stdout]   43:     0x5b32c1404cab - std::sys::pal::unix::thread::Thread::new::thread_start::h2d970728ae887adc
[INFO] [stdout]                                at /rustc/6067b36314ab5eb2eb47cecc464545ba58e1ad24/library/std/src/sys/pal/unix/thread.rs:106:17
[INFO] [stdout]   44:     0x7f35ec483ac3 - <unknown>
[INFO] [stdout]   45:     0x7f35ec514a04 - clone
[INFO] [stdout]   46:                0x0 - <unknown>
[INFO] [stdout] 
[INFO] [stdout] 
[INFO] [stdout] failures:
[INFO] [stdout]     tests::test_parse_input
[INFO] [stdout] 
[INFO] [stdout] test result: FAILED. 0 passed; 1 failed; 0 ignored; 0 measured; 0 filtered out; finished in 0.04s
[INFO] [stdout] 
[INFO] running `Command { std: "docker" "inspect" "b0a11c5a1bb89a6b18ab197a01156cb6e60c32805ac1b3ad128c45c946ce3f66", kill_on_drop: false }`
[INFO] running `Command { std: "docker" "rm" "-f" "b0a11c5a1bb89a6b18ab197a01156cb6e60c32805ac1b3ad128c45c946ce3f66", kill_on_drop: false }`
[INFO] [stdout] b0a11c5a1bb89a6b18ab197a01156cb6e60c32805ac1b3ad128c45c946ce3f66
