[INFO] cloning repository https://github.com/m00nwtchr/cofd
[INFO] running `Command { std: "git" "-c" "credential.helper=" "-c" "credential.helper=/workspace/cargo-home/bin/git-credential-null" "clone" "--bare" "https://github.com/m00nwtchr/cofd" "/workspace/cache/git-repos/https%3A%2F%2Fgithub.com%2Fm00nwtchr%2Fcofd", kill_on_drop: false }`
[INFO] [stderr] Cloning into bare repository '/workspace/cache/git-repos/https%3A%2F%2Fgithub.com%2Fm00nwtchr%2Fcofd'...
[INFO] running `Command { std: "git" "rev-parse" "HEAD", kill_on_drop: false }`
[INFO] [stdout] 3e2940467c813cc4b7fe2875c68da2bf8a1b507e
[INFO] testing m00nwtchr/cofd against nightly-2025-01-18+rustflags=-Zrandomize-layout for randomize-layout-2
[INFO] running `Command { std: "git" "clone" "/workspace/cache/git-repos/https%3A%2F%2Fgithub.com%2Fm00nwtchr%2Fcofd" "/workspace/builds/worker-7-tc2/source", kill_on_drop: false }`
[INFO] [stderr] Cloning into '/workspace/builds/worker-7-tc2/source'...
[INFO] [stderr] done.
[INFO] validating manifest of git repo https://github.com/m00nwtchr/cofd on toolchain nightly-2025-01-18
[INFO] running `Command { std: CARGO_HOME="/workspace/cargo-home" RUSTUP_HOME="/workspace/rustup-home" "/workspace/cargo-home/bin/cargo" "+nightly-2025-01-18" "metadata" "--manifest-path" "Cargo.toml" "--no-deps", kill_on_drop: false }`
[INFO] removed /workspace/builds/worker-7-tc2/source/rust-toolchain.toml
[INFO] started tweaking git repo https://github.com/m00nwtchr/cofd
[INFO] finished tweaking git repo https://github.com/m00nwtchr/cofd
[INFO] tweaked toml for git repo https://github.com/m00nwtchr/cofd written to /workspace/builds/worker-7-tc2/source/Cargo.toml
[INFO] crate git repo https://github.com/m00nwtchr/cofd already has a lockfile, it will not be regenerated
[INFO] running `Command { std: CARGO_HOME="/workspace/cargo-home" RUSTUP_HOME="/workspace/rustup-home" "/workspace/cargo-home/bin/cargo" "+nightly-2025-01-18" "fetch" "--manifest-path" "Cargo.toml", kill_on_drop: false }`
[INFO] running `Command { std: "docker" "create" "-v" "/var/lib/crater-agent-workspace/builds/worker-7-tc2/target:/opt/rustwide/target:rw,Z" "-v" "/var/lib/crater-agent-workspace/builds/worker-7-tc2/source:/opt/rustwide/workdir:ro,Z" "-v" "/var/lib/crater-agent-workspace/cargo-home:/opt/rustwide/cargo-home:ro,Z" "-v" "/var/lib/crater-agent-workspace/rustup-home:/opt/rustwide/rustup-home:ro,Z" "-e" "SOURCE_DIR=/opt/rustwide/workdir" "-e" "CARGO_TARGET_DIR=/opt/rustwide/target" "-e" "CARGO_HOME=/opt/rustwide/cargo-home" "-e" "RUSTUP_HOME=/opt/rustwide/rustup-home" "-w" "/opt/rustwide/workdir" "-m" "1610612736" "--user" "0:0" "--network" "none" "ghcr.io/rust-lang/crates-build-env/linux@sha256:819108c5571ea2e421544af4d832f968d213c87fbe3707a016657f43d2f853bc" "/opt/rustwide/cargo-home/bin/cargo" "+nightly-2025-01-18" "metadata" "--no-deps" "--format-version=1", kill_on_drop: false }`
[INFO] [stdout] 5c87ce52ad3cf867d50fa6546dea7ef8b52a7fc62d450903ab5b052ea63901e0
[INFO] running `Command { std: "docker" "start" "-a" "5c87ce52ad3cf867d50fa6546dea7ef8b52a7fc62d450903ab5b052ea63901e0", kill_on_drop: false }`
[INFO] running `Command { std: "docker" "inspect" "5c87ce52ad3cf867d50fa6546dea7ef8b52a7fc62d450903ab5b052ea63901e0", kill_on_drop: false }`
[INFO] running `Command { std: "docker" "rm" "-f" "5c87ce52ad3cf867d50fa6546dea7ef8b52a7fc62d450903ab5b052ea63901e0", kill_on_drop: false }`
[INFO] [stdout] 5c87ce52ad3cf867d50fa6546dea7ef8b52a7fc62d450903ab5b052ea63901e0
[INFO] running `Command { std: "docker" "create" "-v" "/var/lib/crater-agent-workspace/builds/worker-7-tc2/target:/opt/rustwide/target:rw,Z" "-v" "/var/lib/crater-agent-workspace/builds/worker-7-tc2/source:/opt/rustwide/workdir:ro,Z" "-v" "/var/lib/crater-agent-workspace/cargo-home:/opt/rustwide/cargo-home:ro,Z" "-v" "/var/lib/crater-agent-workspace/rustup-home:/opt/rustwide/rustup-home:ro,Z" "-e" "SOURCE_DIR=/opt/rustwide/workdir" "-e" "CARGO_TARGET_DIR=/opt/rustwide/target" "-e" "CARGO_INCREMENTAL=0" "-e" "RUST_BACKTRACE=full" "-e" "RUSTFLAGS=--cap-lints=forbid -Zrandomize-layout" "-e" "RUSTDOCFLAGS=--cap-lints=forbid" "-e" "CARGO_HOME=/opt/rustwide/cargo-home" "-e" "RUSTUP_HOME=/opt/rustwide/rustup-home" "-w" "/opt/rustwide/workdir" "-m" "1610612736" "--user" "0:0" "--network" "none" "ghcr.io/rust-lang/crates-build-env/linux@sha256:819108c5571ea2e421544af4d832f968d213c87fbe3707a016657f43d2f853bc" "/opt/rustwide/cargo-home/bin/cargo" "+nightly-2025-01-18" "build" "--frozen" "--message-format=json", kill_on_drop: false }`
[INFO] [stdout] cde2e672b69c00ea9dddfeb01b1166f7c69d0a8f3043f0c1b6d767d23097f594
[INFO] running `Command { std: "docker" "start" "-a" "cde2e672b69c00ea9dddfeb01b1166f7c69d0a8f3043f0c1b6d767d23097f594", kill_on_drop: false }`
[INFO] [stderr]    Compiling proc-macro2 v1.0.86
[INFO] [stderr]    Compiling unicode-ident v1.0.13
[INFO] [stderr]    Compiling serde v1.0.210
[INFO] [stderr]    Compiling rustversion v1.0.17
[INFO] [stderr]    Compiling autocfg v1.3.0
[INFO] [stderr]    Compiling unicode-xid v0.2.5
[INFO] [stderr]    Compiling unicode-segmentation v1.12.0
[INFO] [stderr]    Compiling heck v0.5.0
[INFO] [stderr]    Compiling thiserror v1.0.63
[INFO] [stderr]    Compiling either v1.13.0
[INFO] [stderr]    Compiling iana-time-zone v0.1.61
[INFO] [stderr]    Compiling convert_case v0.6.0
[INFO] [stderr]    Compiling itertools v0.13.0
[INFO] [stderr]    Compiling base64 v0.21.7
[INFO] [stderr]    Compiling once_cell v1.19.0
[INFO] [stderr]    Compiling num-traits v0.2.19
[INFO] [stderr]    Compiling quote v1.0.37
[INFO] [stderr]    Compiling syn v2.0.77
[INFO] [stderr]    Compiling serde_derive v1.0.210
[INFO] [stderr]    Compiling derive_more-impl v1.0.0
[INFO] [stderr]    Compiling thiserror-impl v1.0.63
[INFO] [stderr]    Compiling strum_macros v0.26.4
[INFO] [stderr]    Compiling cofd-derive v0.1.0 (/opt/rustwide/workdir/derive)
[INFO] [stderr]    Compiling enum_dispatch v0.3.13
[INFO] [stderr]    Compiling cofd-util v0.1.0 (/opt/rustwide/workdir/util)
[INFO] [stdout] warning: the feature `generic_const_exprs` is incomplete and may not be safe to use and/or cause compiler crashes
[INFO] [stdout]  --> util/src/lib.rs:1:12
[INFO] [stdout]   |
[INFO] [stdout] 1 | #![feature(generic_const_exprs)]
[INFO] [stdout]   |            ^^^^^^^^^^^^^^^^^^^
[INFO] [stdout]   |
[INFO] [stdout]   = note: see issue #76560 <https://github.com/rust-lang/rust/issues/76560> for more information
[INFO] [stdout]   = note: `#[warn(incomplete_features)]` on by default
[INFO] [stdout] 
[INFO] [stdout] 
[INFO] [stderr]    Compiling strum v0.26.3
[INFO] [stderr]    Compiling derive_more v1.0.0
[INFO] [stderr]    Compiling chrono v0.4.38
[INFO] [stderr]    Compiling bitflags v2.6.0
[INFO] [stderr]    Compiling ron v0.9.0-alpha.0
[INFO] [stderr]    Compiling cofd-schema v0.1.0 (/opt/rustwide/workdir/schema)
[INFO] [stdout] warning: unused import: `itertools::Itertools`
[INFO] [stdout]  --> schema/src/dice_pool.rs:6:5
[INFO] [stdout]   |
[INFO] [stdout] 6 | use itertools::Itertools;
[INFO] [stdout]   |     ^^^^^^^^^^^^^^^^^^^^
[INFO] [stdout]   |
[INFO] [stdout]   = note: `#[warn(unused_imports)]` on by default
[INFO] [stdout] 
[INFO] [stdout] 
[INFO] [stdout] warning: unused import: `borrow::Cow`
[INFO] [stdout]  --> schema/src/dot_range.rs:2:2
[INFO] [stdout]   |
[INFO] [stdout] 2 |     borrow::Cow,
[INFO] [stdout]   |     ^^^^^^^^^^^
[INFO] [stdout] 
[INFO] [stdout] 
[INFO] [stdout] warning: unused import: `itertools::Itertools`
[INFO] [stdout]  --> schema/src/prerequisites.rs:4:5
[INFO] [stdout]   |
[INFO] [stdout] 4 | use itertools::Itertools;
[INFO] [stdout]   |     ^^^^^^^^^^^^^^^^^^^^
[INFO] [stdout] 
[INFO] [stdout] 
[INFO] [stdout] warning: unused import: `num_to_dots`
[INFO] [stdout]  --> schema/src/prerequisites.rs:8:27
[INFO] [stdout]   |
[INFO] [stdout] 8 |     dot_range::{dots_to_num, num_to_dots},
[INFO] [stdout]   |                              ^^^^^^^^^^^
[INFO] [stdout] 
[INFO] [stdout] 
[INFO] [stdout] warning: unused import: `itertools::Itertools`
[INFO] [stdout]  --> schema/src/dice_pool.rs:6:5
[INFO] [stdout]   |
[INFO] [stdout] 6 | use itertools::Itertools;
[INFO] [stdout]   |     ^^^^^^^^^^^^^^^^^^^^
[INFO] [stdout]   |
[INFO] [stdout]   = note: `#[warn(unused_imports)]` on by default
[INFO] [stdout] 
[INFO] [stdout] 
[INFO] [stdout] warning: unused import: `borrow::Cow`
[INFO] [stdout]  --> schema/src/dot_range.rs:2:2
[INFO] [stdout]   |
[INFO] [stdout] 2 |     borrow::Cow,
[INFO] [stdout]   |     ^^^^^^^^^^^
[INFO] [stdout] 
[INFO] [stdout] 
[INFO] [stdout] warning: unused import: `itertools::Itertools`
[INFO] [stdout]  --> schema/src/prerequisites.rs:4:5
[INFO] [stdout]   |
[INFO] [stdout] 4 | use itertools::Itertools;
[INFO] [stdout]   |     ^^^^^^^^^^^^^^^^^^^^
[INFO] [stdout] 
[INFO] [stdout] 
[INFO] [stdout] warning: unused import: `num_to_dots`
[INFO] [stdout]  --> schema/src/prerequisites.rs:8:27
[INFO] [stdout]   |
[INFO] [stdout] 8 |     dot_range::{dots_to_num, num_to_dots},
[INFO] [stdout]   |                              ^^^^^^^^^^^
[INFO] [stdout] 
[INFO] [stdout] 
[INFO] [stdout] warning: unused import: `itertools::Itertools`
[INFO] [stdout]  --> schema/src/dot_range.rs:8:5
[INFO] [stdout]   |
[INFO] [stdout] 8 | use itertools::Itertools;
[INFO] [stdout]   |     ^^^^^^^^^^^^^^^^^^^^
[INFO] [stdout] 
[INFO] [stdout] 
[INFO] [stdout] warning: unused import: `itertools::Itertools`
[INFO] [stdout]  --> schema/src/dot_range.rs:8:5
[INFO] [stdout]   |
[INFO] [stdout] 8 | use itertools::Itertools;
[INFO] [stdout]   |     ^^^^^^^^^^^^^^^^^^^^
[INFO] [stdout] 
[INFO] [stdout] 
[INFO] [stdout] warning: methods `get_ruling_arcana` and `get_inferior_arcanum` are never used
[INFO] [stdout]   --> schema/src/template/mage.rs:78:5
[INFO] [stdout]    |
[INFO] [stdout] 77 | impl Path {
[INFO] [stdout]    | --------- methods in this implementation
[INFO] [stdout] 78 |     fn get_ruling_arcana(&self) -> &[Arcanum; 2] {
[INFO] [stdout]    |        ^^^^^^^^^^^^^^^^^
[INFO] [stdout] ...
[INFO] [stdout] 88 |     fn get_inferior_arcanum(&self) -> &Arcanum {
[INFO] [stdout]    |        ^^^^^^^^^^^^^^^^^^^^
[INFO] [stdout]    |
[INFO] [stdout]    = note: `#[warn(dead_code)]` on by default
[INFO] [stdout] 
[INFO] [stdout] 
[INFO] [stdout] warning: methods `get_ruling_arcana` and `get_inferior_arcanum` are never used
[INFO] [stdout]   --> schema/src/template/mage.rs:78:5
[INFO] [stdout]    |
[INFO] [stdout] 77 | impl Path {
[INFO] [stdout]    | --------- methods in this implementation
[INFO] [stdout] 78 |     fn get_ruling_arcana(&self) -> &[Arcanum; 2] {
[INFO] [stdout]    |        ^^^^^^^^^^^^^^^^^
[INFO] [stdout] ...
[INFO] [stdout] 88 |     fn get_inferior_arcanum(&self) -> &Arcanum {
[INFO] [stdout]    |        ^^^^^^^^^^^^^^^^^^^^
[INFO] [stdout]    |
[INFO] [stdout]    = note: `#[warn(dead_code)]` on by default
[INFO] [stdout] 
[INFO] [stdout] 
[INFO] [stderr]    Compiling cofd-macros v0.1.0 (/opt/rustwide/workdir/macros)
[INFO] [stdout] warning: unused variable: `merit`
[INFO] [stdout]    --> macros/src/lib.rs:169:6
[INFO] [stdout]     |
[INFO] [stdout] 169 |     for merit in book.merits {}
[INFO] [stdout]     |         ^^^^^ help: if this is intentional, prefix it with an underscore: `_merit`
[INFO] [stdout]     |
[INFO] [stdout]     = note: `#[warn(unused_variables)]` on by default
[INFO] [stdout] 
[INFO] [stdout] 
[INFO] [stderr]    Compiling cofd v0.1.0 (/opt/rustwide/workdir/lib)
[INFO] [stdout] warning: unreachable pattern
[INFO] [stdout]    --> lib/src/splat/vampire.rs:194:4
[INFO] [stdout]     |
[INFO] [stdout] 194 |             _ => todo!(),
[INFO] [stdout]     |             ^ no value can reach this
[INFO] [stdout]     |
[INFO] [stdout] note: multiple earlier patterns match some of the same values
[INFO] [stdout]    --> lib/src/splat/vampire.rs:194:4
[INFO] [stdout]     |
[INFO] [stdout] 188 |             Clan::Daeva => &[Attribute::Dexterity, Attribute::Manipulation],
[INFO] [stdout]     |             ----------- matches some of the same values
[INFO] [stdout] 189 |             Clan::Gangrel => &[Attribute::Composure, Attribute::Stamina],
[INFO] [stdout]     |             ------------- matches some of the same values
[INFO] [stdout] 190 |             Clan::Mekhet => &[Attribute::Intelligence, Attribute::Wits],
[INFO] [stdout]     |             ------------ matches some of the same values
[INFO] [stdout] 191 |             Clan::Nosferatu => &[Attribute::Composure, Attribute::Strength],
[INFO] [stdout]     |             --------------- matches some of the same values
[INFO] [stdout] ...
[INFO] [stdout] 194 |             _ => todo!(),
[INFO] [stdout]     |             ^ ...and 2 other patterns collectively make this unreachable
[INFO] [stdout]     = note: `#[warn(unreachable_patterns)]` on by default
[INFO] [stdout] 
[INFO] [stdout] 
[INFO] [stdout] warning: unused variable: `value`
[INFO] [stdout]    --> lib/src/splat/vampire.rs:472:30
[INFO] [stdout]     |
[INFO] [stdout] 472 |     pub fn get_modifiers(&self, value: u16) -> Vec<Modifier> {
[INFO] [stdout]     |                                 ^^^^^ help: if this is intentional, prefix it with an underscore: `_value`
[INFO] [stdout]     |
[INFO] [stdout]     = note: `#[warn(unused_variables)]` on by default
[INFO] [stdout] 
[INFO] [stdout] 
[INFO] [stdout] warning: unused variable: `name`
[INFO] [stdout]    --> lib/src/splat/mod.rs:121:26
[INFO] [stdout]     |
[INFO] [stdout] 121 |     fn custom_xsplat(&self, name: String) -> Option<XSplat> {
[INFO] [stdout]     |                             ^^^^ help: if this is intentional, prefix it with an underscore: `_name`
[INFO] [stdout] 
[INFO] [stdout] 
[INFO] [stdout] warning: unused variable: `name`
[INFO] [stdout]    --> lib/src/splat/mod.rs:125:26
[INFO] [stdout]     |
[INFO] [stdout] 125 |     fn custom_ysplat(&self, name: String) -> Option<YSplat> {
[INFO] [stdout]     |                             ^^^^ help: if this is intentional, prefix it with an underscore: `_name`
[INFO] [stdout] 
[INFO] [stdout] 
[INFO] [stdout] warning: unused variable: `name`
[INFO] [stdout]    --> lib/src/splat/mod.rs:129:26
[INFO] [stdout]     |
[INFO] [stdout] 129 |     fn custom_zsplat(&self, name: String) -> Option<ZSplat> {
[INFO] [stdout]     |                             ^^^^ help: if this is intentional, prefix it with an underscore: `_name`
[INFO] [stdout] 
[INFO] [stdout] 
[INFO] [stdout] warning: unused variable: `name`
[INFO] [stdout]    --> lib/src/splat/mod.rs:137:27
[INFO] [stdout]     |
[INFO] [stdout] 137 |     fn custom_ability(&self, name: String) -> Option<Ability> {
[INFO] [stdout]     |                              ^^^^ help: if this is intentional, prefix it with an underscore: `_name`
[INFO] [stdout] 
[INFO] [stdout] 
[INFO] [stdout] warning: methods `get_ruling_arcana` and `get_inferior_arcanum` are never used
[INFO] [stdout]    --> lib/src/splat/mage.rs:176:5
[INFO] [stdout]     |
[INFO] [stdout] 175 | impl Path {
[INFO] [stdout]     | --------- methods in this implementation
[INFO] [stdout] 176 |     fn get_ruling_arcana(&self) -> &[Arcanum; 2] {
[INFO] [stdout]     |        ^^^^^^^^^^^^^^^^^
[INFO] [stdout] ...
[INFO] [stdout] 186 |     fn get_inferior_arcanum(&self) -> &Arcanum {
[INFO] [stdout]     |        ^^^^^^^^^^^^^^^^^^^^
[INFO] [stdout]     |
[INFO] [stdout]     = note: `#[warn(dead_code)]` on by default
[INFO] [stdout] 
[INFO] [stdout] 
[INFO] [stdout] warning: function `form_pool` is never used
[INFO] [stdout]    --> lib/src/splat/werewolf.rs:882:4
[INFO] [stdout]     |
[INFO] [stdout] 882 | fn form_pool(
[INFO] [stdout]     |    ^^^^^^^^^
[INFO] [stdout] 
[INFO] [stdout] 
[INFO] [stderr]     Finished `dev` profile [unoptimized + debuginfo] target(s) in 42.65s
[INFO] running `Command { std: "docker" "inspect" "cde2e672b69c00ea9dddfeb01b1166f7c69d0a8f3043f0c1b6d767d23097f594", kill_on_drop: false }`
[INFO] running `Command { std: "docker" "rm" "-f" "cde2e672b69c00ea9dddfeb01b1166f7c69d0a8f3043f0c1b6d767d23097f594", kill_on_drop: false }`
[INFO] [stdout] cde2e672b69c00ea9dddfeb01b1166f7c69d0a8f3043f0c1b6d767d23097f594
[INFO] running `Command { std: "docker" "create" "-v" "/var/lib/crater-agent-workspace/builds/worker-7-tc2/target:/opt/rustwide/target:rw,Z" "-v" "/var/lib/crater-agent-workspace/builds/worker-7-tc2/source:/opt/rustwide/workdir:ro,Z" "-v" "/var/lib/crater-agent-workspace/cargo-home:/opt/rustwide/cargo-home:ro,Z" "-v" "/var/lib/crater-agent-workspace/rustup-home:/opt/rustwide/rustup-home:ro,Z" "-e" "SOURCE_DIR=/opt/rustwide/workdir" "-e" "CARGO_TARGET_DIR=/opt/rustwide/target" "-e" "CARGO_INCREMENTAL=0" "-e" "RUST_BACKTRACE=full" "-e" "RUSTFLAGS=--cap-lints=forbid -Zrandomize-layout" "-e" "RUSTDOCFLAGS=--cap-lints=forbid" "-e" "CARGO_HOME=/opt/rustwide/cargo-home" "-e" "RUSTUP_HOME=/opt/rustwide/rustup-home" "-w" "/opt/rustwide/workdir" "-m" "1610612736" "--user" "0:0" "--network" "none" "ghcr.io/rust-lang/crates-build-env/linux@sha256:819108c5571ea2e421544af4d832f968d213c87fbe3707a016657f43d2f853bc" "/opt/rustwide/cargo-home/bin/cargo" "+nightly-2025-01-18" "test" "--frozen" "--no-run" "--message-format=json", kill_on_drop: false }`
[INFO] [stdout] 8486804f8411034ec77a94d77216f0f2243d450b4afc4a7a77d8025e6eaf30e2
[INFO] running `Command { std: "docker" "start" "-a" "8486804f8411034ec77a94d77216f0f2243d450b4afc4a7a77d8025e6eaf30e2", kill_on_drop: false }`
[INFO] [stderr]    Compiling unicode-ident v1.0.13
[INFO] [stderr]    Compiling base64 v0.21.7
[INFO] [stderr]    Compiling serde_json v1.0.134
[INFO] [stderr]    Compiling memchr v2.7.4
[INFO] [stderr]    Compiling itoa v1.0.14
[INFO] [stderr]    Compiling ryu v1.0.18
[INFO] [stderr]    Compiling proc-macro2 v1.0.86
[INFO] [stderr]    Compiling quote v1.0.37
[INFO] [stderr]    Compiling syn v2.0.77
[INFO] [stderr]    Compiling serde_derive v1.0.210
[INFO] [stderr]    Compiling cofd-derive v0.1.0 (/opt/rustwide/workdir/derive)
[INFO] [stderr]    Compiling derive_more-impl v1.0.0
[INFO] [stderr]    Compiling strum_macros v0.26.4
[INFO] [stderr]    Compiling thiserror-impl v1.0.63
[INFO] [stderr]    Compiling enum_dispatch v0.3.13
[INFO] [stderr]    Compiling cofd-util v0.1.0 (/opt/rustwide/workdir/util)
[INFO] [stdout] warning: the feature `generic_const_exprs` is incomplete and may not be safe to use and/or cause compiler crashes
[INFO] [stdout]  --> util/src/lib.rs:1:12
[INFO] [stdout]   |
[INFO] [stdout] 1 | #![feature(generic_const_exprs)]
[INFO] [stdout]   |            ^^^^^^^^^^^^^^^^^^^
[INFO] [stdout]   |
[INFO] [stdout]   = note: see issue #76560 <https://github.com/rust-lang/rust/issues/76560> for more information
[INFO] [stdout]   = note: `#[warn(incomplete_features)]` on by default
[INFO] [stdout] 
[INFO] [stdout] 
[INFO] [stdout] warning: the feature `generic_const_exprs` is incomplete and may not be safe to use and/or cause compiler crashes
[INFO] [stdout]  --> util/src/lib.rs:1:12
[INFO] [stdout]   |
[INFO] [stdout] 1 | #![feature(generic_const_exprs)]
[INFO] [stdout]   |            ^^^^^^^^^^^^^^^^^^^
[INFO] [stdout]   |
[INFO] [stdout]   = note: see issue #76560 <https://github.com/rust-lang/rust/issues/76560> for more information
[INFO] [stdout]   = note: `#[warn(incomplete_features)]` on by default
[INFO] [stdout] 
[INFO] [stdout] 
[INFO] [stderr]    Compiling thiserror v1.0.63
[INFO] [stderr]    Compiling strum v0.26.3
[INFO] [stderr]    Compiling derive_more v1.0.0
[INFO] [stderr]    Compiling serde v1.0.210
[INFO] [stderr]    Compiling chrono v0.4.38
[INFO] [stderr]    Compiling bitflags v2.6.0
[INFO] [stderr]    Compiling ron v0.9.0-alpha.0
[INFO] [stderr]    Compiling cofd-schema v0.1.0 (/opt/rustwide/workdir/schema)
[INFO] [stdout] warning: unused import: `itertools::Itertools`
[INFO] [stdout]  --> schema/src/dice_pool.rs:6:5
[INFO] [stdout]   |
[INFO] [stdout] 6 | use itertools::Itertools;
[INFO] [stdout]   |     ^^^^^^^^^^^^^^^^^^^^
[INFO] [stdout]   |
[INFO] [stdout]   = note: `#[warn(unused_imports)]` on by default
[INFO] [stdout] 
[INFO] [stdout] 
[INFO] [stdout] warning: unused import: `borrow::Cow`
[INFO] [stdout]  --> schema/src/dot_range.rs:2:2
[INFO] [stdout]   |
[INFO] [stdout] 2 |     borrow::Cow,
[INFO] [stdout]   |     ^^^^^^^^^^^
[INFO] [stdout] 
[INFO] [stdout] 
[INFO] [stdout] warning: unused import: `itertools::Itertools`
[INFO] [stdout]  --> schema/src/prerequisites.rs:4:5
[INFO] [stdout]   |
[INFO] [stdout] 4 | use itertools::Itertools;
[INFO] [stdout]   |     ^^^^^^^^^^^^^^^^^^^^
[INFO] [stdout] 
[INFO] [stdout] 
[INFO] [stdout] warning: unused import: `num_to_dots`
[INFO] [stdout]  --> schema/src/prerequisites.rs:8:27
[INFO] [stdout]   |
[INFO] [stdout] 8 |     dot_range::{dots_to_num, num_to_dots},
[INFO] [stdout]   |                              ^^^^^^^^^^^
[INFO] [stdout] 
[INFO] [stdout] 
[INFO] [stdout] warning: unused import: `itertools::Itertools`
[INFO] [stdout]  --> schema/src/dice_pool.rs:6:5
[INFO] [stdout]   |
[INFO] [stdout] 6 | use itertools::Itertools;
[INFO] [stdout]   |     ^^^^^^^^^^^^^^^^^^^^
[INFO] [stdout]   |
[INFO] [stdout]   = note: `#[warn(unused_imports)]` on by default
[INFO] [stdout] 
[INFO] [stdout] 
[INFO] [stdout] warning: unused import: `borrow::Cow`
[INFO] [stdout]  --> schema/src/dot_range.rs:2:2
[INFO] [stdout]   |
[INFO] [stdout] 2 |     borrow::Cow,
[INFO] [stdout]   |     ^^^^^^^^^^^
[INFO] [stdout] 
[INFO] [stdout] 
[INFO] [stdout] warning: unused import: `itertools::Itertools`
[INFO] [stdout]  --> schema/src/prerequisites.rs:4:5
[INFO] [stdout]   |
[INFO] [stdout] 4 | use itertools::Itertools;
[INFO] [stdout]   |     ^^^^^^^^^^^^^^^^^^^^
[INFO] [stdout] 
[INFO] [stdout] 
[INFO] [stdout] warning: unused import: `num_to_dots`
[INFO] [stdout]  --> schema/src/prerequisites.rs:8:27
[INFO] [stdout]   |
[INFO] [stdout] 8 |     dot_range::{dots_to_num, num_to_dots},
[INFO] [stdout]   |                              ^^^^^^^^^^^
[INFO] [stdout] 
[INFO] [stdout] 
[INFO] [stdout] warning: unused imports: `Book` and `MeritItem`
[INFO] [stdout]    --> schema/src/book.rs:194:20
[INFO] [stdout]     |
[INFO] [stdout] 194 |     use crate::book::{Book, MeritItem};
[INFO] [stdout]     |                       ^^^^  ^^^^^^^^^
[INFO] [stdout]     |
[INFO] [stdout]     = note: `#[warn(unused_imports)]` on by default
[INFO] [stdout] 
[INFO] [stdout] 
[INFO] [stdout] warning: unused import: `itertools::Itertools`
[INFO] [stdout]  --> schema/src/dice_pool.rs:6:5
[INFO] [stdout]   |
[INFO] [stdout] 6 | use itertools::Itertools;
[INFO] [stdout]   |     ^^^^^^^^^^^^^^^^^^^^
[INFO] [stdout] 
[INFO] [stdout] 
[INFO] [stdout] warning: unused import: `borrow::Cow`
[INFO] [stdout]  --> schema/src/dot_range.rs:2:2
[INFO] [stdout]   |
[INFO] [stdout] 2 |     borrow::Cow,
[INFO] [stdout]   |     ^^^^^^^^^^^
[INFO] [stdout] 
[INFO] [stdout] 
[INFO] [stdout] warning: unused import: `itertools::Itertools`
[INFO] [stdout]  --> schema/src/prerequisites.rs:4:5
[INFO] [stdout]   |
[INFO] [stdout] 4 | use itertools::Itertools;
[INFO] [stdout]   |     ^^^^^^^^^^^^^^^^^^^^
[INFO] [stdout] 
[INFO] [stdout] 
[INFO] [stdout] warning: unused import: `num_to_dots`
[INFO] [stdout]  --> schema/src/prerequisites.rs:8:27
[INFO] [stdout]   |
[INFO] [stdout] 8 |     dot_range::{dots_to_num, num_to_dots},
[INFO] [stdout]   |                              ^^^^^^^^^^^
[INFO] [stdout] 
[INFO] [stdout] 
[INFO] [stdout] warning: unused import: `itertools::Itertools`
[INFO] [stdout]  --> schema/src/dot_range.rs:8:5
[INFO] [stdout]   |
[INFO] [stdout] 8 | use itertools::Itertools;
[INFO] [stdout]   |     ^^^^^^^^^^^^^^^^^^^^
[INFO] [stdout] 
[INFO] [stdout] 
[INFO] [stdout] warning: unused import: `itertools::Itertools`
[INFO] [stdout]  --> schema/src/dot_range.rs:8:5
[INFO] [stdout]   |
[INFO] [stdout] 8 | use itertools::Itertools;
[INFO] [stdout]   |     ^^^^^^^^^^^^^^^^^^^^
[INFO] [stdout] 
[INFO] [stdout] 
[INFO] [stdout] warning: unused import: `itertools::Itertools`
[INFO] [stdout]  --> schema/src/dot_range.rs:8:5
[INFO] [stdout]   |
[INFO] [stdout] 8 | use itertools::Itertools;
[INFO] [stdout]   |     ^^^^^^^^^^^^^^^^^^^^
[INFO] [stdout] 
[INFO] [stdout] 
[INFO] [stdout] warning: methods `get_ruling_arcana` and `get_inferior_arcanum` are never used
[INFO] [stdout]   --> schema/src/template/mage.rs:78:5
[INFO] [stdout]    |
[INFO] [stdout] 77 | impl Path {
[INFO] [stdout]    | --------- methods in this implementation
[INFO] [stdout] 78 |     fn get_ruling_arcana(&self) -> &[Arcanum; 2] {
[INFO] [stdout]    |        ^^^^^^^^^^^^^^^^^
[INFO] [stdout] ...
[INFO] [stdout] 88 |     fn get_inferior_arcanum(&self) -> &Arcanum {
[INFO] [stdout]    |        ^^^^^^^^^^^^^^^^^^^^
[INFO] [stdout]    |
[INFO] [stdout]    = note: `#[warn(dead_code)]` on by default
[INFO] [stdout] 
[INFO] [stdout] 
[INFO] [stdout] warning: methods `get_ruling_arcana` and `get_inferior_arcanum` are never used
[INFO] [stdout]   --> schema/src/template/mage.rs:78:5
[INFO] [stdout]    |
[INFO] [stdout] 77 | impl Path {
[INFO] [stdout]    | --------- methods in this implementation
[INFO] [stdout] 78 |     fn get_ruling_arcana(&self) -> &[Arcanum; 2] {
[INFO] [stdout]    |        ^^^^^^^^^^^^^^^^^
[INFO] [stdout] ...
[INFO] [stdout] 88 |     fn get_inferior_arcanum(&self) -> &Arcanum {
[INFO] [stdout]    |        ^^^^^^^^^^^^^^^^^^^^
[INFO] [stdout]    |
[INFO] [stdout]    = note: `#[warn(dead_code)]` on by default
[INFO] [stdout] 
[INFO] [stdout] 
[INFO] [stdout] warning: methods `get_ruling_arcana` and `get_inferior_arcanum` are never used
[INFO] [stdout]   --> schema/src/template/mage.rs:78:5
[INFO] [stdout]    |
[INFO] [stdout] 77 | impl Path {
[INFO] [stdout]    | --------- methods in this implementation
[INFO] [stdout] 78 |     fn get_ruling_arcana(&self) -> &[Arcanum; 2] {
[INFO] [stdout]    |        ^^^^^^^^^^^^^^^^^
[INFO] [stdout] ...
[INFO] [stdout] 88 |     fn get_inferior_arcanum(&self) -> &Arcanum {
[INFO] [stdout]    |        ^^^^^^^^^^^^^^^^^^^^
[INFO] [stdout]    |
[INFO] [stdout]    = note: `#[warn(dead_code)]` on by default
[INFO] [stdout] 
[INFO] [stdout] 
[INFO] [stderr]    Compiling cofd-macros v0.1.0 (/opt/rustwide/workdir/macros)
[INFO] [stdout] warning: unused variable: `merit`
[INFO] [stdout]    --> macros/src/lib.rs:169:6
[INFO] [stdout]     |
[INFO] [stdout] 169 |     for merit in book.merits {}
[INFO] [stdout]     |         ^^^^^ help: if this is intentional, prefix it with an underscore: `_merit`
[INFO] [stdout]     |
[INFO] [stdout]     = note: `#[warn(unused_variables)]` on by default
[INFO] [stdout] 
[INFO] [stdout] 
[INFO] [stdout] warning: unused variable: `merit`
[INFO] [stdout]    --> macros/src/lib.rs:169:6
[INFO] [stdout]     |
[INFO] [stdout] 169 |     for merit in book.merits {}
[INFO] [stdout]     |         ^^^^^ help: if this is intentional, prefix it with an underscore: `_merit`
[INFO] [stdout]     |
[INFO] [stdout]     = note: `#[warn(unused_variables)]` on by default
[INFO] [stdout] 
[INFO] [stdout] 
[INFO] [stderr]    Compiling cofd v0.1.0 (/opt/rustwide/workdir/lib)
[INFO] [stdout] warning: unreachable pattern
[INFO] [stdout]    --> lib/src/splat/vampire.rs:194:4
[INFO] [stdout]     |
[INFO] [stdout] 194 |             _ => todo!(),
[INFO] [stdout]     |             ^ no value can reach this
[INFO] [stdout]     |
[INFO] [stdout] note: multiple earlier patterns match some of the same values
[INFO] [stdout]    --> lib/src/splat/vampire.rs:194:4
[INFO] [stdout]     |
[INFO] [stdout] 188 |             Clan::Daeva => &[Attribute::Dexterity, Attribute::Manipulation],
[INFO] [stdout]     |             ----------- matches some of the same values
[INFO] [stdout] 189 |             Clan::Gangrel => &[Attribute::Composure, Attribute::Stamina],
[INFO] [stdout]     |             ------------- matches some of the same values
[INFO] [stdout] 190 |             Clan::Mekhet => &[Attribute::Intelligence, Attribute::Wits],
[INFO] [stdout]     |             ------------ matches some of the same values
[INFO] [stdout] 191 |             Clan::Nosferatu => &[Attribute::Composure, Attribute::Strength],
[INFO] [stdout]     |             --------------- matches some of the same values
[INFO] [stdout] ...
[INFO] [stdout] 194 |             _ => todo!(),
[INFO] [stdout]     |             ^ ...and 2 other patterns collectively make this unreachable
[INFO] [stdout]     = note: `#[warn(unreachable_patterns)]` on by default
[INFO] [stdout] 
[INFO] [stdout] 
[INFO] [stdout] warning: unreachable pattern
[INFO] [stdout]    --> lib/src/splat/vampire.rs:194:4
[INFO] [stdout]     |
[INFO] [stdout] 194 |             _ => todo!(),
[INFO] [stdout]     |             ^ no value can reach this
[INFO] [stdout]     |
[INFO] [stdout] note: multiple earlier patterns match some of the same values
[INFO] [stdout]    --> lib/src/splat/vampire.rs:194:4
[INFO] [stdout]     |
[INFO] [stdout] 188 |             Clan::Daeva => &[Attribute::Dexterity, Attribute::Manipulation],
[INFO] [stdout]     |             ----------- matches some of the same values
[INFO] [stdout] 189 |             Clan::Gangrel => &[Attribute::Composure, Attribute::Stamina],
[INFO] [stdout]     |             ------------- matches some of the same values
[INFO] [stdout] 190 |             Clan::Mekhet => &[Attribute::Intelligence, Attribute::Wits],
[INFO] [stdout]     |             ------------ matches some of the same values
[INFO] [stdout] 191 |             Clan::Nosferatu => &[Attribute::Composure, Attribute::Strength],
[INFO] [stdout]     |             --------------- matches some of the same values
[INFO] [stdout] ...
[INFO] [stdout] 194 |             _ => todo!(),
[INFO] [stdout]     |             ^ ...and 2 other patterns collectively make this unreachable
[INFO] [stdout]     = note: `#[warn(unreachable_patterns)]` on by default
[INFO] [stdout] 
[INFO] [stdout] 
[INFO] [stdout] warning: unused variable: `value`
[INFO] [stdout]    --> lib/src/splat/vampire.rs:472:30
[INFO] [stdout]     |
[INFO] [stdout] 472 |     pub fn get_modifiers(&self, value: u16) -> Vec<Modifier> {
[INFO] [stdout]     |                                 ^^^^^ help: if this is intentional, prefix it with an underscore: `_value`
[INFO] [stdout]     |
[INFO] [stdout]     = note: `#[warn(unused_variables)]` on by default
[INFO] [stdout] 
[INFO] [stdout] 
[INFO] [stdout] warning: unused variable: `value`
[INFO] [stdout]    --> lib/src/splat/vampire.rs:472:30
[INFO] [stdout]     |
[INFO] [stdout] 472 |     pub fn get_modifiers(&self, value: u16) -> Vec<Modifier> {
[INFO] [stdout]     |                                 ^^^^^ help: if this is intentional, prefix it with an underscore: `_value`
[INFO] [stdout]     |
[INFO] [stdout]     = note: `#[warn(unused_variables)]` on by default
[INFO] [stdout] 
[INFO] [stdout] 
[INFO] [stdout] warning: unused variable: `name`
[INFO] [stdout]    --> lib/src/splat/mod.rs:121:26
[INFO] [stdout]     |
[INFO] [stdout] 121 |     fn custom_xsplat(&self, name: String) -> Option<XSplat> {
[INFO] [stdout]     |                             ^^^^ help: if this is intentional, prefix it with an underscore: `_name`
[INFO] [stdout] 
[INFO] [stdout] 
[INFO] [stdout] warning: unused variable: `name`
[INFO] [stdout]    --> lib/src/splat/mod.rs:125:26
[INFO] [stdout]     |
[INFO] [stdout] 125 |     fn custom_ysplat(&self, name: String) -> Option<YSplat> {
[INFO] [stdout]     |                             ^^^^ help: if this is intentional, prefix it with an underscore: `_name`
[INFO] [stdout] 
[INFO] [stdout] 
[INFO] [stdout] warning: unused variable: `name`
[INFO] [stdout]    --> lib/src/splat/mod.rs:129:26
[INFO] [stdout]     |
[INFO] [stdout] 129 |     fn custom_zsplat(&self, name: String) -> Option<ZSplat> {
[INFO] [stdout]     |                             ^^^^ help: if this is intentional, prefix it with an underscore: `_name`
[INFO] [stdout] 
[INFO] [stdout] 
[INFO] [stdout] warning: unused variable: `name`
[INFO] [stdout]    --> lib/src/splat/mod.rs:137:27
[INFO] [stdout]     |
[INFO] [stdout] 137 |     fn custom_ability(&self, name: String) -> Option<Ability> {
[INFO] [stdout]     |                              ^^^^ help: if this is intentional, prefix it with an underscore: `_name`
[INFO] [stdout] 
[INFO] [stdout] 
[INFO] [stdout] warning: unused variable: `name`
[INFO] [stdout]    --> lib/src/splat/mod.rs:121:26
[INFO] [stdout]     |
[INFO] [stdout] 121 |     fn custom_xsplat(&self, name: String) -> Option<XSplat> {
[INFO] [stdout]     |                             ^^^^ help: if this is intentional, prefix it with an underscore: `_name`
[INFO] [stdout] 
[INFO] [stdout] 
[INFO] [stdout] warning: unused variable: `name`
[INFO] [stdout]    --> lib/src/splat/mod.rs:125:26
[INFO] [stdout]     |
[INFO] [stdout] 125 |     fn custom_ysplat(&self, name: String) -> Option<YSplat> {
[INFO] [stdout]     |                             ^^^^ help: if this is intentional, prefix it with an underscore: `_name`
[INFO] [stdout] 
[INFO] [stdout] 
[INFO] [stdout] warning: unused variable: `name`
[INFO] [stdout]    --> lib/src/splat/mod.rs:129:26
[INFO] [stdout]     |
[INFO] [stdout] 129 |     fn custom_zsplat(&self, name: String) -> Option<ZSplat> {
[INFO] [stdout]     |                             ^^^^ help: if this is intentional, prefix it with an underscore: `_name`
[INFO] [stdout] 
[INFO] [stdout] 
[INFO] [stdout] warning: unused variable: `name`
[INFO] [stdout]    --> lib/src/splat/mod.rs:137:27
[INFO] [stdout]     |
[INFO] [stdout] 137 |     fn custom_ability(&self, name: String) -> Option<Ability> {
[INFO] [stdout]     |                              ^^^^ help: if this is intentional, prefix it with an underscore: `_name`
[INFO] [stdout] 
[INFO] [stdout] 
[INFO] [stdout] warning: methods `get_ruling_arcana` and `get_inferior_arcanum` are never used
[INFO] [stdout]    --> lib/src/splat/mage.rs:176:5
[INFO] [stdout]     |
[INFO] [stdout] 175 | impl Path {
[INFO] [stdout]     | --------- methods in this implementation
[INFO] [stdout] 176 |     fn get_ruling_arcana(&self) -> &[Arcanum; 2] {
[INFO] [stdout]     |        ^^^^^^^^^^^^^^^^^
[INFO] [stdout] ...
[INFO] [stdout] 186 |     fn get_inferior_arcanum(&self) -> &Arcanum {
[INFO] [stdout]     |        ^^^^^^^^^^^^^^^^^^^^
[INFO] [stdout]     |
[INFO] [stdout]     = note: `#[warn(dead_code)]` on by default
[INFO] [stdout] 
[INFO] [stdout] 
[INFO] [stdout] warning: function `form_pool` is never used
[INFO] [stdout]    --> lib/src/splat/werewolf.rs:882:4
[INFO] [stdout]     |
[INFO] [stdout] 882 | fn form_pool(
[INFO] [stdout]     |    ^^^^^^^^^
[INFO] [stdout] 
[INFO] [stdout] 
[INFO] [stdout] warning: methods `get_ruling_arcana` and `get_inferior_arcanum` are never used
[INFO] [stdout]    --> lib/src/splat/mage.rs:176:5
[INFO] [stdout]     |
[INFO] [stdout] 175 | impl Path {
[INFO] [stdout]     | --------- methods in this implementation
[INFO] [stdout] 176 |     fn get_ruling_arcana(&self) -> &[Arcanum; 2] {
[INFO] [stdout]     |        ^^^^^^^^^^^^^^^^^
[INFO] [stdout] ...
[INFO] [stdout] 186 |     fn get_inferior_arcanum(&self) -> &Arcanum {
[INFO] [stdout]     |        ^^^^^^^^^^^^^^^^^^^^
[INFO] [stdout]     |
[INFO] [stdout]     = note: `#[warn(dead_code)]` on by default
[INFO] [stdout] 
[INFO] [stdout] 
[INFO] [stdout] warning: function `form_pool` is never used
[INFO] [stdout]    --> lib/src/splat/werewolf.rs:882:4
[INFO] [stdout]     |
[INFO] [stdout] 882 | fn form_pool(
[INFO] [stdout]     |    ^^^^^^^^^
[INFO] [stdout] 
[INFO] [stdout] 
[INFO] [stderr]     Finished `test` profile [unoptimized + debuginfo] target(s) in 42.09s
[INFO] running `Command { std: "docker" "inspect" "8486804f8411034ec77a94d77216f0f2243d450b4afc4a7a77d8025e6eaf30e2", kill_on_drop: false }`
[INFO] running `Command { std: "docker" "rm" "-f" "8486804f8411034ec77a94d77216f0f2243d450b4afc4a7a77d8025e6eaf30e2", kill_on_drop: false }`
[INFO] [stdout] 8486804f8411034ec77a94d77216f0f2243d450b4afc4a7a77d8025e6eaf30e2
[INFO] running `Command { std: "docker" "create" "-v" "/var/lib/crater-agent-workspace/builds/worker-7-tc2/target:/opt/rustwide/target:rw,Z" "-v" "/var/lib/crater-agent-workspace/builds/worker-7-tc2/source:/opt/rustwide/workdir:ro,Z" "-v" "/var/lib/crater-agent-workspace/cargo-home:/opt/rustwide/cargo-home:ro,Z" "-v" "/var/lib/crater-agent-workspace/rustup-home:/opt/rustwide/rustup-home:ro,Z" "-e" "SOURCE_DIR=/opt/rustwide/workdir" "-e" "CARGO_TARGET_DIR=/opt/rustwide/target" "-e" "CARGO_INCREMENTAL=0" "-e" "RUST_BACKTRACE=full" "-e" "RUSTFLAGS=--cap-lints=forbid -Zrandomize-layout" "-e" "RUSTDOCFLAGS=--cap-lints=forbid" "-e" "CARGO_HOME=/opt/rustwide/cargo-home" "-e" "RUSTUP_HOME=/opt/rustwide/rustup-home" "-w" "/opt/rustwide/workdir" "-m" "1610612736" "--user" "0:0" "--network" "none" "ghcr.io/rust-lang/crates-build-env/linux@sha256:819108c5571ea2e421544af4d832f968d213c87fbe3707a016657f43d2f853bc" "/opt/rustwide/cargo-home/bin/cargo" "+nightly-2025-01-18" "test" "--frozen", kill_on_drop: false }`
[INFO] [stdout] d6eafd17666583430c2d89e5c854448ee63ff1aec8001c90b2c776ff6898c795
[INFO] running `Command { std: "docker" "start" "-a" "d6eafd17666583430c2d89e5c854448ee63ff1aec8001c90b2c776ff6898c795", kill_on_drop: false }`
[INFO] [stdout] 
[INFO] [stderr] warning: the feature `generic_const_exprs` is incomplete and may not be safe to use and/or cause compiler crashes
[INFO] [stdout] running 2 tests
[INFO] [stderr]  --> util/src/lib.rs:1:12
[INFO] [stdout] test tests::it_works ... ok
[INFO] [stderr]   |
[INFO] [stderr] 1 | #![feature(generic_const_exprs)]
[INFO] [stderr]   |            ^^^^^^^^^^^^^^^^^^^
[INFO] [stderr]   |
[INFO] [stderr]   = note: see issue #76560 <https://github.com/rust-lang/rust/issues/76560> for more information
[INFO] [stderr]   = note: `#[warn(incomplete_features)]` on by default
[INFO] [stderr] 
[INFO] [stderr] warning: `cofd-util` (lib) generated 1 warning
[INFO] [stderr] warning: unused import: `itertools::Itertools`
[INFO] [stderr]  --> schema/src/dice_pool.rs:6:5
[INFO] [stderr]   |
[INFO] [stderr] 6 | use itertools::Itertools;
[INFO] [stderr]   |     ^^^^^^^^^^^^^^^^^^^^
[INFO] [stderr]   |
[INFO] [stderr]   = note: `#[warn(unused_imports)]` on by default
[INFO] [stderr] 
[INFO] [stderr] warning: unused import: `borrow::Cow`
[INFO] [stderr]  --> schema/src/dot_range.rs:2:2
[INFO] [stderr]   |
[INFO] [stderr] 2 |     borrow::Cow,
[INFO] [stderr]   |     ^^^^^^^^^^^
[INFO] [stderr] 
[INFO] [stderr] warning: unused import: `itertools::Itertools`
[INFO] [stderr]  --> schema/src/prerequisites.rs:4:5
[INFO] [stderr]   |
[INFO] [stderr] 4 | use itertools::Itertools;
[INFO] [stderr]   |     ^^^^^^^^^^^^^^^^^^^^
[INFO] [stderr] 
[INFO] [stderr] warning: unused import: `num_to_dots`
[INFO] [stderr]  --> schema/src/prerequisites.rs:8:27
[INFO] [stderr]   |
[INFO] [stderr] 8 |     dot_range::{dots_to_num, num_to_dots},
[INFO] [stderr]   |                              ^^^^^^^^^^^
[INFO] [stderr] 
[INFO] [stderr] warning: unused import: `itertools::Itertools`
[INFO] [stderr]  --> schema/src/dot_range.rs:8:5
[INFO] [stderr]   |
[INFO] [stderr] 8 | use itertools::Itertools;
[INFO] [stderr]   |     ^^^^^^^^^^^^^^^^^^^^
[INFO] [stderr] 
[INFO] [stderr] warning: methods `get_ruling_arcana` and `get_inferior_arcanum` are never used
[INFO] [stderr]   --> schema/src/template/mage.rs:78:5
[INFO] [stderr]    |
[INFO] [stderr] 77 | impl Path {
[INFO] [stderr]    | --------- methods in this implementation
[INFO] [stderr] 78 |     fn get_ruling_arcana(&self) -> &[Arcanum; 2] {
[INFO] [stderr]    |        ^^^^^^^^^^^^^^^^^
[INFO] [stderr] ...
[INFO] [stderr] 88 |     fn get_inferior_arcanum(&self) -> &Arcanum {
[INFO] [stderr]    |        ^^^^^^^^^^^^^^^^^^^^
[INFO] [stderr]    |
[INFO] [stderr]    = note: `#[warn(dead_code)]` on by default
[INFO] [stderr] 
[INFO] [stderr] warning: `cofd-schema` (lib) generated 6 warnings (run `cargo fix --lib -p cofd-schema` to apply 4 suggestions)
[INFO] [stderr] warning: `cofd-schema` (lib) generated 6 warnings (6 duplicates)
[INFO] [stderr] warning: `cofd-util` (lib test) generated 1 warning (1 duplicate)
[INFO] [stderr] warning: unused variable: `merit`
[INFO] [stderr]    --> macros/src/lib.rs:169:6
[INFO] [stderr]     |
[INFO] [stderr] 169 |     for merit in book.merits {}
[INFO] [stderr]     |         ^^^^^ help: if this is intentional, prefix it with an underscore: `_merit`
[INFO] [stderr]     |
[INFO] [stderr]     = note: `#[warn(unused_variables)]` on by default
[INFO] [stderr] 
[INFO] [stderr] warning: unused imports: `Book` and `MeritItem`
[INFO] [stderr]    --> schema/src/book.rs:194:20
[INFO] [stderr]     |
[INFO] [stderr] 194 |     use crate::book::{Book, MeritItem};
[INFO] [stderr]     |                       ^^^^  ^^^^^^^^^
[INFO] [stderr]     |
[INFO] [stderr]     = note: `#[warn(unused_imports)]` on by default
[INFO] [stderr] 
[INFO] [stderr] warning: unused import: `itertools::Itertools`
[INFO] [stderr]  --> schema/src/dice_pool.rs:6:5
[INFO] [stderr]   |
[INFO] [stderr] 6 | use itertools::Itertools;
[INFO] [stderr]   |     ^^^^^^^^^^^^^^^^^^^^
[INFO] [stderr] 
[INFO] [stderr] warning: `cofd-macros` (lib) generated 1 warning
[INFO] [stderr] warning: `cofd-macros` (lib test) generated 1 warning (1 duplicate)
[INFO] [stderr] warning: `cofd-schema` (lib test) generated 7 warnings (5 duplicates) (run `cargo fix --lib -p cofd-schema --tests` to apply 2 suggestions)
[INFO] [stderr] warning: unreachable pattern
[INFO] [stderr]    --> lib/src/splat/vampire.rs:194:4
[INFO] [stderr]     |
[INFO] [stderr] 194 |             _ => todo!(),
[INFO] [stderr]     |             ^ no value can reach this
[INFO] [stderr]     |
[INFO] [stderr] note: multiple earlier patterns match some of the same values
[INFO] [stderr]    --> lib/src/splat/vampire.rs:194:4
[INFO] [stderr]     |
[INFO] [stderr] 188 |             Clan::Daeva => &[Attribute::Dexterity, Attribute::Manipulation],
[INFO] [stderr]     |             ----------- matches some of the same values
[INFO] [stderr] 189 |             Clan::Gangrel => &[Attribute::Composure, Attribute::Stamina],
[INFO] [stderr]     |             ------------- matches some of the same values
[INFO] [stderr] 190 |             Clan::Mekhet => &[Attribute::Intelligence, Attribute::Wits],
[INFO] [stderr]     |             ------------ matches some of the same values
[INFO] [stderr] 191 |             Clan::Nosferatu => &[Attribute::Composure, Attribute::Strength],
[INFO] [stderr]     |             --------------- matches some of the same values
[INFO] [stderr] ...
[INFO] [stderr] 194 |             _ => todo!(),
[INFO] [stderr]     |             ^ ...and 2 other patterns collectively make this unreachable
[INFO] [stderr]     = note: `#[warn(unreachable_patterns)]` on by default
[INFO] [stderr] 
[INFO] [stderr] warning: unused variable: `value`
[INFO] [stderr]    --> lib/src/splat/vampire.rs:472:30
[INFO] [stderr]     |
[INFO] [stderr] 472 |     pub fn get_modifiers(&self, value: u16) -> Vec<Modifier> {
[INFO] [stderr]     |                                 ^^^^^ help: if this is intentional, prefix it with an underscore: `_value`
[INFO] [stderr]     |
[INFO] [stderr]     = note: `#[warn(unused_variables)]` on by default
[INFO] [stderr] 
[INFO] [stderr] warning: unused variable: `name`
[INFO] [stderr]    --> lib/src/splat/mod.rs:121:26
[INFO] [stderr]     |
[INFO] [stderr] 121 |     fn custom_xsplat(&self, name: String) -> Option<XSplat> {
[INFO] [stderr]     |                             ^^^^ help: if this is intentional, prefix it with an underscore: `_name`
[INFO] [stderr] 
[INFO] [stderr] warning: unused variable: `name`
[INFO] [stderr]    --> lib/src/splat/mod.rs:125:26
[INFO] [stderr]     |
[INFO] [stderr] 125 |     fn custom_ysplat(&self, name: String) -> Option<YSplat> {
[INFO] [stderr]     |                             ^^^^ help: if this is intentional, prefix it with an underscore: `_name`
[INFO] [stderr] 
[INFO] [stderr] warning: unused variable: `name`
[INFO] [stderr]    --> lib/src/splat/mod.rs:129:26
[INFO] [stderr]     |
[INFO] [stderr] 129 |     fn custom_zsplat(&self, name: String) -> Option<ZSplat> {
[INFO] [stderr]     |                             ^^^^ help: if this is intentional, prefix it with an underscore: `_name`
[INFO] [stderr] 
[INFO] [stderr] warning: unused variable: `name`
[INFO] [stderr]    --> lib/src/splat/mod.rs:137:27
[INFO] [stderr]     |
[INFO] [stderr] 137 |     fn custom_ability(&self, name: String) -> Option<Ability> {
[INFO] [stderr]     |                              ^^^^ help: if this is intentional, prefix it with an underscore: `_name`
[INFO] [stderr] 
[INFO] [stderr] warning: methods `get_ruling_arcana` and `get_inferior_arcanum` are never used
[INFO] [stderr]    --> lib/src/splat/mage.rs:176:5
[INFO] [stderr]     |
[INFO] [stderr] 175 | impl Path {
[INFO] [stderr]     | --------- methods in this implementation
[INFO] [stderr] 176 |     fn get_ruling_arcana(&self) -> &[Arcanum; 2] {
[INFO] [stderr]     |        ^^^^^^^^^^^^^^^^^
[INFO] [stderr] ...
[INFO] [stderr] 186 |     fn get_inferior_arcanum(&self) -> &Arcanum {
[INFO] [stderr]     |        ^^^^^^^^^^^^^^^^^^^^
[INFO] [stderr]     |
[INFO] [stderr]     = note: `#[warn(dead_code)]` on by default
[INFO] [stderr] 
[INFO] [stderr] warning: function `form_pool` is never used
[INFO] [stderr]    --> lib/src/splat/werewolf.rs:882:4
[INFO] [stderr]     |
[INFO] [stderr] 882 | fn form_pool(
[INFO] [stderr]     |    ^^^^^^^^^
[INFO] [stderr] 
[INFO] [stderr] warning: `cofd` (lib) generated 8 warnings
[INFO] [stderr] warning: `cofd` (lib test) generated 8 warnings (8 duplicates)
[INFO] [stderr]     Finished `test` profile [unoptimized + debuginfo] target(s) in 0.09s
[INFO] [stderr]      Running unittests src/lib.rs (/opt/rustwide/target/debug/deps/cofd-ece17cb3f57e2470)
[INFO] [stdout] test tests::size ... ok
[INFO] [stdout] 
[INFO] [stdout] test result: ok. 2 passed; 0 failed; 0 ignored; 0 measured; 0 filtered out; finished in 0.01s
[INFO] [stdout] 
[INFO] [stderr]      Running unittests src/lib.rs (/opt/rustwide/target/debug/deps/cofd_derive-8ee3963cab0ec53e)
[INFO] [stdout] 
[INFO] [stdout] running 0 tests
[INFO] [stdout] 
[INFO] [stdout] test result: ok. 0 passed; 0 failed; 0 ignored; 0 measured; 0 filtered out; finished in 0.00s
[INFO] [stdout] 
[INFO] [stderr]      Running unittests src/lib.rs (/opt/rustwide/target/debug/deps/cofd_macros-12d74a78e21d59e6)
[INFO] [stdout] 
[INFO] [stdout] running 0 tests
[INFO] [stdout] 
[INFO] [stdout] test result: ok. 0 passed; 0 failed; 0 ignored; 0 measured; 0 filtered out; finished in 0.00s
[INFO] [stdout] 
[INFO] [stdout] 
[INFO] [stdout] running 0 tests
[INFO] [stdout] 
[INFO] [stdout] test result: ok. 0 passed; 0 failed; 0 ignored; 0 measured; 0 filtered out; finished in 0.00s
[INFO] [stdout] 
[INFO] [stderr]      Running unittests src/lib.rs (/opt/rustwide/target/debug/deps/cofd_schema-fe46ebf3111284cf)
[INFO] [stderr]      Running unittests src/lib.rs (/opt/rustwide/target/debug/deps/cofd_util-00b4f1e680071424)
[INFO] [stdout] 
[INFO] [stdout] running 0 tests
[INFO] [stdout] 
[INFO] [stdout] test result: ok. 0 passed; 0 failed; 0 ignored; 0 measured; 0 filtered out; finished in 0.00s
[INFO] [stdout] 
[INFO] [stderr]    Doc-tests cofd
[INFO] [stdout] 
[INFO] [stdout] running 0 tests
[INFO] [stdout] 
[INFO] [stdout] test result: ok. 0 passed; 0 failed; 0 ignored; 0 measured; 0 filtered out; finished in 0.00s
[INFO] [stdout] 
[INFO] [stderr]    Doc-tests cofd_derive
[INFO] [stdout] 
[INFO] [stdout] running 0 tests
[INFO] [stdout] 
[INFO] [stdout] test result: ok. 0 passed; 0 failed; 0 ignored; 0 measured; 0 filtered out; finished in 0.00s
[INFO] [stdout] 
[INFO] [stderr]    Doc-tests cofd_macros
[INFO] [stdout] 
[INFO] [stdout] running 0 tests
[INFO] [stdout] 
[INFO] [stdout] test result: ok. 0 passed; 0 failed; 0 ignored; 0 measured; 0 filtered out; finished in 0.00s
[INFO] [stdout] 
[INFO] [stderr]    Doc-tests cofd_schema
[INFO] [stdout] 
[INFO] [stdout] running 6 tests
[INFO] [stdout] test schema/src/traits/attribute.rs - traits::attribute::Attribute::get_by_category (line 96) ... FAILED
[INFO] [stdout] test schema/src/traits/attribute.rs - traits::attribute::Attribute::category (line 48) ... FAILED
[INFO] [stdout] test schema/src/traits/skill.rs - traits::skill::Skill::category (line 64) ... ok
[INFO] [stdout] test schema/src/traits/attribute.rs - traits::attribute::Attribute::kind (line 69) ... ok
[INFO] [stdout] test schema/src/traits/attribute.rs - traits::attribute::Attribute::get_by_kind (line 125) ... ok
[INFO] [stdout] test schema/src/traits/skill.rs - traits::skill::Skill::get_by_category (line 111) ... ok
[INFO] [stdout] 
[INFO] [stdout] failures:
[INFO] [stdout] 
[INFO] [stdout] ---- schema/src/traits/attribute.rs - traits::attribute::Attribute::get_by_category (line 96) stdout ----
[INFO] [stdout] error[E0603]: enum `Attribute` is private
[INFO] [stdout]  --> schema/src/traits/attribute.rs:98:27
[INFO] [stdout]   |
[INFO] [stdout] 5 | use cofd_schema::traits::{Attribute, TraitCategory};
[INFO] [stdout]   |                           ^^^^^^^^^ private enum
[INFO] [stdout]   |
[INFO] [stdout] note: the enum `Attribute` is defined here
[INFO] [stdout]  --> /opt/rustwide/workdir/schema/src/traits/mod.rs:8:13
[INFO] [stdout]   |
[INFO] [stdout] 8 | use crate::{prelude::Attribute, template::SupernaturalTolerance};
[INFO] [stdout]   |             ^^^^^^^^^^^^^^^^^^
[INFO] [stdout] help: import `Attribute` directly
[INFO] [stdout]   |
[INFO] [stdout] 5 | use cofd_schema::traits::{cofd_schema::traits::attribute::Attribute, TraitCategory};
[INFO] [stdout]   |                           ~~~~~~~~~~~~~~~~~~~~~~~~~~~~~~~~~~~~~~~~~
[INFO] [stdout] 
[INFO] [stdout] error: aborting due to 1 previous error
[INFO] [stdout] 
[INFO] [stdout] For more information about this error, try `rustc --explain E0603`.
[INFO] [stdout] Couldn't compile the test.
[INFO] [stdout] ---- schema/src/traits/attribute.rs - traits::attribute::Attribute::category (line 48) stdout ----
[INFO] [stdout] error[E0603]: enum `Attribute` is private
[INFO] [stdout]  --> schema/src/traits/attribute.rs:50:27
[INFO] [stdout]   |
[INFO] [stdout] 5 | use cofd_schema::traits::{Attribute, TraitCategory};
[INFO] [stdout]   |                           ^^^^^^^^^ private enum
[INFO] [stdout]   |
[INFO] [stdout] note: the enum `Attribute` is defined here
[INFO] [stdout]  --> /opt/rustwide/workdir/schema/src/traits/mod.rs:8:13
[INFO] [stdout]   |
[INFO] [stdout] 8 | use crate::{prelude::Attribute, template::SupernaturalTolerance};
[INFO] [stdout]   |             ^^^^^^^^^^^^^^^^^^
[INFO] [stdout] help: import `Attribute` directly
[INFO] [stdout]   |
[INFO] [stdout] 5 | use cofd_schema::traits::{cofd_schema::traits::attribute::Attribute, TraitCategory};
[INFO] [stdout]   |                           ~~~~~~~~~~~~~~~~~~~~~~~~~~~~~~~~~~~~~~~~~
[INFO] [stdout] 
[INFO] [stdout] error: aborting due to 1 previous error
[INFO] [stdout] 
[INFO] [stdout] For more information about this error, try `rustc --explain E0603`.
[INFO] [stdout] Couldn't compile the test.
[INFO] [stdout] 
[INFO] [stdout] failures:
[INFO] [stdout]     schema/src/traits/attribute.rs - traits::attribute::Attribute::category (line 48)
[INFO] [stdout]     schema/src/traits/attribute.rs - traits::attribute::Attribute::get_by_category (line 96)
[INFO] [stdout] 
[INFO] [stdout] test result: FAILED. 4 passed; 2 failed; 0 ignored; 0 measured; 0 filtered out; finished in 0.74s
[INFO] [stdout] 
[INFO] [stderr] error: doctest failed, to rerun pass `-p cofd-schema --doc`
[INFO] running `Command { std: "docker" "inspect" "d6eafd17666583430c2d89e5c854448ee63ff1aec8001c90b2c776ff6898c795", kill_on_drop: false }`
[INFO] running `Command { std: "docker" "rm" "-f" "d6eafd17666583430c2d89e5c854448ee63ff1aec8001c90b2c776ff6898c795", kill_on_drop: false }`
[INFO] [stdout] d6eafd17666583430c2d89e5c854448ee63ff1aec8001c90b2c776ff6898c795
